2976	115	181	2025-01-23 14:25:35	2025-02-28 08:21:34	2025-02-28 08:21:34
2977	115	196	2025-01-23 14:25:35	2025-02-28 08:21:34	2025-02-28 08:21:34
2979	115	112	2025-01-23 14:25:35	2025-02-28 08:21:34	2025-02-28 08:21:34
2980	115	192	2025-01-23 14:25:35	2025-02-28 08:21:34	2025-02-28 08:21:34
2981	115	124	2025-01-23 14:25:35	2025-02-28 08:21:34	2025-02-28 08:21:34
2982	115	195	2025-01-23 14:25:35	2025-02-28 08:21:34	2025-02-28 08:21:34
2984	115	148	2025-01-23 14:25:35	2025-02-28 08:21:34	2025-02-28 08:21:34
2985	115	198	2025-01-23 14:25:35	2025-02-28 08:21:34	2025-02-28 08:21:34
3001	156	5	2025-01-23 14:27:03	2025-01-23 14:27:03	\N
3002	156	160	2025-01-23 14:27:03	2025-01-23 14:27:03	\N
3003	160	188	2025-01-23 14:27:22	2025-01-23 14:27:22	\N
2901	114	6	2025-01-22 18:26:03	2025-01-23 14:27:49	2025-01-23 14:27:49
2906	114	158	2025-01-22 18:26:03	2025-01-23 14:27:49	2025-01-23 14:27:49
2911	114	148	2025-01-22 18:26:03	2025-01-23 14:27:49	2025-01-23 14:27:49
3004	114	6	2025-01-23 14:27:49	2025-01-23 14:27:49	\N
3005	114	40	2025-01-23 14:27:49	2025-01-23 14:27:49	\N
3006	114	97	2025-01-23 14:27:49	2025-01-23 14:27:49	\N
3007	114	156	2025-01-23 14:27:49	2025-01-23 14:27:49	\N
3008	114	164	2025-01-23 14:27:49	2025-01-23 14:27:49	\N
3009	114	158	2025-01-23 14:27:49	2025-01-23 14:27:49	\N
3010	114	196	2025-01-23 14:27:49	2025-01-23 14:27:49	\N
3011	114	83	2025-01-23 14:27:49	2025-01-23 14:27:49	\N
3012	114	78	2025-01-23 14:27:49	2025-01-23 14:27:49	\N
3013	114	205	2025-01-23 14:27:49	2025-01-23 14:27:49	\N
3014	114	148	2025-01-23 14:27:49	2025-01-23 14:27:49	\N
3015	114	239	2025-01-23 14:27:49	2025-01-23 14:27:49	\N
3016	114	237	2025-01-23 14:27:49	2025-01-23 14:27:49	\N
3017	114	241	2025-01-23 14:27:49	2025-01-23 14:27:49	\N
3018	58	150	2025-01-23 14:28:09	2025-01-28 16:46:47	2025-01-28 16:46:47
3019	58	195	2025-01-23 14:28:09	2025-01-28 16:46:47	2025-01-28 16:46:47
3020	58	150	2025-01-28 16:46:47	2025-01-28 16:49:03	2025-01-28 16:49:03
3021	58	195	2025-01-28 16:46:47	2025-01-28 16:49:03	2025-01-28 16:49:03
3022	58	150	2025-01-28 16:49:03	2025-01-29 08:44:31	2025-01-29 08:44:31
3023	58	195	2025-01-28 16:49:03	2025-01-29 08:44:31	2025-01-29 08:44:31
3024	58	150	2025-01-29 08:44:31	2025-01-31 13:34:08	2025-01-31 13:34:08
3025	58	195	2025-01-29 08:44:31	2025-01-31 13:34:08	2025-01-31 13:34:08
3026	58	150	2025-01-31 13:34:08	2025-01-31 13:35:39	2025-01-31 13:35:39
3027	58	195	2025-01-31 13:34:08	2025-01-31 13:35:39	2025-01-31 13:35:39
3028	58	150	2025-01-31 13:35:39	2025-01-31 13:38:10	2025-01-31 13:38:10
3029	58	195	2025-01-31 13:35:39	2025-01-31 13:38:10	2025-01-31 13:38:10
2921	115	125	2025-01-23 14:25:35	2025-02-28 08:21:34	2025-02-28 08:21:34
2927	115	103	2025-01-23 14:25:35	2025-02-28 08:21:34	2025-02-28 08:21:34
2932	115	73	2025-01-23 14:25:35	2025-02-28 08:21:34	2025-02-28 08:21:34
2938	115	150	2025-01-23 14:25:35	2025-02-28 08:21:34	2025-02-28 08:21:34
2944	115	98	2025-01-23 14:25:35	2025-02-28 08:21:34	2025-02-28 08:21:34
2949	115	106	2025-01-23 14:25:35	2025-02-28 08:21:34	2025-02-28 08:21:34
2955	115	127	2025-01-23 14:25:35	2025-02-28 08:21:34	2025-02-28 08:21:34
2961	115	160	2025-01-23 14:25:35	2025-02-28 08:21:34	2025-02-28 08:21:34
2966	115	187	2025-01-23 14:25:35	2025-02-28 08:21:34	2025-02-28 08:21:34
2972	115	194	2025-01-23 14:25:35	2025-02-28 08:21:34	2025-02-28 08:21:34
2978	115	78	2025-01-23 14:25:35	2025-02-28 08:21:34	2025-02-28 08:21:34
2983	115	54	2025-01-23 14:25:35	2025-02-28 08:21:34	2025-02-28 08:21:34
3032	115	134	2025-02-28 08:21:34	2025-02-28 08:22:08	2025-02-28 08:22:08
3033	115	121	2025-02-28 08:21:34	2025-02-28 08:22:08	2025-02-28 08:22:08
3034	115	125	2025-02-28 08:21:34	2025-02-28 08:22:08	2025-02-28 08:22:08
3035	115	135	2025-02-28 08:21:34	2025-02-28 08:22:08	2025-02-28 08:22:08
3036	115	11	2025-02-28 08:21:34	2025-02-28 08:22:08	2025-02-28 08:22:08
3037	115	119	2025-02-28 08:21:34	2025-02-28 08:22:08	2025-02-28 08:22:08
3038	115	9	2025-02-28 08:21:34	2025-02-28 08:22:08	2025-02-28 08:22:08
3039	115	140	2025-02-28 08:21:34	2025-02-28 08:22:08	2025-02-28 08:22:08
3040	115	103	2025-02-28 08:21:34	2025-02-28 08:22:08	2025-02-28 08:22:08
3041	115	6	2025-02-28 08:21:34	2025-02-28 08:22:08	2025-02-28 08:22:08
3042	115	122	2025-02-28 08:21:34	2025-02-28 08:22:08	2025-02-28 08:22:08
3043	115	145	2025-02-28 08:21:34	2025-02-28 08:22:08	2025-02-28 08:22:08
3044	115	40	2025-02-28 08:21:34	2025-02-28 08:22:08	2025-02-28 08:22:08
3045	115	73	2025-02-28 08:21:34	2025-02-28 08:22:08	2025-02-28 08:22:08
3046	115	16	2025-02-28 08:21:34	2025-02-28 08:22:08	2025-02-28 08:22:08
3047	115	77	2025-02-28 08:21:34	2025-02-28 08:22:08	2025-02-28 08:22:08
3048	115	141	2025-02-28 08:21:34	2025-02-28 08:22:08	2025-02-28 08:22:08
3049	115	86	2025-02-28 08:21:34	2025-02-28 08:22:08	2025-02-28 08:22:08
3050	115	120	2025-02-28 08:21:34	2025-02-28 08:22:08	2025-02-28 08:22:08
3051	115	150	2025-02-28 08:21:34	2025-02-28 08:22:08	2025-02-28 08:22:08
3052	115	155	2025-02-28 08:21:34	2025-02-28 08:22:08	2025-02-28 08:22:08
3053	115	12	2025-02-28 08:21:34	2025-02-28 08:22:08	2025-02-28 08:22:08
3054	115	113	2025-02-28 08:21:34	2025-02-28 08:22:08	2025-02-28 08:22:08
3055	115	101	2025-02-28 08:21:34	2025-02-28 08:22:08	2025-02-28 08:22:08
3056	115	93	2025-02-28 08:21:34	2025-02-28 08:22:08	2025-02-28 08:22:08
3057	115	98	2025-02-28 08:21:34	2025-02-28 08:22:08	2025-02-28 08:22:08
3058	115	97	2025-02-28 08:21:34	2025-02-28 08:22:08	2025-02-28 08:22:08
3059	115	102	2025-02-28 08:21:34	2025-02-28 08:22:08	2025-02-28 08:22:08
3060	115	99	2025-02-28 08:21:34	2025-02-28 08:22:08	2025-02-28 08:22:08
3061	115	132	2025-02-28 08:21:34	2025-02-28 08:22:08	2025-02-28 08:22:08
3062	115	106	2025-02-28 08:21:34	2025-02-28 08:22:08	2025-02-28 08:22:08
3063	115	104	2025-02-28 08:21:34	2025-02-28 08:22:08	2025-02-28 08:22:08
3064	115	96	2025-02-28 08:21:34	2025-02-28 08:22:08	2025-02-28 08:22:08
3065	115	5	2025-02-28 08:21:34	2025-02-28 08:22:08	2025-02-28 08:22:08
3066	115	156	2025-02-28 08:21:34	2025-02-28 08:22:08	2025-02-28 08:22:08
3067	115	151	2025-02-28 08:21:34	2025-02-28 08:22:08	2025-02-28 08:22:08
3068	115	127	2025-02-28 08:21:34	2025-02-28 08:22:08	2025-02-28 08:22:08
3069	115	164	2025-02-28 08:21:34	2025-02-28 08:22:08	2025-02-28 08:22:08
3070	115	165	2025-02-28 08:21:34	2025-02-28 08:22:08	2025-02-28 08:22:08
3071	115	158	2025-02-28 08:21:34	2025-02-28 08:22:08	2025-02-28 08:22:08
3072	115	142	2025-02-28 08:21:34	2025-02-28 08:22:08	2025-02-28 08:22:08
3073	115	136	2025-02-28 08:21:34	2025-02-28 08:22:08	2025-02-28 08:22:08
3074	115	160	2025-02-28 08:21:34	2025-02-28 08:22:08	2025-02-28 08:22:08
3075	115	19	2025-02-28 08:21:34	2025-02-28 08:22:08	2025-02-28 08:22:08
3076	115	179	2025-02-28 08:21:34	2025-02-28 08:22:08	2025-02-28 08:22:08
3077	115	180	2025-02-28 08:21:34	2025-02-28 08:22:08	2025-02-28 08:22:08
3078	115	184	2025-02-28 08:21:34	2025-02-28 08:22:08	2025-02-28 08:22:08
3079	115	187	2025-02-28 08:21:34	2025-02-28 08:22:08	2025-02-28 08:22:08
3080	115	191	2025-02-28 08:21:34	2025-02-28 08:22:08	2025-02-28 08:22:08
3081	115	199	2025-02-28 08:21:34	2025-02-28 08:22:08	2025-02-28 08:22:08
3082	115	197	2025-02-28 08:21:34	2025-02-28 08:22:08	2025-02-28 08:22:08
3083	115	193	2025-02-28 08:21:34	2025-02-28 08:22:08	2025-02-28 08:22:08
3084	115	200	2025-02-28 08:21:34	2025-02-28 08:22:08	2025-02-28 08:22:08
3085	115	194	2025-02-28 08:21:34	2025-02-28 08:22:08	2025-02-28 08:22:08
3086	115	190	2025-02-28 08:21:34	2025-02-28 08:22:08	2025-02-28 08:22:08
3087	115	188	2025-02-28 08:21:34	2025-02-28 08:22:08	2025-02-28 08:22:08
3088	115	183	2025-02-28 08:21:34	2025-02-28 08:22:08	2025-02-28 08:22:08
3089	115	181	2025-02-28 08:21:34	2025-02-28 08:22:08	2025-02-28 08:22:08
3090	115	196	2025-02-28 08:21:34	2025-02-28 08:22:08	2025-02-28 08:22:08
3091	115	78	2025-02-28 08:21:34	2025-02-28 08:22:08	2025-02-28 08:22:08
3092	115	112	2025-02-28 08:21:34	2025-02-28 08:22:08	2025-02-28 08:22:08
3093	115	192	2025-02-28 08:21:34	2025-02-28 08:22:08	2025-02-28 08:22:08
3094	115	124	2025-02-28 08:21:34	2025-02-28 08:22:08	2025-02-28 08:22:08
3095	115	195	2025-02-28 08:21:34	2025-02-28 08:22:08	2025-02-28 08:22:08
3096	115	54	2025-02-28 08:21:34	2025-02-28 08:22:08	2025-02-28 08:22:08
3097	115	148	2025-02-28 08:21:34	2025-02-28 08:22:08	2025-02-28 08:22:08
3098	115	198	2025-02-28 08:21:34	2025-02-28 08:22:08	2025-02-28 08:22:08
3099	115	134	2025-02-28 08:22:08	2025-02-28 08:22:08	\N
3100	115	121	2025-02-28 08:22:08	2025-02-28 08:22:08	\N
3101	115	125	2025-02-28 08:22:08	2025-02-28 08:22:08	\N
3102	115	135	2025-02-28 08:22:08	2025-02-28 08:22:08	\N
3030	58	150	2025-01-31 13:38:10	2025-02-28 08:25:19	2025-02-28 08:25:19
3031	58	195	2025-01-31 13:38:10	2025-02-28 08:25:19	2025-02-28 08:25:19
3103	115	11	2025-02-28 08:22:08	2025-02-28 08:22:08	\N
3104	115	119	2025-02-28 08:22:08	2025-02-28 08:22:08	\N
3105	115	9	2025-02-28 08:22:08	2025-02-28 08:22:08	\N
3106	115	140	2025-02-28 08:22:08	2025-02-28 08:22:08	\N
3107	115	103	2025-02-28 08:22:08	2025-02-28 08:22:08	\N
3108	115	6	2025-02-28 08:22:08	2025-02-28 08:22:08	\N
3109	115	122	2025-02-28 08:22:09	2025-02-28 08:22:09	\N
3110	115	145	2025-02-28 08:22:09	2025-02-28 08:22:09	\N
3111	115	40	2025-02-28 08:22:09	2025-02-28 08:22:09	\N
3112	115	73	2025-02-28 08:22:09	2025-02-28 08:22:09	\N
3113	115	16	2025-02-28 08:22:09	2025-02-28 08:22:09	\N
3114	115	77	2025-02-28 08:22:09	2025-02-28 08:22:09	\N
3115	115	141	2025-02-28 08:22:09	2025-02-28 08:22:09	\N
3116	115	86	2025-02-28 08:22:09	2025-02-28 08:22:09	\N
3117	115	120	2025-02-28 08:22:09	2025-02-28 08:22:09	\N
3118	115	150	2025-02-28 08:22:09	2025-02-28 08:22:09	\N
3119	115	155	2025-02-28 08:22:09	2025-02-28 08:22:09	\N
3120	115	12	2025-02-28 08:22:09	2025-02-28 08:22:09	\N
3121	115	113	2025-02-28 08:22:09	2025-02-28 08:22:09	\N
3122	115	101	2025-02-28 08:22:09	2025-02-28 08:22:09	\N
3123	115	93	2025-02-28 08:22:09	2025-02-28 08:22:09	\N
3124	115	98	2025-02-28 08:22:09	2025-02-28 08:22:09	\N
3125	115	97	2025-02-28 08:22:09	2025-02-28 08:22:09	\N
3126	115	102	2025-02-28 08:22:09	2025-02-28 08:22:09	\N
3127	115	99	2025-02-28 08:22:09	2025-02-28 08:22:09	\N
3128	115	132	2025-02-28 08:22:09	2025-02-28 08:22:09	\N
3129	115	106	2025-02-28 08:22:09	2025-02-28 08:22:09	\N
3130	115	104	2025-02-28 08:22:09	2025-02-28 08:22:09	\N
3131	115	96	2025-02-28 08:22:09	2025-02-28 08:22:09	\N
3132	115	5	2025-02-28 08:22:09	2025-02-28 08:22:09	\N
3133	115	156	2025-02-28 08:22:09	2025-02-28 08:22:09	\N
3134	115	151	2025-02-28 08:22:09	2025-02-28 08:22:09	\N
3135	115	127	2025-02-28 08:22:09	2025-02-28 08:22:09	\N
3136	115	164	2025-02-28 08:22:09	2025-02-28 08:22:09	\N
3137	115	165	2025-02-28 08:22:09	2025-02-28 08:22:09	\N
3138	115	158	2025-02-28 08:22:09	2025-02-28 08:22:09	\N
3139	115	142	2025-02-28 08:22:09	2025-02-28 08:22:09	\N
3140	115	136	2025-02-28 08:22:09	2025-02-28 08:22:09	\N
3141	115	160	2025-02-28 08:22:09	2025-02-28 08:22:09	\N
3142	115	19	2025-02-28 08:22:09	2025-02-28 08:22:09	\N
3143	115	179	2025-02-28 08:22:09	2025-02-28 08:22:09	\N
3144	115	180	2025-02-28 08:22:09	2025-02-28 08:22:09	\N
3145	115	184	2025-02-28 08:22:09	2025-02-28 08:22:09	\N
3146	115	187	2025-02-28 08:22:09	2025-02-28 08:22:09	\N
3147	115	191	2025-02-28 08:22:09	2025-02-28 08:22:09	\N
3148	115	199	2025-02-28 08:22:09	2025-02-28 08:22:09	\N
3149	115	197	2025-02-28 08:22:09	2025-02-28 08:22:09	\N
3150	115	193	2025-02-28 08:22:09	2025-02-28 08:22:09	\N
3151	115	200	2025-02-28 08:22:09	2025-02-28 08:22:09	\N
3152	115	194	2025-02-28 08:22:09	2025-02-28 08:22:09	\N
3153	115	190	2025-02-28 08:22:09	2025-02-28 08:22:09	\N
3154	115	188	2025-02-28 08:22:09	2025-02-28 08:22:09	\N
3155	115	183	2025-02-28 08:22:09	2025-02-28 08:22:09	\N
3156	115	181	2025-02-28 08:22:09	2025-02-28 08:22:09	\N
3157	115	196	2025-02-28 08:22:09	2025-02-28 08:22:09	\N
3158	115	78	2025-02-28 08:22:09	2025-02-28 08:22:09	\N
3159	115	112	2025-02-28 08:22:09	2025-02-28 08:22:09	\N
3160	115	192	2025-02-28 08:22:09	2025-02-28 08:22:09	\N
3161	115	124	2025-02-28 08:22:09	2025-02-28 08:22:09	\N
3162	115	195	2025-02-28 08:22:09	2025-02-28 08:22:09	\N
3163	115	54	2025-02-28 08:22:09	2025-02-28 08:22:09	\N
3164	115	148	2025-02-28 08:22:09	2025-02-28 08:22:09	\N
3165	115	198	2025-02-28 08:22:09	2025-02-28 08:22:09	\N
3166	58	150	2025-02-28 08:25:19	2025-03-05 08:08:52	2025-03-05 08:08:52
3167	58	195	2025-02-28 08:25:19	2025-03-05 08:08:52	2025-03-05 08:08:52
3168	58	150	2025-03-05 08:08:52	2025-03-05 08:11:33	2025-03-05 08:11:33
3169	58	195	2025-03-05 08:08:52	2025-03-05 08:11:33	2025-03-05 08:11:33
3170	58	150	2025-03-05 08:11:33	2025-04-17 07:49:34	2025-04-17 07:49:34
3171	58	195	2025-03-05 08:11:33	2025-04-17 07:49:34	2025-04-17 07:49:34
2804	98	103	2024-11-15 17:03:26	2025-05-14 15:15:33	2025-05-14 15:15:33
2806	98	101	2024-11-15 17:03:26	2025-05-14 15:15:33	2025-05-14 15:15:33
2810	162	106	2024-11-27 16:55:30	2025-05-14 15:40:22	2025-05-14 15:40:22
2728	106	136	2024-09-26 07:41:31	2025-05-14 15:40:54	2025-05-14 15:40:54
3172	127	180	2025-03-11 14:50:16	2025-05-14 15:41:53	2025-05-14 15:41:53
2096	143	134	2024-03-25 16:16:37	2025-05-14 15:48:49	2025-05-14 15:48:49
3190	143	134	2025-05-14 15:48:49	2025-05-14 15:48:49	\N
3173	164	252	2025-04-02 15:46:13	2025-05-14 15:49:10	2025-05-14 15:49:10
3174	165	197	2025-04-02 15:49:39	2025-05-14 15:49:24	2025-05-14 15:49:24
3175	166	197	2025-04-02 15:51:34	2025-05-14 15:49:36	2025-05-14 15:49:36
3176	58	150	2025-04-17 07:49:34	2025-05-15 14:21:35	2025-05-15 14:21:35
3177	58	195	2025-04-17 07:49:34	2025-05-15 14:21:35	2025-05-15 14:21:35
3197	168	98	2025-05-22 13:51:13	2025-05-22 13:53:11	2025-05-22 13:53:11
3186	162	106	2025-05-14 15:40:22	2025-05-22 14:24:00	2025-05-22 14:24:00
3196	167	249	2025-05-21 19:25:49	2025-05-22 16:02:01	2025-05-22 16:02:01
3206	167	249	2025-05-22 16:02:01	2025-05-22 16:02:01	\N
3207	170	6	2025-06-02 11:51:14	2025-06-02 11:51:14	\N
3194	58	150	2025-05-15 14:21:35	2025-06-17 14:27:27	2025-06-17 14:27:27
3195	58	195	2025-05-15 14:21:35	2025-06-17 14:27:27	2025-06-17 14:27:27
3208	58	150	2025-06-17 14:27:27	2025-06-17 14:29:25	2025-06-17 14:29:25
3209	58	195	2025-06-17 14:27:27	2025-06-17 14:29:25	2025-06-17 14:29:25
3210	58	150	2025-06-17 14:29:25	2025-06-17 14:31:49	2025-06-17 14:31:49
3211	58	195	2025-06-17 14:29:25	2025-06-17 14:31:49	2025-06-17 14:31:49
3212	58	150	2025-06-17 14:31:49	2025-06-17 14:32:21	2025-06-17 14:32:21
3213	58	195	2025-06-17 14:31:49	2025-06-17 14:32:21	2025-06-17 14:32:21
3200	162	97	2025-05-22 14:24:00	2025-06-26 14:36:51	2025-06-26 14:36:51
3201	162	106	2025-05-22 14:24:00	2025-06-26 14:36:51	2025-06-26 14:36:51
3202	162	104	2025-05-22 14:24:00	2025-06-26 14:36:51	2025-06-26 14:36:51
3203	162	96	2025-05-22 14:24:00	2025-06-26 14:36:51	2025-06-26 14:36:51
3204	162	181	2025-05-22 14:24:00	2025-06-26 14:36:51	2025-06-26 14:36:51
3205	162	223	2025-05-22 14:24:00	2025-06-26 14:36:51	2025-06-26 14:36:51
3191	164	252	2025-05-14 15:49:10	2025-07-09 14:28:39	2025-07-09 14:28:39
3192	165	197	2025-05-14 15:49:24	2025-07-09 14:29:18	2025-07-09 14:29:18
3193	166	197	2025-05-14 15:49:36	2025-07-09 14:29:50	2025-07-09 14:29:50
3219	166	197	2025-07-09 14:29:50	2025-07-09 14:40:34	2025-07-09 14:40:34
3220	166	267	2025-07-09 14:40:34	2025-07-09 14:40:36	2025-07-09 14:40:36
3222	174	164	2025-07-10 07:17:00	2025-07-10 07:17:00	\N
3223	174	264	2025-07-10 07:17:00	2025-07-10 07:17:00	\N
3217	164	252	2025-07-09 14:28:39	2025-07-10 13:47:59	2025-07-10 13:47:59
3218	165	197	2025-07-09 14:29:18	2025-07-10 13:48:33	2025-07-10 13:48:33
3221	166	267	2025-07-09 14:40:36	2025-07-10 13:49:27	2025-07-10 13:49:27
3224	164	252	2025-07-10 13:47:59	2025-07-10 14:04:31	2025-07-10 14:04:31
3225	165	197	2025-07-10 13:48:33	2025-07-10 14:04:50	2025-07-10 14:04:50
3226	166	267	2025-07-10 13:49:27	2025-07-10 14:05:01	2025-07-10 14:05:01
3227	164	252	2025-07-10 14:04:31	2025-07-10 14:05:20	2025-07-10 14:05:20
3230	164	252	2025-07-10 14:05:20	2025-07-10 17:37:30	2025-07-10 17:37:30
3228	165	197	2025-07-10 14:04:50	2025-07-10 17:37:45	2025-07-10 17:37:45
3232	165	197	2025-07-10 17:37:45	2025-07-10 17:37:45	\N
3229	166	267	2025-07-10 14:05:01	2025-07-10 17:38:08	2025-07-10 17:38:08
3233	166	267	2025-07-10 17:38:08	2025-07-10 17:38:08	\N
3231	164	252	2025-07-10 17:37:30	2025-07-10 17:39:52	2025-07-10 17:39:52
3189	159	77	2025-05-14 15:46:58	2025-07-14 13:27:07	2025-07-14 13:27:07
3235	159	77	2025-07-14 13:27:07	2025-07-14 13:41:11	2025-07-14 13:41:11
3236	159	77	2025-07-14 13:41:11	2025-07-15 15:39:50	2025-07-15 15:39:50
3237	159	77	2025-07-15 15:39:50	2025-07-15 15:40:04	2025-07-15 15:40:04
3238	159	77	2025-07-15 15:40:04	2025-07-15 16:13:31	2025-07-15 16:13:31
3239	159	77	2025-07-15 16:13:31	2025-07-21 20:42:45	2025-07-21 20:42:45
3240	159	77	2025-07-21 20:42:45	2025-07-21 20:42:45	\N
3214	162	97	2025-06-26 14:36:51	2025-07-22 10:11:18	2025-07-22 10:11:18
3215	162	96	2025-06-26 14:36:51	2025-07-22 10:11:18	2025-07-22 10:11:18
3216	162	223	2025-06-26 14:36:51	2025-07-22 10:11:18	2025-07-22 10:11:18
3241	162	97	2025-07-22 10:11:18	2025-07-22 10:16:53	2025-07-22 10:16:53
3242	162	96	2025-07-22 10:11:18	2025-07-22 10:16:53	2025-07-22 10:16:53
3243	162	223	2025-07-22 10:11:18	2025-07-22 10:16:53	2025-07-22 10:16:53
3244	162	97	2025-07-22 10:16:53	2025-07-23 07:37:58	2025-07-23 07:37:58
3245	162	96	2025-07-22 10:16:53	2025-07-23 07:37:58	2025-07-23 07:37:58
3246	162	223	2025-07-22 10:16:53	2025-07-23 07:37:58	2025-07-23 07:37:58
3187	106	136	2025-05-14 15:40:54	2025-07-24 19:40:21	2025-07-24 19:40:21
3178	98	103	2025-05-14 15:15:33	2025-07-24 19:41:23	2025-07-24 19:41:23
3179	98	113	2025-05-14 15:15:33	2025-07-24 19:41:23	2025-07-24 19:41:23
3180	98	101	2025-05-14 15:15:33	2025-07-24 19:41:23	2025-07-24 19:41:23
3182	98	132	2025-05-14 15:15:33	2025-07-24 19:41:23	2025-07-24 19:41:23
3188	127	180	2025-05-14 15:41:53	2025-07-24 19:41:57	2025-07-24 19:41:57
3234	164	252	2025-07-10 17:39:52	2025-07-29 14:44:00	2025-07-29 14:44:00
3183	124	98	2025-05-14 15:38:47	2025-08-14 20:27:02	2025-08-14 20:27:02
3184	124	99	2025-05-14 15:38:47	2025-08-14 20:27:02	2025-08-14 20:27:02
3198	168	98	2025-05-22 13:53:11	2025-08-14 20:27:16	2025-08-14 20:27:16
3199	169	190	2025-05-22 13:56:22	2025-08-14 20:27:29	2025-08-14 20:27:29
3247	162	97	2025-07-23 07:37:58	2025-07-23 07:41:55	2025-07-23 07:41:55
3248	162	96	2025-07-23 07:37:58	2025-07-23 07:41:55	2025-07-23 07:41:55
3249	162	223	2025-07-23 07:37:58	2025-07-23 07:41:55	2025-07-23 07:41:55
3250	162	97	2025-07-23 07:41:55	2025-07-23 07:43:12	2025-07-23 07:43:12
3251	162	96	2025-07-23 07:41:55	2025-07-23 07:43:12	2025-07-23 07:43:12
3252	162	223	2025-07-23 07:41:55	2025-07-23 07:43:12	2025-07-23 07:43:12
3253	162	97	2025-07-23 07:43:12	2025-07-23 08:37:46	2025-07-23 08:37:46
3254	162	96	2025-07-23 07:43:12	2025-07-23 08:37:46	2025-07-23 08:37:46
3255	162	223	2025-07-23 07:43:12	2025-07-23 08:37:46	2025-07-23 08:37:46
3259	106	136	2025-07-24 19:40:21	2025-07-24 19:40:21	\N
3256	162	97	2025-07-23 08:37:46	2025-07-24 19:40:57	2025-07-24 19:40:57
3257	162	96	2025-07-23 08:37:46	2025-07-24 19:40:57	2025-07-24 19:40:57
3258	162	223	2025-07-23 08:37:46	2025-07-24 19:40:57	2025-07-24 19:40:57
3260	162	97	2025-07-24 19:40:57	2025-07-24 19:40:57	\N
3261	162	96	2025-07-24 19:40:57	2025-07-24 19:40:57	\N
3262	162	223	2025-07-24 19:40:57	2025-07-24 19:40:57	\N
3181	98	102	2025-05-14 15:15:33	2025-07-24 19:41:23	2025-07-24 19:41:23
3263	98	103	2025-07-24 19:41:23	2025-07-24 19:41:23	\N
3264	98	113	2025-07-24 19:41:23	2025-07-24 19:41:23	\N
3265	98	101	2025-07-24 19:41:23	2025-07-24 19:41:23	\N
3266	98	102	2025-07-24 19:41:23	2025-07-24 19:41:23	\N
3267	98	132	2025-07-24 19:41:23	2025-07-24 19:41:23	\N
3268	127	180	2025-07-24 19:41:57	2025-07-24 19:41:57	\N
3269	164	252	2025-07-29 14:44:00	2025-07-29 14:44:00	\N
3270	178	275	2025-07-31 07:30:56	2025-08-12 13:13:57	2025-08-12 13:13:57
3271	178	275	2025-08-12 13:13:57	2025-08-12 13:53:17	2025-08-12 13:53:17
3274	178	275	2025-08-12 13:53:17	2025-08-12 14:05:41	2025-08-12 14:05:41
3273	173	253	2025-08-12 13:53:04	2025-08-12 14:05:56	2025-08-12 14:05:56
3276	173	253	2025-08-12 14:05:56	2025-08-12 14:58:40	2025-08-12 14:58:40
3277	173	253	2025-08-12 14:58:40	2025-08-12 14:58:40	\N
3275	178	275	2025-08-12 14:05:41	2025-08-12 14:59:05	2025-08-12 14:59:05
3278	178	275	2025-08-12 14:59:05	2025-08-12 14:59:05	\N
3272	172	260	2025-08-12 13:52:19	2025-08-12 14:59:59	2025-08-12 14:59:59
3279	172	260	2025-08-12 14:59:59	2025-08-12 14:59:59	\N
3185	124	190	2025-05-14 15:38:47	2025-08-14 20:27:02	2025-08-14 20:27:02
3280	124	98	2025-08-14 20:27:02	2025-08-14 20:27:02	\N
3281	124	99	2025-08-14 20:27:02	2025-08-14 20:27:02	\N
3282	124	190	2025-08-14 20:27:02	2025-08-14 20:27:02	\N
3283	168	98	2025-08-14 20:27:16	2025-08-14 20:27:16	\N
3284	169	190	2025-08-14 20:27:29	2025-08-14 20:27:29	\N
2382	151	54	2024-06-19 12:07:32	2025-08-21 07:11:31	2025-08-21 07:11:31
\.


--
-- Data for Name: user_enterprise; Type: TABLE DATA; Schema: public; Owner: alfabravo_user
--

COPY public.user_enterprise (id, user_id, enterprise_id, created_at, updated_at, deleted_at) FROM stdin;
2	118	11	2023-10-02 08:23:46	2023-10-02 08:25:56	2023-10-02 08:25:56
3	118	11	2023-10-02 08:25:56	2023-10-02 08:25:56	\N
4	119	11	2023-10-02 11:57:06	2023-10-02 12:37:37	2023-10-02 12:37:37
5	119	11	2023-10-02 12:37:37	2023-10-02 12:40:04	2023-10-02 12:40:04
6	119	11	2023-10-02 12:40:04	2023-10-02 12:40:04	\N
10	132	1	2024-01-19 19:06:56	2024-01-19 19:09:56	2024-01-19 19:09:56
11	132	1	2024-01-19 19:09:56	2024-01-19 19:09:56	\N
1	98	1	2023-06-03 12:30:01	2024-01-30 18:06:34	2024-01-30 18:06:34
13	138	1	2024-02-09 12:47:30	2024-02-16 12:33:25	2024-02-16 12:33:25
14	138	1	2024-02-16 12:33:25	2024-02-16 12:33:25	\N
12	98	1	2024-01-30 18:06:34	2024-03-07 14:01:54	2024-03-07 14:01:54
8	124	1	2023-10-17 10:57:05	2024-05-14 16:31:21	2024-05-14 16:31:21
16	124	1	2024-05-14 16:31:21	2024-05-30 11:05:36	2024-05-30 11:05:36
18	140	1	2024-08-01 18:10:41	2024-08-01 18:10:41	\N
17	124	1	2024-05-30 11:05:36	2024-10-09 14:24:30	2024-10-09 14:24:30
9	127	1	2023-11-15 15:37:38	2024-10-09 17:57:05	2024-10-09 17:57:05
20	127	1	2024-10-09 17:57:05	2024-10-09 18:11:06	2024-10-09 18:11:06
21	127	1	2024-10-09 18:11:06	2024-10-09 18:15:53	2024-10-09 18:15:53
22	127	1	2024-10-09 18:15:53	2024-10-09 18:27:02	2024-10-09 18:27:02
23	127	1	2024-10-09 18:27:02	2024-10-09 18:33:40	2024-10-09 18:33:40
19	124	1	2024-10-09 14:24:30	2024-10-10 12:46:16	2024-10-10 12:46:16
25	124	1	2024-10-10 12:46:16	2024-10-16 22:26:54	2024-10-16 22:26:54
26	124	1	2024-10-16 22:26:54	2024-10-18 20:16:00	2024-10-18 20:16:00
27	124	1	2024-10-18 20:16:00	2024-10-28 14:29:29	2024-10-28 14:29:29
28	124	1	2024-10-28 14:29:29	2024-10-28 14:39:40	2024-10-28 14:39:40
29	124	1	2024-10-28 14:39:40	2024-10-29 12:27:15	2024-10-29 12:27:15
30	124	1	2024-10-29 12:27:15	2024-10-29 12:35:50	2024-10-29 12:35:50
31	124	1	2024-10-29 12:35:50	2024-10-29 12:39:40	2024-10-29 12:39:40
32	124	1	2024-10-29 12:39:40	2024-10-29 13:03:23	2024-10-29 13:03:23
24	127	1	2024-10-09 18:33:40	2024-10-29 17:27:49	2024-10-29 17:27:49
34	127	1	2024-10-29 17:27:49	2024-10-29 17:28:02	2024-10-29 17:28:02
35	127	1	2024-10-29 17:28:02	2024-10-29 17:29:18	2024-10-29 17:29:18
15	98	1	2024-03-07 14:01:54	2024-11-15 17:03:26	2024-11-15 17:03:26
36	127	1	2024-10-29 17:29:18	2025-03-11 14:50:16	2025-03-11 14:50:16
37	98	1	2024-11-15 17:03:26	2025-05-14 15:15:33	2025-05-14 15:15:33
33	124	1	2024-10-29 13:03:23	2025-05-14 15:38:47	2025-05-14 15:38:47
38	127	1	2025-03-11 14:50:16	2025-05-14 15:41:53	2025-05-14 15:41:53
42	168	1	2025-05-22 13:51:13	2025-05-22 13:53:11	2025-05-22 13:53:11
7	121	3	2023-10-05 13:17:24	2025-07-09 13:21:06	2025-07-09 13:21:06
45	121	3	2025-07-09 13:21:06	2025-07-09 13:23:50	2025-07-09 13:23:50
46	121	3	2025-07-09 13:23:50	2025-07-09 13:25:25	2025-07-09 13:25:25
47	121	3	2025-07-09 13:25:25	2025-07-09 13:25:25	\N
48	159	1	2025-07-21 20:42:45	2025-07-21 20:42:45	\N
49	162	1	2025-07-23 07:37:58	2025-07-23 07:41:55	2025-07-23 07:41:55
50	162	1	2025-07-23 07:41:55	2025-07-23 07:43:12	2025-07-23 07:43:12
51	162	1	2025-07-23 07:43:12	2025-07-23 08:37:46	2025-07-23 08:37:46
52	162	1	2025-07-23 08:37:46	2025-07-24 19:40:57	2025-07-24 19:40:57
53	162	1	2025-07-24 19:40:57	2025-07-24 19:40:57	\N
39	98	1	2025-05-14 15:15:33	2025-07-24 19:41:23	2025-07-24 19:41:23
54	98	1	2025-07-24 19:41:23	2025-07-24 19:41:23	\N
41	127	1	2025-05-14 15:41:53	2025-07-24 19:41:57	2025-07-24 19:41:57
55	127	1	2025-07-24 19:41:57	2025-07-24 19:41:57	\N
56	164	1	2025-07-29 14:44:00	2025-07-29 14:44:00	\N
40	124	1	2025-05-14 15:38:47	2025-08-14 20:27:02	2025-08-14 20:27:02
57	124	1	2025-08-14 20:27:02	2025-08-14 20:27:02	\N
43	168	1	2025-05-22 13:53:11	2025-08-14 20:27:16	2025-08-14 20:27:16
58	168	1	2025-08-14 20:27:16	2025-08-14 20:27:16	\N
44	169	1	2025-05-22 13:56:22	2025-08-14 20:27:29	2025-08-14 20:27:29
59	169	1	2025-08-14 20:27:29	2025-08-14 20:27:29	\N
\.


--
-- Data for Name: user_ntype_documents; Type: TABLE DATA; Schema: public; Owner: alfabravo_user
--

COPY public.user_ntype_documents (id, user_id, type_document_id, created_at, updated_at, deleted_at) FROM stdin;
1	106	1	2024-06-28 16:23:02	2024-09-23 18:59:24	2024-09-23 18:59:24
2	106	3	2024-06-28 16:23:02	2024-09-23 18:59:24	2024-09-23 18:59:24
3	106	4	2024-06-28 16:23:02	2024-09-23 18:59:24	2024-09-23 18:59:24
4	106	5	2024-06-28 16:23:02	2024-09-23 18:59:24	2024-09-23 18:59:24
5	106	6	2024-06-28 16:23:02	2024-09-23 18:59:24	2024-09-23 18:59:24
6	106	8	2024-06-28 16:23:02	2024-09-23 18:59:24	2024-09-23 18:59:24
7	106	9	2024-06-28 16:23:02	2024-09-23 18:59:24	2024-09-23 18:59:24
8	106	13	2024-06-28 16:23:02	2024-09-23 18:59:24	2024-09-23 18:59:24
9	106	14	2024-06-28 16:23:02	2024-09-23 18:59:24	2024-09-23 18:59:24
10	106	19	2024-06-28 16:23:02	2024-09-23 18:59:24	2024-09-23 18:59:24
11	106	44	2024-06-28 16:23:02	2024-09-23 18:59:24	2024-09-23 18:59:24
12	106	3	2024-09-23 18:59:24	2024-09-23 18:59:40	2024-09-23 18:59:40
13	106	4	2024-09-23 18:59:24	2024-09-23 18:59:40	2024-09-23 18:59:40
14	106	5	2024-09-23 18:59:24	2024-09-23 18:59:40	2024-09-23 18:59:40
15	106	6	2024-09-23 18:59:24	2024-09-23 18:59:40	2024-09-23 18:59:40
16	106	8	2024-09-23 18:59:24	2024-09-23 18:59:40	2024-09-23 18:59:40
17	106	9	2024-09-23 18:59:24	2024-09-23 18:59:40	2024-09-23 18:59:40
18	106	13	2024-09-23 18:59:24	2024-09-23 18:59:40	2024-09-23 18:59:40
19	106	14	2024-09-23 18:59:24	2024-09-23 18:59:40	2024-09-23 18:59:40
20	106	19	2024-09-23 18:59:24	2024-09-23 18:59:40	2024-09-23 18:59:40
21	106	44	2024-09-23 18:59:24	2024-09-23 18:59:40	2024-09-23 18:59:40
22	106	1	2024-09-23 18:59:40	2024-09-26 07:41:31	2024-09-26 07:41:31
23	106	3	2024-09-23 18:59:40	2024-09-26 07:41:31	2024-09-26 07:41:31
24	106	4	2024-09-23 18:59:40	2024-09-26 07:41:31	2024-09-26 07:41:31
25	106	5	2024-09-23 18:59:40	2024-09-26 07:41:31	2024-09-26 07:41:31
26	106	6	2024-09-23 18:59:40	2024-09-26 07:41:31	2024-09-26 07:41:31
27	106	8	2024-09-23 18:59:40	2024-09-26 07:41:31	2024-09-26 07:41:31
28	106	9	2024-09-23 18:59:40	2024-09-26 07:41:31	2024-09-26 07:41:31
29	106	13	2024-09-23 18:59:40	2024-09-26 07:41:31	2024-09-26 07:41:31
30	106	14	2024-09-23 18:59:40	2024-09-26 07:41:31	2024-09-26 07:41:31
31	106	19	2024-09-23 18:59:40	2024-09-26 07:41:31	2024-09-26 07:41:31
32	106	44	2024-09-23 18:59:40	2024-09-26 07:41:31	2024-09-26 07:41:31
45	127	48	2024-10-09 18:11:06	2024-10-09 18:15:53	2024-10-09 18:15:53
46	127	48	2024-10-09 18:15:53	2024-10-09 18:27:02	2024-10-09 18:27:02
47	127	49	2024-10-09 18:15:53	2024-10-09 18:27:02	2024-10-09 18:27:02
48	127	50	2024-10-09 18:15:53	2024-10-09 18:27:02	2024-10-09 18:27:02
49	127	48	2024-10-09 18:27:02	2024-10-09 18:33:40	2024-10-09 18:33:40
50	127	49	2024-10-09 18:27:02	2024-10-09 18:33:40	2024-10-09 18:33:40
51	127	50	2024-10-09 18:27:02	2024-10-09 18:33:40	2024-10-09 18:33:40
55	124	8	2024-10-16 22:26:54	2024-10-18 20:16:00	2024-10-18 20:16:00
56	124	15	2024-10-16 22:26:54	2024-10-18 20:16:00	2024-10-18 20:16:00
57	124	21	2024-10-16 22:26:54	2024-10-18 20:16:00	2024-10-18 20:16:00
58	124	24	2024-10-16 22:26:54	2024-10-18 20:16:00	2024-10-18 20:16:00
59	124	26	2024-10-16 22:26:54	2024-10-18 20:16:00	2024-10-18 20:16:00
60	124	47	2024-10-16 22:26:54	2024-10-18 20:16:00	2024-10-18 20:16:00
61	124	49	2024-10-16 22:26:54	2024-10-18 20:16:00	2024-10-18 20:16:00
62	124	1	2024-10-16 22:26:54	2024-10-18 20:16:00	2024-10-18 20:16:00
63	124	14	2024-10-16 22:26:54	2024-10-18 20:16:00	2024-10-18 20:16:00
64	124	25	2024-10-16 22:26:54	2024-10-18 20:16:00	2024-10-18 20:16:00
65	124	48	2024-10-16 22:26:54	2024-10-18 20:16:00	2024-10-18 20:16:00
66	124	8	2024-10-18 20:16:00	2024-10-28 14:29:29	2024-10-28 14:29:29
67	124	1	2024-10-18 20:16:00	2024-10-28 14:29:29	2024-10-28 14:29:29
68	124	19	2024-10-18 20:16:00	2024-10-28 14:29:29	2024-10-28 14:29:29
69	124	14	2024-10-18 20:16:00	2024-10-28 14:29:29	2024-10-28 14:29:29
70	124	49	2024-10-18 20:16:00	2024-10-28 14:29:29	2024-10-28 14:29:29
71	124	25	2024-10-18 20:16:00	2024-10-28 14:29:29	2024-10-28 14:29:29
72	124	48	2024-10-18 20:16:00	2024-10-28 14:29:29	2024-10-28 14:29:29
73	124	15	2024-10-18 20:16:00	2024-10-28 14:29:29	2024-10-28 14:29:29
74	124	21	2024-10-18 20:16:00	2024-10-28 14:29:29	2024-10-28 14:29:29
75	124	24	2024-10-18 20:16:00	2024-10-28 14:29:29	2024-10-28 14:29:29
76	124	26	2024-10-18 20:16:00	2024-10-28 14:29:29	2024-10-28 14:29:29
77	124	47	2024-10-18 20:16:00	2024-10-28 14:29:29	2024-10-28 14:29:29
78	124	8	2024-10-28 14:29:29	2024-10-28 14:39:40	2024-10-28 14:39:40
79	124	1	2024-10-28 14:29:29	2024-10-28 14:39:40	2024-10-28 14:39:40
80	124	44	2024-10-28 14:29:29	2024-10-28 14:39:40	2024-10-28 14:39:40
81	124	19	2024-10-28 14:29:29	2024-10-28 14:39:40	2024-10-28 14:39:40
82	124	14	2024-10-28 14:29:29	2024-10-28 14:39:40	2024-10-28 14:39:40
83	124	49	2024-10-28 14:29:29	2024-10-28 14:39:40	2024-10-28 14:39:40
84	124	25	2024-10-28 14:29:29	2024-10-28 14:39:40	2024-10-28 14:39:40
85	124	48	2024-10-28 14:29:29	2024-10-28 14:39:40	2024-10-28 14:39:40
86	124	15	2024-10-28 14:29:29	2024-10-28 14:39:40	2024-10-28 14:39:40
87	124	21	2024-10-28 14:29:29	2024-10-28 14:39:40	2024-10-28 14:39:40
88	124	24	2024-10-28 14:29:29	2024-10-28 14:39:40	2024-10-28 14:39:40
89	124	26	2024-10-28 14:29:29	2024-10-28 14:39:40	2024-10-28 14:39:40
90	124	47	2024-10-28 14:29:29	2024-10-28 14:39:40	2024-10-28 14:39:40
91	124	8	2024-10-28 14:39:40	2024-10-29 12:27:15	2024-10-29 12:27:15
92	124	1	2024-10-28 14:39:40	2024-10-29 12:27:15	2024-10-29 12:27:15
93	124	44	2024-10-28 14:39:40	2024-10-29 12:27:15	2024-10-29 12:27:15
94	124	19	2024-10-28 14:39:40	2024-10-29 12:27:15	2024-10-29 12:27:15
95	124	14	2024-10-28 14:39:40	2024-10-29 12:27:15	2024-10-29 12:27:15
96	124	49	2024-10-28 14:39:40	2024-10-29 12:27:15	2024-10-29 12:27:15
97	124	25	2024-10-28 14:39:40	2024-10-29 12:27:15	2024-10-29 12:27:15
98	124	48	2024-10-28 14:39:40	2024-10-29 12:27:15	2024-10-29 12:27:15
99	124	15	2024-10-28 14:39:40	2024-10-29 12:27:15	2024-10-29 12:27:15
100	124	21	2024-10-28 14:39:40	2024-10-29 12:27:15	2024-10-29 12:27:15
101	124	24	2024-10-28 14:39:40	2024-10-29 12:27:15	2024-10-29 12:27:15
102	124	26	2024-10-28 14:39:40	2024-10-29 12:27:15	2024-10-29 12:27:15
103	124	47	2024-10-28 14:39:40	2024-10-29 12:27:15	2024-10-29 12:27:15
104	124	6	2024-10-29 12:27:15	2024-10-29 12:35:50	2024-10-29 12:35:50
105	124	8	2024-10-29 12:27:15	2024-10-29 12:35:50	2024-10-29 12:35:50
106	124	1	2024-10-29 12:27:15	2024-10-29 12:35:50	2024-10-29 12:35:50
107	124	44	2024-10-29 12:27:15	2024-10-29 12:35:50	2024-10-29 12:35:50
108	124	19	2024-10-29 12:27:15	2024-10-29 12:35:50	2024-10-29 12:35:50
109	124	14	2024-10-29 12:27:15	2024-10-29 12:35:50	2024-10-29 12:35:50
110	124	49	2024-10-29 12:27:15	2024-10-29 12:35:50	2024-10-29 12:35:50
111	124	25	2024-10-29 12:27:15	2024-10-29 12:35:50	2024-10-29 12:35:50
113	124	15	2024-10-29 12:27:15	2024-10-29 12:35:50	2024-10-29 12:35:50
114	124	21	2024-10-29 12:27:15	2024-10-29 12:35:50	2024-10-29 12:35:50
115	124	24	2024-10-29 12:27:15	2024-10-29 12:35:50	2024-10-29 12:35:50
116	124	26	2024-10-29 12:27:15	2024-10-29 12:35:50	2024-10-29 12:35:50
53	127	49	2024-10-09 18:33:40	2024-10-29 17:27:49	2024-10-29 17:27:49
54	127	50	2024-10-09 18:33:40	2024-10-29 17:27:49	2024-10-29 17:27:49
112	124	48	2024-10-29 12:27:15	2024-10-29 12:35:50	2024-10-29 12:35:50
117	124	47	2024-10-29 12:27:15	2024-10-29 12:35:50	2024-10-29 12:35:50
118	124	6	2024-10-29 12:35:50	2024-10-29 12:39:40	2024-10-29 12:39:40
119	124	8	2024-10-29 12:35:50	2024-10-29 12:39:40	2024-10-29 12:39:40
120	124	1	2024-10-29 12:35:50	2024-10-29 12:39:40	2024-10-29 12:39:40
121	124	5	2024-10-29 12:35:50	2024-10-29 12:39:40	2024-10-29 12:39:40
122	124	44	2024-10-29 12:35:50	2024-10-29 12:39:40	2024-10-29 12:39:40
34	106	4	2024-09-26 07:41:31	2025-05-14 15:40:54	2025-05-14 15:40:54
35	106	6	2024-09-26 07:41:31	2025-05-14 15:40:54	2025-05-14 15:40:54
36	106	8	2024-09-26 07:41:31	2025-05-14 15:40:54	2025-05-14 15:40:54
38	106	5	2024-09-26 07:41:31	2025-05-14 15:40:54	2025-05-14 15:40:54
39	106	44	2024-09-26 07:41:31	2025-05-14 15:40:54	2025-05-14 15:40:54
40	106	19	2024-09-26 07:41:31	2025-05-14 15:40:54	2025-05-14 15:40:54
41	106	9	2024-09-26 07:41:31	2025-05-14 15:40:54	2025-05-14 15:40:54
43	106	14	2024-09-26 07:41:31	2025-05-14 15:40:54	2025-05-14 15:40:54
44	106	25	2024-09-26 07:41:31	2025-05-14 15:40:54	2025-05-14 15:40:54
123	124	19	2024-10-29 12:35:50	2024-10-29 12:39:40	2024-10-29 12:39:40
124	124	14	2024-10-29 12:35:50	2024-10-29 12:39:40	2024-10-29 12:39:40
125	124	49	2024-10-29 12:35:50	2024-10-29 12:39:40	2024-10-29 12:39:40
126	124	25	2024-10-29 12:35:50	2024-10-29 12:39:40	2024-10-29 12:39:40
127	124	48	2024-10-29 12:35:50	2024-10-29 12:39:40	2024-10-29 12:39:40
128	124	15	2024-10-29 12:35:50	2024-10-29 12:39:40	2024-10-29 12:39:40
129	124	21	2024-10-29 12:35:50	2024-10-29 12:39:40	2024-10-29 12:39:40
130	124	24	2024-10-29 12:35:50	2024-10-29 12:39:40	2024-10-29 12:39:40
131	124	26	2024-10-29 12:35:50	2024-10-29 12:39:40	2024-10-29 12:39:40
132	124	47	2024-10-29 12:35:50	2024-10-29 12:39:40	2024-10-29 12:39:40
133	124	6	2024-10-29 12:39:40	2024-10-29 13:03:23	2024-10-29 13:03:23
134	124	8	2024-10-29 12:39:40	2024-10-29 13:03:23	2024-10-29 13:03:23
135	124	1	2024-10-29 12:39:40	2024-10-29 13:03:23	2024-10-29 13:03:23
136	124	5	2024-10-29 12:39:40	2024-10-29 13:03:23	2024-10-29 13:03:23
137	124	44	2024-10-29 12:39:40	2024-10-29 13:03:23	2024-10-29 13:03:23
138	124	19	2024-10-29 12:39:40	2024-10-29 13:03:23	2024-10-29 13:03:23
139	124	14	2024-10-29 12:39:40	2024-10-29 13:03:23	2024-10-29 13:03:23
140	124	49	2024-10-29 12:39:40	2024-10-29 13:03:23	2024-10-29 13:03:23
141	124	25	2024-10-29 12:39:40	2024-10-29 13:03:23	2024-10-29 13:03:23
142	124	48	2024-10-29 12:39:40	2024-10-29 13:03:23	2024-10-29 13:03:23
143	124	15	2024-10-29 12:39:40	2024-10-29 13:03:23	2024-10-29 13:03:23
144	124	21	2024-10-29 12:39:40	2024-10-29 13:03:23	2024-10-29 13:03:23
145	124	24	2024-10-29 12:39:40	2024-10-29 13:03:23	2024-10-29 13:03:23
146	124	26	2024-10-29 12:39:40	2024-10-29 13:03:23	2024-10-29 13:03:23
147	124	47	2024-10-29 12:39:40	2024-10-29 13:03:23	2024-10-29 13:03:23
52	127	48	2024-10-09 18:33:40	2024-10-29 17:27:49	2024-10-29 17:27:49
164	127	7	2024-10-29 17:27:49	2024-10-29 17:28:02	2024-10-29 17:28:02
165	127	50	2024-10-29 17:27:49	2024-10-29 17:28:02	2024-10-29 17:28:02
166	127	49	2024-10-29 17:27:49	2024-10-29 17:28:02	2024-10-29 17:28:02
167	127	48	2024-10-29 17:27:49	2024-10-29 17:28:02	2024-10-29 17:28:02
168	127	7	2024-10-29 17:28:02	2024-10-29 17:29:18	2024-10-29 17:29:18
169	127	50	2024-10-29 17:28:02	2024-10-29 17:29:18	2024-10-29 17:29:18
170	127	19	2024-10-29 17:28:02	2024-10-29 17:29:18	2024-10-29 17:29:18
171	127	49	2024-10-29 17:28:02	2024-10-29 17:29:18	2024-10-29 17:29:18
172	127	48	2024-10-29 17:28:02	2024-10-29 17:29:18	2024-10-29 17:29:18
189	162	49	2024-11-26 17:13:40	2024-11-27 16:55:30	2024-11-27 16:55:30
190	162	48	2024-11-26 17:13:40	2024-11-27 16:55:30	2024-11-27 16:55:30
191	162	47	2024-11-26 17:13:40	2024-11-27 16:55:30	2024-11-27 16:55:30
173	127	7	2024-10-29 17:29:18	2025-03-11 14:50:16	2025-03-11 14:50:16
174	127	50	2024-10-29 17:29:18	2025-03-11 14:50:16	2025-03-11 14:50:16
175	127	19	2024-10-29 17:29:18	2025-03-11 14:50:16	2025-03-11 14:50:16
176	127	49	2024-10-29 17:29:18	2025-03-11 14:50:16	2025-03-11 14:50:16
177	127	48	2024-10-29 17:29:18	2025-03-11 14:50:16	2025-03-11 14:50:16
178	98	8	2024-11-15 17:03:26	2025-05-14 15:15:33	2025-05-14 15:15:33
179	98	1	2024-11-15 17:03:26	2025-05-14 15:15:33	2025-05-14 15:15:33
180	98	44	2024-11-15 17:03:26	2025-05-14 15:15:33	2025-05-14 15:15:33
181	98	25	2024-11-15 17:03:26	2025-05-14 15:15:33	2025-05-14 15:15:33
182	98	15	2024-11-15 17:03:26	2025-05-14 15:15:33	2025-05-14 15:15:33
183	98	21	2024-11-15 17:03:26	2025-05-14 15:15:33	2025-05-14 15:15:33
184	98	24	2024-11-15 17:03:26	2025-05-14 15:15:33	2025-05-14 15:15:33
185	98	55	2024-11-15 17:03:26	2025-05-14 15:15:33	2025-05-14 15:15:33
186	98	26	2024-11-15 17:03:26	2025-05-14 15:15:33	2025-05-14 15:15:33
187	98	43	2024-11-15 17:03:26	2025-05-14 15:15:33	2025-05-14 15:15:33
188	98	41	2024-11-15 17:03:26	2025-05-14 15:15:33	2025-05-14 15:15:33
148	124	6	2024-10-29 13:03:23	2025-05-14 15:38:47	2025-05-14 15:38:47
149	124	8	2024-10-29 13:03:23	2025-05-14 15:38:47	2025-05-14 15:38:47
150	124	1	2024-10-29 13:03:23	2025-05-14 15:38:47	2025-05-14 15:38:47
151	124	5	2024-10-29 13:03:23	2025-05-14 15:38:47	2025-05-14 15:38:47
152	124	44	2024-10-29 13:03:23	2025-05-14 15:38:47	2025-05-14 15:38:47
153	124	19	2024-10-29 13:03:23	2025-05-14 15:38:47	2025-05-14 15:38:47
154	124	14	2024-10-29 13:03:23	2025-05-14 15:38:47	2025-05-14 15:38:47
155	124	49	2024-10-29 13:03:23	2025-05-14 15:38:47	2025-05-14 15:38:47
156	124	25	2024-10-29 13:03:23	2025-05-14 15:38:47	2025-05-14 15:38:47
157	124	48	2024-10-29 13:03:23	2025-05-14 15:38:47	2025-05-14 15:38:47
158	124	15	2024-10-29 13:03:23	2025-05-14 15:38:47	2025-05-14 15:38:47
159	124	21	2024-10-29 13:03:23	2025-05-14 15:38:47	2025-05-14 15:38:47
160	124	24	2024-10-29 13:03:23	2025-05-14 15:38:47	2025-05-14 15:38:47
161	124	26	2024-10-29 13:03:23	2025-05-14 15:38:47	2025-05-14 15:38:47
162	124	47	2024-10-29 13:03:23	2025-05-14 15:38:47	2025-05-14 15:38:47
163	124	55	2024-10-29 13:03:23	2025-05-14 15:38:47	2025-05-14 15:38:47
193	162	48	2024-11-27 16:55:30	2025-05-14 15:40:22	2025-05-14 15:40:22
194	162	47	2024-11-27 16:55:30	2025-05-14 15:40:22	2025-05-14 15:40:22
195	162	55	2024-11-27 16:55:30	2025-05-14 15:40:22	2025-05-14 15:40:22
196	127	7	2025-03-11 14:50:16	2025-05-14 15:41:53	2025-05-14 15:41:53
197	127	50	2025-03-11 14:50:16	2025-05-14 15:41:53	2025-05-14 15:41:53
199	127	49	2025-03-11 14:50:16	2025-05-14 15:41:53	2025-05-14 15:41:53
200	127	48	2025-03-11 14:50:16	2025-05-14 15:41:53	2025-05-14 15:41:53
201	127	3	2025-03-11 14:50:16	2025-05-14 15:41:53	2025-05-14 15:41:53
202	164	8	2025-04-02 15:46:13	2025-05-14 15:49:10	2025-05-14 15:49:10
204	164	44	2025-04-02 15:46:13	2025-05-14 15:49:10	2025-05-14 15:49:10
205	164	25	2025-04-02 15:46:13	2025-05-14 15:49:10	2025-05-14 15:49:10
206	164	15	2025-04-02 15:46:13	2025-05-14 15:49:10	2025-05-14 15:49:10
207	164	21	2025-04-02 15:46:13	2025-05-14 15:49:10	2025-05-14 15:49:10
208	164	24	2025-04-02 15:46:13	2025-05-14 15:49:10	2025-05-14 15:49:10
210	164	26	2025-04-02 15:46:13	2025-05-14 15:49:10	2025-05-14 15:49:10
211	164	43	2025-04-02 15:46:13	2025-05-14 15:49:10	2025-05-14 15:49:10
212	164	41	2025-04-02 15:46:13	2025-05-14 15:49:10	2025-05-14 15:49:10
213	165	8	2025-04-02 15:49:39	2025-05-14 15:49:24	2025-05-14 15:49:24
214	165	1	2025-04-02 15:49:39	2025-05-14 15:49:24	2025-05-14 15:49:24
216	165	25	2025-04-02 15:49:39	2025-05-14 15:49:24	2025-05-14 15:49:24
217	165	15	2025-04-02 15:49:39	2025-05-14 15:49:24	2025-05-14 15:49:24
218	165	21	2025-04-02 15:49:39	2025-05-14 15:49:24	2025-05-14 15:49:24
219	165	24	2025-04-02 15:49:39	2025-05-14 15:49:24	2025-05-14 15:49:24
221	165	26	2025-04-02 15:49:39	2025-05-14 15:49:24	2025-05-14 15:49:24
222	165	43	2025-04-02 15:49:39	2025-05-14 15:49:24	2025-05-14 15:49:24
223	165	41	2025-04-02 15:49:39	2025-05-14 15:49:24	2025-05-14 15:49:24
224	166	8	2025-04-02 15:51:34	2025-05-14 15:49:36	2025-05-14 15:49:36
225	166	1	2025-04-02 15:51:34	2025-05-14 15:49:36	2025-05-14 15:49:36
227	166	25	2025-04-02 15:51:34	2025-05-14 15:49:36	2025-05-14 15:49:36
228	166	15	2025-04-02 15:51:34	2025-05-14 15:49:36	2025-05-14 15:49:36
229	166	21	2025-04-02 15:51:34	2025-05-14 15:49:36	2025-05-14 15:49:36
230	166	24	2025-04-02 15:51:34	2025-05-14 15:49:36	2025-05-14 15:49:36
231	166	55	2025-04-02 15:51:34	2025-05-14 15:49:36	2025-05-14 15:49:36
233	166	43	2025-04-02 15:51:34	2025-05-14 15:49:36	2025-05-14 15:49:36
234	166	41	2025-04-02 15:51:34	2025-05-14 15:49:36	2025-05-14 15:49:36
235	98	8	2025-05-14 15:15:33	2025-07-24 19:41:24	2025-07-24 19:41:24
236	98	1	2025-05-14 15:15:33	2025-07-24 19:41:24	2025-07-24 19:41:24
238	98	25	2025-05-14 15:15:33	2025-07-24 19:41:24	2025-07-24 19:41:24
239	98	15	2025-05-14 15:15:33	2025-07-24 19:41:24	2025-07-24 19:41:24
240	98	21	2025-05-14 15:15:33	2025-07-24 19:41:24	2025-07-24 19:41:24
241	98	24	2025-05-14 15:15:33	2025-07-24 19:41:24	2025-07-24 19:41:24
242	98	55	2025-05-14 15:15:33	2025-07-24 19:41:24	2025-07-24 19:41:24
244	98	43	2025-05-14 15:15:33	2025-07-24 19:41:24	2025-07-24 19:41:24
245	98	41	2025-05-14 15:15:33	2025-07-24 19:41:24	2025-07-24 19:41:24
192	162	49	2024-11-27 16:55:30	2025-05-14 15:40:22	2025-05-14 15:40:22
33	106	3	2024-09-26 07:41:31	2025-05-14 15:40:54	2025-05-14 15:40:54
37	106	1	2024-09-26 07:41:31	2025-05-14 15:40:54	2025-05-14 15:40:54
42	106	13	2024-09-26 07:41:31	2025-05-14 15:40:54	2025-05-14 15:40:54
198	127	19	2025-03-11 14:50:16	2025-05-14 15:41:53	2025-05-14 15:41:53
203	164	1	2025-04-02 15:46:13	2025-05-14 15:49:10	2025-05-14 15:49:10
209	164	55	2025-04-02 15:46:13	2025-05-14 15:49:10	2025-05-14 15:49:10
215	165	44	2025-04-02 15:49:39	2025-05-14 15:49:24	2025-05-14 15:49:24
220	165	55	2025-04-02 15:49:39	2025-05-14 15:49:24	2025-05-14 15:49:24
226	166	44	2025-04-02 15:51:34	2025-05-14 15:49:36	2025-05-14 15:49:36
232	166	26	2025-04-02 15:51:34	2025-05-14 15:49:36	2025-05-14 15:49:36
262	162	49	2025-05-14 15:40:22	2025-05-22 14:24:00	2025-05-22 14:24:00
263	162	48	2025-05-14 15:40:22	2025-05-22 14:24:00	2025-05-22 14:24:00
264	162	47	2025-05-14 15:40:22	2025-05-22 14:24:00	2025-05-22 14:24:00
265	162	55	2025-05-14 15:40:22	2025-05-22 14:24:00	2025-05-22 14:24:00
353	167	2	2025-05-22 16:02:01	2025-05-22 16:02:01	\N
354	167	4	2025-05-22 16:02:01	2025-05-22 16:02:01	\N
355	167	6	2025-05-22 16:02:01	2025-05-22 16:02:01	\N
356	167	7	2025-05-22 16:02:01	2025-05-22 16:02:01	\N
357	167	8	2025-05-22 16:02:01	2025-05-22 16:02:01	\N
358	167	10	2025-05-22 16:02:01	2025-05-22 16:02:01	\N
359	167	23	2025-05-22 16:02:01	2025-05-22 16:02:01	\N
360	167	50	2025-05-22 16:02:01	2025-05-22 16:02:01	\N
361	167	1	2025-05-22 16:02:01	2025-05-22 16:02:01	\N
362	167	44	2025-05-22 16:02:01	2025-05-22 16:02:01	\N
363	167	19	2025-05-22 16:02:01	2025-05-22 16:02:01	\N
364	167	9	2025-05-22 16:02:01	2025-05-22 16:02:01	\N
365	167	13	2025-05-22 16:02:01	2025-05-22 16:02:01	\N
366	167	14	2025-05-22 16:02:01	2025-05-22 16:02:01	\N
367	167	49	2025-05-22 16:02:01	2025-05-22 16:02:01	\N
350	162	48	2025-05-22 14:24:00	2025-06-26 14:36:51	2025-06-26 14:36:51
351	162	47	2025-05-22 14:24:00	2025-06-26 14:36:51	2025-06-26 14:36:51
352	162	55	2025-05-22 14:24:00	2025-06-26 14:36:51	2025-06-26 14:36:51
284	164	8	2025-05-14 15:49:10	2025-07-09 14:28:39	2025-07-09 14:28:39
286	164	44	2025-05-14 15:49:10	2025-07-09 14:28:39	2025-07-09 14:28:39
287	164	25	2025-05-14 15:49:10	2025-07-09 14:28:39	2025-07-09 14:28:39
288	164	15	2025-05-14 15:49:10	2025-07-09 14:28:39	2025-07-09 14:28:39
289	164	21	2025-05-14 15:49:10	2025-07-09 14:28:39	2025-07-09 14:28:39
290	164	24	2025-05-14 15:49:10	2025-07-09 14:28:39	2025-07-09 14:28:39
292	164	26	2025-05-14 15:49:10	2025-07-09 14:28:39	2025-07-09 14:28:39
293	164	43	2025-05-14 15:49:10	2025-07-09 14:28:39	2025-07-09 14:28:39
294	164	41	2025-05-14 15:49:10	2025-07-09 14:28:39	2025-07-09 14:28:39
295	165	8	2025-05-14 15:49:24	2025-07-09 14:29:18	2025-07-09 14:29:18
297	165	44	2025-05-14 15:49:24	2025-07-09 14:29:18	2025-07-09 14:29:18
298	165	25	2025-05-14 15:49:24	2025-07-09 14:29:18	2025-07-09 14:29:18
299	165	15	2025-05-14 15:49:24	2025-07-09 14:29:18	2025-07-09 14:29:18
300	165	21	2025-05-14 15:49:24	2025-07-09 14:29:18	2025-07-09 14:29:18
301	165	24	2025-05-14 15:49:24	2025-07-09 14:29:18	2025-07-09 14:29:18
303	165	26	2025-05-14 15:49:24	2025-07-09 14:29:18	2025-07-09 14:29:18
304	165	43	2025-05-14 15:49:24	2025-07-09 14:29:18	2025-07-09 14:29:18
305	165	41	2025-05-14 15:49:24	2025-07-09 14:29:18	2025-07-09 14:29:18
306	166	8	2025-05-14 15:49:36	2025-07-09 14:29:50	2025-07-09 14:29:50
307	166	1	2025-05-14 15:49:36	2025-07-09 14:29:50	2025-07-09 14:29:50
309	166	25	2025-05-14 15:49:36	2025-07-09 14:29:50	2025-07-09 14:29:50
310	166	15	2025-05-14 15:49:36	2025-07-09 14:29:50	2025-07-09 14:29:50
311	166	21	2025-05-14 15:49:36	2025-07-09 14:29:50	2025-07-09 14:29:50
312	166	24	2025-05-14 15:49:36	2025-07-09 14:29:50	2025-07-09 14:29:50
314	166	26	2025-05-14 15:49:36	2025-07-09 14:29:50	2025-07-09 14:29:50
315	166	43	2025-05-14 15:49:36	2025-07-09 14:29:50	2025-07-09 14:29:50
316	166	41	2025-05-14 15:49:36	2025-07-09 14:29:50	2025-07-09 14:29:50
266	106	4	2025-05-14 15:40:54	2025-07-24 19:40:21	2025-07-24 19:40:21
267	106	6	2025-05-14 15:40:54	2025-07-24 19:40:21	2025-07-24 19:40:21
269	106	1	2025-05-14 15:40:54	2025-07-24 19:40:21	2025-07-24 19:40:21
270	106	5	2025-05-14 15:40:54	2025-07-24 19:40:21	2025-07-24 19:40:21
271	106	44	2025-05-14 15:40:54	2025-07-24 19:40:21	2025-07-24 19:40:21
272	106	19	2025-05-14 15:40:54	2025-07-24 19:40:21	2025-07-24 19:40:21
273	106	9	2025-05-14 15:40:54	2025-07-24 19:40:21	2025-07-24 19:40:21
275	106	14	2025-05-14 15:40:54	2025-07-24 19:40:21	2025-07-24 19:40:21
276	106	25	2025-05-14 15:40:54	2025-07-24 19:40:21	2025-07-24 19:40:21
277	106	3	2025-05-14 15:40:54	2025-07-24 19:40:21	2025-07-24 19:40:21
278	127	7	2025-05-14 15:41:53	2025-07-24 19:41:57	2025-07-24 19:41:57
280	127	19	2025-05-14 15:41:53	2025-07-24 19:41:57	2025-07-24 19:41:57
281	127	49	2025-05-14 15:41:53	2025-07-24 19:41:57	2025-07-24 19:41:57
282	127	48	2025-05-14 15:41:53	2025-07-24 19:41:57	2025-07-24 19:41:57
283	127	3	2025-05-14 15:41:53	2025-07-24 19:41:57	2025-07-24 19:41:57
246	124	6	2025-05-14 15:38:47	2025-08-14 20:27:02	2025-08-14 20:27:02
248	124	1	2025-05-14 15:38:47	2025-08-14 20:27:02	2025-08-14 20:27:02
249	124	5	2025-05-14 15:38:47	2025-08-14 20:27:02	2025-08-14 20:27:02
250	124	44	2025-05-14 15:38:47	2025-08-14 20:27:02	2025-08-14 20:27:02
251	124	19	2025-05-14 15:38:47	2025-08-14 20:27:02	2025-08-14 20:27:02
252	124	14	2025-05-14 15:38:47	2025-08-14 20:27:02	2025-08-14 20:27:02
254	124	25	2025-05-14 15:38:47	2025-08-14 20:27:02	2025-08-14 20:27:02
255	124	48	2025-05-14 15:38:47	2025-08-14 20:27:02	2025-08-14 20:27:02
257	124	21	2025-05-14 15:38:47	2025-08-14 20:27:02	2025-08-14 20:27:02
258	124	24	2025-05-14 15:38:47	2025-08-14 20:27:02	2025-08-14 20:27:02
259	124	47	2025-05-14 15:38:47	2025-08-14 20:27:02	2025-08-14 20:27:02
260	124	55	2025-05-14 15:38:47	2025-08-14 20:27:02	2025-08-14 20:27:02
261	124	26	2025-05-14 15:38:47	2025-08-14 20:27:02	2025-08-14 20:27:02
317	168	6	2025-05-22 13:53:11	2025-08-14 20:27:16	2025-08-14 20:27:16
318	168	8	2025-05-22 13:53:11	2025-08-14 20:27:16	2025-08-14 20:27:16
320	168	5	2025-05-22 13:53:11	2025-08-14 20:27:16	2025-08-14 20:27:16
321	168	44	2025-05-22 13:53:11	2025-08-14 20:27:16	2025-08-14 20:27:16
322	168	19	2025-05-22 13:53:11	2025-08-14 20:27:16	2025-08-14 20:27:16
323	168	14	2025-05-22 13:53:11	2025-08-14 20:27:16	2025-08-14 20:27:16
324	168	49	2025-05-22 13:53:11	2025-08-14 20:27:16	2025-08-14 20:27:16
326	168	48	2025-05-22 13:53:11	2025-08-14 20:27:16	2025-08-14 20:27:16
327	168	15	2025-05-22 13:53:11	2025-08-14 20:27:16	2025-08-14 20:27:16
328	168	21	2025-05-22 13:53:11	2025-08-14 20:27:16	2025-08-14 20:27:16
329	168	24	2025-05-22 13:53:11	2025-08-14 20:27:16	2025-08-14 20:27:16
331	168	55	2025-05-22 13:53:11	2025-08-14 20:27:16	2025-08-14 20:27:16
332	168	26	2025-05-22 13:53:11	2025-08-14 20:27:16	2025-08-14 20:27:16
333	169	6	2025-05-22 13:56:22	2025-08-14 20:27:29	2025-08-14 20:27:29
334	169	8	2025-05-22 13:56:22	2025-08-14 20:27:29	2025-08-14 20:27:29
335	169	1	2025-05-22 13:56:22	2025-08-14 20:27:29	2025-08-14 20:27:29
337	169	44	2025-05-22 13:56:22	2025-08-14 20:27:29	2025-08-14 20:27:29
338	169	19	2025-05-22 13:56:22	2025-08-14 20:27:29	2025-08-14 20:27:29
339	169	14	2025-05-22 13:56:22	2025-08-14 20:27:29	2025-08-14 20:27:29
340	169	49	2025-05-22 13:56:22	2025-08-14 20:27:29	2025-08-14 20:27:29
341	169	25	2025-05-22 13:56:22	2025-08-14 20:27:29	2025-08-14 20:27:29
343	169	15	2025-05-22 13:56:22	2025-08-14 20:27:29	2025-08-14 20:27:29
344	169	21	2025-05-22 13:56:22	2025-08-14 20:27:29	2025-08-14 20:27:29
345	169	24	2025-05-22 13:56:22	2025-08-14 20:27:29	2025-08-14 20:27:29
346	169	47	2025-05-22 13:56:22	2025-08-14 20:27:29	2025-08-14 20:27:29
348	169	26	2025-05-22 13:56:22	2025-08-14 20:27:29	2025-08-14 20:27:29
368	167	48	2025-05-22 16:02:01	2025-05-22 16:02:01	\N
369	167	15	2025-05-22 16:02:01	2025-05-22 16:02:01	\N
370	167	24	2025-05-22 16:02:01	2025-05-22 16:02:01	\N
371	167	47	2025-05-22 16:02:01	2025-05-22 16:02:01	\N
372	167	55	2025-05-22 16:02:01	2025-05-22 16:02:01	\N
349	162	49	2025-05-22 14:24:00	2025-06-26 14:36:51	2025-06-26 14:36:51
285	164	1	2025-05-14 15:49:10	2025-07-09 14:28:39	2025-07-09 14:28:39
291	164	55	2025-05-14 15:49:10	2025-07-09 14:28:39	2025-07-09 14:28:39
296	165	1	2025-05-14 15:49:24	2025-07-09 14:29:18	2025-07-09 14:29:18
302	165	55	2025-05-14 15:49:24	2025-07-09 14:29:18	2025-07-09 14:29:18
308	166	44	2025-05-14 15:49:36	2025-07-09 14:29:50	2025-07-09 14:29:50
313	166	55	2025-05-14 15:49:36	2025-07-09 14:29:50	2025-07-09 14:29:50
411	166	8	2025-07-09 14:29:50	2025-07-09 14:40:34	2025-07-09 14:40:34
412	166	1	2025-07-09 14:29:50	2025-07-09 14:40:34	2025-07-09 14:40:34
413	166	44	2025-07-09 14:29:50	2025-07-09 14:40:34	2025-07-09 14:40:34
414	166	25	2025-07-09 14:29:50	2025-07-09 14:40:34	2025-07-09 14:40:34
415	166	15	2025-07-09 14:29:50	2025-07-09 14:40:34	2025-07-09 14:40:34
416	166	21	2025-07-09 14:29:50	2025-07-09 14:40:34	2025-07-09 14:40:34
417	166	24	2025-07-09 14:29:50	2025-07-09 14:40:34	2025-07-09 14:40:34
418	166	55	2025-07-09 14:29:50	2025-07-09 14:40:34	2025-07-09 14:40:34
419	166	26	2025-07-09 14:29:50	2025-07-09 14:40:34	2025-07-09 14:40:34
420	166	43	2025-07-09 14:29:50	2025-07-09 14:40:34	2025-07-09 14:40:34
421	166	41	2025-07-09 14:29:50	2025-07-09 14:40:34	2025-07-09 14:40:34
422	166	59	2025-07-09 14:29:50	2025-07-09 14:40:34	2025-07-09 14:40:34
423	166	8	2025-07-09 14:40:34	2025-07-09 14:40:36	2025-07-09 14:40:36
424	166	1	2025-07-09 14:40:34	2025-07-09 14:40:36	2025-07-09 14:40:36
425	166	44	2025-07-09 14:40:34	2025-07-09 14:40:36	2025-07-09 14:40:36
426	166	25	2025-07-09 14:40:34	2025-07-09 14:40:36	2025-07-09 14:40:36
427	166	15	2025-07-09 14:40:34	2025-07-09 14:40:36	2025-07-09 14:40:36
428	166	21	2025-07-09 14:40:34	2025-07-09 14:40:36	2025-07-09 14:40:36
429	166	24	2025-07-09 14:40:34	2025-07-09 14:40:36	2025-07-09 14:40:36
430	166	55	2025-07-09 14:40:34	2025-07-09 14:40:36	2025-07-09 14:40:36
431	166	26	2025-07-09 14:40:34	2025-07-09 14:40:36	2025-07-09 14:40:36
432	166	43	2025-07-09 14:40:34	2025-07-09 14:40:36	2025-07-09 14:40:36
433	166	41	2025-07-09 14:40:34	2025-07-09 14:40:36	2025-07-09 14:40:36
434	166	59	2025-07-09 14:40:34	2025-07-09 14:40:36	2025-07-09 14:40:36
387	164	8	2025-07-09 14:28:39	2025-07-10 13:47:59	2025-07-10 13:47:59
388	164	1	2025-07-09 14:28:39	2025-07-10 13:47:59	2025-07-10 13:47:59
389	164	44	2025-07-09 14:28:39	2025-07-10 13:47:59	2025-07-10 13:47:59
390	164	25	2025-07-09 14:28:39	2025-07-10 13:47:59	2025-07-10 13:47:59
391	164	15	2025-07-09 14:28:39	2025-07-10 13:47:59	2025-07-10 13:47:59
392	164	21	2025-07-09 14:28:39	2025-07-10 13:48:00	2025-07-10 13:48:00
393	164	24	2025-07-09 14:28:39	2025-07-10 13:48:00	2025-07-10 13:48:00
394	164	55	2025-07-09 14:28:39	2025-07-10 13:48:00	2025-07-10 13:48:00
395	164	26	2025-07-09 14:28:39	2025-07-10 13:48:00	2025-07-10 13:48:00
396	164	43	2025-07-09 14:28:39	2025-07-10 13:48:00	2025-07-10 13:48:00
397	164	41	2025-07-09 14:28:40	2025-07-10 13:48:00	2025-07-10 13:48:00
398	164	59	2025-07-09 14:28:40	2025-07-10 13:48:00	2025-07-10 13:48:00
399	165	8	2025-07-09 14:29:18	2025-07-10 13:48:33	2025-07-10 13:48:33
400	165	1	2025-07-09 14:29:18	2025-07-10 13:48:33	2025-07-10 13:48:33
401	165	44	2025-07-09 14:29:18	2025-07-10 13:48:33	2025-07-10 13:48:33
402	165	25	2025-07-09 14:29:18	2025-07-10 13:48:33	2025-07-10 13:48:33
403	165	15	2025-07-09 14:29:18	2025-07-10 13:48:33	2025-07-10 13:48:33
404	165	21	2025-07-09 14:29:18	2025-07-10 13:48:33	2025-07-10 13:48:33
405	165	24	2025-07-09 14:29:18	2025-07-10 13:48:33	2025-07-10 13:48:33
406	165	55	2025-07-09 14:29:18	2025-07-10 13:48:33	2025-07-10 13:48:33
407	165	26	2025-07-09 14:29:18	2025-07-10 13:48:33	2025-07-10 13:48:33
408	165	43	2025-07-09 14:29:18	2025-07-10 13:48:33	2025-07-10 13:48:33
409	165	41	2025-07-09 14:29:18	2025-07-10 13:48:33	2025-07-10 13:48:33
410	165	59	2025-07-09 14:29:18	2025-07-10 13:48:33	2025-07-10 13:48:33
435	166	8	2025-07-09 14:40:36	2025-07-10 13:49:27	2025-07-10 13:49:27
436	166	1	2025-07-09 14:40:36	2025-07-10 13:49:27	2025-07-10 13:49:27
437	166	44	2025-07-09 14:40:36	2025-07-10 13:49:27	2025-07-10 13:49:27
438	166	25	2025-07-09 14:40:36	2025-07-10 13:49:27	2025-07-10 13:49:27
439	166	15	2025-07-09 14:40:36	2025-07-10 13:49:27	2025-07-10 13:49:27
440	166	21	2025-07-09 14:40:36	2025-07-10 13:49:27	2025-07-10 13:49:27
441	166	24	2025-07-09 14:40:36	2025-07-10 13:49:27	2025-07-10 13:49:27
442	166	55	2025-07-09 14:40:36	2025-07-10 13:49:27	2025-07-10 13:49:27
443	166	26	2025-07-09 14:40:36	2025-07-10 13:49:27	2025-07-10 13:49:27
444	166	43	2025-07-09 14:40:36	2025-07-10 13:49:27	2025-07-10 13:49:27
445	166	41	2025-07-09 14:40:36	2025-07-10 13:49:27	2025-07-10 13:49:27
446	166	59	2025-07-09 14:40:36	2025-07-10 13:49:27	2025-07-10 13:49:27
447	164	8	2025-07-10 13:48:00	2025-07-10 14:04:31	2025-07-10 14:04:31
448	164	1	2025-07-10 13:48:00	2025-07-10 14:04:31	2025-07-10 14:04:31
449	164	44	2025-07-10 13:48:00	2025-07-10 14:04:31	2025-07-10 14:04:31
450	164	25	2025-07-10 13:48:00	2025-07-10 14:04:31	2025-07-10 14:04:31
451	164	15	2025-07-10 13:48:00	2025-07-10 14:04:31	2025-07-10 14:04:31
452	164	21	2025-07-10 13:48:00	2025-07-10 14:04:31	2025-07-10 14:04:31
453	164	24	2025-07-10 13:48:00	2025-07-10 14:04:31	2025-07-10 14:04:31
454	164	55	2025-07-10 13:48:00	2025-07-10 14:04:31	2025-07-10 14:04:31
455	164	59	2025-07-10 13:48:00	2025-07-10 14:04:31	2025-07-10 14:04:31
456	165	8	2025-07-10 13:48:33	2025-07-10 14:04:50	2025-07-10 14:04:50
457	165	1	2025-07-10 13:48:33	2025-07-10 14:04:50	2025-07-10 14:04:50
458	165	44	2025-07-10 13:48:33	2025-07-10 14:04:50	2025-07-10 14:04:50
459	165	25	2025-07-10 13:48:33	2025-07-10 14:04:50	2025-07-10 14:04:50
460	165	15	2025-07-10 13:48:33	2025-07-10 14:04:50	2025-07-10 14:04:50
461	165	21	2025-07-10 13:48:33	2025-07-10 14:04:50	2025-07-10 14:04:50
462	165	24	2025-07-10 13:48:33	2025-07-10 14:04:50	2025-07-10 14:04:50
463	165	55	2025-07-10 13:48:33	2025-07-10 14:04:50	2025-07-10 14:04:50
464	165	59	2025-07-10 13:48:33	2025-07-10 14:04:50	2025-07-10 14:04:50
465	166	8	2025-07-10 13:49:27	2025-07-10 14:05:01	2025-07-10 14:05:01
466	166	1	2025-07-10 13:49:27	2025-07-10 14:05:01	2025-07-10 14:05:01
467	166	21	2025-07-10 13:49:27	2025-07-10 14:05:01	2025-07-10 14:05:01
469	166	59	2025-07-10 13:49:27	2025-07-10 14:05:01	2025-07-10 14:05:01
470	164	8	2025-07-10 14:04:31	2025-07-10 14:05:20	2025-07-10 14:05:20
471	164	1	2025-07-10 14:04:31	2025-07-10 14:05:20	2025-07-10 14:05:20
472	164	21	2025-07-10 14:04:31	2025-07-10 14:05:20	2025-07-10 14:05:20
473	164	55	2025-07-10 14:04:31	2025-07-10 14:05:20	2025-07-10 14:05:20
475	165	8	2025-07-10 14:04:50	2025-07-10 17:37:45	2025-07-10 17:37:45
476	165	1	2025-07-10 14:04:50	2025-07-10 17:37:45	2025-07-10 17:37:45
477	165	21	2025-07-10 14:04:50	2025-07-10 17:37:45	2025-07-10 17:37:45
478	165	55	2025-07-10 14:04:50	2025-07-10 17:37:45	2025-07-10 17:37:45
374	162	39	2025-06-26 14:36:51	2025-07-22 10:11:18	2025-07-22 10:11:18
375	162	1	2025-06-26 14:36:51	2025-07-22 10:11:18	2025-07-22 10:11:18
376	162	44	2025-06-26 14:36:51	2025-07-22 10:11:18	2025-07-22 10:11:18
377	162	49	2025-06-26 14:36:51	2025-07-22 10:11:18	2025-07-22 10:11:18
378	162	25	2025-06-26 14:36:51	2025-07-22 10:11:18	2025-07-22 10:11:18
380	162	15	2025-06-26 14:36:51	2025-07-22 10:11:18	2025-07-22 10:11:18
381	162	24	2025-06-26 14:36:51	2025-07-22 10:11:18	2025-07-22 10:11:18
382	162	47	2025-06-26 14:36:51	2025-07-22 10:11:18	2025-07-22 10:11:18
383	162	55	2025-06-26 14:36:51	2025-07-22 10:11:18	2025-07-22 10:11:18
384	162	26	2025-06-26 14:36:51	2025-07-22 10:11:18	2025-07-22 10:11:18
386	162	41	2025-06-26 14:36:51	2025-07-22 10:11:18	2025-07-22 10:11:18
468	166	55	2025-07-10 13:49:27	2025-07-10 14:05:01	2025-07-10 14:05:01
474	164	59	2025-07-10 14:04:31	2025-07-10 14:05:20	2025-07-10 14:05:20
485	164	8	2025-07-10 14:05:20	2025-07-10 17:37:30	2025-07-10 17:37:30
486	164	1	2025-07-10 14:05:20	2025-07-10 17:37:30	2025-07-10 17:37:30
487	164	21	2025-07-10 14:05:20	2025-07-10 17:37:30	2025-07-10 17:37:30
488	164	55	2025-07-10 14:05:20	2025-07-10 17:37:30	2025-07-10 17:37:30
489	164	59	2025-07-10 14:05:20	2025-07-10 17:37:30	2025-07-10 17:37:30
479	165	59	2025-07-10 14:04:50	2025-07-10 17:37:45	2025-07-10 17:37:45
496	165	8	2025-07-10 17:37:45	2025-07-10 17:37:45	\N
497	165	20	2025-07-10 17:37:45	2025-07-10 17:37:45	\N
498	165	1	2025-07-10 17:37:45	2025-07-10 17:37:45	\N
499	165	21	2025-07-10 17:37:45	2025-07-10 17:37:45	\N
500	165	55	2025-07-10 17:37:45	2025-07-10 17:37:45	\N
501	165	59	2025-07-10 17:37:45	2025-07-10 17:37:45	\N
480	166	8	2025-07-10 14:05:01	2025-07-10 17:38:08	2025-07-10 17:38:08
481	166	1	2025-07-10 14:05:01	2025-07-10 17:38:08	2025-07-10 17:38:08
482	166	21	2025-07-10 14:05:01	2025-07-10 17:38:08	2025-07-10 17:38:08
483	166	55	2025-07-10 14:05:01	2025-07-10 17:38:08	2025-07-10 17:38:08
484	166	59	2025-07-10 14:05:01	2025-07-10 17:38:08	2025-07-10 17:38:08
502	166	8	2025-07-10 17:38:08	2025-07-10 17:38:08	\N
503	166	20	2025-07-10 17:38:08	2025-07-10 17:38:08	\N
504	166	1	2025-07-10 17:38:08	2025-07-10 17:38:08	\N
505	166	21	2025-07-10 17:38:08	2025-07-10 17:38:08	\N
506	166	55	2025-07-10 17:38:08	2025-07-10 17:38:08	\N
507	166	59	2025-07-10 17:38:08	2025-07-10 17:38:08	\N
490	164	8	2025-07-10 17:37:30	2025-07-10 17:39:52	2025-07-10 17:39:52
491	164	20	2025-07-10 17:37:30	2025-07-10 17:39:52	2025-07-10 17:39:52
492	164	1	2025-07-10 17:37:30	2025-07-10 17:39:52	2025-07-10 17:39:52
493	164	21	2025-07-10 17:37:30	2025-07-10 17:39:52	2025-07-10 17:39:52
494	164	55	2025-07-10 17:37:30	2025-07-10 17:39:52	2025-07-10 17:39:52
495	164	59	2025-07-10 17:37:30	2025-07-10 17:39:52	2025-07-10 17:39:52
514	159	59	2025-07-14 13:27:07	2025-07-14 13:41:11	2025-07-14 13:41:11
515	159	20	2025-07-14 13:41:11	2025-07-15 15:39:50	2025-07-15 15:39:50
516	159	19	2025-07-14 13:41:11	2025-07-15 15:39:50	2025-07-15 15:39:50
517	159	59	2025-07-14 13:41:11	2025-07-15 15:39:50	2025-07-15 15:39:50
518	159	20	2025-07-15 15:39:50	2025-07-15 15:40:04	2025-07-15 15:40:04
519	159	19	2025-07-15 15:39:50	2025-07-15 15:40:04	2025-07-15 15:40:04
520	159	59	2025-07-15 15:39:50	2025-07-15 15:40:04	2025-07-15 15:40:04
521	159	20	2025-07-15 15:40:04	2025-07-15 16:13:31	2025-07-15 16:13:31
522	159	19	2025-07-15 15:40:04	2025-07-15 16:13:31	2025-07-15 16:13:31
523	159	59	2025-07-15 15:40:04	2025-07-15 16:13:31	2025-07-15 16:13:31
524	159	20	2025-07-15 16:13:31	2025-07-21 20:42:45	2025-07-21 20:42:45
525	159	19	2025-07-15 16:13:31	2025-07-21 20:42:45	2025-07-21 20:42:45
526	159	59	2025-07-15 16:13:31	2025-07-21 20:42:45	2025-07-21 20:42:45
527	159	20	2025-07-21 20:42:45	2025-07-21 20:42:45	\N
528	159	19	2025-07-21 20:42:45	2025-07-21 20:42:45	\N
529	159	59	2025-07-21 20:42:45	2025-07-21 20:42:45	\N
373	162	8	2025-06-26 14:36:51	2025-07-22 10:11:18	2025-07-22 10:11:18
379	162	48	2025-06-26 14:36:51	2025-07-22 10:11:18	2025-07-22 10:11:18
385	162	43	2025-06-26 14:36:51	2025-07-22 10:11:18	2025-07-22 10:11:18
530	162	4	2025-07-22 10:11:18	2025-07-22 10:16:53	2025-07-22 10:16:53
531	162	6	2025-07-22 10:11:18	2025-07-22 10:16:53	2025-07-22 10:16:53
532	162	8	2025-07-22 10:11:18	2025-07-22 10:16:53	2025-07-22 10:16:53
533	162	20	2025-07-22 10:11:18	2025-07-22 10:16:53	2025-07-22 10:16:53
534	162	39	2025-07-22 10:11:18	2025-07-22 10:16:53	2025-07-22 10:16:53
535	162	1	2025-07-22 10:11:18	2025-07-22 10:16:53	2025-07-22 10:16:53
536	162	44	2025-07-22 10:11:18	2025-07-22 10:16:53	2025-07-22 10:16:53
537	162	19	2025-07-22 10:11:18	2025-07-22 10:16:53	2025-07-22 10:16:53
538	162	9	2025-07-22 10:11:18	2025-07-22 10:16:53	2025-07-22 10:16:53
539	162	13	2025-07-22 10:11:18	2025-07-22 10:16:53	2025-07-22 10:16:53
540	162	14	2025-07-22 10:11:18	2025-07-22 10:16:53	2025-07-22 10:16:53
541	162	49	2025-07-22 10:11:18	2025-07-22 10:16:53	2025-07-22 10:16:53
542	162	25	2025-07-22 10:11:18	2025-07-22 10:16:53	2025-07-22 10:16:53
543	162	48	2025-07-22 10:11:18	2025-07-22 10:16:53	2025-07-22 10:16:53
544	162	15	2025-07-22 10:11:18	2025-07-22 10:16:53	2025-07-22 10:16:53
545	162	24	2025-07-22 10:11:18	2025-07-22 10:16:53	2025-07-22 10:16:53
546	162	47	2025-07-22 10:11:18	2025-07-22 10:16:53	2025-07-22 10:16:53
547	162	55	2025-07-22 10:11:18	2025-07-22 10:16:53	2025-07-22 10:16:53
548	162	26	2025-07-22 10:11:18	2025-07-22 10:16:53	2025-07-22 10:16:53
549	162	43	2025-07-22 10:11:18	2025-07-22 10:16:53	2025-07-22 10:16:53
550	162	41	2025-07-22 10:11:18	2025-07-22 10:16:53	2025-07-22 10:16:53
551	162	3	2025-07-22 10:11:18	2025-07-22 10:16:53	2025-07-22 10:16:53
552	162	4	2025-07-22 10:16:53	2025-07-23 07:37:58	2025-07-23 07:37:58
553	162	6	2025-07-22 10:16:53	2025-07-23 07:37:58	2025-07-23 07:37:58
554	162	8	2025-07-22 10:16:53	2025-07-23 07:37:58	2025-07-23 07:37:58
555	162	20	2025-07-22 10:16:53	2025-07-23 07:37:58	2025-07-23 07:37:58
556	162	39	2025-07-22 10:16:53	2025-07-23 07:37:58	2025-07-23 07:37:58
557	162	1	2025-07-22 10:16:53	2025-07-23 07:37:58	2025-07-23 07:37:58
558	162	44	2025-07-22 10:16:53	2025-07-23 07:37:58	2025-07-23 07:37:58
559	162	19	2025-07-22 10:16:53	2025-07-23 07:37:58	2025-07-23 07:37:58
560	162	9	2025-07-22 10:16:53	2025-07-23 07:37:58	2025-07-23 07:37:58
561	162	13	2025-07-22 10:16:53	2025-07-23 07:37:58	2025-07-23 07:37:58
562	162	14	2025-07-22 10:16:53	2025-07-23 07:37:58	2025-07-23 07:37:58
563	162	49	2025-07-22 10:16:53	2025-07-23 07:37:58	2025-07-23 07:37:58
564	162	25	2025-07-22 10:16:53	2025-07-23 07:37:58	2025-07-23 07:37:58
565	162	48	2025-07-22 10:16:53	2025-07-23 07:37:58	2025-07-23 07:37:58
566	162	15	2025-07-22 10:16:53	2025-07-23 07:37:58	2025-07-23 07:37:58
567	162	24	2025-07-22 10:16:53	2025-07-23 07:37:58	2025-07-23 07:37:58
568	162	47	2025-07-22 10:16:53	2025-07-23 07:37:58	2025-07-23 07:37:58
569	162	55	2025-07-22 10:16:53	2025-07-23 07:37:58	2025-07-23 07:37:58
570	162	26	2025-07-22 10:16:53	2025-07-23 07:37:58	2025-07-23 07:37:58
571	162	43	2025-07-22 10:16:53	2025-07-23 07:37:58	2025-07-23 07:37:58
572	162	41	2025-07-22 10:16:53	2025-07-23 07:37:58	2025-07-23 07:37:58
573	162	3	2025-07-22 10:16:53	2025-07-23 07:37:58	2025-07-23 07:37:58
574	162	4	2025-07-23 07:37:58	2025-07-23 07:41:55	2025-07-23 07:41:55
575	162	6	2025-07-23 07:37:58	2025-07-23 07:41:55	2025-07-23 07:41:55
576	162	8	2025-07-23 07:37:58	2025-07-23 07:41:55	2025-07-23 07:41:55
577	162	20	2025-07-23 07:37:58	2025-07-23 07:41:55	2025-07-23 07:41:55
578	162	39	2025-07-23 07:37:58	2025-07-23 07:41:55	2025-07-23 07:41:55
579	162	1	2025-07-23 07:37:58	2025-07-23 07:41:55	2025-07-23 07:41:55
580	162	44	2025-07-23 07:37:58	2025-07-23 07:41:55	2025-07-23 07:41:55
581	162	19	2025-07-23 07:37:58	2025-07-23 07:41:55	2025-07-23 07:41:55
583	162	13	2025-07-23 07:37:58	2025-07-23 07:41:55	2025-07-23 07:41:55
584	162	14	2025-07-23 07:37:58	2025-07-23 07:41:55	2025-07-23 07:41:55
585	162	49	2025-07-23 07:37:58	2025-07-23 07:41:55	2025-07-23 07:41:55
586	162	25	2025-07-23 07:37:58	2025-07-23 07:41:55	2025-07-23 07:41:55
587	162	48	2025-07-23 07:37:58	2025-07-23 07:41:55	2025-07-23 07:41:55
589	162	24	2025-07-23 07:37:58	2025-07-23 07:41:55	2025-07-23 07:41:55
590	162	47	2025-07-23 07:37:58	2025-07-23 07:41:55	2025-07-23 07:41:55
591	162	55	2025-07-23 07:37:58	2025-07-23 07:41:55	2025-07-23 07:41:55
508	164	8	2025-07-10 17:39:52	2025-07-29 14:44:00	2025-07-29 14:44:00
509	164	20	2025-07-10 17:39:52	2025-07-29 14:44:00	2025-07-29 14:44:00
511	164	21	2025-07-10 17:39:52	2025-07-29 14:44:00	2025-07-29 14:44:00
512	164	55	2025-07-10 17:39:52	2025-07-29 14:44:00	2025-07-29 14:44:00
513	164	59	2025-07-10 17:39:52	2025-07-29 14:44:00	2025-07-29 14:44:00
582	162	9	2025-07-23 07:37:58	2025-07-23 07:41:55	2025-07-23 07:41:55
588	162	15	2025-07-23 07:37:58	2025-07-23 07:41:55	2025-07-23 07:41:55
592	162	26	2025-07-23 07:37:58	2025-07-23 07:41:55	2025-07-23 07:41:55
593	162	43	2025-07-23 07:37:58	2025-07-23 07:41:55	2025-07-23 07:41:55
594	162	41	2025-07-23 07:37:58	2025-07-23 07:41:55	2025-07-23 07:41:55
595	162	3	2025-07-23 07:37:58	2025-07-23 07:41:55	2025-07-23 07:41:55
596	162	4	2025-07-23 07:41:55	2025-07-23 07:43:12	2025-07-23 07:43:12
597	162	6	2025-07-23 07:41:55	2025-07-23 07:43:12	2025-07-23 07:43:12
598	162	8	2025-07-23 07:41:55	2025-07-23 07:43:12	2025-07-23 07:43:12
599	162	20	2025-07-23 07:41:55	2025-07-23 07:43:12	2025-07-23 07:43:12
600	162	39	2025-07-23 07:41:55	2025-07-23 07:43:12	2025-07-23 07:43:12
601	162	1	2025-07-23 07:41:55	2025-07-23 07:43:12	2025-07-23 07:43:12
602	162	44	2025-07-23 07:41:55	2025-07-23 07:43:12	2025-07-23 07:43:12
603	162	19	2025-07-23 07:41:55	2025-07-23 07:43:12	2025-07-23 07:43:12
604	162	9	2025-07-23 07:41:55	2025-07-23 07:43:12	2025-07-23 07:43:12
605	162	13	2025-07-23 07:41:55	2025-07-23 07:43:12	2025-07-23 07:43:12
606	162	14	2025-07-23 07:41:55	2025-07-23 07:43:12	2025-07-23 07:43:12
607	162	49	2025-07-23 07:41:55	2025-07-23 07:43:12	2025-07-23 07:43:12
608	162	25	2025-07-23 07:41:55	2025-07-23 07:43:12	2025-07-23 07:43:12
609	162	48	2025-07-23 07:41:55	2025-07-23 07:43:12	2025-07-23 07:43:12
610	162	15	2025-07-23 07:41:55	2025-07-23 07:43:12	2025-07-23 07:43:12
611	162	24	2025-07-23 07:41:55	2025-07-23 07:43:12	2025-07-23 07:43:12
612	162	47	2025-07-23 07:41:55	2025-07-23 07:43:12	2025-07-23 07:43:12
613	162	55	2025-07-23 07:41:55	2025-07-23 07:43:12	2025-07-23 07:43:12
614	162	26	2025-07-23 07:41:55	2025-07-23 07:43:12	2025-07-23 07:43:12
615	162	43	2025-07-23 07:41:55	2025-07-23 07:43:12	2025-07-23 07:43:12
616	162	41	2025-07-23 07:41:55	2025-07-23 07:43:12	2025-07-23 07:43:12
617	162	3	2025-07-23 07:41:55	2025-07-23 07:43:12	2025-07-23 07:43:12
618	162	4	2025-07-23 07:43:12	2025-07-23 08:37:46	2025-07-23 08:37:46
619	162	6	2025-07-23 07:43:12	2025-07-23 08:37:46	2025-07-23 08:37:46
620	162	8	2025-07-23 07:43:12	2025-07-23 08:37:46	2025-07-23 08:37:46
621	162	20	2025-07-23 07:43:12	2025-07-23 08:37:46	2025-07-23 08:37:46
622	162	39	2025-07-23 07:43:12	2025-07-23 08:37:46	2025-07-23 08:37:46
623	162	1	2025-07-23 07:43:12	2025-07-23 08:37:46	2025-07-23 08:37:46
624	162	44	2025-07-23 07:43:12	2025-07-23 08:37:46	2025-07-23 08:37:46
625	162	19	2025-07-23 07:43:12	2025-07-23 08:37:46	2025-07-23 08:37:46
626	162	9	2025-07-23 07:43:12	2025-07-23 08:37:46	2025-07-23 08:37:46
627	162	13	2025-07-23 07:43:12	2025-07-23 08:37:46	2025-07-23 08:37:46
628	162	14	2025-07-23 07:43:12	2025-07-23 08:37:46	2025-07-23 08:37:46
629	162	49	2025-07-23 07:43:12	2025-07-23 08:37:46	2025-07-23 08:37:46
630	162	25	2025-07-23 07:43:12	2025-07-23 08:37:46	2025-07-23 08:37:46
631	162	48	2025-07-23 07:43:12	2025-07-23 08:37:46	2025-07-23 08:37:46
632	162	15	2025-07-23 07:43:12	2025-07-23 08:37:46	2025-07-23 08:37:46
633	162	24	2025-07-23 07:43:12	2025-07-23 08:37:46	2025-07-23 08:37:46
634	162	47	2025-07-23 07:43:12	2025-07-23 08:37:46	2025-07-23 08:37:46
635	162	55	2025-07-23 07:43:12	2025-07-23 08:37:46	2025-07-23 08:37:46
636	162	26	2025-07-23 07:43:12	2025-07-23 08:37:46	2025-07-23 08:37:46
637	162	43	2025-07-23 07:43:12	2025-07-23 08:37:46	2025-07-23 08:37:46
638	162	41	2025-07-23 07:43:12	2025-07-23 08:37:46	2025-07-23 08:37:46
639	162	3	2025-07-23 07:43:12	2025-07-23 08:37:46	2025-07-23 08:37:46
268	106	8	2025-05-14 15:40:54	2025-07-24 19:40:21	2025-07-24 19:40:21
274	106	13	2025-05-14 15:40:54	2025-07-24 19:40:21	2025-07-24 19:40:21
662	106	4	2025-07-24 19:40:21	2025-07-24 19:40:21	\N
663	106	6	2025-07-24 19:40:21	2025-07-24 19:40:21	\N
664	106	8	2025-07-24 19:40:21	2025-07-24 19:40:21	\N
665	106	1	2025-07-24 19:40:21	2025-07-24 19:40:21	\N
666	106	5	2025-07-24 19:40:21	2025-07-24 19:40:21	\N
667	106	44	2025-07-24 19:40:21	2025-07-24 19:40:21	\N
668	106	19	2025-07-24 19:40:21	2025-07-24 19:40:21	\N
669	106	9	2025-07-24 19:40:21	2025-07-24 19:40:21	\N
670	106	13	2025-07-24 19:40:21	2025-07-24 19:40:21	\N
671	106	14	2025-07-24 19:40:21	2025-07-24 19:40:21	\N
672	106	25	2025-07-24 19:40:21	2025-07-24 19:40:21	\N
673	106	3	2025-07-24 19:40:21	2025-07-24 19:40:21	\N
674	106	60	2025-07-24 19:40:21	2025-07-24 19:40:21	\N
675	106	61	2025-07-24 19:40:21	2025-07-24 19:40:21	\N
640	162	4	2025-07-23 08:37:46	2025-07-24 19:40:57	2025-07-24 19:40:57
641	162	6	2025-07-23 08:37:46	2025-07-24 19:40:57	2025-07-24 19:40:57
642	162	8	2025-07-23 08:37:46	2025-07-24 19:40:57	2025-07-24 19:40:57
643	162	20	2025-07-23 08:37:46	2025-07-24 19:40:57	2025-07-24 19:40:57
644	162	39	2025-07-23 08:37:46	2025-07-24 19:40:57	2025-07-24 19:40:57
645	162	1	2025-07-23 08:37:46	2025-07-24 19:40:57	2025-07-24 19:40:57
646	162	44	2025-07-23 08:37:46	2025-07-24 19:40:57	2025-07-24 19:40:57
647	162	19	2025-07-23 08:37:46	2025-07-24 19:40:57	2025-07-24 19:40:57
648	162	9	2025-07-23 08:37:46	2025-07-24 19:40:57	2025-07-24 19:40:57
649	162	13	2025-07-23 08:37:46	2025-07-24 19:40:57	2025-07-24 19:40:57
650	162	14	2025-07-23 08:37:46	2025-07-24 19:40:57	2025-07-24 19:40:57
651	162	49	2025-07-23 08:37:46	2025-07-24 19:40:57	2025-07-24 19:40:57
652	162	25	2025-07-23 08:37:46	2025-07-24 19:40:57	2025-07-24 19:40:57
653	162	48	2025-07-23 08:37:46	2025-07-24 19:40:57	2025-07-24 19:40:57
654	162	15	2025-07-23 08:37:46	2025-07-24 19:40:57	2025-07-24 19:40:57
655	162	24	2025-07-23 08:37:46	2025-07-24 19:40:57	2025-07-24 19:40:57
656	162	47	2025-07-23 08:37:46	2025-07-24 19:40:57	2025-07-24 19:40:57
657	162	55	2025-07-23 08:37:46	2025-07-24 19:40:57	2025-07-24 19:40:57
658	162	26	2025-07-23 08:37:46	2025-07-24 19:40:57	2025-07-24 19:40:57
659	162	43	2025-07-23 08:37:46	2025-07-24 19:40:57	2025-07-24 19:40:57
660	162	41	2025-07-23 08:37:46	2025-07-24 19:40:57	2025-07-24 19:40:57
661	162	3	2025-07-23 08:37:46	2025-07-24 19:40:57	2025-07-24 19:40:57
676	162	4	2025-07-24 19:40:57	2025-07-24 19:40:57	\N
677	162	6	2025-07-24 19:40:57	2025-07-24 19:40:57	\N
678	162	8	2025-07-24 19:40:57	2025-07-24 19:40:57	\N
679	162	20	2025-07-24 19:40:57	2025-07-24 19:40:57	\N
680	162	39	2025-07-24 19:40:57	2025-07-24 19:40:57	\N
681	162	1	2025-07-24 19:40:57	2025-07-24 19:40:57	\N
682	162	44	2025-07-24 19:40:57	2025-07-24 19:40:57	\N
683	162	19	2025-07-24 19:40:57	2025-07-24 19:40:57	\N
684	162	9	2025-07-24 19:40:57	2025-07-24 19:40:57	\N
685	162	13	2025-07-24 19:40:57	2025-07-24 19:40:57	\N
686	162	14	2025-07-24 19:40:57	2025-07-24 19:40:57	\N
687	162	49	2025-07-24 19:40:57	2025-07-24 19:40:57	\N
688	162	25	2025-07-24 19:40:57	2025-07-24 19:40:57	\N
689	162	48	2025-07-24 19:40:57	2025-07-24 19:40:57	\N
690	162	15	2025-07-24 19:40:57	2025-07-24 19:40:57	\N
691	162	24	2025-07-24 19:40:57	2025-07-24 19:40:57	\N
692	162	47	2025-07-24 19:40:57	2025-07-24 19:40:57	\N
693	162	55	2025-07-24 19:40:57	2025-07-24 19:40:57	\N
694	162	26	2025-07-24 19:40:57	2025-07-24 19:40:57	\N
695	162	43	2025-07-24 19:40:57	2025-07-24 19:40:57	\N
696	162	41	2025-07-24 19:40:57	2025-07-24 19:40:57	\N
697	162	3	2025-07-24 19:40:57	2025-07-24 19:40:57	\N
698	162	60	2025-07-24 19:40:57	2025-07-24 19:40:57	\N
699	162	61	2025-07-24 19:40:57	2025-07-24 19:40:57	\N
237	98	44	2025-05-14 15:15:33	2025-07-24 19:41:24	2025-07-24 19:41:24
243	98	26	2025-05-14 15:15:33	2025-07-24 19:41:24	2025-07-24 19:41:24
700	98	8	2025-07-24 19:41:24	2025-07-24 19:41:24	\N
701	98	1	2025-07-24 19:41:24	2025-07-24 19:41:24	\N
702	98	44	2025-07-24 19:41:24	2025-07-24 19:41:24	\N
703	98	25	2025-07-24 19:41:24	2025-07-24 19:41:24	\N
704	98	15	2025-07-24 19:41:24	2025-07-24 19:41:24	\N
705	98	21	2025-07-24 19:41:24	2025-07-24 19:41:24	\N
706	98	24	2025-07-24 19:41:24	2025-07-24 19:41:24	\N
707	98	55	2025-07-24 19:41:24	2025-07-24 19:41:24	\N
708	98	26	2025-07-24 19:41:24	2025-07-24 19:41:24	\N
709	98	43	2025-07-24 19:41:24	2025-07-24 19:41:24	\N
710	98	41	2025-07-24 19:41:24	2025-07-24 19:41:24	\N
711	98	60	2025-07-24 19:41:24	2025-07-24 19:41:24	\N
712	98	61	2025-07-24 19:41:24	2025-07-24 19:41:24	\N
279	127	50	2025-05-14 15:41:53	2025-07-24 19:41:57	2025-07-24 19:41:57
713	127	7	2025-07-24 19:41:57	2025-07-24 19:41:57	\N
714	127	50	2025-07-24 19:41:57	2025-07-24 19:41:57	\N
715	127	19	2025-07-24 19:41:57	2025-07-24 19:41:57	\N
716	127	49	2025-07-24 19:41:57	2025-07-24 19:41:57	\N
717	127	48	2025-07-24 19:41:57	2025-07-24 19:41:57	\N
718	127	3	2025-07-24 19:41:57	2025-07-24 19:41:57	\N
719	127	60	2025-07-24 19:41:57	2025-07-24 19:41:57	\N
720	127	61	2025-07-24 19:41:57	2025-07-24 19:41:57	\N
510	164	1	2025-07-10 17:39:52	2025-07-29 14:44:00	2025-07-29 14:44:00
721	164	8	2025-07-29 14:44:00	2025-07-29 14:44:00	\N
722	164	20	2025-07-29 14:44:00	2025-07-29 14:44:00	\N
723	164	1	2025-07-29 14:44:00	2025-07-29 14:44:00	\N
724	164	21	2025-07-29 14:44:00	2025-07-29 14:44:00	\N
725	164	55	2025-07-29 14:44:00	2025-07-29 14:44:00	\N
726	164	59	2025-07-29 14:44:00	2025-07-29 14:44:00	\N
727	173	58	2025-08-12 14:58:40	2025-08-12 14:58:40	\N
728	178	58	2025-08-12 14:59:05	2025-08-12 14:59:05	\N
729	172	58	2025-08-12 14:59:59	2025-08-12 14:59:59	\N
247	124	8	2025-05-14 15:38:47	2025-08-14 20:27:02	2025-08-14 20:27:02
253	124	49	2025-05-14 15:38:47	2025-08-14 20:27:02	2025-08-14 20:27:02
256	124	15	2025-05-14 15:38:47	2025-08-14 20:27:02	2025-08-14 20:27:02
730	124	6	2025-08-14 20:27:02	2025-08-14 20:27:02	\N
731	124	8	2025-08-14 20:27:02	2025-08-14 20:27:02	\N
732	124	1	2025-08-14 20:27:02	2025-08-14 20:27:02	\N
733	124	5	2025-08-14 20:27:02	2025-08-14 20:27:02	\N
734	124	44	2025-08-14 20:27:02	2025-08-14 20:27:02	\N
735	124	19	2025-08-14 20:27:02	2025-08-14 20:27:02	\N
736	124	14	2025-08-14 20:27:02	2025-08-14 20:27:02	\N
737	124	49	2025-08-14 20:27:02	2025-08-14 20:27:02	\N
738	124	25	2025-08-14 20:27:02	2025-08-14 20:27:02	\N
739	124	48	2025-08-14 20:27:02	2025-08-14 20:27:02	\N
740	124	15	2025-08-14 20:27:02	2025-08-14 20:27:02	\N
741	124	21	2025-08-14 20:27:02	2025-08-14 20:27:02	\N
742	124	24	2025-08-14 20:27:02	2025-08-14 20:27:02	\N
743	124	47	2025-08-14 20:27:02	2025-08-14 20:27:02	\N
744	124	55	2025-08-14 20:27:02	2025-08-14 20:27:02	\N
745	124	26	2025-08-14 20:27:02	2025-08-14 20:27:02	\N
746	124	60	2025-08-14 20:27:02	2025-08-14 20:27:02	\N
747	124	61	2025-08-14 20:27:02	2025-08-14 20:27:02	\N
319	168	1	2025-05-22 13:53:11	2025-08-14 20:27:16	2025-08-14 20:27:16
325	168	25	2025-05-22 13:53:11	2025-08-14 20:27:16	2025-08-14 20:27:16
330	168	47	2025-05-22 13:53:11	2025-08-14 20:27:16	2025-08-14 20:27:16
748	168	6	2025-08-14 20:27:16	2025-08-14 20:27:16	\N
749	168	8	2025-08-14 20:27:16	2025-08-14 20:27:16	\N
750	168	1	2025-08-14 20:27:16	2025-08-14 20:27:16	\N
751	168	5	2025-08-14 20:27:16	2025-08-14 20:27:16	\N
752	168	44	2025-08-14 20:27:16	2025-08-14 20:27:16	\N
753	168	19	2025-08-14 20:27:16	2025-08-14 20:27:16	\N
754	168	14	2025-08-14 20:27:16	2025-08-14 20:27:16	\N
755	168	49	2025-08-14 20:27:16	2025-08-14 20:27:16	\N
756	168	25	2025-08-14 20:27:16	2025-08-14 20:27:16	\N
757	168	48	2025-08-14 20:27:16	2025-08-14 20:27:16	\N
758	168	15	2025-08-14 20:27:16	2025-08-14 20:27:16	\N
759	168	21	2025-08-14 20:27:16	2025-08-14 20:27:16	\N
760	168	24	2025-08-14 20:27:16	2025-08-14 20:27:16	\N
761	168	47	2025-08-14 20:27:16	2025-08-14 20:27:16	\N
762	168	55	2025-08-14 20:27:16	2025-08-14 20:27:16	\N
763	168	26	2025-08-14 20:27:16	2025-08-14 20:27:16	\N
764	168	60	2025-08-14 20:27:16	2025-08-14 20:27:16	\N
765	168	61	2025-08-14 20:27:16	2025-08-14 20:27:16	\N
336	169	5	2025-05-22 13:56:22	2025-08-14 20:27:29	2025-08-14 20:27:29
342	169	48	2025-05-22 13:56:22	2025-08-14 20:27:29	2025-08-14 20:27:29
347	169	55	2025-05-22 13:56:22	2025-08-14 20:27:29	2025-08-14 20:27:29
766	169	6	2025-08-14 20:27:29	2025-08-14 20:27:29	\N
767	169	8	2025-08-14 20:27:29	2025-08-14 20:27:29	\N
768	169	1	2025-08-14 20:27:29	2025-08-14 20:27:29	\N
769	169	5	2025-08-14 20:27:29	2025-08-14 20:27:29	\N
770	169	44	2025-08-14 20:27:29	2025-08-14 20:27:29	\N
771	169	19	2025-08-14 20:27:29	2025-08-14 20:27:29	\N
772	169	14	2025-08-14 20:27:29	2025-08-14 20:27:29	\N
773	169	49	2025-08-14 20:27:29	2025-08-14 20:27:29	\N
774	169	25	2025-08-14 20:27:29	2025-08-14 20:27:29	\N
775	169	48	2025-08-14 20:27:29	2025-08-14 20:27:29	\N
776	169	15	2025-08-14 20:27:29	2025-08-14 20:27:29	\N
777	169	21	2025-08-14 20:27:29	2025-08-14 20:27:29	\N
778	169	24	2025-08-14 20:27:29	2025-08-14 20:27:29	\N
779	169	47	2025-08-14 20:27:29	2025-08-14 20:27:29	\N
780	169	55	2025-08-14 20:27:29	2025-08-14 20:27:29	\N
781	169	26	2025-08-14 20:27:29	2025-08-14 20:27:29	\N
782	169	60	2025-08-14 20:27:29	2025-08-14 20:27:29	\N
783	169	61	2025-08-14 20:27:29	2025-08-14 20:27:29	\N
\.


--
-- Data for Name: user_profile; Type: TABLE DATA; Schema: public; Owner: alfabravo_user
--

COPY public.user_profile (id, name, middle_name, last_name, user_type_id, user_id, photo, biography, created_at, updated_at, location_id, lang_id, address, postal_code, reference, state, city, phone) FROM stdin;
159	Enrique	Matus	Lopez	\N	180	user.png	\N	2025-09-08 12:58:08	2025-09-08 12:58:08	\N	\N	\N	\N	\N	\N	\N	\N
160	Carlos	Yedra	Aceves	\N	181	user.png	\N	2025-09-08 12:59:18	2025-09-08 12:59:18	\N	\N	\N	\N	\N	\N	\N	\N
33	Beatriz	Acevedo	Rivera	\N	48	user.png	\N	2021-04-12 17:08:23	2021-04-12 17:08:23	\N	\N	\N	\N	\N	\N	\N	\N
29	Carlos	Yedra	Aceves	\N	44	user.png	\N	2021-03-15 13:45:22	2021-07-19 17:07:48	\N	\N	\N	\N	\N	\N	\N	\N
40	Enrique Fernando	Matus	Rodriguez	\N	55	user.png	\N	2021-09-06 13:19:47	2021-09-06 13:19:47	\N	\N	\N	\N	\N	\N	\N	\N
62	Deivis Ricardo	Alvarez	Mendoza	\N	77	1734559872.jpeg	\N	2022-07-04 17:09:27	2024-12-18 16:11:12	\N	\N	\N	\N	\N	\N	\N	\N
\.


--
-- Data for Name: user_room; Type: TABLE DATA; Schema: public; Owner: alfabravo_user
--

COPY public.user_room (id, name, friendly_name, attrs, user_id, created_time, default_room, updated_at) FROM stdin;
35	deivis-ricardo-sala-9322	deivis-ricardo-sala-9874	\N	77	2022-07-06 16:37:54	1	2022-07-06 16:37:54
10	carlos-sala-3268	carlos-sala-3268	a:3:{s:8:"password";s:0:"";s:15:"max_participant";s:3:"250";s:9:"recording";s:2:"on";}	44	2022-02-08 17:13:49	1	2022-02-08 19:10:03
13	Conferencia  INFOS 1	conferencia-infos-1	a:2:{s:8:"password";s:0:"";s:15:"max_participant";s:3:"250";}	44	2022-02-16 07:53:33	0	2022-02-16 07:53:33
14	INFOS - Greg Rodriguez	infos-greg-rodriguez	a:2:{s:8:"password";s:0:"";s:15:"max_participant";s:3:"250";}	44	2022-02-16 08:13:29	0	2022-02-16 08:13:29
16	CYA	cya	a:3:{s:8:"password";s:0:"";s:15:"max_participant";s:3:"250";s:9:"recording";s:2:"on";}	44	2022-02-21 09:27:31	0	2022-02-21 09:27:31
17	prueba	prueba	a:3:{s:8:"password";s:0:"";s:15:"max_participant";s:3:"250";s:9:"recording";s:2:"on";}	44	2022-02-21 11:25:13	0	2022-02-21 11:25:13
21	Reunión semanal de ctrl. vehicular	reunion-semanal-de-ctrl-vehicular	a:2:{s:8:"password";s:0:"";s:15:"max_participant";s:3:"250";}	44	2022-04-05 17:54:07	0	2022-04-05 17:54:07
22	BAR	bar	a:2:{s:8:"password";s:0:"";s:15:"max_participant";s:3:"250";}	44	2022-04-12 17:52:03	0	2022-04-12 17:52:03
23	NEOLPHARMA	neolpharma	a:2:{s:8:"password";s:0:"";s:15:"max_participant";s:3:"250";}	44	2022-04-18 19:04:16	0	2022-04-18 19:04:16
24	Presentación de sistema medico	presentacion-de-sistema-medico	a:2:{s:8:"password";s:0:"";s:15:"max_participant";s:3:"250";}	44	2022-04-21 11:02:32	0	2022-04-21 11:02:32
36	ISO9000	iso9000	a:2:{s:8:"password";s:0:"";s:15:"max_participant";s:3:"250";}	44	2022-07-26 10:24:37	0	2022-07-26 10:24:37
26	beatriz-sala-3421	beatriz-sala-6820	\N	48	2022-05-02 18:33:07	1	2022-05-02 18:33:07
27	Direccion	direccion	a:2:{s:8:"password";s:0:"";s:15:"max_participant";s:3:"250";}	48	2022-05-02 18:48:27	0	2022-05-02 18:48:27
29	Grupo Infos Agosto 2022	grupo-infos-agosto-2022	a:4:{s:8:"password";s:0:"";s:15:"max_participant";s:3:"250";s:11:"disable_mic";s:2:"on";s:9:"recording";s:2:"on";}	55	2022-05-04 10:52:02	0	2022-08-04 13:04:23
31	ISO9001	iso9001	a:2:{s:8:"password";s:0:"";s:15:"max_participant";s:3:"250";}	44	2022-05-23 10:58:10	0	2022-05-23 10:58:10
32	prueba badillo	prueba-badillo	a:2:{s:8:"password";s:0:"";s:15:"max_participant";s:3:"250";}	44	2022-06-02 11:40:52	0	2022-06-02 11:40:52
34	ISO 9001	iso-9001	a:3:{s:8:"password";s:0:"";s:15:"max_participant";s:3:"250";s:9:"recording";s:2:"on";}	55	2022-06-30 12:02:55	1	2022-06-30 12:02:55
19	enrique-fernando-sala-9495	enrique-fernando-sala-9495	a:2:{s:8:"password";s:6:"123456";s:15:"max_participant";s:3:"250";}	55	2022-03-04 09:40:25	0	2022-06-30 12:02:55
37	TALLER DE AUTOS	taller-de-autos	a:2:{s:8:"password";s:0:"";s:15:"max_participant";s:3:"250";}	44	2022-08-13 10:15:40	0	2022-08-13 10:15:40
38	TALLER DEL BUEN CONDUCTOR	taller-del-buen-conductor	a:2:{s:8:"password";s:0:"";s:15:"max_participant";s:3:"250";}	44	2022-08-20 10:12:46	0	2022-08-20 10:12:46
39	PRUEBA URBANO	prueba-urbano	a:2:{s:8:"password";s:0:"";s:15:"max_participant";s:3:"250";}	44	2022-09-06 16:20:06	0	2022-09-06 16:20:06
40	EMPLEADO DEL MES	empleado-del-mes	a:3:{s:8:"password";s:0:"";s:15:"max_participant";s:3:"250";s:9:"recording";s:2:"on";}	44	2022-10-07 17:12:38	0	2022-10-07 17:12:38
41	diseño	diseno	a:2:{s:8:"password";s:0:"";s:15:"max_participant";s:3:"250";}	44	2022-11-09 18:26:24	0	2022-11-09 18:26:24
\.


--
-- Data for Name: user_room_meeting; Type: TABLE DATA; Schema: public; Owner: alfabravo_user
--

COPY public.user_room_meeting (id, meeting_id, user_id, created_at, active, room_id, password, appoitment, updated_at, user_queue_id) FROM stdin;
49	620300f355370	44	2022-02-08 17:46:59	1	10	MC4zNDkwNjAwMCAxNjQ0MzY0MDE5	\N	2022-02-08 17:46:59	\N
53	6203043bdd91a	44	2022-02-08 18:01:00	1	10	MC45MDc1NjUwMCAxNjQ0MzY0ODU5	\N	2022-02-08 18:01:00	\N
55	620313f1b75fd	44	2022-02-08 19:08:06	1	10	MC43NTExMTgwMCAxNjQ0MzY4ODgx	\N	2022-02-08 19:08:06	\N
59	6203147db7427	44	2022-02-08 19:10:22	1	10	MC43NTA2NDkwMCAxNjQ0MzY5MDIx	\N	2022-02-08 19:10:22	\N
63	6203188d5c641	44	2022-02-08 19:27:41	1	10	MC4zNzg0NTMwMCAxNjQ0MzcwMDYx	\N	2022-02-08 19:27:41	\N
71	620d01ef37ade	44	2022-02-16 07:53:51	1	13	MC4yMjgwODEwMCAxNjQ1MDE5NjMx	\N	2022-02-16 07:53:51	\N
75	620d0698d0d13	44	2022-02-16 08:13:45	1	14	MC44NTUzMzUwMCAxNjQ1MDIwODI0	\N	2022-02-16 08:13:45	\N
76	620d07417b1c8	44	2022-02-16 08:16:33	1	14	MC41MDQyODMwMCAxNjQ1MDIwOTkz	\N	2022-02-16 08:16:33	\N
77	620d074205df5	44	2022-02-16 08:16:34	1	14	MC4wMjQwNzAwMCAxNjQ1MDIwOTk0	\N	2022-02-16 08:16:34	\N
78	620d08cce203a	44	2022-02-16 08:23:09	1	14	MC45MjU3ODMwMCAxNjQ1MDIxMzg4	\N	2022-02-16 08:23:09	\N
79	620d0ac48cfed	44	2022-02-16 08:31:32	1	14	MC41Nzc1ODQwMCAxNjQ1MDIxODky	\N	2022-02-16 08:31:32	\N
82	6213af7b782be	44	2022-02-21 09:27:55	1	16	MC40OTIyNDcwMCAxNjQ1NDU3Mjc1	\N	2022-02-21 09:27:55	\N
83	6213c8c546be3	44	2022-02-21 11:15:49	1	16	MC4yODk3ODMwMCAxNjQ1NDYzNzQ5	\N	2022-02-21 11:15:49	\N
84	6213cb06d9566	44	2022-02-21 11:25:27	1	17	MC44OTAyMzMwMCAxNjQ1NDY0MzI2	\N	2022-02-21 11:25:27	\N
86	621700a79eabf	44	2022-02-23 21:51:04	1	10	MC42NDk5MzcwMCAxNjQ1Njc0NjYz	\N	2022-02-23 21:51:04	\N
90	621ffa8011996	44	2022-03-02 17:15:12	1	13	MC4wNzIxMDYwMCAxNjQ2MjYyOTEy	\N	2022-03-02 17:15:12	\N
93	6227b1576829d	44	2022-03-08 13:41:11	1	13	MC40MjY2NzgwMCAxNjQ2NzY4NDcx	\N	2022-03-08 13:41:11	\N
94	6227e19113e6b	55	2022-03-08 17:06:57	1	19	MC4wODE1NzcwMCAxNjQ2NzgwODE3	\N	2022-03-08 17:06:57	\N
97	624cc8ce000b4	44	2022-04-05 17:55:10	1	21	MC4wMDAyMDEwMCAxNjQ5MTk5MzEw	\N	2022-04-05 17:55:10	\N
104	624f20efaff1a	55	2022-04-07 12:35:44	1	19	MC43MjA2ODUwMCAxNjQ5MzUyOTQz	\N	2022-04-07 12:35:44	\N
106	625602db10b44	44	2022-04-12 17:53:15	1	22	MC4wNjg0NDAwMCAxNjQ5ODAzOTk1	\N	2022-04-12 17:53:15	\N
108	625dfc9eaa836	44	2022-04-18 19:04:47	1	23	MC42OTg0NDEwMCAxNjUwMzI2Njg2	\N	2022-04-18 19:04:47	\N
109	625dfd561aefd	44	2022-04-18 19:07:50	1	22	MC4xMTAzNjEwMCAxNjUwMzI2ODcw	\N	2022-04-18 19:07:50	\N
110	625dfdf88876f	44	2022-04-18 19:10:32	1	23	MC41NTg5NzkwMCAxNjUwMzI3MDMy	\N	2022-04-18 19:10:32	\N
111	625e05f3bbbb6	44	2022-04-18 19:44:36	1	23	MC43Njg5NzAwMCAxNjUwMzI5MDc1	\N	2022-04-18 19:44:36	\N
112	625e0a35a5aeb	44	2022-04-18 20:02:46	1	23	MC42Nzg2NTYwMCAxNjUwMzMwMTY1	\N	2022-04-18 20:02:46	\N
114	6261ca4b4fe76	44	2022-04-21 16:19:07	1	24	MC4zMjczMDQwMCAxNjUwNTc1OTQ3	\N	2022-04-21 16:19:07	\N
117	626b29f115fe4	55	2022-04-28 18:57:37	1	19	MC4wOTAxMTEwMCAxNjUxMTkwMjU3	\N	2022-04-28 18:57:37	\N
119	62706a3e03094	48	2022-05-02 18:33:22	1	26	MC4wMTI0NTYwMCAxNjUxNTM0Mzk4	\N	2022-05-02 18:33:22	\N
120	62706b080a4ad	44	2022-05-02 18:36:40	1	13	MC4wNDIxNzUwMCAxNjUxNTM0NjAw	\N	2022-05-02 18:36:40	\N
121	62706b5ade90c	44	2022-05-02 18:38:03	1	13	MC45MTE2NTAwMCAxNjUxNTM0Njgy	\N	2022-05-02 18:38:03	\N
122	62706baa9a6bb	44	2022-05-02 18:39:22	1	13	MC42MzI1MjUwMCAxNjUxNTM0NzYy	\N	2022-05-02 18:39:22	\N
123	62706be562877	44	2022-05-02 18:40:21	1	13	MC40MDM1OTIwMCAxNjUxNTM0ODIx	\N	2022-05-02 18:40:21	\N
124	62706be5e2188	44	2022-05-02 18:40:22	1	13	MC45MjYxMDUwMCAxNjUxNTM0ODIx	\N	2022-05-02 18:40:22	\N
125	62706bf128e27	48	2022-05-02 18:40:33	1	26	MC4xNjc0ODAwMCAxNjUxNTM0ODMz	\N	2022-05-02 18:40:33	\N
126	62706dd06f1f2	48	2022-05-02 18:48:32	1	27	MC40NTUxNzIwMCAxNjUxNTM1MzEy	\N	2022-05-02 18:48:32	\N
130	6272a12c00bdd	55	2022-05-04 10:52:12	1	29	MC4wMDMwNTYwMCAxNjUxNjc5NTMy	\N	2022-05-04 10:52:12	\N
131	6272a297979b8	55	2022-05-04 10:58:15	1	29	MC42MjEwMTAwMCAxNjUxNjc5ODk1	\N	2022-05-04 10:58:15	\N
132	6272a2ba1023b	55	2022-05-04 10:58:50	1	29	MC4wNjYxMjYwMCAxNjUxNjc5OTMw	\N	2022-05-04 10:58:50	\N
135	627fff44f00f7	44	2022-05-14 14:13:09	1	16	MC45ODMzMDUwMCAxNjUyNTU1NTg4	\N	2022-05-14 14:13:09	\N
136	628588637420f	44	2022-05-18 18:59:31	1	22	MC40NzU2ODEwMCAxNjUyOTE4Mzcx	\N	2022-05-18 18:59:31	\N
138	628baf1f6e8bc	44	2022-05-23 10:58:23	1	10	MC40NTI4MjIwMCAxNjUzMzIxNTAz	\N	2022-05-23 10:58:23	\N
139	6298e8226a5e0	44	2022-06-02 11:41:06	1	32	MC40MzU3MTMwMCAxNjU0MTg4MDY2	\N	2022-06-02 11:41:06	\N
141	629f826a540dc	44	2022-06-07 11:52:58	1	22	MC4zNDQzMTQwMCAxNjU0NjIwNzc4	\N	2022-06-07 11:52:58	\N
144	62b4a4f399ce7	44	2022-06-23 12:37:55	1	13	MC42MzAwMjAwMCAxNjU2MDA1ODc1	\N	2022-06-23 12:37:55	\N
148	62c371acc5108	55	2022-07-04 18:03:09	1	29	MC44MDcyMDIwMCAxNjU2OTc1Nzg4	\N	2022-07-04 18:03:09	\N
149	62c602747f769	77	2022-07-06 16:45:25	1	35	MC41MjIxMTUwMCAxNjU3MTQzOTI0	\N	2022-07-06 16:45:25	\N
150	62d5e25a50791	44	2022-07-18 17:44:42	1	22	MC4zMjk2MzgwMCAxNjU4MTg0Mjgy	\N	2022-07-18 17:44:42	\N
151	62d973e80b8af	44	2022-07-21 10:42:32	1	13	MC4wNDcyOTgwMCAxNjU4NDE4MTUy	\N	2022-07-21 10:42:32	\N
152	62d9764143d77	44	2022-07-21 10:52:33	1	13	MC4yNzc4OTgwMCAxNjU4NDE4NzUz	\N	2022-07-21 10:52:33	\N
153	62dc4010dacea	44	2022-07-23 13:38:09	1	13	MC44OTYyNjEwMCAxNjU4NjAxNDg4	\N	2022-07-23 13:38:09	\N
154	62dc42dc0a812	44	2022-07-23 13:50:04	1	13	MC4wNDMwNDAwMCAxNjU4NjAyMjA0	\N	2022-07-23 13:50:04	\N
155	62e0074690212	44	2022-07-26 10:24:55	1	31	MC41OTAzNzQwMCAxNjU4ODQ5MDk0	\N	2022-07-26 10:24:55	\N
156	62e81614dfc3f	44	2022-08-01 13:06:13	1	13	MC45MTY1NjIwMCAxNjU5Mzc3MTcy	\N	2022-08-01 13:06:13	\N
157	62f7c02aea3e3	44	2022-08-13 10:15:55	1	37	MC45NTk0NzgwMCAxNjYwNDAzNzU0	\N	2022-08-13 10:15:55	\N
158	62f7c542af3bd	44	2022-08-13 10:37:39	1	37	MC43MTc3NzUwMCAxNjYwNDA1MDU4	\N	2022-08-13 10:37:39	\N
159	62f7c5e8ca3ce	44	2022-08-13 10:40:25	1	37	MC44MjgzODUwMCAxNjYwNDA1MjI0	\N	2022-08-13 10:40:25	\N
160	6300f9fccf63e	44	2022-08-20 10:13:01	1	38	MC44NDk0ODkwMCAxNjYxMDA4Mzgw	\N	2022-08-20 10:13:01	\N
161	6317b9aecc306	44	2022-09-06 16:20:47	1	39	MC44MzYzNzUwMCAxNjYyNDk5MjQ2	\N	2022-09-06 16:20:47	\N
162	6317b9dd234dd	44	2022-09-06 16:21:33	1	39	MC4xNDQ2MjMwMCAxNjYyNDk5Mjkz	\N	2022-09-06 16:21:33	\N
166	6340aa620b927	44	2022-10-07 17:38:26	1	40	MC4wNDc0MDYwMCAxNjY1MTgyMzA2	\N	2022-10-07 17:38:26	\N
167	636c455f5d2ae	44	2022-11-09 18:27:11	1	41	MC4zODE2MjAwMCAxNjY4MDQwMDMx	\N	2022-11-09 18:27:11	\N
\.


--
-- Data for Name: user_spoken_languages; Type: TABLE DATA; Schema: public; Owner: alfabravo_user
--

COPY public.user_spoken_languages (id, spoken_language_id, user_profile_id, created_at, updated_at) FROM stdin;
\.


--
-- Data for Name: user_type; Type: TABLE DATA; Schema: public; Owner: alfabravo_user
--

COPY public.user_type (id, name) FROM stdin;
\.


--
-- Data for Name: user_type_documents; Type: TABLE DATA; Schema: public; Owner: alfabravo_user
--

COPY public.user_type_documents (id, user_id, type_document_id, created_at, updated_at, deleted_at) FROM stdin;
7	138	9	2024-02-16 12:33:25	2024-02-16 12:33:25	\N
38	147	42	2024-04-30 15:26:20	2024-04-30 15:26:20	\N
20	106	8	2024-03-08 14:05:14	2024-06-28 16:23:02	2024-06-28 16:23:02
21	106	62	2024-03-08 14:05:14	2024-06-28 16:23:02	2024-06-28 16:23:02
22	106	3	2024-03-08 14:05:14	2024-06-28 16:23:02	2024-06-28 16:23:02
23	106	14	2024-03-08 14:05:14	2024-06-28 16:23:02	2024-06-28 16:23:02
24	106	10	2024-03-08 14:05:14	2024-06-28 16:23:02	2024-06-28 16:23:02
25	106	5	2024-03-08 14:05:14	2024-06-28 16:23:02	2024-06-28 16:23:02
26	106	4	2024-03-08 14:05:14	2024-06-28 16:23:02	2024-06-28 16:23:02
27	106	66	2024-03-08 14:05:14	2024-06-28 16:23:02	2024-06-28 16:23:02
28	106	11	2024-03-08 14:05:14	2024-06-28 16:23:02	2024-06-28 16:23:02
29	106	7	2024-03-08 14:05:14	2024-06-28 16:23:02	2024-06-28 16:23:02
30	106	15	2024-03-08 14:05:14	2024-06-28 16:23:02	2024-06-28 16:23:02
31	106	81	2024-03-08 14:05:14	2024-06-28 16:23:02	2024-06-28 16:23:02
61	58	21	2024-07-05 11:29:55	2024-07-12 11:12:23	2024-07-12 11:12:23
62	58	3	2024-07-05 11:29:55	2024-07-12 11:12:23	2024-07-12 11:12:23
63	58	4	2024-07-05 11:29:55	2024-07-12 11:12:23	2024-07-12 11:12:23
64	58	21	2024-07-12 11:12:23	2024-07-12 11:14:50	2024-07-12 11:14:50
65	58	3	2024-07-12 11:12:23	2024-07-12 11:14:50	2024-07-12 11:14:50
66	58	4	2024-07-12 11:12:23	2024-07-12 11:14:50	2024-07-12 11:14:50
67	58	21	2024-07-12 11:14:50	2024-07-12 12:32:01	2024-07-12 12:32:01
68	58	3	2024-07-12 11:14:50	2024-07-12 12:32:01	2024-07-12 12:32:01
69	58	4	2024-07-12 11:14:50	2024-07-12 12:32:01	2024-07-12 12:32:01
70	58	21	2024-07-12 12:32:01	2024-08-01 16:32:00	2024-08-01 16:32:00
71	58	3	2024-07-12 12:32:01	2024-08-01 16:32:00	2024-08-01 16:32:00
72	58	4	2024-07-12 12:32:01	2024-08-01 16:32:00	2024-08-01 16:32:00
73	58	21	2024-08-01 16:32:00	2024-08-01 16:52:46	2024-08-01 16:52:46
74	58	3	2024-08-01 16:32:00	2024-08-01 16:52:46	2024-08-01 16:52:46
75	58	4	2024-08-01 16:32:00	2024-08-01 16:52:46	2024-08-01 16:52:46
76	58	21	2024-08-01 16:52:46	2024-08-01 16:55:28	2024-08-01 16:55:28
77	58	3	2024-08-01 16:52:46	2024-08-01 16:55:28	2024-08-01 16:55:28
78	58	4	2024-08-01 16:52:46	2024-08-01 16:55:28	2024-08-01 16:55:28
79	58	21	2024-08-01 16:55:28	2024-08-01 17:32:40	2024-08-01 17:32:40
80	58	3	2024-08-01 16:55:28	2024-08-01 17:32:40	2024-08-01 17:32:40
81	58	4	2024-08-01 16:55:28	2024-08-01 17:32:40	2024-08-01 17:32:40
82	58	21	2024-08-01 17:32:40	2024-08-01 17:32:56	2024-08-01 17:32:56
83	58	3	2024-08-01 17:32:40	2024-08-01 17:32:56	2024-08-01 17:32:56
84	58	4	2024-08-01 17:32:40	2024-08-01 17:32:56	2024-08-01 17:32:56
8	98	62	2024-03-07 14:01:54	2024-08-01 18:10:18	2024-08-01 18:10:18
9	98	3	2024-03-07 14:01:54	2024-08-01 18:10:18	2024-08-01 18:10:18
10	98	18	2024-03-07 14:01:54	2024-08-01 18:10:18	2024-08-01 18:10:18
11	98	13	2024-03-07 14:01:54	2024-08-01 18:10:18	2024-08-01 18:10:18
12	98	10	2024-03-07 14:01:54	2024-08-01 18:10:18	2024-08-01 18:10:18
13	98	5	2024-03-07 14:01:54	2024-08-01 18:10:18	2024-08-01 18:10:18
14	98	63	2024-03-07 14:01:54	2024-08-01 18:10:18	2024-08-01 18:10:18
15	98	4	2024-03-07 14:01:54	2024-08-01 18:10:18	2024-08-01 18:10:18
16	98	16	2024-03-07 14:01:54	2024-08-01 18:10:18	2024-08-01 18:10:18
17	98	7	2024-03-07 14:01:54	2024-08-01 18:10:18	2024-08-01 18:10:18
18	98	15	2024-03-07 14:01:54	2024-08-01 18:10:18	2024-08-01 18:10:18
19	98	81	2024-03-07 14:01:54	2024-08-01 18:10:18	2024-08-01 18:10:18
1	140	8	2024-02-16 12:27:43	2024-08-01 18:10:41	2024-08-01 18:10:41
2	140	3	2024-02-16 12:27:43	2024-08-01 18:10:41	2024-08-01 18:10:41
3	140	18	2024-02-16 12:27:43	2024-08-01 18:10:41	2024-08-01 18:10:41
4	140	9	2024-02-16 12:27:43	2024-08-01 18:10:41	2024-08-01 18:10:41
5	140	4	2024-02-16 12:27:43	2024-08-01 18:10:41	2024-08-01 18:10:41
6	140	7	2024-02-16 12:27:43	2024-08-01 18:10:41	2024-08-01 18:10:41
100	140	8	2024-08-01 18:10:41	2024-08-01 18:10:41	\N
101	140	3	2024-08-01 18:10:41	2024-08-01 18:10:41	\N
102	140	18	2024-08-01 18:10:41	2024-08-01 18:10:41	\N
103	140	9	2024-08-01 18:10:41	2024-08-01 18:10:41	\N
104	140	4	2024-08-01 18:10:41	2024-08-01 18:10:41	\N
105	140	7	2024-08-01 18:10:41	2024-08-01 18:10:41	\N
85	58	21	2024-08-01 17:32:56	2024-08-02 07:30:44	2024-08-02 07:30:44
86	58	3	2024-08-01 17:32:56	2024-08-02 07:30:44	2024-08-02 07:30:44
87	58	4	2024-08-01 17:32:56	2024-08-02 07:30:44	2024-08-02 07:30:44
106	58	21	2024-08-02 07:30:44	2024-08-12 19:10:57	2024-08-12 19:10:57
107	58	3	2024-08-02 07:30:44	2024-08-12 19:10:57	2024-08-12 19:10:57
108	58	4	2024-08-02 07:30:44	2024-08-12 19:10:57	2024-08-12 19:10:57
109	58	21	2024-08-12 19:10:57	2024-08-12 19:13:56	2024-08-12 19:13:56
110	58	3	2024-08-12 19:10:57	2024-08-12 19:13:56	2024-08-12 19:13:56
111	58	4	2024-08-12 19:10:57	2024-08-12 19:13:56	2024-08-12 19:13:56
112	58	21	2024-08-12 19:13:56	2024-08-12 19:15:16	2024-08-12 19:15:16
113	58	3	2024-08-12 19:13:56	2024-08-12 19:15:16	2024-08-12 19:15:16
114	58	4	2024-08-12 19:13:56	2024-08-12 19:15:16	2024-08-12 19:15:16
115	58	21	2024-08-12 19:15:16	2024-09-10 16:56:47	2024-09-10 16:56:47
116	58	3	2024-08-12 19:15:16	2024-09-10 16:56:47	2024-09-10 16:56:47
117	58	4	2024-08-12 19:15:16	2024-09-10 16:56:47	2024-09-10 16:56:47
118	58	21	2024-09-10 16:56:47	2024-09-10 17:51:08	2024-09-10 17:51:08
119	58	3	2024-09-10 16:56:47	2024-09-10 17:51:08	2024-09-10 17:51:08
120	58	4	2024-09-10 16:56:47	2024-09-10 17:51:08	2024-09-10 17:51:08
49	106	8	2024-06-28 16:23:02	2024-09-23 18:59:24	2024-09-23 18:59:24
50	106	62	2024-06-28 16:23:02	2024-09-23 18:59:24	2024-09-23 18:59:24
51	106	3	2024-06-28 16:23:02	2024-09-23 18:59:24	2024-09-23 18:59:24
52	106	14	2024-06-28 16:23:02	2024-09-23 18:59:24	2024-09-23 18:59:24
54	106	5	2024-06-28 16:23:02	2024-09-23 18:59:24	2024-09-23 18:59:24
55	106	4	2024-06-28 16:23:02	2024-09-23 18:59:24	2024-09-23 18:59:24
56	106	66	2024-06-28 16:23:02	2024-09-23 18:59:24	2024-09-23 18:59:24
57	106	11	2024-06-28 16:23:02	2024-09-23 18:59:24	2024-09-23 18:59:24
59	106	15	2024-06-28 16:23:02	2024-09-23 18:59:24	2024-09-23 18:59:24
60	106	81	2024-06-28 16:23:02	2024-09-23 18:59:24	2024-09-23 18:59:24
39	124	1	2024-05-30 11:05:36	2024-10-09 14:24:30	2024-10-09 14:24:30
40	124	8	2024-05-30 11:05:36	2024-10-09 14:24:30	2024-10-09 14:24:30
41	124	3	2024-05-30 11:05:36	2024-10-09 14:24:30	2024-10-09 14:24:30
43	124	4	2024-05-30 11:05:36	2024-10-09 14:24:30	2024-10-09 14:24:30
44	124	11	2024-05-30 11:05:36	2024-10-09 14:24:30	2024-10-09 14:24:30
45	124	7	2024-05-30 11:05:36	2024-10-09 14:24:30	2024-10-09 14:24:30
46	124	13	2024-05-30 11:05:36	2024-10-09 14:24:30	2024-10-09 14:24:30
47	124	81	2024-05-30 11:05:36	2024-10-09 14:24:30	2024-10-09 14:24:30
89	98	3	2024-08-01 18:10:18	2024-11-15 17:03:26	2024-11-15 17:03:26
90	98	18	2024-08-01 18:10:18	2024-11-15 17:03:26	2024-11-15 17:03:26
91	98	10	2024-08-01 18:10:18	2024-11-15 17:03:26	2024-11-15 17:03:26
92	98	5	2024-08-01 18:10:18	2024-11-15 17:03:26	2024-11-15 17:03:26
94	98	16	2024-08-01 18:10:18	2024-11-15 17:03:26	2024-11-15 17:03:26
95	98	7	2024-08-01 18:10:18	2024-11-15 17:03:26	2024-11-15 17:03:26
96	98	15	2024-08-01 18:10:18	2024-11-15 17:03:26	2024-11-15 17:03:26
97	98	13	2024-08-01 18:10:18	2024-11-15 17:03:26	2024-11-15 17:03:26
98	98	63	2024-08-01 18:10:18	2024-11-15 17:03:26	2024-11-15 17:03:26
121	58	21	2024-09-10 17:51:08	2024-09-23 12:05:09	2024-09-23 12:05:09
122	58	3	2024-09-10 17:51:08	2024-09-23 12:05:09	2024-09-23 12:05:09
123	58	4	2024-09-10 17:51:08	2024-09-23 12:05:09	2024-09-23 12:05:09
53	106	10	2024-06-28 16:23:02	2024-09-23 18:59:24	2024-09-23 18:59:24
58	106	7	2024-06-28 16:23:02	2024-09-23 18:59:24	2024-09-23 18:59:24
127	106	8	2024-09-23 18:59:24	2024-09-23 18:59:40	2024-09-23 18:59:40
128	106	62	2024-09-23 18:59:24	2024-09-23 18:59:40	2024-09-23 18:59:40
33	143	3	2024-03-25 16:16:37	2025-05-14 15:48:49	2025-05-14 15:48:49
34	143	18	2024-03-25 16:16:37	2025-05-14 15:48:49	2025-05-14 15:48:49
35	143	4	2024-03-25 16:16:37	2025-05-14 15:48:49	2025-05-14 15:48:49
36	143	7	2024-03-25 16:16:37	2025-05-14 15:48:49	2025-05-14 15:48:49
37	143	81	2024-03-25 16:16:37	2025-05-14 15:48:49	2025-05-14 15:48:49
129	106	3	2024-09-23 18:59:24	2024-09-23 18:59:40	2024-09-23 18:59:40
130	106	14	2024-09-23 18:59:24	2024-09-23 18:59:40	2024-09-23 18:59:40
131	106	10	2024-09-23 18:59:24	2024-09-23 18:59:40	2024-09-23 18:59:40
132	106	5	2024-09-23 18:59:24	2024-09-23 18:59:40	2024-09-23 18:59:40
133	106	4	2024-09-23 18:59:24	2024-09-23 18:59:40	2024-09-23 18:59:40
134	106	66	2024-09-23 18:59:24	2024-09-23 18:59:40	2024-09-23 18:59:40
135	106	11	2024-09-23 18:59:24	2024-09-23 18:59:40	2024-09-23 18:59:40
136	106	7	2024-09-23 18:59:24	2024-09-23 18:59:40	2024-09-23 18:59:40
137	106	15	2024-09-23 18:59:24	2024-09-23 18:59:40	2024-09-23 18:59:40
138	106	81	2024-09-23 18:59:24	2024-09-23 18:59:40	2024-09-23 18:59:40
139	106	8	2024-09-23 18:59:40	2024-09-26 07:41:31	2024-09-26 07:41:31
140	106	62	2024-09-23 18:59:40	2024-09-26 07:41:31	2024-09-26 07:41:31
141	106	3	2024-09-23 18:59:40	2024-09-26 07:41:31	2024-09-26 07:41:31
142	106	14	2024-09-23 18:59:40	2024-09-26 07:41:31	2024-09-26 07:41:31
143	106	10	2024-09-23 18:59:40	2024-09-26 07:41:31	2024-09-26 07:41:31
144	106	5	2024-09-23 18:59:40	2024-09-26 07:41:31	2024-09-26 07:41:31
145	106	4	2024-09-23 18:59:40	2024-09-26 07:41:31	2024-09-26 07:41:31
146	106	66	2024-09-23 18:59:40	2024-09-26 07:41:31	2024-09-26 07:41:31
147	106	11	2024-09-23 18:59:40	2024-09-26 07:41:31	2024-09-26 07:41:31
148	106	7	2024-09-23 18:59:40	2024-09-26 07:41:31	2024-09-26 07:41:31
149	106	15	2024-09-23 18:59:40	2024-09-26 07:41:31	2024-09-26 07:41:31
150	106	81	2024-09-23 18:59:40	2024-09-26 07:41:31	2024-09-26 07:41:31
124	58	21	2024-09-23 12:05:09	2024-09-26 11:43:10	2024-09-26 11:43:10
125	58	3	2024-09-23 12:05:09	2024-09-26 11:43:10	2024-09-26 11:43:10
126	58	4	2024-09-23 12:05:09	2024-09-26 11:43:10	2024-09-26 11:43:10
42	124	10	2024-05-30 11:05:36	2024-10-09 14:24:30	2024-10-09 14:24:30
163	58	21	2024-09-26 11:43:10	2024-10-09 16:52:31	2024-10-09 16:52:31
164	58	3	2024-09-26 11:43:10	2024-10-09 16:52:31	2024-10-09 16:52:31
165	58	4	2024-09-26 11:43:10	2024-10-09 16:52:31	2024-10-09 16:52:31
175	58	21	2024-10-09 16:52:31	2024-10-09 16:55:21	2024-10-09 16:55:21
176	58	3	2024-10-09 16:52:31	2024-10-09 16:55:21	2024-10-09 16:55:21
177	58	4	2024-10-09 16:52:31	2024-10-09 16:55:21	2024-10-09 16:55:21
166	124	1	2024-10-09 14:24:30	2024-10-10 12:46:16	2024-10-10 12:46:16
167	124	8	2024-10-09 14:24:30	2024-10-10 12:46:16	2024-10-10 12:46:16
168	124	3	2024-10-09 14:24:30	2024-10-10 12:46:16	2024-10-10 12:46:16
169	124	10	2024-10-09 14:24:30	2024-10-10 12:46:16	2024-10-10 12:46:16
170	124	4	2024-10-09 14:24:30	2024-10-10 12:46:16	2024-10-10 12:46:16
171	124	11	2024-10-09 14:24:30	2024-10-10 12:46:16	2024-10-10 12:46:16
172	124	7	2024-10-09 14:24:30	2024-10-10 12:46:16	2024-10-10 12:46:16
173	124	13	2024-10-09 14:24:30	2024-10-10 12:46:16	2024-10-10 12:46:16
174	124	81	2024-10-09 14:24:30	2024-10-10 12:46:16	2024-10-10 12:46:16
178	58	21	2024-10-09 16:55:21	2024-10-17 11:02:21	2024-10-17 11:02:21
179	58	3	2024-10-09 16:55:21	2024-10-17 11:02:21	2024-10-17 11:02:21
180	58	4	2024-10-09 16:55:21	2024-10-17 11:02:21	2024-10-17 11:02:21
181	124	1	2024-10-10 12:46:16	2024-10-18 20:16:00	2024-10-18 20:16:00
182	124	8	2024-10-10 12:46:16	2024-10-18 20:16:00	2024-10-18 20:16:00
183	124	3	2024-10-10 12:46:16	2024-10-18 20:16:00	2024-10-18 20:16:00
184	124	10	2024-10-10 12:46:16	2024-10-18 20:16:00	2024-10-18 20:16:00
185	124	4	2024-10-10 12:46:16	2024-10-18 20:16:00	2024-10-18 20:16:00
186	124	11	2024-10-10 12:46:16	2024-10-18 20:16:00	2024-10-18 20:16:00
187	124	7	2024-10-10 12:46:16	2024-10-18 20:16:00	2024-10-18 20:16:00
188	124	13	2024-10-10 12:46:16	2024-10-18 20:16:00	2024-10-18 20:16:00
189	124	81	2024-10-10 12:46:16	2024-10-18 20:16:00	2024-10-18 20:16:00
190	58	21	2024-10-17 11:02:21	2024-10-22 13:03:18	2024-10-22 13:03:18
191	58	3	2024-10-17 11:02:21	2024-10-22 13:03:18	2024-10-22 13:03:18
192	58	4	2024-10-17 11:02:21	2024-10-22 13:03:18	2024-10-22 13:03:18
202	58	21	2024-10-22 13:03:18	2024-10-23 13:32:31	2024-10-23 13:32:31
203	58	3	2024-10-22 13:03:18	2024-10-23 13:32:31	2024-10-23 13:32:31
204	58	4	2024-10-22 13:03:18	2024-10-23 13:32:31	2024-10-23 13:32:31
205	58	21	2024-10-23 13:32:31	2024-10-23 13:35:02	2024-10-23 13:35:02
206	58	3	2024-10-23 13:32:31	2024-10-23 13:35:02	2024-10-23 13:35:02
207	58	4	2024-10-23 13:32:31	2024-10-23 13:35:02	2024-10-23 13:35:02
208	58	21	2024-10-23 13:35:02	2024-10-23 13:38:34	2024-10-23 13:38:34
209	58	3	2024-10-23 13:35:02	2024-10-23 13:38:34	2024-10-23 13:38:34
210	58	4	2024-10-23 13:35:02	2024-10-23 13:38:34	2024-10-23 13:38:34
211	58	21	2024-10-23 13:38:34	2024-10-24 08:11:57	2024-10-24 08:11:57
212	58	3	2024-10-23 13:38:34	2024-10-24 08:11:57	2024-10-24 08:11:57
213	58	4	2024-10-23 13:38:34	2024-10-24 08:11:57	2024-10-24 08:11:57
193	124	1	2024-10-18 20:16:00	2024-10-28 14:29:29	2024-10-28 14:29:29
194	124	8	2024-10-18 20:16:00	2024-10-28 14:29:29	2024-10-28 14:29:29
195	124	3	2024-10-18 20:16:00	2024-10-28 14:29:29	2024-10-28 14:29:29
196	124	10	2024-10-18 20:16:00	2024-10-28 14:29:29	2024-10-28 14:29:29
197	124	4	2024-10-18 20:16:00	2024-10-28 14:29:29	2024-10-28 14:29:29
198	124	11	2024-10-18 20:16:00	2024-10-28 14:29:29	2024-10-28 14:29:29
199	124	7	2024-10-18 20:16:00	2024-10-28 14:29:29	2024-10-28 14:29:29
200	124	13	2024-10-18 20:16:00	2024-10-28 14:29:29	2024-10-28 14:29:29
201	124	81	2024-10-18 20:16:00	2024-10-28 14:29:29	2024-10-28 14:29:29
217	124	1	2024-10-28 14:29:29	2024-10-28 14:39:40	2024-10-28 14:39:40
218	124	8	2024-10-28 14:29:29	2024-10-28 14:39:40	2024-10-28 14:39:40
219	124	3	2024-10-28 14:29:29	2024-10-28 14:39:40	2024-10-28 14:39:40
220	124	10	2024-10-28 14:29:29	2024-10-28 14:39:40	2024-10-28 14:39:40
221	124	4	2024-10-28 14:29:29	2024-10-28 14:39:40	2024-10-28 14:39:40
222	124	11	2024-10-28 14:29:29	2024-10-28 14:39:40	2024-10-28 14:39:40
223	124	7	2024-10-28 14:29:29	2024-10-28 14:39:40	2024-10-28 14:39:40
224	124	13	2024-10-28 14:29:29	2024-10-28 14:39:40	2024-10-28 14:39:40
225	124	81	2024-10-28 14:29:29	2024-10-28 14:39:40	2024-10-28 14:39:40
226	124	1	2024-10-28 14:39:40	2024-10-29 12:27:15	2024-10-29 12:27:15
227	124	8	2024-10-28 14:39:40	2024-10-29 12:27:15	2024-10-29 12:27:15
228	124	3	2024-10-28 14:39:40	2024-10-29 12:27:15	2024-10-29 12:27:15
229	124	10	2024-10-28 14:39:40	2024-10-29 12:27:15	2024-10-29 12:27:15
231	124	11	2024-10-28 14:39:40	2024-10-29 12:27:15	2024-10-29 12:27:15
232	124	7	2024-10-28 14:39:40	2024-10-29 12:27:15	2024-10-29 12:27:15
233	124	13	2024-10-28 14:39:40	2024-10-29 12:27:15	2024-10-29 12:27:15
214	58	21	2024-10-24 08:11:57	2024-10-31 12:09:54	2024-10-31 12:09:54
216	58	4	2024-10-24 08:11:57	2024-10-31 12:09:54	2024-10-31 12:09:54
230	124	4	2024-10-28 14:39:40	2024-10-29 12:27:15	2024-10-29 12:27:15
234	124	81	2024-10-28 14:39:40	2024-10-29 12:27:15	2024-10-29 12:27:15
235	124	1	2024-10-29 12:27:15	2024-10-29 12:35:50	2024-10-29 12:35:50
236	124	8	2024-10-29 12:27:15	2024-10-29 12:35:50	2024-10-29 12:35:50
237	124	3	2024-10-29 12:27:15	2024-10-29 12:35:50	2024-10-29 12:35:50
238	124	10	2024-10-29 12:27:15	2024-10-29 12:35:50	2024-10-29 12:35:50
239	124	4	2024-10-29 12:27:15	2024-10-29 12:35:50	2024-10-29 12:35:50
240	124	11	2024-10-29 12:27:15	2024-10-29 12:35:50	2024-10-29 12:35:50
241	124	7	2024-10-29 12:27:15	2024-10-29 12:35:50	2024-10-29 12:35:50
242	124	13	2024-10-29 12:27:15	2024-10-29 12:35:50	2024-10-29 12:35:50
243	124	81	2024-10-29 12:27:15	2024-10-29 12:35:50	2024-10-29 12:35:50
244	124	1	2024-10-29 12:35:50	2024-10-29 13:03:23	2024-10-29 13:03:23
245	124	8	2024-10-29 12:35:50	2024-10-29 13:03:23	2024-10-29 13:03:23
246	124	3	2024-10-29 12:35:50	2024-10-29 13:03:23	2024-10-29 13:03:23
152	106	62	2024-09-26 07:41:31	2025-05-14 15:40:54	2025-05-14 15:40:54
153	106	3	2024-09-26 07:41:31	2025-05-14 15:40:54	2025-05-14 15:40:54
154	106	14	2024-09-26 07:41:31	2025-05-14 15:40:54	2025-05-14 15:40:54
156	106	5	2024-09-26 07:41:31	2025-05-14 15:40:54	2025-05-14 15:40:54
157	106	4	2024-09-26 07:41:31	2025-05-14 15:40:54	2025-05-14 15:40:54
158	106	66	2024-09-26 07:41:31	2025-05-14 15:40:54	2025-05-14 15:40:54
159	106	11	2024-09-26 07:41:31	2025-05-14 15:40:54	2025-05-14 15:40:54
161	106	15	2024-09-26 07:41:31	2025-05-14 15:40:54	2025-05-14 15:40:54
162	106	81	2024-09-26 07:41:31	2025-05-14 15:40:54	2025-05-14 15:40:54
247	124	10	2024-10-29 12:35:50	2024-10-29 13:03:23	2024-10-29 13:03:23
248	124	4	2024-10-29 12:35:50	2024-10-29 13:03:23	2024-10-29 13:03:23
249	124	11	2024-10-29 12:35:50	2024-10-29 13:03:23	2024-10-29 13:03:23
250	124	7	2024-10-29 12:35:50	2024-10-29 13:03:23	2024-10-29 13:03:23
251	124	13	2024-10-29 12:35:50	2024-10-29 13:03:23	2024-10-29 13:03:23
252	124	81	2024-10-29 12:35:50	2024-10-29 13:03:23	2024-10-29 13:03:23
215	58	3	2024-10-24 08:11:57	2024-10-31 12:09:54	2024-10-31 12:09:54
88	98	62	2024-08-01 18:10:18	2024-11-15 17:03:26	2024-11-15 17:03:26
93	98	4	2024-08-01 18:10:18	2024-11-15 17:03:26	2024-11-15 17:03:26
99	98	81	2024-08-01 18:10:18	2024-11-15 17:03:26	2024-11-15 17:03:26
262	58	21	2024-10-31 12:09:54	2024-12-26 13:48:36	2024-12-26 13:48:36
263	58	3	2024-10-31 12:09:54	2024-12-26 13:48:36	2024-12-26 13:48:36
264	58	4	2024-10-31 12:09:54	2024-12-26 13:48:36	2024-12-26 13:48:36
278	58	21	2024-12-26 13:48:36	2025-01-23 14:28:09	2025-01-23 14:28:09
279	58	3	2024-12-26 13:48:36	2025-01-23 14:28:09	2025-01-23 14:28:09
280	58	4	2024-12-26 13:48:36	2025-01-23 14:28:09	2025-01-23 14:28:09
281	58	21	2025-01-23 14:28:09	2025-01-28 16:46:47	2025-01-28 16:46:47
282	58	3	2025-01-23 14:28:09	2025-01-28 16:46:47	2025-01-28 16:46:47
283	58	4	2025-01-23 14:28:09	2025-01-28 16:46:47	2025-01-28 16:46:47
284	58	21	2025-01-28 16:46:47	2025-01-28 16:49:03	2025-01-28 16:49:03
285	58	3	2025-01-28 16:46:47	2025-01-28 16:49:03	2025-01-28 16:49:03
286	58	4	2025-01-28 16:46:47	2025-01-28 16:49:03	2025-01-28 16:49:03
287	58	21	2025-01-28 16:49:03	2025-01-29 08:44:31	2025-01-29 08:44:31
288	58	3	2025-01-28 16:49:03	2025-01-29 08:44:31	2025-01-29 08:44:31
289	58	4	2025-01-28 16:49:03	2025-01-29 08:44:31	2025-01-29 08:44:31
290	58	21	2025-01-29 08:44:31	2025-01-31 13:34:08	2025-01-31 13:34:08
291	58	3	2025-01-29 08:44:31	2025-01-31 13:34:08	2025-01-31 13:34:08
292	58	4	2025-01-29 08:44:31	2025-01-31 13:34:08	2025-01-31 13:34:08
293	58	21	2025-01-31 13:34:08	2025-01-31 13:35:39	2025-01-31 13:35:39
294	58	3	2025-01-31 13:34:08	2025-01-31 13:35:39	2025-01-31 13:35:39
295	58	4	2025-01-31 13:34:08	2025-01-31 13:35:39	2025-01-31 13:35:39
296	58	21	2025-01-31 13:35:39	2025-01-31 13:38:10	2025-01-31 13:38:10
297	58	3	2025-01-31 13:35:39	2025-01-31 13:38:10	2025-01-31 13:38:10
298	58	4	2025-01-31 13:35:39	2025-01-31 13:38:10	2025-01-31 13:38:10
299	58	21	2025-01-31 13:38:10	2025-02-28 08:25:19	2025-02-28 08:25:19
300	58	3	2025-01-31 13:38:10	2025-02-28 08:25:19	2025-02-28 08:25:19
301	58	4	2025-01-31 13:38:10	2025-02-28 08:25:19	2025-02-28 08:25:19
302	58	21	2025-02-28 08:25:19	2025-03-05 08:08:52	2025-03-05 08:08:52
303	58	3	2025-02-28 08:25:19	2025-03-05 08:08:52	2025-03-05 08:08:52
304	58	4	2025-02-28 08:25:19	2025-03-05 08:08:52	2025-03-05 08:08:52
305	58	21	2025-03-05 08:08:52	2025-03-05 08:11:33	2025-03-05 08:11:33
306	58	3	2025-03-05 08:08:52	2025-03-05 08:11:33	2025-03-05 08:11:33
307	58	4	2025-03-05 08:08:52	2025-03-05 08:11:33	2025-03-05 08:11:33
308	58	21	2025-03-05 08:11:33	2025-04-17 07:49:34	2025-04-17 07:49:34
309	58	3	2025-03-05 08:11:33	2025-04-17 07:49:34	2025-04-17 07:49:34
310	58	4	2025-03-05 08:11:33	2025-04-17 07:49:34	2025-04-17 07:49:34
265	98	62	2024-11-15 17:03:26	2025-05-14 15:15:33	2025-05-14 15:15:33
266	98	3	2024-11-15 17:03:26	2025-05-14 15:15:33	2025-05-14 15:15:33
267	98	18	2024-11-15 17:03:26	2025-05-14 15:15:33	2025-05-14 15:15:33
268	98	10	2024-11-15 17:03:26	2025-05-14 15:15:33	2025-05-14 15:15:33
269	98	5	2024-11-15 17:03:26	2025-05-14 15:15:33	2025-05-14 15:15:33
270	98	4	2024-11-15 17:03:26	2025-05-14 15:15:33	2025-05-14 15:15:33
271	98	16	2024-11-15 17:03:26	2025-05-14 15:15:33	2025-05-14 15:15:33
272	98	7	2024-11-15 17:03:26	2025-05-14 15:15:33	2025-05-14 15:15:33
273	98	15	2024-11-15 17:03:26	2025-05-14 15:15:33	2025-05-14 15:15:33
274	98	13	2024-11-15 17:03:26	2025-05-14 15:15:33	2025-05-14 15:15:33
275	98	63	2024-11-15 17:03:26	2025-05-14 15:15:33	2025-05-14 15:15:33
276	98	81	2024-11-15 17:03:26	2025-05-14 15:15:33	2025-05-14 15:15:33
277	98	88	2024-11-15 17:03:26	2025-05-14 15:15:33	2025-05-14 15:15:33
253	124	1	2024-10-29 13:03:23	2025-05-14 15:38:47	2025-05-14 15:38:47
254	124	8	2024-10-29 13:03:23	2025-05-14 15:38:47	2025-05-14 15:38:47
255	124	3	2024-10-29 13:03:23	2025-05-14 15:38:47	2025-05-14 15:38:47
256	124	10	2024-10-29 13:03:23	2025-05-14 15:38:47	2025-05-14 15:38:47
257	124	4	2024-10-29 13:03:23	2025-05-14 15:38:47	2025-05-14 15:38:47
258	124	11	2024-10-29 13:03:23	2025-05-14 15:38:47	2025-05-14 15:38:47
259	124	7	2024-10-29 13:03:23	2025-05-14 15:38:47	2025-05-14 15:38:47
260	124	13	2024-10-29 13:03:23	2025-05-14 15:38:47	2025-05-14 15:38:47
261	124	81	2024-10-29 13:03:23	2025-05-14 15:38:47	2025-05-14 15:38:47
151	106	8	2024-09-26 07:41:31	2025-05-14 15:40:54	2025-05-14 15:40:54
155	106	10	2024-09-26 07:41:31	2025-05-14 15:40:54	2025-05-14 15:40:54
160	106	7	2024-09-26 07:41:31	2025-05-14 15:40:54	2025-05-14 15:40:54
32	143	8	2024-03-25 16:16:37	2025-05-14 15:48:49	2025-05-14 15:48:49
348	143	8	2025-05-14 15:48:49	2025-05-14 15:48:49	\N
349	143	3	2025-05-14 15:48:49	2025-05-14 15:48:49	\N
350	143	18	2025-05-14 15:48:49	2025-05-14 15:48:49	\N
351	143	4	2025-05-14 15:48:49	2025-05-14 15:48:49	\N
352	143	7	2025-05-14 15:48:49	2025-05-14 15:48:49	\N
353	143	81	2025-05-14 15:48:49	2025-05-14 15:48:49	\N
311	58	21	2025-04-17 07:49:34	2025-05-15 14:21:35	2025-05-15 14:21:35
312	58	3	2025-04-17 07:49:34	2025-05-15 14:21:35	2025-05-15 14:21:35
313	58	4	2025-04-17 07:49:34	2025-05-15 14:21:35	2025-05-15 14:21:35
354	58	21	2025-05-15 14:21:35	2025-06-17 14:27:27	2025-06-17 14:27:27
355	58	3	2025-05-15 14:21:35	2025-06-17 14:27:27	2025-06-17 14:27:27
356	58	4	2025-05-15 14:21:35	2025-06-17 14:27:27	2025-06-17 14:27:27
357	58	21	2025-06-17 14:27:27	2025-06-17 14:29:25	2025-06-17 14:29:25
358	58	3	2025-06-17 14:27:27	2025-06-17 14:29:25	2025-06-17 14:29:25
359	58	4	2025-06-17 14:27:27	2025-06-17 14:29:25	2025-06-17 14:29:25
336	106	8	2025-05-14 15:40:54	2025-07-24 19:40:21	2025-07-24 19:40:21
337	106	62	2025-05-14 15:40:54	2025-07-24 19:40:21	2025-07-24 19:40:21
338	106	3	2025-05-14 15:40:54	2025-07-24 19:40:21	2025-07-24 19:40:21
339	106	14	2025-05-14 15:40:54	2025-07-24 19:40:21	2025-07-24 19:40:21
340	106	10	2025-05-14 15:40:54	2025-07-24 19:40:21	2025-07-24 19:40:21
341	106	5	2025-05-14 15:40:54	2025-07-24 19:40:21	2025-07-24 19:40:21
343	106	66	2025-05-14 15:40:54	2025-07-24 19:40:21	2025-07-24 19:40:21
344	106	11	2025-05-14 15:40:54	2025-07-24 19:40:21	2025-07-24 19:40:21
345	106	7	2025-05-14 15:40:54	2025-07-24 19:40:21	2025-07-24 19:40:21
346	106	15	2025-05-14 15:40:54	2025-07-24 19:40:21	2025-07-24 19:40:21
347	106	81	2025-05-14 15:40:54	2025-07-24 19:40:21	2025-07-24 19:40:21
315	98	3	2025-05-14 15:15:33	2025-07-24 19:41:23	2025-07-24 19:41:23
316	98	18	2025-05-14 15:15:33	2025-07-24 19:41:23	2025-07-24 19:41:23
317	98	10	2025-05-14 15:15:33	2025-07-24 19:41:23	2025-07-24 19:41:23
318	98	5	2025-05-14 15:15:33	2025-07-24 19:41:23	2025-07-24 19:41:23
319	98	4	2025-05-14 15:15:33	2025-07-24 19:41:23	2025-07-24 19:41:23
321	98	7	2025-05-14 15:15:33	2025-07-24 19:41:23	2025-07-24 19:41:23
322	98	15	2025-05-14 15:15:33	2025-07-24 19:41:23	2025-07-24 19:41:23
323	98	13	2025-05-14 15:15:33	2025-07-24 19:41:23	2025-07-24 19:41:23
324	98	63	2025-05-14 15:15:33	2025-07-24 19:41:23	2025-07-24 19:41:23
326	98	88	2025-05-14 15:15:33	2025-07-24 19:41:23	2025-07-24 19:41:23
327	124	1	2025-05-14 15:38:47	2025-08-14 20:27:02	2025-08-14 20:27:02
328	124	8	2025-05-14 15:38:47	2025-08-14 20:27:02	2025-08-14 20:27:02
329	124	3	2025-05-14 15:38:47	2025-08-14 20:27:02	2025-08-14 20:27:02
330	124	10	2025-05-14 15:38:47	2025-08-14 20:27:02	2025-08-14 20:27:02
332	124	11	2025-05-14 15:38:47	2025-08-14 20:27:02	2025-08-14 20:27:02
333	124	7	2025-05-14 15:38:47	2025-08-14 20:27:02	2025-08-14 20:27:02
334	124	13	2025-05-14 15:38:47	2025-08-14 20:27:02	2025-08-14 20:27:02
335	124	81	2025-05-14 15:38:47	2025-08-14 20:27:02	2025-08-14 20:27:02
360	58	21	2025-06-17 14:29:25	2025-06-17 14:31:49	2025-06-17 14:31:49
361	58	3	2025-06-17 14:29:25	2025-06-17 14:31:49	2025-06-17 14:31:49
362	58	4	2025-06-17 14:29:25	2025-06-17 14:31:49	2025-06-17 14:31:49
363	58	21	2025-06-17 14:31:49	2025-06-17 14:32:21	2025-06-17 14:32:21
364	58	3	2025-06-17 14:31:49	2025-06-17 14:32:21	2025-06-17 14:32:21
365	58	4	2025-06-17 14:31:49	2025-06-17 14:32:21	2025-06-17 14:32:21
366	58	21	2025-06-17 14:32:21	2025-06-17 14:37:28	2025-06-17 14:37:28
367	58	3	2025-06-17 14:32:21	2025-06-17 14:37:28	2025-06-17 14:37:28
368	58	4	2025-06-17 14:32:21	2025-06-17 14:37:28	2025-06-17 14:37:28
369	58	21	2025-06-17 14:37:28	2025-06-17 14:38:57	2025-06-17 14:38:57
370	58	3	2025-06-17 14:37:28	2025-06-17 14:38:57	2025-06-17 14:38:57
371	58	4	2025-06-17 14:37:28	2025-06-17 14:38:57	2025-06-17 14:38:57
372	58	21	2025-06-17 14:38:57	2025-06-19 15:00:34	2025-06-19 15:00:34
373	58	3	2025-06-17 14:38:57	2025-06-19 15:00:34	2025-06-19 15:00:34
374	58	4	2025-06-17 14:38:57	2025-06-19 15:00:34	2025-06-19 15:00:34
375	58	21	2025-06-19 15:00:34	2025-07-11 13:04:24	2025-07-11 13:04:24
376	58	3	2025-06-19 15:00:34	2025-07-11 13:04:24	2025-07-11 13:04:24
377	58	4	2025-06-19 15:00:34	2025-07-11 13:04:24	2025-07-11 13:04:24
378	58	3	2025-07-11 13:04:24	2025-07-11 13:25:02	2025-07-11 13:25:02
379	58	3	2025-07-11 13:25:02	2025-07-16 18:27:47	2025-07-16 18:27:47
380	58	3	2025-07-16 18:27:47	2025-07-16 18:28:41	2025-07-16 18:28:41
381	58	3	2025-07-16 18:28:41	2025-07-16 18:29:23	2025-07-16 18:29:23
382	58	3	2025-07-16 18:29:23	2025-07-16 18:30:04	2025-07-16 18:30:04
383	58	3	2025-07-16 18:30:04	2025-07-16 18:33:14	2025-07-16 18:33:14
385	159	3	2025-07-21 20:42:45	2025-07-21 20:42:45	\N
386	162	6	2025-07-23 07:37:58	2025-07-23 07:41:55	2025-07-23 07:41:55
387	162	2	2025-07-23 07:37:58	2025-07-23 07:41:55	2025-07-23 07:41:55
388	162	4	2025-07-23 07:37:58	2025-07-23 07:41:55	2025-07-23 07:41:55
389	162	3	2025-07-23 07:37:58	2025-07-23 07:41:55	2025-07-23 07:41:55
390	162	7	2025-07-23 07:37:58	2025-07-23 07:41:55	2025-07-23 07:41:55
391	162	6	2025-07-23 07:41:55	2025-07-23 07:43:12	2025-07-23 07:43:12
392	162	2	2025-07-23 07:41:55	2025-07-23 07:43:12	2025-07-23 07:43:12
393	162	4	2025-07-23 07:41:55	2025-07-23 07:43:12	2025-07-23 07:43:12
394	162	3	2025-07-23 07:41:55	2025-07-23 07:43:12	2025-07-23 07:43:12
395	162	7	2025-07-23 07:41:55	2025-07-23 07:43:12	2025-07-23 07:43:12
396	162	6	2025-07-23 07:43:12	2025-07-23 08:37:46	2025-07-23 08:37:46
397	162	2	2025-07-23 07:43:12	2025-07-23 08:37:46	2025-07-23 08:37:46
398	162	4	2025-07-23 07:43:12	2025-07-23 08:37:46	2025-07-23 08:37:46
399	162	3	2025-07-23 07:43:12	2025-07-23 08:37:46	2025-07-23 08:37:46
400	162	7	2025-07-23 07:43:12	2025-07-23 08:37:46	2025-07-23 08:37:46
342	106	4	2025-05-14 15:40:54	2025-07-24 19:40:21	2025-07-24 19:40:21
408	106	5	2025-07-24 19:40:21	2025-07-24 19:40:21	\N
409	106	4	2025-07-24 19:40:21	2025-07-24 19:40:21	\N
410	106	3	2025-07-24 19:40:21	2025-07-24 19:40:21	\N
411	106	7	2025-07-24 19:40:21	2025-07-24 19:40:21	\N
401	162	5	2025-07-23 08:37:46	2025-07-24 19:40:57	2025-07-24 19:40:57
402	162	6	2025-07-23 08:37:46	2025-07-24 19:40:57	2025-07-24 19:40:57
403	162	2	2025-07-23 08:37:46	2025-07-24 19:40:57	2025-07-24 19:40:57
404	162	1	2025-07-23 08:37:46	2025-07-24 19:40:57	2025-07-24 19:40:57
405	162	4	2025-07-23 08:37:46	2025-07-24 19:40:57	2025-07-24 19:40:57
406	162	3	2025-07-23 08:37:46	2025-07-24 19:40:57	2025-07-24 19:40:57
407	162	7	2025-07-23 08:37:46	2025-07-24 19:40:57	2025-07-24 19:40:57
412	162	5	2025-07-24 19:40:57	2025-07-24 19:40:57	\N
413	162	6	2025-07-24 19:40:57	2025-07-24 19:40:57	\N
414	162	2	2025-07-24 19:40:57	2025-07-24 19:40:57	\N
415	162	1	2025-07-24 19:40:57	2025-07-24 19:40:57	\N
416	162	4	2025-07-24 19:40:57	2025-07-24 19:40:57	\N
417	162	3	2025-07-24 19:40:57	2025-07-24 19:40:57	\N
418	162	7	2025-07-24 19:40:57	2025-07-24 19:40:57	\N
314	98	62	2025-05-14 15:15:33	2025-07-24 19:41:23	2025-07-24 19:41:23
320	98	16	2025-05-14 15:15:33	2025-07-24 19:41:23	2025-07-24 19:41:23
325	98	81	2025-05-14 15:15:33	2025-07-24 19:41:23	2025-07-24 19:41:23
419	98	5	2025-07-24 19:41:23	2025-07-24 19:41:23	\N
420	98	4	2025-07-24 19:41:23	2025-07-24 19:41:23	\N
421	98	3	2025-07-24 19:41:23	2025-07-24 19:41:23	\N
422	98	7	2025-07-24 19:41:23	2025-07-24 19:41:23	\N
423	164	5	2025-07-29 14:44:00	2025-07-29 14:44:00	\N
424	164	2	2025-07-29 14:44:00	2025-07-29 14:44:00	\N
384	58	3	2025-07-16 18:33:14	2025-08-06 13:06:43	2025-08-06 13:06:43
425	58	3	2025-08-06 13:06:43	2025-08-06 13:08:00	2025-08-06 13:08:00
426	58	3	2025-08-06 13:08:00	2025-08-06 13:08:43	2025-08-06 13:08:43
427	58	3	2025-08-06 13:08:43	2025-08-06 18:34:08	2025-08-06 18:34:08
428	58	3	2025-08-06 18:34:08	2025-08-06 18:38:02	2025-08-06 18:38:02
429	58	3	2025-08-06 18:38:02	2025-08-06 18:42:10	2025-08-06 18:42:10
430	58	3	2025-08-06 18:42:10	2025-08-06 18:44:45	2025-08-06 18:44:45
431	58	3	2025-08-06 18:44:45	2025-08-07 07:28:13	2025-08-07 07:28:13
432	58	3	2025-08-07 07:28:13	2025-08-07 07:30:43	2025-08-07 07:30:43
433	58	3	2025-08-07 07:30:43	2025-08-13 14:04:45	2025-08-13 14:04:45
434	58	3	2025-08-13 14:04:45	2025-08-13 14:04:45	\N
331	124	4	2025-05-14 15:38:47	2025-08-14 20:27:02	2025-08-14 20:27:02
435	124	1	2025-08-14 20:27:02	2025-08-14 20:27:02	\N
436	124	4	2025-08-14 20:27:02	2025-08-14 20:27:02	\N
437	124	3	2025-08-14 20:27:02	2025-08-14 20:27:02	\N
438	124	7	2025-08-14 20:27:02	2025-08-14 20:27:02	\N
48	151	7	2024-06-19 10:54:07	2025-08-21 07:11:31	2025-08-21 07:11:31
439	151	7	2025-08-21 07:11:31	2025-08-21 07:11:31	\N
\.


--
-- Data for Name: users; Type: TABLE DATA; Schema: public; Owner: alfabravo_user
--

COPY public.users (id, name, email, email_verified_at, password, remember_token, created_at, updated_at, two_factor_secret, two_factor_recovery_codes, deleted_at, last_seen, cuota, username, desactivated, requirements, start, endt, re_login, change_password_required) FROM stdin;
180	Enrique	ematus@grupoinfos.mx	\N	$2y$10$4nFlMFmlOdaCaexGPeJVn.HUZvHzY2eh3wce0YXvG2RlPNO/WGvEe	\N	2025-09-08 12:58:08	2026-04-13 12:44:37	2364:1776105876	\N	\N	2026-04-13 12:44:37	500	\N	f	f	\N	\N	f	\N
181	Carlos	cyedra@gseo.mx	\N	$2y$10$qs5d22GLxNh/lBK1I5pdBeYIHQ/NenSbCYPSaoxUNW9Qq6IlP0Exa	\N	2025-09-08 12:59:18	2025-09-08 13:16:18	9745:1757358948	\N	\N	2025-09-08 13:16:18	500	\N	\N	\N	\N	\N	f	\N
55	Enrique Fernando	enrique.matus@grupoinfos.mx	\N	$2y$10$0Sh7VGTRPWrm/LH0BnKLOOx22Hl8yCXob4sZWCpzUW/hBtoEMtqly	89jGMIk6KrdlKzoOXykVOYuVTP3jd1Pftyt08zddbLE2o7o2v1a6lUvY0h7w	2021-09-06 13:19:47	2026-05-06 13:00:55	4482:1778094054	\N	\N	2026-05-06 13:00:55	500	\N	f	f	\N	\N	f	\N
44	Carlos	cyedra@grupoinfos.mx	\N	$2y$10$KmBfNodflwvnVoKDEBH5LOEyLZ4dpcx16pe0mEwK1WWqGSq3i2U4O	gqThJZAhuRsRgXthRfBCyLHgQbVviyLncBCEPpFBmGRptvLXsf2YkjpcjqA4	2021-03-15 13:45:22	2025-08-27 07:51:36	5464:1756301956	\N	\N	2025-08-27 07:51:36	500	\N	f	f	\N	\N	f	\N
48	Beatriz	bacevedo@grupoinfos.mx	\N	$2y$10$FBQBUFfDht8Mq3JnVobQEe639VDgU4PqAzmSxRxoqyQhjHCrN/pdS	5JOUR9qQQsBCH6bDJcxqrBIckUXqCWZhEB3BQE46yWZUFmLUJJkPbqGZ2T7z	2021-04-12 17:08:23	2026-03-23 19:16:07	8147:1760640377	\N	\N	2026-03-23 19:16:07	500	\N	f	f	\N	\N	f	\N
77	Deivis Ricardo	dalvarezmendoza@gmail.com	\N	$2y$10$ssLAyV8VlUZbKK9W1K3Hg.xcDFpXtVTfWbRE0ZyF9QH04mS0N4CoW	oCJkDwPTuPsS3KyBrRdkpkmS8HA5sJU1dq5jvqtnOKXPhsPNojujTnpFbcQS	2022-07-04 17:09:27	2026-04-13 12:20:58	4492:1776102637	\N	\N	2026-04-13 12:20:58	\N	\N	\N	\N	\N	\N	f	\N
\.


--
-- Data for Name: users_permissions; Type: TABLE DATA; Schema: public; Owner: alfabravo_user
--

COPY public.users_permissions (user_id, permission_id) FROM stdin;
\.


--
-- Data for Name: users_roles; Type: TABLE DATA; Schema: public; Owner: alfabravo_user
--

COPY public.users_roles (user_id, role_id) FROM stdin;
180	26
181	26
181	59
44	26
55	50
48	26
48	43
44	43
55	43
77	26
44	59
77	59
48	88
48	71
48	70
180	59
44	70
48	79
48	80
48	83
48	59
\.


--
-- Data for Name: vehicle; Type: TABLE DATA; Schema: public; Owner: alfabravo_user
--

COPY public.vehicle (id, n_serie, year, brand_id, model_id, color, registration_number, manufacturer_id, vehicle_type_id, owner_id, engine_number, responsible, fuel_type_id, acquisition_date, status, notes, last_update_date, insurance_id, documents, photo, created_at, updated_at, decal, gps_id, register_status_id, acquisition_value, mileage_date, mileage, key_duplicate, base_id, deleted_at, verification, rent_amount, rent_type, is_rented, rent_provider_id, eventual, tenure_payment_date_limit, status_tenure_payment, tenure_infos_payment, enterprise_id) FROM stdin;
\.


--
-- Data for Name: vehicle_activity; Type: TABLE DATA; Schema: public; Owner: alfabravo_user
--

COPY public.vehicle_activity (id, vehicle_id, employee_id, action, service_type, action_date, summary, mileage, created_at, updated_at, deleted_at, user_id, other_person, base_id, authorized_by) FROM stdin;
\.


--
-- Data for Name: vehicle_brand; Type: TABLE DATA; Schema: public; Owner: alfabravo_user
--

COPY public.vehicle_brand (id, name, image, description, created_at, updated_at, deleted_at) FROM stdin;
9	RENAULT	\N	\N	2021-01-08 13:15:52	2021-01-08 13:15:52	\N
15	Renault	1610410469.jpeg	\N	2021-01-11 19:14:29	2021-01-11 19:14:29	\N
13	Porsche	1610410516.png	\N	2021-01-08 13:16:28	2021-01-11 19:15:16	\N
12	Cadillac	1610410605.png	\N	2021-01-08 13:16:19	2021-01-11 19:16:45	\N
11	NISSAN	1610410706.png	\N	2021-01-08 13:16:10	2021-01-11 19:18:26	\N
10	KIA	1610410739.png	\N	2021-01-08 13:16:01	2021-01-11 19:18:59	\N
8	HYUNDAI	1610410810.jpeg	\N	2021-01-08 13:15:44	2021-01-11 19:20:10	\N
7	Volkswagen	1610410871.png	\N	2021-01-08 13:15:37	2021-01-11 19:21:11	\N
6	CHEVROLET	1610410916.jpeg	\N	2021-01-08 13:15:22	2021-01-11 19:21:56	\N
5	Ford	1610410964.jpeg	ford american	2020-12-15 14:50:02	2021-01-11 19:22:44	\N
16	Dodge	1610411249.jpeg	\N	2021-01-11 19:27:29	2021-01-11 19:27:29	\N
17	HONDA	1610411348.jpeg	\N	2021-01-11 19:29:08	2021-01-11 19:29:08	\N
18	Alfa Romeo	1610464409.png	\N	2021-01-12 10:13:29	2021-01-12 10:13:29	\N
19	ACURA	1610464449.png	\N	2021-01-12 10:14:09	2021-01-12 10:14:09	\N
20	Audi	1610464502.png	\N	2021-01-12 10:15:02	2021-01-12 10:15:02	\N
21	BAIC	1610464599.png	\N	2021-01-12 10:16:39	2021-01-12 10:16:39	\N
22	BMW	1610464680.png	\N	2021-01-12 10:18:00	2021-01-12 10:18:00	\N
23	Chrysler	1610464773.png	\N	2021-01-12 10:19:33	2021-01-12 10:19:33	\N
24	Buick	1610464817.png	\N	2021-01-12 10:20:17	2021-01-12 10:20:17	\N
25	CUPRA	1610464870.png	\N	2021-01-12 10:21:10	2021-01-12 10:21:10	\N
26	Fiat	1610464939.png	\N	2021-01-12 10:22:19	2021-01-12 10:22:19	\N
27	GMC	1610464991.png	\N	2021-01-12 10:23:11	2021-01-12 10:23:11	\N
28	Infiniti	1610465068.png	\N	2021-01-12 10:23:49	2021-01-12 10:24:28	\N
29	Jaguar	1610465119.png	\N	2021-01-12 10:25:19	2021-01-12 10:25:19	\N
30	Jeep	1610465165.png	\N	2021-01-12 10:26:05	2021-01-12 10:26:05	\N
31	Land Rover	1610465224.png	\N	2021-01-12 10:27:04	2021-01-12 10:27:04	\N
32	Lincoln	1610465270.png	\N	2021-01-12 10:27:50	2021-01-12 10:27:50	\N
33	Mazda	1610465334.png	\N	2021-01-12 10:28:54	2021-01-12 10:28:54	\N
34	McLaren	1610465370.png	\N	2021-01-12 10:29:30	2021-01-12 10:29:30	\N
35	Mercedes-Benz	1610465423.png	\N	2021-01-12 10:30:23	2021-01-12 10:30:23	\N
36	MG	1610465462.png	\N	2021-01-12 10:31:02	2021-01-12 10:31:02	\N
37	MINI	1610465495.png	\N	2021-01-12 10:31:35	2021-01-12 10:31:35	\N
38	Mitsubishi	1610465548.png	\N	2021-01-12 10:32:28	2021-01-12 10:32:28	\N
39	Peugeot	1610465597.png	\N	2021-01-12 10:33:17	2021-01-12 10:33:17	\N
40	SEAT	1610465636.png	\N	2021-01-12 10:33:56	2021-01-12 10:33:56	\N
41	SUBARU	1610465677.png	\N	2021-01-12 10:34:37	2021-01-12 10:34:37	\N
42	Suzuki	1610465725.png	\N	2021-01-12 10:35:25	2021-01-12 10:35:25	\N
43	Tesla	1610465764.png	\N	2021-01-12 10:36:04	2021-01-12 10:36:04	\N
44	VOLVO	1610465828.png	\N	2021-01-12 10:37:08	2021-01-12 10:37:08	\N
45	Morgan	1610465877.png	\N	2021-01-12 10:37:57	2021-01-12 10:37:57	\N
46	Lamborghini	1610465929.png	\N	2021-01-12 10:38:49	2021-01-12 10:38:49	\N
47	Ferrari	1610465972.png	\N	2021-01-12 10:39:32	2021-01-12 10:39:32	\N
48	Aston Martin	1610466019.png	\N	2021-01-12 10:40:19	2021-01-12 10:40:19	\N
49	Bentley	1610466059.png	\N	2021-01-12 10:40:59	2021-01-12 10:40:59	\N
50	Zacua	1610466122.png	\N	2021-01-12 10:42:02	2021-01-12 10:42:02	\N
4	Toyota	1610466371.png	Toyota es una marca de vehículos	2020-12-09 16:23:31	2021-01-12 10:46:11	\N
51	ITALIKA	1611082497.jpeg	\N	2021-01-19 13:54:57	2021-01-19 13:54:57	\N
52	YAMAHA	1611082564.jpeg	\N	2021-01-19 13:56:04	2021-01-19 13:56:04	\N
53	HONDA MOTOS	1611082856.jpeg	\N	2021-01-19 14:00:56	2021-01-19 14:00:56	\N
54	JAC	1611083004.png	\N	2021-01-19 14:03:24	2021-01-19 14:03:24	\N
56	INFINITI	1654363008.jpeg	\N	2022-06-04 12:16:48	2022-06-04 12:16:48	\N
57	BMW	1713226572.png	\N	2024-04-15 18:14:09	2024-04-15 18:16:12	\N
\.


--
-- Data for Name: vehicle_expenses; Type: TABLE DATA; Schema: public; Owner: alfabravo_user
--

COPY public.vehicle_expenses (id, vehicle_id, expenses_id, amount, date, attachments, created_at, updated_at, observations) FROM stdin;
\.


--
-- Data for Name: vehicle_expenses_maintenance; Type: TABLE DATA; Schema: public; Owner: alfabravo_user
--

COPY public.vehicle_expenses_maintenance (id, amount, vehicle_id, date_maintenance_start, date_maintenance_end, created_at, updated_at) FROM stdin;
\.


--
-- Data for Name: vehicle_files; Type: TABLE DATA; Schema: public; Owner: alfabravo_user
--

COPY public.vehicle_files (vehicle_files_id, filename, vehicle_id, created_at, updated_at, file_type_id, expiration_date, document_name) FROM stdin;
\.


--
-- Data for Name: vehicle_insurance; Type: TABLE DATA; Schema: public; Owner: alfabravo_user
--

COPY public.vehicle_insurance (id, vehicle_id, insurance_id, beneficiary, created_at, updated_at, insurance_number, medical_expenses, validity_start, validity_end, coverage_id, phone, item, total_premium, payment_method_id, deductible_total, deductible_material, deductible_total_robbery, beneficiary2, deleted_at, insurance_payment_date_limit, status_payment, infos_payment) FROM stdin;
\.


--
-- Data for Name: vehicle_maintenance; Type: TABLE DATA; Schema: public; Owner: alfabravo_user
--

COPY public.vehicle_maintenance (id, vehicle_id, date_in, date_out, status, responsible, created_at, updated_at, vehicle_type_maintenance_id, observations) FROM stdin;
\.


--
-- Data for Name: vehicle_maintenance_action; Type: TABLE DATA; Schema: public; Owner: alfabravo_user
--

COPY public.vehicle_maintenance_action (id, vehicle_maintenance_id, vehicle_type_maintenance_element_id, description, date_action, responsible, created_at, updated_at) FROM stdin;
\.


--
-- Data for Name: vehicle_manufacturer; Type: TABLE DATA; Schema: public; Owner: alfabravo_user
--

COPY public.vehicle_manufacturer (id, name, description, created_at, updated_at, image, deleted_at) FROM stdin;
2	FORD	ford american	2020-12-15 14:49:42	2021-01-08 14:21:04	1608061782.png	\N
1	TOYOTA	Toyota es un fabricante de vehículos	2020-12-09 16:20:14	2021-01-08 14:21:11	\N	\N
\.


--
-- Data for Name: vehicle_mileage; Type: TABLE DATA; Schema: public; Owner: alfabravo_user
--

COPY public.vehicle_mileage (id, vehicle_id, employee_id, user_id, mileage, mileage_type_id, model_id, model, register_date, created_at, updated_at, deleted_at, notes, mileage_photo, is_negative) FROM stdin;
\.


--
-- Data for Name: vehicle_model; Type: TABLE DATA; Schema: public; Owner: alfabravo_user
--

COPY public.vehicle_model (id, name, created_at, updated_at, vehicle_brand_id, deleted_at) FROM stdin;
3	SPARK	2021-01-08 13:19:06	2021-01-08 13:19:06	6	\N
4	SUBURBAN	2021-01-08 13:19:14	2021-01-08 13:19:14	6	\N
5	COLORADO	2021-01-08 13:19:24	2021-01-08 13:19:24	6	\N
6	POLO	2021-01-08 13:19:32	2021-01-08 13:19:32	7	\N
7	GRAND  I 10	2021-01-08 13:19:40	2021-01-08 13:19:40	8	\N
8	LOGAN	2021-01-08 13:19:48	2021-01-08 13:19:48	9	\N
9	JETTA	2021-01-08 13:19:56	2021-01-08 13:19:56	7	\N
10	ELANTRA	2021-01-08 13:20:04	2021-01-08 13:20:04	8	\N
11	SORENTO	2021-01-08 13:20:18	2021-01-08 13:20:18	10	\N
12	ACCENT	2021-01-08 13:20:26	2021-01-08 13:20:26	8	\N
13	DUSTER	2021-01-08 13:20:36	2021-01-08 13:20:36	9	\N
14	VENTO	2021-01-08 13:20:59	2021-01-08 13:20:59	7	\N
15	VERSA	2021-01-08 13:21:09	2021-01-08 13:21:09	11	\N
16	AVEO	2021-01-08 13:21:18	2021-01-08 13:21:18	6	\N
17	SONATA	2021-01-08 13:21:27	2021-01-08 13:21:27	8	\N
19	DERBY	2021-01-08 13:21:45	2021-01-08 13:21:45	7	\N
20	CAYENNE	2021-01-08 13:21:54	2021-01-08 13:21:54	13	\N
21	CROWN VICTORIA	2021-01-08 13:22:03	2021-01-08 13:22:03	5	\N
22	TIIDA	2021-01-08 13:22:43	2021-01-08 13:22:43	11	\N
23	VERSA	2021-01-08 13:22:51	2021-01-08 13:22:51	11	\N
24	VAN EXPRESS	2021-01-08 13:23:05	2021-01-08 13:23:05	6	\N
25	SUBURBAN - BLINDADA	2021-01-08 13:23:23	2021-01-08 13:23:23	6	\N
26	FLUENCE	2021-01-08 13:23:31	2021-01-08 13:23:31	9	\N
27	GOL	2021-01-08 13:23:48	2021-01-08 13:23:48	7	\N
18	ESCALADE	2021-01-08 13:21:38	2021-01-27 16:23:29	12	\N
29	BEAT	2021-01-29 15:47:26	2021-01-29 15:47:26	6	\N
30	CAVALIER	2021-01-29 15:47:42	2021-01-29 15:47:42	6	\N
31	FIESTA	2021-01-29 18:59:59	2021-01-29 18:59:59	5	\N
32	F 350	2021-01-29 19:00:13	2021-01-29 19:00:13	5	\N
33	CBR	2021-01-30 13:11:56	2021-01-30 13:11:56	53	\N
34	AA250	2021-01-30 13:12:15	2021-01-30 13:12:15	51	\N
36	SEI 2	2021-01-30 22:19:40	2021-01-30 22:19:40	54	\N
37	SEI 4	2021-01-30 22:20:05	2021-01-30 22:20:05	54	\N
38	SEI 7	2021-01-30 22:20:18	2021-01-30 22:20:18	54	\N
39	J4	2021-01-30 22:20:34	2021-01-30 22:20:34	54	\N
35	SEI 3	2021-01-30 13:12:37	2021-01-30 22:20:46	54	\N
40	ATS	2021-01-30 22:21:27	2021-01-30 22:21:27	12	\N
41	CTS	2021-01-30 22:21:39	2021-01-30 22:21:39	12	\N
42	XT5	2021-01-30 22:21:57	2021-01-30 22:21:57	12	\N
43	XT4	2021-01-30 22:22:13	2021-01-30 22:22:13	12	\N
44	AVEO	2021-01-30 22:23:03	2021-01-30 22:23:03	6	\N
45	SPARK	2021-01-30 22:23:19	2021-01-30 22:23:19	6	\N
46	CAMARO	2021-01-30 22:23:35	2021-01-30 22:23:35	6	\N
47	TRAX	2021-01-30 22:23:48	2021-01-30 22:23:48	6	\N
48	TRAVERSE	2021-01-30 22:24:07	2021-01-30 22:24:07	6	\N
49	BLAZER	2021-01-30 22:24:21	2021-01-30 22:24:21	6	\N
50	SILVERADO	2021-01-30 22:24:37	2021-01-30 22:24:37	6	\N
51	TAHOE	2021-01-30 22:25:06	2021-01-30 22:25:06	6	\N
52	TORNADO	2021-01-30 22:25:25	2021-01-30 22:25:25	6	\N
53	COLORADO	2021-01-30 22:25:44	2021-01-30 22:25:44	6	\N
54	VOLT	2021-01-30 22:25:57	2021-01-30 22:25:57	6	\N
55	ATTITUDE	2021-01-30 22:26:29	2021-01-30 22:26:29	16	\N
56	NEON	2021-01-30 22:26:49	2021-01-30 22:26:49	16	\N
57	DURANGO	2021-01-30 22:27:03	2021-01-30 22:27:03	16	\N
58	CHALLENGER	2021-01-30 22:27:19	2021-01-30 22:27:19	16	\N
59	CHARGER	2021-01-30 22:27:34	2021-01-30 22:27:34	16	\N
60	GRAND CARAVAN	2021-01-30 22:27:46	2021-01-30 22:27:46	16	\N
61	JOURNEY	2021-01-30 22:28:03	2021-01-30 22:28:03	16	\N
63	UNO	2021-01-30 22:29:53	2021-01-30 22:29:53	26	\N
62	PALIO ADVENTURE	2021-01-30 22:29:31	2021-01-30 22:30:04	26	\N
64	500 ABARTH	2021-01-30 22:30:19	2021-01-30 22:30:19	26	\N
65	DUCATO	2021-01-30 22:30:36	2021-01-30 22:30:36	26	\N
66	500L	2021-01-30 22:30:49	2021-01-30 22:30:49	26	\N
67	MOBI	2021-01-30 22:31:02	2021-01-30 22:31:02	26	\N
68	FIGO	2021-01-30 22:32:03	2021-01-30 22:32:03	5	\N
69	FAZER	2021-02-03 12:54:02	2021-02-03 12:54:02	52	\N
70	RIO	2021-02-27 11:03:00	2021-02-27 11:03:00	10	\N
71	ACURA	2021-02-27 13:21:22	2021-02-27 13:21:22	17	\N
72	TOLEDO	2021-02-27 13:24:37	2021-02-27 13:24:37	40	\N
74	NP 300	2021-04-15 10:16:12	2021-04-15 10:16:12	11	\N
75	TSURU GSI	2021-04-15 10:16:37	2021-04-15 10:16:37	11	\N
76	POINTER PICK UP	2021-04-15 10:17:09	2021-04-15 10:17:09	7	\N
77	V40	2021-11-10 10:04:40	2021-11-10 10:04:40	44	\N
78	ERTIGA	2021-11-25 16:39:11	2021-11-25 16:39:11	42	\N
79	CARTIER	2022-02-02 18:24:43	2022-02-02 18:24:43	32	\N
80	TIGUAN	2022-03-16 14:01:32	2022-03-16 14:01:32	7	\N
81	AVANZA	2022-03-18 18:16:29	2022-03-18 18:16:29	26	\N
82	T-CROSS	2022-04-11 11:05:11	2022-04-11 11:05:11	7	\N
83	BLAZER	2022-04-25 16:18:45	2022-04-25 16:19:03	6	2022-04-25 16:19:03
84	FORTE	2022-04-26 13:53:38	2022-04-26 13:53:38	10	\N
85	QX60	2022-06-04 12:18:22	2022-06-04 12:18:22	28	\N
86	SEDONA	2022-06-22 15:49:13	2022-06-22 15:49:13	10	\N
87	MOBI	2022-07-05 16:59:24	2022-07-05 16:59:24	26	\N
88	X-TRAIL	2022-07-09 09:11:08	2022-07-09 09:11:08	11	\N
89	ONIX	2022-07-23 13:15:37	2022-07-23 13:15:37	6	\N
90	ACADIA	2022-07-26 13:06:33	2022-07-26 13:06:33	27	\N
91	XPANDER CROSS	2022-09-14 16:37:57	2022-09-14 16:37:57	38	\N
92	VIRTUS	2022-10-13 11:31:41	2022-10-13 11:31:41	7	\N
93	IBIZA	2023-05-12 07:35:15	2023-05-12 07:35:15	40	\N
94	TOWN & COUNTRY	2023-10-24 17:20:41	2023-10-24 17:20:41	23	\N
95	AMBULANCIA	2024-02-02 17:57:17	2024-02-02 17:57:17	6	\N
96	760 LI HIGH SECURITY	2024-04-15 18:17:31	2024-04-15 18:17:31	22	\N
97	X5 SECURITY PLUS	2024-09-11 18:03:21	2024-09-11 18:03:21	22	\N
98	KWID	2024-12-10 11:31:46	2024-12-10 11:31:46	15	\N
99	S10 MAX	2025-05-19 13:57:43	2025-05-19 13:57:43	6	\N
100	CAPTIVA	2025-05-19 15:53:03	2025-05-19 15:53:03	6	\N
101	VIRTUS	2025-06-26 22:11:31	2025-06-26 22:12:40	7	2025-06-26 22:12:40
\.


--
-- Data for Name: vehicle_owner; Type: TABLE DATA; Schema: public; Owner: alfabravo_user
--

COPY public.vehicle_owner (id, name, type_person_id, created_at, updated_at, deleted_at) FROM stdin;
2	KUAKTUS SEGURIDAD PRIVADA, S.A. DE C.V.	3	2021-01-25 10:52:30	2021-01-27 17:50:22	\N
3	MARTHA PATRICIA DIAZ MORA	1	2021-01-27 17:50:49	2021-01-27 17:50:49	\N
4	ALBERTO HERNANDEZ VELAZQUEZ	1	2021-01-27 17:51:11	2021-01-27 17:51:11	\N
5	MONICA ORTEGA GARCIA	1	2021-01-27 17:51:36	2021-01-27 17:51:36	\N
6	EDGAR AGUILAR ALDAMA	1	2021-01-27 17:51:59	2021-01-27 17:51:59	\N
7	PLINIO GUZMAN ESPINOSA	1	2021-01-27 17:52:15	2021-01-27 17:52:15	\N
8	MAIWE GONZALEZ GASPERIN	1	2021-01-27 17:52:33	2021-01-27 17:52:33	\N
9	ALBERTO ACEVEDO RIVERA	1	2021-01-27 17:52:50	2021-01-27 17:52:50	\N
10	BEATRIZ ACEVEDO RIVERA	1	2021-01-27 17:53:08	2021-01-27 17:53:08	\N
11	JOSE IRVING CRUZ RIOS	1	2021-01-27 17:53:26	2021-01-27 17:53:26	\N
12	ALEJANDRO ACEVEDO RIVERA	1	2021-01-27 17:55:13	2021-01-27 17:55:13	\N
13	ALEJANDRO ROMERO HERNANDEZ	1	2021-01-27 17:55:37	2021-01-27 17:55:37	\N
14	CARLOS ROGELIO PLASCENCIA PACHECO	1	2021-01-27 17:56:06	2021-01-27 17:56:06	\N
15	DIANA PATRICIA TINOCO VALDEZ	1	2021-01-27 17:56:29	2021-01-27 17:56:29	\N
16	EMMANUEL DUARTE NAVA	1	2021-01-27 17:57:29	2021-01-27 17:57:29	\N
17	ENRIQUE ALANIS ABDON	1	2021-01-27 17:57:45	2021-01-27 17:57:45	\N
18	EUSEBIO ALFREDO NAVA PERFECTO	1	2021-01-27 17:58:03	2021-01-27 17:58:03	\N
19	GRACIELA VERONICA CAMARILLO GUTIERREZ	1	2021-01-27 17:58:30	2021-01-27 17:58:30	\N
20	GUADALUPE LIZZETE DAVALOS RODRIGUEZ	1	2021-01-27 17:58:52	2021-01-27 17:58:52	\N
21	IVAN CHAVEZ VIDAL	1	2021-01-27 17:59:12	2021-01-27 17:59:12	\N
22	JUVENCIO ROSENDO CORONEL	1	2021-01-27 18:00:00	2021-01-27 18:00:00	\N
23	KARINA ALVAREZ ACEVES	1	2021-01-27 18:00:28	2021-01-27 18:00:28	\N
24	LUGER ANTAR GEOVAN ALVARADO TISCAREÑO	1	2021-01-27 18:01:32	2021-01-27 18:01:32	\N
25	LUIS MANUEL DOMINGUEZ MENDOZA	1	2021-01-27 18:01:48	2021-01-27 18:01:48	\N
26	MARCO ANTONIO VAZQUEZ HERRERA	1	2021-01-27 18:04:14	2021-01-27 18:04:14	\N
27	MARIA CRISTINA CRUZ AMEZCUA	1	2021-01-27 18:04:36	2021-01-27 18:04:36	\N
28	MARIA INES PAULINA CORTES GONZALEZ	1	2021-01-27 18:04:57	2021-01-27 18:04:57	\N
29	MARIELA TARACENA RAMIREZ	1	2021-01-27 18:06:02	2021-01-27 18:06:02	\N
30	MIRIAM REBOLLAR ZAMORANO	1	2021-01-27 18:06:18	2021-01-27 18:06:18	\N
31	NALLELY RAMIREZ ZEPEDA	1	2021-01-27 18:06:37	2021-01-27 18:06:37	\N
32	NOE ANGELES MONROY	1	2021-01-27 18:07:29	2021-01-27 18:07:29	\N
33	RAPISCAM SYSTEMS DE MEXICO, S DE RL DE CV	3	2021-01-27 18:07:44	2021-01-27 18:07:44	\N
34	ROMAN GUTIERREZ OVIEDO	1	2021-01-27 18:08:05	2021-01-27 18:08:05	\N
35	ROSA LAURA LEON NUÑEZ	1	2021-01-27 18:08:44	2021-01-27 18:08:44	\N
36	RUBEN MEJIA SOLIS	1	2021-01-27 18:09:05	2021-01-27 18:09:05	\N
37	SALVADOR FLORES PEREZ	1	2021-01-27 18:10:05	2021-01-27 18:10:05	\N
38	SECURIRENT, S.A. DE C.V.	3	2021-01-27 18:10:26	2021-01-27 18:10:26	\N
39	SERGIO SILVA GONZALEZ	1	2021-01-27 18:10:47	2021-01-27 18:10:47	\N
40	VOLKSWAGEN LEASING, S.A. DE C.V.	3	2021-01-27 18:11:09	2021-01-27 18:11:09	\N
41	XICOTENCATL GONZALEZ GASPERIN	1	2021-01-27 18:11:31	2021-01-27 18:11:31	\N
43	LUIS DAVID MACíAS MARTíNEZ	1	2021-02-03 12:52:27	2021-02-03 12:52:27	\N
45	AMPARO FLORES MARTíNEZ	1	2021-02-06 11:24:08	2021-02-06 11:24:08	\N
44	IVÁN COLORADO CRUZ	1	2021-02-06 11:23:43	2021-02-06 11:24:23	\N
46	ARTURO CARDONA MARINO	1	2021-02-27 13:24:02	2021-02-27 13:24:02	\N
47	ROBERTO VALENZUELA HERNANDEZ	1	2021-03-12 18:42:28	2021-03-12 18:42:28	\N
49	ROBERTO GONZÁLEZ GARCÍA	1	2021-04-15 10:17:39	2021-04-15 10:17:39	\N
50	ANTONIO ACEVEDO ALMANZA	1	2021-04-15 10:18:28	2021-04-15 10:18:28	\N
51	ARACELI TORRES SANDOVAL	1	2021-04-22 17:33:41	2021-04-22 17:33:41	\N
52	GISEL MAGDALENA GONZALEZ GARCÍA	1	2021-09-27 09:19:26	2021-09-27 09:19:26	\N
53	NOE ÁNGELES MONROY	1	2021-09-27 09:19:52	2021-09-27 09:19:52	\N
54	CASANOVA VALLEJO, SA DE CV	3	2021-11-25 16:39:35	2021-11-25 16:39:35	\N
55	EDGAR HERON CAMPOS MANRIQUEZ	1	2021-11-25 16:39:49	2021-11-25 16:39:49	\N
56	RAUL ZAMORA CESAR	1	2021-11-25 16:40:06	2021-11-25 16:40:06	\N
57	CESAR ARMANDO GARCIA MORALES	1	2021-11-25 18:56:21	2021-11-25 18:56:21	\N
42	ANA MARÍA GARCÍA HERNÁNDEZ	1	2021-01-30 14:30:46	2021-11-25 18:58:26	\N
58	MAURICIO LORA TELLO	1	2022-01-12 17:51:16	2022-01-12 17:51:16	\N
59	RICARDO ALBERTO BOFILL GUZMÁN	1	2022-04-21 11:26:47	2022-04-21 11:26:47	\N
60	ENRIQUE GONZÁLEZ SMITH	1	2022-04-26 13:54:02	2022-04-26 13:54:02	\N
61	RICARDO ALBERTO BOFILL GUZMAN	1	2022-05-02 13:50:08	2022-05-02 13:50:08	\N
62	RUBEN TORRES HERNANDEZ	1	2022-05-20 19:37:40	2022-05-20 19:37:40	\N
63	RAFAEL REYNA TORRES	1	2022-05-28 12:24:16	2022-05-28 12:24:16	\N
64	ROBERTO GONZALEZ OSORIO	1	2022-06-04 12:26:15	2022-06-04 12:26:15	\N
65	SONIA EVANGELINA PEREZ IBARRA	1	2022-06-13 17:58:05	2022-06-13 17:58:05	\N
66	SANDRA EVELYN IBARRA HERNANDEZ	1	2022-07-23 13:16:10	2022-07-23 13:16:10	\N
67	ROBERTO SÁNCHEZ VALERO	1	2022-09-01 10:57:14	2022-09-01 10:57:14	\N
68	GUILLERMO AGUILAR BLANCO	1	2022-09-07 13:47:52	2022-09-07 13:47:52	\N
\.


--
-- Data for Name: vehicle_status; Type: TABLE DATA; Schema: public; Owner: alfabravo_user
--

COPY public.vehicle_status (id, name, code, created_at, updated_at, deleted_at, show_summary, color) FROM stdin;
1	DISPONIBLE	D	2023-03-23 13:56:33	2023-03-23 13:56:33	\N	t	#42C042
4	BAJA	B	2023-03-23 13:58:09	2023-03-23 13:58:09	\N	t	#F71616
3	MANTENIMENTO	M	2023-03-23 13:57:52	2023-03-23 13:58:39	\N	t	#CC6E27
2	RUTA	R	2023-03-23 13:57:20	2023-03-23 16:17:10	\N	t	#5486CA
5	TRASLADO	T	2023-03-23 16:17:44	2023-03-23 16:17:44	\N	f	#94C4E9
6	RENTA	RT	2023-03-23 16:18:05	2023-03-23 16:18:18	\N	f	#A7E5BE
7	ASIGANDO	ASG	2023-04-26 12:16:57	2023-04-26 12:16:57	\N	f	#19769C
9	MANTENIMIENTO EXTERNO	M-EX	2023-10-19 12:00:14	2023-10-19 12:00:14	\N	f	#F3EC21
8	CORRALON	CO	2023-10-18 12:43:34	2023-10-19 12:01:53	\N	f	#BD56D3
10	TALLER DE ASEGURADORA	T-AS	2023-10-19 12:31:58	2023-10-19 12:31:58	\N	f	#E7B3DF
11	CON AVERIGUACION PREVIA	AV-P	2023-10-19 12:32:55	2023-10-19 12:32:55	\N	f	#A3ADBB
\.


--
-- Data for Name: vehicle_status_force; Type: TABLE DATA; Schema: public; Owner: alfabravo_user
--

COPY public.vehicle_status_force (id, vehicle_id, status_id, register_date, created_at, updated_at, deleted_at, user_id, base_id, notes) FROM stdin;
\.


--
-- Data for Name: vehicle_type; Type: TABLE DATA; Schema: public; Owner: alfabravo_user
--

COPY public.vehicle_type (id, name, created_at, updated_at, deleted_at) FROM stdin;
5	Sedán	2021-01-18 11:47:32	2021-01-18 11:47:45	\N
6	Hatchback	2021-01-18 11:47:59	2021-01-18 11:47:59	\N
7	SUV	2021-01-18 11:48:09	2021-01-18 11:48:09	\N
8	Deportivos	2021-01-18 11:48:23	2021-01-18 11:48:23	\N
9	Vehículos Comerciales	2021-01-18 11:48:38	2021-01-18 11:48:38	\N
10	Van o Furgoneta	2021-01-18 11:49:04	2021-01-18 11:49:04	\N
11	Pick Up	2021-01-18 11:49:16	2021-01-18 11:49:16	\N
12	Camiones	2021-01-18 11:49:27	2021-01-18 11:49:27	\N
14	Motocicleta	2021-01-19 14:04:19	2021-01-19 14:04:19	\N
13	Cuatrimoto ATV	2021-01-19 14:04:02	2021-01-19 22:02:33	\N
16	PATRULLA	2022-07-09 10:51:05	2022-07-09 10:51:05	\N
\.


--
-- Data for Name: vehicle_type_activity; Type: TABLE DATA; Schema: public; Owner: alfabravo_user
--

COPY public.vehicle_type_activity (id, name, description, created_at, updated_at, deleted_at) FROM stdin;
1	Operaciones de servicio	\N	2022-11-24 15:26:11	\N	\N
2	Mantenimiento	\N	2022-11-24 15:26:22	\N	\N
3	Limpieza	\N	2022-11-24 15:26:43	\N	\N
4	Otros	\N	2022-11-24 15:26:51	\N	\N
1696803333	CUSTODIA MAYPO	SERVICIO DE CUSTODIA CLIENTE MAYPO	2023-10-08 16:15:33	2023-10-08 16:15:33	\N
\.


--
-- Data for Name: vehicle_type_maintenance; Type: TABLE DATA; Schema: public; Owner: alfabravo_user
--

COPY public.vehicle_type_maintenance (id, name, description, created_at, updated_at, deleted_at) FROM stdin;
3	Mantenimiento Preventivo	Son los mantenimientos que realizan acorde a un calendario de mantenimiento o cuando en una revisión de la unidad se determina reparar algún desperfecto o cambiar alguna parte de la unidad	2021-01-25 21:02:41	2021-01-25 21:02:41	\N
1	Correctivo	Los mantenimientos correctivos son aquellos que realizan para reparar una unidad que impide la utilización de la unidad.\r\nDurante la realización del mantenimiento correctivo se podrá y se deberá verificar si es necesario o conveniente realizar mantenimientos preventivos aprovechando que la unidad esta en el taller	2021-01-04 09:55:56	2021-01-25 21:06:09	\N
\.


--
-- Data for Name: vehicle_type_maintenance_element; Type: TABLE DATA; Schema: public; Owner: alfabravo_user
--

COPY public.vehicle_type_maintenance_element (id, name, description, created_at, updated_at, vehicle_type_maintenance_id, deleted_at) FROM stdin;
1	Servicio de Frenos	\N	2021-01-04 09:56:30	2021-01-04 09:56:30	1	\N
3	Cambio de aceite	\N	2021-01-04 14:02:24	2021-01-04 14:02:24	1	\N
5	Rotación	\N	2021-01-25 21:08:53	2021-01-25 21:08:53	3	\N
6	Alineación y Balanceo	\N	2021-01-25 21:09:33	2021-01-25 21:09:33	3	\N
7	Cambio de Baleros Ruedas	\N	2021-01-25 21:10:38	2021-01-25 21:10:38	1	\N
8	Revisión de Suspensión	\N	2021-01-25 23:47:49	2021-01-25 23:47:49	3	\N
9	Revisión de Caja Velocidades	\N	2021-01-25 23:48:17	2021-01-25 23:48:17	3	\N
10	Revisión Sistema Eléctrico	\N	2021-01-25 23:48:54	2021-01-25 23:48:54	3	\N
11	Hojalatería	\N	2021-01-25 23:56:14	2021-01-25 23:56:14	1	\N
12	Pintura	\N	2021-01-25 23:56:27	2021-01-25 23:56:27	3	\N
13	Afinación Mayor	\N	2021-01-25 23:56:54	2021-01-25 23:57:19	3	\N
14	Afinación Menor	\N	2021-01-25 23:57:31	2021-01-25 23:57:31	3	\N
15	Amortiguadores	\N	2021-01-25 23:58:06	2021-01-25 23:58:06	3	\N
16	Revisión de Sistema Electrónico	\N	2021-01-26 00:11:49	2021-01-26 00:11:49	3	\N
17	Vestiduras	\N	2021-01-26 00:12:06	2021-01-26 00:12:06	1	\N
18	Luces	\N	2021-01-26 00:12:26	2021-01-26 00:12:26	1	\N
19	Aire Acondicionado	\N	2021-01-26 00:12:52	2021-01-26 00:12:52	3	\N
20	Dirección	\N	2021-01-26 00:13:03	2021-01-26 00:13:03	3	\N
21	Sistema de Escape	\N	2021-01-26 00:14:46	2021-01-26 00:14:46	1	\N
22	Embrague	\N	2021-01-26 00:15:07	2021-01-26 00:15:07	1	\N
23	Sistema de enfriamiento	\N	2021-01-26 00:15:18	2021-01-26 00:15:18	1	\N
24	Sensores y Actuadores	\N	2021-01-26 00:16:36	2021-01-26 00:16:36	3	\N
25	Cambio de Llantas	Cambio de Llantas total o parcial	2021-02-01 21:32:13	2021-02-01 21:32:13	3	\N
27	LLAVES	FABRICACIÓN DE LLAVES DE REPUESTO	2022-05-31 15:10:08	2022-05-31 15:10:08	1	\N
28	Parabrisas o cristales	cambio de parabrisas o cristal del vehículo	2022-05-31 15:11:04	2022-05-31 15:11:04	1	\N
\.


--
-- Data for Name: vehicle_verification_schedule; Type: TABLE DATA; Schema: public; Owner: alfabravo_user
--

COPY public.vehicle_verification_schedule (id, vehicle_id, current_verification_date, mandatory_verification, next_verification_date, infos_payment, verification_type, user_id, created_at, updated_at, deleted_at, obs) FROM stdin;
\.


--
-- Data for Name: weapon_autority; Type: TABLE DATA; Schema: public; Owner: alfabravo_user
--

COPY public.weapon_autority (id, name, description, created_at, updated_at, deleted_at) FROM stdin;
1	CUSAEM	\N	2021-04-08 12:23:30	2021-04-08 12:23:30	\N
4	OTROS	\N	2021-04-08 12:24:07	2021-04-08 12:24:07	\N
2	PROTIAMBAR	\N	2021-04-08 12:23:44	2021-04-12 13:33:52	\N
3	SEDENA	\N	2021-04-08 12:24:00	2021-11-30 20:31:53	\N
6	MARINA	\N	2021-12-01 10:22:23	2021-12-01 10:22:23	\N
\.


--
-- Data for Name: weapon_brand; Type: TABLE DATA; Schema: public; Owner: alfabravo_user
--

COPY public.weapon_brand (id, name, description, created_at, updated_at, deleted_at) FROM stdin;
1	MENDOZA	\N	2021-11-30 20:39:27	2021-11-30 20:39:27	\N
2	BROWNING	\N	2021-11-30 20:39:48	2021-11-30 20:39:48	\N
3	PIETRO BERETTA	\N	2021-11-30 21:10:24	2021-11-30 21:10:24	\N
4	TAURUS	\N	2022-07-25 10:35:05	2022-07-25 10:35:05	\N
5	GLOCK	\N	2022-07-26 13:18:53	2022-07-26 13:18:53	\N
6	SMITH & WESSON	\N	2022-07-26 13:24:38	2022-07-26 13:24:38	\N
7	CESKA ZBROJOVKA	\N	2022-07-26 13:33:58	2022-07-26 13:33:58	\N
8	BERETTA	\N	2022-07-26 13:52:14	2022-07-26 13:52:14	\N
9	SIG SAUER	\N	2022-07-26 13:57:32	2022-07-26 13:57:32	\N
10	RUGER	\N	2022-07-26 14:09:36	2022-07-26 14:09:36	\N
11	JENNINGS	\N	2022-08-18 21:58:00	2022-08-18 21:58:00	\N
12	FN HERSTAL	\N	2023-07-20 13:54:45	2023-07-20 13:54:45	\N
\.


--
-- Data for Name: weapon_caliber; Type: TABLE DATA; Schema: public; Owner: alfabravo_user
--

COPY public.weapon_caliber (id, name, description, created_at, updated_at, deleted_at) FROM stdin;
1	9 MM	\N	2021-11-30 20:48:22	2021-11-30 20:48:22	\N
2	45 MM	\N	2021-11-30 20:57:16	2021-11-30 20:57:16	\N
3	40 MM	\N	2021-11-30 20:57:24	2021-11-30 20:57:24	\N
4	38 MM	\N	2021-11-30 20:57:34	2021-11-30 20:57:34	\N
5	12 MM	\N	2021-11-30 20:57:43	2021-11-30 20:57:43	\N
\.


--
-- Data for Name: weapon_model; Type: TABLE DATA; Schema: public; Owner: alfabravo_user
--

COPY public.weapon_model (id, name, description, brand_id, created_at, updated_at, deleted_at) FROM stdin;
1	AZTK	\N	1	2021-11-30 20:40:35	2021-11-30 20:40:35	\N
2	PX4 STORM	\N	3	2021-11-30 21:11:36	2021-11-30 21:11:36	\N
3	CX4 STORM	\N	3	2021-11-30 21:11:48	2021-11-30 21:11:48	\N
4	PT 24/7 PRO	\N	4	2022-07-25 10:35:48	2022-07-25 10:35:48	\N
5	SIN.	\N	2	2022-07-26 13:11:18	2022-07-26 13:11:18	\N
6	17 GEN 4	\N	5	2022-07-26 13:19:17	2022-07-26 13:19:17	\N
7	36	\N	6	2022-07-26 13:24:52	2022-07-26 13:24:52	\N
8	CZ75 SP-01 SHADOW	\N	7	2022-07-26 13:34:35	2022-07-26 13:34:35	\N
9	PX4 STORM	\N	8	2022-07-26 13:52:48	2022-07-26 13:52:48	\N
10	SP2022	\N	9	2022-07-26 13:57:51	2022-07-26 13:57:51	\N
11	P89	\N	10	2022-07-26 14:09:47	2022-07-26 14:09:47	\N
12	BRYCO 59	\N	11	2022-08-18 21:58:27	2022-08-18 21:58:27	\N
13	10- 10	\N	6	2022-08-31 11:12:21	2022-08-31 11:12:21	\N
14	FNP9	\N	12	2023-07-20 13:55:38	2023-07-20 13:55:38	\N
\.


--
-- Data for Name: weapon_type; Type: TABLE DATA; Schema: public; Owner: alfabravo_user
--

COPY public.weapon_type (id, name, description, created_at, updated_at, deleted_at) FROM stdin;
1	PISTOLA	\N	2021-11-30 20:28:26	2021-11-30 20:28:26	\N
2	REVOLVER	\N	2021-11-30 20:41:19	2021-11-30 20:41:19	\N
3	RIFLE DE REPETICION	\N	2021-11-30 20:41:47	2021-11-30 20:41:47	\N
4	RIFLE SEMI-AUTOMATICO	\N	2021-11-30 20:43:46	2021-11-30 20:43:46	\N
5	ESCOPETA UN CAÑON	\N	2021-11-30 20:44:01	2021-11-30 20:44:01	\N
6	ESCOPETA DOS CAÑONES	\N	2021-11-30 20:44:15	2021-11-30 20:44:15	\N
7	ESCOPETA TRES CAÑONES	\N	2021-11-30 20:44:25	2021-11-30 20:44:25	\N
8	ESCOPETA RIFLE	\N	2021-11-30 20:44:57	2021-11-30 20:44:57	\N
9	ESCOPETA SEMI-SEMIAUTOMATICA	\N	2021-11-30 20:45:21	2021-11-30 20:45:21	\N
10	CARABINA	\N	2021-11-30 21:11:10	2021-11-30 21:11:10	\N
\.


--
-- Data for Name: work_position; Type: TABLE DATA; Schema: public; Owner: alfabravo_user
--

COPY public.work_position (id, name, description, created_at, updated_at, deleted_at, area_id) FROM stdin;
1	GUARDIA	\N	2021-01-08 09:31:31	\N	\N	\N
2	GANADEROS/ GUARDIA	\N	2021-01-08 09:31:34	\N	\N	\N
3	ESCOLTA	\N	2021-01-08 09:31:38	\N	\N	\N
5	MONITORISTA	\N	2021-01-08 09:32:09	\N	\N	\N
6	CHOFER	\N	2021-01-08 09:32:24	\N	\N	\N
7	GUARDIA/ARMADO	\N	2021-01-08 09:32:36	\N	\N	\N
8	MECÁNICO	\N	2021-01-08 09:32:51	\N	\N	\N
9	LAVADOR	\N	2021-01-08 09:33:15	\N	\N	\N
10	OPERATIVO	\N	2021-01-08 09:33:33	\N	\N	\N
12	ARMADO	\N	2021-01-23 16:11:14	2021-01-23 16:11:14	\N	\N
13	SAGITARIO	\N	2021-01-23 16:11:15	2021-01-23 16:11:15	\N	\N
15	COORDINADOR	\N	2021-02-19 23:36:20	2021-02-19 23:36:20	\N	\N
16	GUARDIA DE SEGURIDAD INTRAMURO DESARMADO	\N	2021-03-06 19:23:53	2021-03-06 19:23:53	\N	\N
17	GUARDIA DE SEGURIDAD INTRAMURO ARMADO	\N	2021-03-06 19:24:38	2021-03-06 19:24:38	\N	\N
18	CONDUCTOR CUSTODIAS	\N	2021-03-06 19:24:51	2021-03-06 19:24:51	\N	\N
19	CUSTODIO ARMADO	\N	2021-03-06 19:25:02	2021-03-06 19:25:02	\N	\N
20	CONDUCTOR EJECUTIVO	\N	2021-03-06 19:25:14	2021-03-06 19:25:14	\N	\N
21	COORDINADOR	\N	2021-03-06 19:25:26	2021-03-06 19:25:26	\N	\N
22	SUPERVISOR	\N	2021-03-06 19:25:39	2021-03-06 19:25:39	\N	\N
24	JEFE DE SERVICIO	\N	2021-03-06 19:26:13	2021-03-06 19:26:13	\N	\N
25	ESCOLTA ARMADO	\N	2021-03-06 19:26:27	2021-03-06 19:26:27	\N	\N
27	CHOQUE	\N	2021-04-28 17:44:22	2021-04-28 17:44:22	\N	\N
28	INSTRUCTOR PR 24	\N	2021-04-28 17:45:15	2021-04-28 17:45:15	\N	\N
29	SUBDIRECTOR	\N	2022-05-19 13:32:47	2022-05-19 13:32:47	\N	\N
30	DIRECTOR	\N	2022-05-19 13:33:46	2022-05-19 13:33:46	\N	\N
4	ADMINISTRATIVO	\N	2021-01-08 09:31:56	2024-02-07 14:41:01	\N	1
31	ESCOLTA A	\N	2024-02-29 12:06:33	2024-02-29 12:06:33	\N	\N
32	ESCOLTA B	\N	2024-02-29 12:06:42	2024-02-29 12:06:42	\N	\N
33	ESCOLTA C	\N	2024-02-29 12:06:51	2024-02-29 12:06:51	\N	\N
34	ESCOLTA D	\N	2024-02-29 12:06:59	2024-02-29 12:06:59	\N	\N
35	CAPACITADORES	\N	2024-02-29 12:07:11	2024-02-29 12:07:11	\N	\N
36	MANEJADORES	\N	2024-02-29 12:07:20	2024-02-29 12:07:20	\N	\N
37	COORDINACION DE CENTRO DE MONITOREO	\N	2024-02-29 12:07:29	2024-02-29 12:07:29	\N	\N
38	JEFE DE MONITOREO	\N	2024-02-29 12:07:51	2024-02-29 12:07:51	\N	\N
39	COORDINACION DE ESTUDIOS DE RIESGOS Y PROTECCION CIVIL	\N	2024-02-29 12:08:01	2024-02-29 12:08:01	\N	\N
40	ANALISTA DE ADMINISTRACIÓN	\N	2024-02-29 12:09:06	2024-02-29 12:09:06	\N	\N
41	ANALISTA DE ALMACÉN	\N	2024-02-29 12:09:19	2024-02-29 12:09:19	\N	\N
42	ANALISTA DE BIENES INMUEBLES	\N	2024-02-29 12:09:28	2024-02-29 12:09:28	\N	\N
43	ANALISTA DE CAPACITACION	\N	2024-02-29 12:09:37	2024-02-29 12:09:37	\N	\N
44	ANALISTA DE COBRANZA	\N	2024-02-29 12:09:49	2024-02-29 12:09:49	\N	\N
45	ANALISTA DE COMPRAS	\N	2024-02-29 12:09:57	2024-02-29 12:09:57	\N	\N
46	ANALISTA DE COMUNICACIÓN INTERNA	\N	2024-02-29 12:10:09	2024-02-29 12:10:09	\N	\N
47	ANALISTA DE CONTRATACIÓN	\N	2024-02-29 12:10:19	2024-02-29 12:10:19	\N	\N
48	ANALISTA DE COTIZACIONES	\N	2024-02-29 12:12:59	2024-02-29 12:12:59	\N	\N
49	ANALISTA DE DESARROLLO	\N	2024-02-29 12:13:09	2024-02-29 12:13:09	\N	\N
50	ANALISTA DE DISEÑO	\N	2024-02-29 12:15:10	2024-02-29 12:15:10	\N	\N
51	ANALISTA DE FACTURACIÓN	\N	2024-02-29 12:15:25	2024-02-29 12:15:25	\N	\N
52	ANALISTA DE INVENTARIO VALORADO	\N	2024-02-29 12:15:35	2024-02-29 12:15:35	\N	\N
53	ANALISTA DE INVENTARIOS	\N	2024-02-29 12:15:44	2024-02-29 12:15:44	\N	\N
54	ANALISTA DE MANTENIMIENTO	\N	2024-02-29 12:15:54	2024-02-29 12:15:54	\N	\N
55	ANALISTA DE MANTENIMIENTO DE BIENES INMUEBLES	\N	2024-02-29 12:16:04	2024-02-29 12:16:04	\N	\N
56	ANALISTA DE MARKETING	\N	2024-02-29 12:16:12	2024-02-29 12:16:12	\N	\N
57	ANALISTA DE NÓMINA	\N	2024-02-29 12:16:29	2024-02-29 12:16:29	\N	\N
58	ANALISTA DE PROYECTOS DE BIENES INMUEBLES	\N	2024-02-29 12:16:59	2024-02-29 12:16:59	\N	\N
59	ANALISTA DE RECLUTAMIENTO	\N	2024-02-29 12:17:08	2024-02-29 12:17:08	\N	\N
60	ANALISTA DE RELACIONES LABORALES	\N	2024-02-29 12:17:18	2024-02-29 12:17:18	\N	\N
61	ANALISTA DE SERVICIO AL CLIENTE	\N	2024-02-29 12:17:27	2024-02-29 12:17:27	\N	\N
62	ANALISTA DE SISTEMAS	\N	2024-02-29 12:17:36	2024-02-29 12:17:36	\N	\N
63	ANALISTA DE SOPORTE TÉCNICO	\N	2024-02-29 12:17:45	2024-02-29 12:17:45	\N	\N
64	ANALISTA DE VENTAS	\N	2024-02-29 12:17:54	2024-02-29 12:17:54	\N	\N
65	ANALISTA GUARDA PARQUE	\N	2024-02-29 12:18:05	2024-02-29 12:18:05	\N	\N
66	ASESOR JURIDICO	\N	2024-02-29 12:18:13	2024-02-29 12:18:13	\N	\N
67	CAPACITADORES	\N	2024-02-29 12:18:23	2024-02-29 12:18:23	\N	\N
68	CONDUCTOR DE CUSTODIA A	\N	2024-02-29 12:18:52	2024-02-29 12:18:52	\N	\N
69	CONDUCTOR DE CUSTODIA B	\N	2024-02-29 12:19:09	2024-02-29 12:19:09	\N	\N
70	CONDUCTOR DE CUSTODIA C	\N	2024-02-29 12:19:16	2024-02-29 12:19:16	\N	\N
71	CONDUCTOR DE CUSTODIA D	\N	2024-02-29 12:19:25	2024-02-29 12:19:25	\N	\N
72	CONDUCTOR EJECUTIVO A	\N	2024-02-29 12:19:37	2024-02-29 12:19:37	\N	\N
73	CONDUCTOR EJECUTIVO B	\N	2024-02-29 12:19:48	2024-02-29 12:19:48	\N	\N
74	CONDUCTOR EJECUTIVO C	\N	2024-02-29 12:19:57	2024-02-29 12:19:57	\N	\N
75	CONDUCTOR EJECUTIVO D	\N	2024-02-29 12:20:06	2024-02-29 12:20:06	\N	\N
82	COORDINADOR DE ADIESTRAMIENTO K9	\N	2024-02-29 12:22:39	2024-02-29 12:22:39	\N	\N
83	COORDINADOR DE CAPACITACION	\N	2024-02-29 12:22:51	2024-02-29 12:22:51	\N	\N
85	COORDINADOR FINANZAS	\N	2024-02-29 12:23:18	2024-02-29 12:23:18	\N	\N
86	COORDINADOR MARCOM	\N	2024-02-29 12:23:39	2024-02-29 12:23:39	\N	\N
87	DIRECTOR DE OPERACIONES	\N	2024-02-29 12:23:53	2024-02-29 12:23:53	\N	\N
88	DIRECTOR GENERAL	\N	2024-02-29 12:24:15	2024-02-29 12:24:15	\N	\N
89	ESCOLTA E	\N	2024-02-29 12:24:54	2024-02-29 12:24:54	\N	\N
90	GERENCIA COMERCIAL	\N	2024-02-29 12:25:05	2024-02-29 12:25:05	\N	\N
91	GERENCIA DE ADQUISICIONES	\N	2024-02-29 12:25:18	2024-02-29 12:25:18	\N	\N
92	GERENCIA DE ESCOLTAS	\N	2024-02-29 12:25:31	2024-02-29 12:25:31	\N	\N
93	GERENCIA DE OPERACIONES	\N	2024-02-29 12:26:15	2024-02-29 12:26:15	\N	\N
94	GERENCIA DIVISION CANINA K9	\N	2024-02-29 12:26:29	2024-02-29 12:26:29	\N	\N
95	GERENTE ADMINISTRATIVO	\N	2024-02-29 12:27:36	2024-02-29 12:27:36	\N	\N
96	GERENTE RRHH	\N	2024-02-29 12:27:49	2024-02-29 12:27:49	\N	\N
97	GUARDIA ARMADO  A	\N	2024-02-29 12:28:03	2024-02-29 12:28:03	\N	\N
98	GUARDIA ARMADO  B	\N	2024-02-29 12:28:25	2024-02-29 12:28:25	\N	\N
99	GUARDIA ARMADO  C	\N	2024-02-29 12:28:36	2024-02-29 12:28:36	\N	\N
100	GUARDIA ARMADO  D	\N	2024-02-29 12:28:49	2024-02-29 12:28:49	\N	\N
101	GUARDIA ARMADO E	\N	2024-02-29 12:28:59	2024-02-29 12:28:59	\N	\N
102	GUARDIA DESARMADO  A	\N	2024-02-29 12:29:10	2024-02-29 12:29:10	\N	\N
103	GUARDIA DESARMADO B	\N	2024-02-29 12:29:20	2024-02-29 12:29:20	\N	\N
104	GUARDIA DESARMADO C	\N	2024-02-29 12:29:28	2024-02-29 12:29:28	\N	\N
105	GUARDIA DESARMADO D	\N	2024-02-29 12:29:36	2024-02-29 12:29:36	\N	\N
106	GUARDIA DESARMADO E	\N	2024-02-29 12:29:45	2024-02-29 12:29:45	\N	\N
107	GUARDIA DESARMADO F	\N	2024-02-29 12:29:55	2024-02-29 12:29:55	\N	\N
108	GUARDIA DESARMADO G	\N	2024-02-29 12:30:06	2024-02-29 12:30:06	\N	\N
109	GUARDIA DESARMADO H	\N	2024-02-29 12:30:16	2024-02-29 12:30:16	\N	\N
110	GUARDIA DESARMADO I	\N	2024-02-29 12:30:25	2024-02-29 12:30:25	\N	\N
111	GUARDIA DESARMADO J	\N	2024-02-29 12:30:36	2024-02-29 12:30:36	\N	\N
112	GUARDIA DESARMADO K	\N	2024-02-29 12:30:46	2024-02-29 12:30:46	\N	\N
113	GUARDIA DESARMADO L	\N	2024-02-29 12:30:56	2024-02-29 12:30:56	\N	\N
114	MONITORISTA A	\N	2024-02-29 12:32:14	2024-02-29 12:32:14	\N	\N
115	MONITORISTA B	\N	2024-02-29 12:32:22	2024-02-29 12:32:22	\N	\N
23	JEFE DE TURNO	\N	2021-03-06 19:25:58	2024-03-04 10:24:23	\N	14
14	VALIDADOR	\N	2021-01-23 16:11:16	2024-03-04 12:29:49	\N	31
81	COORDINACION GRAL DE CUSTODIAS	\N	2024-02-29 12:22:27	2024-03-04 16:24:10	\N	31
80	COORDINACION DE OPERACIONES (SUR-SURESTE)	\N	2024-02-29 12:22:04	2024-08-21 16:28:29	\N	17
76	COORDINACION DE OPERACIONES (CENTRO)	\N	2024-02-29 12:21:04	2024-08-21 16:28:12	\N	17
79	COORDINACION DE OPERACIONES (OCCIDENTE)	\N	2024-02-29 12:21:34	2024-08-21 16:28:41	\N	17
78	COORDINACION DE OPERACIONES (NOROESTE)	\N	2024-02-29 12:21:21	2024-08-21 16:28:52	\N	17
116	MONITORISTA C	\N	2024-02-29 12:32:34	2024-02-29 12:32:34	\N	\N
117	MONITORISTA D	\N	2024-02-29 12:32:53	2024-02-29 12:32:53	\N	\N
118	OPERATIVO A	\N	2024-02-29 12:33:09	2024-02-29 12:33:09	\N	\N
119	OPERATIVO B	\N	2024-02-29 12:33:19	2024-02-29 12:33:19	\N	\N
120	OPERATIVO C	\N	2024-02-29 12:34:13	2024-02-29 12:34:13	\N	\N
121	OPERATIVO D	\N	2024-02-29 12:34:22	2024-02-29 12:34:22	\N	\N
122	SUPERVISOR DE SERVICIOS	\N	2024-02-29 12:34:34	2024-02-29 12:34:34	\N	\N
84	COORDINADOR DE GESTION DE CALIDAD	\N	2024-02-29 12:23:03	2024-03-01 09:48:41	\N	15
123	AYUDANTE GENERAL	\N	2024-03-02 12:52:04	2024-03-02 12:52:04	\N	13
124	COORDINADOR CARRETERAS	\N	2024-03-04 12:15:27	2024-03-04 12:15:27	\N	\N
125	CUSTODIO ARMADO A	\N	2024-03-04 12:28:45	2024-03-04 12:28:45	\N	31
126	CUSTODIO ARMADO B	\N	2024-03-04 12:29:00	2024-03-04 12:29:00	\N	31
127	CUSTODIO ARMADO C	\N	2024-03-04 12:29:11	2024-03-04 12:29:11	\N	31
128	CUSTODIO ARMADO D	\N	2024-03-04 12:29:29	2024-03-04 12:29:29	\N	31
129	ANALISTA CONTABLE	\N	2024-03-04 12:30:48	2024-03-04 12:30:48	\N	24
130	CONDUCTOR EJECUTIVO E	\N	2024-03-04 14:00:43	2024-03-04 14:00:43	\N	13
131	GERENTE CUSTODIAS	\N	2024-03-04 16:23:57	2024-03-04 16:23:57	\N	31
132	GERENTE INTRAMUROS	\N	2024-03-05 12:10:35	2024-03-05 12:10:35	\N	14
133	GERENTE CONTABILIDAD	\N	2024-03-06 12:44:28	2024-03-06 12:44:28	\N	24
134	COORDINADOR DE INFORMACION Y ANALISIS	\N	2024-03-06 13:15:09	2024-03-06 13:15:09	\N	17
77	COORDINACION DE OPERACIONES (NORESTE)	\N	2024-02-29 12:21:13	2024-08-21 16:27:59	\N	17
135	MANTENIMIENTO GENERAL	\N	2024-09-20 10:28:30	2024-09-20 10:28:30	\N	\N
136	PRACTICANTE	\N	2024-09-20 11:06:30	2024-09-20 11:06:30	\N	\N
137	ADMINISTRACION OPERATIVA	\N	2024-09-20 11:40:43	2024-09-20 11:40:43	\N	\N
138	PROTECCIÓN CIVIL	\N	2024-09-20 13:54:23	2024-09-20 13:56:10	2024-09-20 13:56:10	\N
139	PSICOLOGO	\N	2024-09-25 18:47:13	2024-09-25 18:47:13	\N	\N
140	MECÁNICO	\N	2025-06-06 19:15:48	2025-06-06 19:15:48	\N	20
\.


--
-- Data for Name: work_shift; Type: TABLE DATA; Schema: public; Owner: alfabravo_user
--

COPY public.work_shift (id, name, description, created_at, updated_at, deleted_at) FROM stdin;
1	24X24	\N	2023-06-21 16:54:39	2023-06-21 16:54:39	\N
2	12X12	\N	2024-01-22 11:47:25	2024-01-22 11:47:25	\N
3	12X24	\N	2024-01-28 12:41:59	2024-01-28 12:41:59	\N
\.


--
-- Name: activity_id_seq_1; Type: SEQUENCE SET; Schema: public; Owner: alfabravo_user
--

SELECT pg_catalog.setval('public.activity_id_seq_1', 1, false);


--
-- Name: activity_log_id_seq; Type: SEQUENCE SET; Schema: public; Owner: alfabravo_user
--

SELECT pg_catalog.setval('public.activity_log_id_seq', 721016, true);


--
-- Name: activity_type_id_seq; Type: SEQUENCE SET; Schema: public; Owner: alfabravo_user
--

SELECT pg_catalog.setval('public.activity_type_id_seq', 1, false);


--
-- Name: agenda_event_id_seq_1; Type: SEQUENCE SET; Schema: public; Owner: alfabravo_user
--

SELECT pg_catalog.setval('public.agenda_event_id_seq_1', 1, false);


--
-- Name: allergy_id_seq; Type: SEQUENCE SET; Schema: public; Owner: alfabravo_user
--

SELECT pg_catalog.setval('public.allergy_id_seq', 85, true);


--
-- Name: alm_attributes_alm_categories_id_seq; Type: SEQUENCE SET; Schema: public; Owner: alfabravo_user
--

SELECT pg_catalog.setval('public.alm_attributes_alm_categories_id_seq', 335, true);


--
-- Name: alm_attributes_alm_products_id_seq; Type: SEQUENCE SET; Schema: public; Owner: alfabravo_user
--

SELECT pg_catalog.setval('public.alm_attributes_alm_products_id_seq', 4195, true);


--
-- Name: alm_attributes_id_seq; Type: SEQUENCE SET; Schema: public; Owner: alfabravo_user
--

SELECT pg_catalog.setval('public.alm_attributes_id_seq', 141, true);


--
-- Name: alm_catalogos_id_seq; Type: SEQUENCE SET; Schema: public; Owner: alfabravo_user
--

SELECT pg_catalog.setval('public.alm_catalogos_id_seq', 49, true);


--
-- Name: alm_categories_alm_request_orders_id_seq; Type: SEQUENCE SET; Schema: public; Owner: alfabravo_user
--

SELECT pg_catalog.setval('public.alm_categories_alm_request_orders_id_seq', 1, false);


--
-- Name: alm_categories_id_seq; Type: SEQUENCE SET; Schema: public; Owner: alfabravo_user
--

SELECT pg_catalog.setval('public.alm_categories_id_seq', 105, true);


--
-- Name: alm_deliveries_id_seq; Type: SEQUENCE SET; Schema: public; Owner: alfabravo_user
--

SELECT pg_catalog.setval('public.alm_deliveries_id_seq', 1, false);


--
-- Name: alm_log_entries_id_seq; Type: SEQUENCE SET; Schema: public; Owner: alfabravo_user
--

SELECT pg_catalog.setval('public.alm_log_entries_id_seq', 413, true);


--
-- Name: alm_log_entry_alm_product_id_seq; Type: SEQUENCE SET; Schema: public; Owner: alfabravo_user
--

SELECT pg_catalog.setval('public.alm_log_entry_alm_product_id_seq', 881, true);


--
-- Name: alm_movement_alm_products_id_seq; Type: SEQUENCE SET; Schema: public; Owner: alfabravo_user
--

SELECT pg_catalog.setval('public.alm_movement_alm_products_id_seq', 62, true);


--
-- Name: alm_movements_id_seq; Type: SEQUENCE SET; Schema: public; Owner: alfabravo_user
--

SELECT pg_catalog.setval('public.alm_movements_id_seq', 59, true);


--
-- Name: alm_orders_id_seq; Type: SEQUENCE SET; Schema: public; Owner: alfabravo_user
--

SELECT pg_catalog.setval('public.alm_orders_id_seq', 1, false);


--
-- Name: alm_pedidos_id_seq; Type: SEQUENCE SET; Schema: public; Owner: alfabravo_user
--

SELECT pg_catalog.setval('public.alm_pedidos_id_seq', 6, true);


--
-- Name: alm_products_id_seq; Type: SEQUENCE SET; Schema: public; Owner: alfabravo_user
--

SELECT pg_catalog.setval('public.alm_products_id_seq', 831, true);


--
-- Name: alm_request_orders_id_seq; Type: SEQUENCE SET; Schema: public; Owner: alfabravo_user
--

SELECT pg_catalog.setval('public.alm_request_orders_id_seq', 14, true);


--
-- Name: almacens_id_seq; Type: SEQUENCE SET; Schema: public; Owner: alfabravo_user
--

SELECT pg_catalog.setval('public.almacens_id_seq', 17, true);


--
-- Name: app_module_id_seq; Type: SEQUENCE SET; Schema: public; Owner: alfabravo_user
--

SELECT pg_catalog.setval('public.app_module_id_seq', 1, false);


--
-- Name: area_id_seq; Type: SEQUENCE SET; Schema: public; Owner: alfabravo_user
--

SELECT pg_catalog.setval('public.area_id_seq', 34, true);


--
-- Name: base_id_seq; Type: SEQUENCE SET; Schema: public; Owner: alfabravo_user
--

SELECT pg_catalog.setval('public.base_id_seq', 17, false);


--
-- Name: bonus_employee_id_seq; Type: SEQUENCE SET; Schema: public; Owner: alfabravo_user
--

SELECT pg_catalog.setval('public.bonus_employee_id_seq', 89, true);


--
-- Name: brand_id_seq; Type: SEQUENCE SET; Schema: public; Owner: alfabravo_user
--

SELECT pg_catalog.setval('public.brand_id_seq', 57, true);


--
-- Name: capacitation_responsible_id_seq; Type: SEQUENCE SET; Schema: public; Owner: alfabravo_user
--

SELECT pg_catalog.setval('public.capacitation_responsible_id_seq', 32, true);


--
-- Name: category_id_seq; Type: SEQUENCE SET; Schema: public; Owner: alfabravo_user
--

SELECT pg_catalog.setval('public.category_id_seq', 1, false);


--
-- Name: chat_id_seq; Type: SEQUENCE SET; Schema: public; Owner: alfabravo_user
--

SELECT pg_catalog.setval('public.chat_id_seq', 12, true);


--
-- Name: client_agenda_event_id_seq; Type: SEQUENCE SET; Schema: public; Owner: alfabravo_user
--

SELECT pg_catalog.setval('public.client_agenda_event_id_seq', 44, true);


--
-- Name: client_agenda_id_seq; Type: SEQUENCE SET; Schema: public; Owner: alfabravo_user
--

SELECT pg_catalog.setval('public.client_agenda_id_seq', 1, false);


--
-- Name: client_conditions_id_seq; Type: SEQUENCE SET; Schema: public; Owner: alfabravo_user
--

SELECT pg_catalog.setval('public.client_conditions_id_seq', 1, false);


--
-- Name: client_cotization_id_seq; Type: SEQUENCE SET; Schema: public; Owner: alfabravo_user
--

SELECT pg_catalog.setval('public.client_cotization_id_seq', 4, true);


--
-- Name: client_expense_id_seq; Type: SEQUENCE SET; Schema: public; Owner: alfabravo_user
--

SELECT pg_catalog.setval('public.client_expense_id_seq', 1, false);


--
-- Name: client_files_id_seq; Type: SEQUENCE SET; Schema: public; Owner: alfabravo_user
--

SELECT pg_catalog.setval('public.client_files_id_seq', 364, true);


--
-- Name: client_group_id_seq; Type: SEQUENCE SET; Schema: public; Owner: alfabravo_user
--

SELECT pg_catalog.setval('public.client_group_id_seq', 31, true);


--
-- Name: client_id_seq; Type: SEQUENCE SET; Schema: public; Owner: alfabravo_user
--

SELECT pg_catalog.setval('public.client_id_seq', 288, true);


--
-- Name: client_prospect_type_id_seq; Type: SEQUENCE SET; Schema: public; Owner: alfabravo_user
--

SELECT pg_catalog.setval('public.client_prospect_type_id_seq', 5, false);


--
-- Name: client_reason_id_seq; Type: SEQUENCE SET; Schema: public; Owner: alfabravo_user
--

SELECT pg_catalog.setval('public.client_reason_id_seq', 24, true);


--
-- Name: cloud_group_id_seq2; Type: SEQUENCE SET; Schema: public; Owner: alfabravo_user
--

SELECT pg_catalog.setval('public.cloud_group_id_seq2', 2, false);


--
-- Name: cloud_group_member_id_seq; Type: SEQUENCE SET; Schema: public; Owner: alfabravo_user
--

SELECT pg_catalog.setval('public.cloud_group_member_id_seq', 2, false);


--
-- Name: cloud_id_seq; Type: SEQUENCE SET; Schema: public; Owner: alfabravo_user
--

SELECT pg_catalog.setval('public.cloud_id_seq', 2438, true);


--
-- Name: cloud_iso_9000_id_seq_1; Type: SEQUENCE SET; Schema: public; Owner: alfabravo_user
--

SELECT pg_catalog.setval('public.cloud_iso_9000_id_seq_1', 1093, true);


--
-- Name: cloud_item_permissions_id_seq; Type: SEQUENCE SET; Schema: public; Owner: alfabravo_user
--

SELECT pg_catalog.setval('public.cloud_item_permissions_id_seq', 463, true);


--
-- Name: cloud_item_share_id_seq; Type: SEQUENCE SET; Schema: public; Owner: alfabravo_user
--

SELECT pg_catalog.setval('public.cloud_item_share_id_seq', 845, true);


--
-- Name: cloud_type_document_has_item_id_seq; Type: SEQUENCE SET; Schema: public; Owner: alfabravo_user
--

SELECT pg_catalog.setval('public.cloud_type_document_has_item_id_seq', 97, true);


--
-- Name: cloud_type_document_id_seq; Type: SEQUENCE SET; Schema: public; Owner: alfabravo_user
--

SELECT pg_catalog.setval('public.cloud_type_document_id_seq', 42, true);


--
-- Name: contract_id_seq; Type: SEQUENCE SET; Schema: public; Owner: alfabravo_user
--

SELECT pg_catalog.setval('public.contract_id_seq', 3, false);


--
-- Name: cost_id_seq; Type: SEQUENCE SET; Schema: public; Owner: alfabravo_user
--

SELECT pg_catalog.setval('public.cost_id_seq', 1, false);


--
-- Name: country_id_seq; Type: SEQUENCE SET; Schema: public; Owner: alfabravo_user
--

SELECT pg_catalog.setval('public.country_id_seq', 3, false);


--
-- Name: coupon_id_seq; Type: SEQUENCE SET; Schema: public; Owner: alfabravo_user
--

SELECT pg_catalog.setval('public.coupon_id_seq', 2, false);


--
-- Name: course_employee_id_seq; Type: SEQUENCE SET; Schema: public; Owner: alfabravo_user
--

SELECT pg_catalog.setval('public.course_employee_id_seq', 10, true);


--
-- Name: course_id_seq; Type: SEQUENCE SET; Schema: public; Owner: alfabravo_user
--

SELECT pg_catalog.setval('public.course_id_seq', 7, true);


--
-- Name: coverage_id_seq; Type: SEQUENCE SET; Schema: public; Owner: alfabravo_user
--

SELECT pg_catalog.setval('public.coverage_id_seq', 6, false);


--
-- Name: dia_padre_id_seq; Type: SEQUENCE SET; Schema: public; Owner: alfabravo_user
--

SELECT pg_catalog.setval('public.dia_padre_id_seq', 76, true);


--
-- Name: document_category_id_seq; Type: SEQUENCE SET; Schema: public; Owner: alfabravo_user
--

SELECT pg_catalog.setval('public.document_category_id_seq', 8, true);


--
-- Name: employee_asistence_id_seq; Type: SEQUENCE SET; Schema: public; Owner: alfabravo_user
--

SELECT pg_catalog.setval('public.employee_asistence_id_seq', 175101, true);


--
-- Name: employee_attention_id_seq; Type: SEQUENCE SET; Schema: public; Owner: alfabravo_user
--

SELECT pg_catalog.setval('public.employee_attention_id_seq', 1, false);


--
-- Name: employee_attention_status_seq; Type: SEQUENCE SET; Schema: public; Owner: alfabravo_user
--

SELECT pg_catalog.setval('public.employee_attention_status_seq', 1, false);


--
-- Name: employee_attention_type_id_seq; Type: SEQUENCE SET; Schema: public; Owner: alfabravo_user
--

SELECT pg_catalog.setval('public.employee_attention_type_id_seq', 2, false);


--
-- Name: employee_bank_data_id_seq; Type: SEQUENCE SET; Schema: public; Owner: alfabravo_user
--

SELECT pg_catalog.setval('public.employee_bank_data_id_seq', 6884, true);


--
-- Name: employee_discharge_reason_id_seq; Type: SEQUENCE SET; Schema: public; Owner: alfabravo_user
--

SELECT pg_catalog.setval('public.employee_discharge_reason_id_seq', 17, false);


--
-- Name: employee_eventual_payment_id_seq; Type: SEQUENCE SET; Schema: public; Owner: alfabravo_user
--

SELECT pg_catalog.setval('public.employee_eventual_payment_id_seq', 1, false);


--
-- Name: employee_files_id_seq; Type: SEQUENCE SET; Schema: public; Owner: alfabravo_user
--

SELECT pg_catalog.setval('public.employee_files_id_seq', 45525, true);


--
-- Name: employee_request_id_seq; Type: SEQUENCE SET; Schema: public; Owner: alfabravo_user
--

SELECT pg_catalog.setval('public.employee_request_id_seq', 1, false);


--
-- Name: employee_salary_id_seq; Type: SEQUENCE SET; Schema: public; Owner: alfabravo_user
--

SELECT pg_catalog.setval('public.employee_salary_id_seq', 1, false);


--
-- Name: employee_security_secretary_id_seq; Type: SEQUENCE SET; Schema: public; Owner: alfabravo_user
--

SELECT pg_catalog.setval('public.employee_security_secretary_id_seq', 57, true);


--
-- Name: employee_security_secretary_status_id_seq; Type: SEQUENCE SET; Schema: public; Owner: alfabravo_user
--

SELECT pg_catalog.setval('public.employee_security_secretary_status_id_seq', 5, true);


--
-- Name: employee_seq_id; Type: SEQUENCE SET; Schema: public; Owner: alfabravo_user
--

SELECT pg_catalog.setval('public.employee_seq_id', 3090, true);


--
-- Name: employee_seq_id_type; Type: SEQUENCE SET; Schema: public; Owner: alfabravo_user
--

SELECT pg_catalog.setval('public.employee_seq_id_type', 13, false);


--
-- Name: employee_social_study_id_seq; Type: SEQUENCE SET; Schema: public; Owner: alfabravo_user
--

SELECT pg_catalog.setval('public.employee_social_study_id_seq', 1, true);


--
-- Name: employee_status_day_id_seq; Type: SEQUENCE SET; Schema: public; Owner: alfabravo_user
--

SELECT pg_catalog.setval('public.employee_status_day_id_seq', 324793, true);


--
-- Name: employee_status_id_seq; Type: SEQUENCE SET; Schema: public; Owner: alfabravo_user
--

SELECT pg_catalog.setval('public.employee_status_id_seq', 29, true);


--
-- Name: employee_symbology_id_seq; Type: SEQUENCE SET; Schema: public; Owner: alfabravo_user
--

SELECT pg_catalog.setval('public.employee_symbology_id_seq', 3, true);


--
-- Name: employee_terms_id_seq; Type: SEQUENCE SET; Schema: public; Owner: alfabravo_user
--

SELECT pg_catalog.setval('public.employee_terms_id_seq', 1, false);


--
-- Name: employee_weapon_registry_id_seq; Type: SEQUENCE SET; Schema: public; Owner: alfabravo_user
--

SELECT pg_catalog.setval('public.employee_weapon_registry_id_seq', 28, false);


--
-- Name: enterprise_document_category_id_seq; Type: SEQUENCE SET; Schema: public; Owner: alfabravo_user
--

SELECT pg_catalog.setval('public.enterprise_document_category_id_seq', 7, true);


--
-- Name: enterprise_file_share_user_id_seq; Type: SEQUENCE SET; Schema: public; Owner: alfabravo_user
--

SELECT pg_catalog.setval('public.enterprise_file_share_user_id_seq', 2, true);


--
-- Name: enterprise_file_type_id_seq; Type: SEQUENCE SET; Schema: public; Owner: alfabravo_user
--

SELECT pg_catalog.setval('public.enterprise_file_type_id_seq', 7, true);


--
-- Name: enterprise_files_id_seq; Type: SEQUENCE SET; Schema: public; Owner: alfabravo_user
--

SELECT pg_catalog.setval('public.enterprise_files_id_seq', 35, true);


--
-- Name: enterprise_id_seq; Type: SEQUENCE SET; Schema: public; Owner: alfabravo_user
--

SELECT pg_catalog.setval('public.enterprise_id_seq', 15, true);


--
-- Name: enterprise_product_id_seq; Type: SEQUENCE SET; Schema: public; Owner: alfabravo_user
--

SELECT pg_catalog.setval('public.enterprise_product_id_seq', 4, true);


--
-- Name: exam_id_seq; Type: SEQUENCE SET; Schema: public; Owner: alfabravo_user
--

SELECT pg_catalog.setval('public.exam_id_seq', 2, false);


--
-- Name: exp_dates_id_seq; Type: SEQUENCE SET; Schema: public; Owner: alfabravo_user
--

SELECT pg_catalog.setval('public.exp_dates_id_seq', 15, false);


--
-- Name: exp_pedido_id_seq; Type: SEQUENCE SET; Schema: public; Owner: alfabravo_user
--

SELECT pg_catalog.setval('public.exp_pedido_id_seq', 1, false);


--
-- Name: exp_recursive_id_seq; Type: SEQUENCE SET; Schema: public; Owner: alfabravo_user
--

SELECT pg_catalog.setval('public.exp_recursive_id_seq', 3, false);


--
-- Name: exp_request_id_seq; Type: SEQUENCE SET; Schema: public; Owner: alfabravo_user
--

SELECT pg_catalog.setval('public.exp_request_id_seq', 1, false);


--
-- Name: expenses_id_seq; Type: SEQUENCE SET; Schema: public; Owner: alfabravo_user
--

SELECT pg_catalog.setval('public.expenses_id_seq', 26, false);


--
-- Name: external_service_provider_id_seq; Type: SEQUENCE SET; Schema: public; Owner: alfabravo_user
--

SELECT pg_catalog.setval('public.external_service_provider_id_seq', 1, false);


--
-- Name: external_service_provider_type_id_seq; Type: SEQUENCE SET; Schema: public; Owner: alfabravo_user
--

SELECT pg_catalog.setval('public.external_service_provider_type_id_seq', 1, false);


--
-- Name: external_service_type_id_seq; Type: SEQUENCE SET; Schema: public; Owner: alfabravo_user
--

SELECT pg_catalog.setval('public.external_service_type_id_seq', 1, false);


--
-- Name: failed_jobs_id_seq; Type: SEQUENCE SET; Schema: public; Owner: alfabravo_user
--

SELECT pg_catalog.setval('public.failed_jobs_id_seq', 1, false);


--
-- Name: file_type_id_seq; Type: SEQUENCE SET; Schema: public; Owner: alfabravo_user
--

SELECT pg_catalog.setval('public.file_type_id_seq', 122, true);


--
-- Name: fixed_cost_category_id_seq; Type: SEQUENCE SET; Schema: public; Owner: alfabravo_user
--

SELECT pg_catalog.setval('public.fixed_cost_category_id_seq', 17, true);


--
-- Name: fixed_cost_facture_id_seq; Type: SEQUENCE SET; Schema: public; Owner: alfabravo_user
--

SELECT pg_catalog.setval('public.fixed_cost_facture_id_seq', 19, true);


--
-- Name: fixed_cost_id_seq; Type: SEQUENCE SET; Schema: public; Owner: alfabravo_user
--

SELECT pg_catalog.setval('public.fixed_cost_id_seq', 315, true);


--
-- Name: fixed_cost_payment_id_seq; Type: SEQUENCE SET; Schema: public; Owner: alfabravo_user
--

SELECT pg_catalog.setval('public.fixed_cost_payment_id_seq', 18, true);


--
-- Name: fixed_cost_payment_way_id_seq; Type: SEQUENCE SET; Schema: public; Owner: alfabravo_user
--

SELECT pg_catalog.setval('public.fixed_cost_payment_way_id_seq', 38, true);


--
-- Name: fixed_cost_planned_amount_id_seq; Type: SEQUENCE SET; Schema: public; Owner: alfabravo_user
--

SELECT pg_catalog.setval('public.fixed_cost_planned_amount_id_seq', 7, true);


--
-- Name: format_id_seq; Type: SEQUENCE SET; Schema: public; Owner: alfabravo_user
--

SELECT pg_catalog.setval('public.format_id_seq', 34, true);


--
-- Name: format_variable_id_seq; Type: SEQUENCE SET; Schema: public; Owner: alfabravo_user
--

SELECT pg_catalog.setval('public.format_variable_id_seq', 55, true);


--
-- Name: fuel_type_id_seq; Type: SEQUENCE SET; Schema: public; Owner: alfabravo_user
--

SELECT pg_catalog.setval('public.fuel_type_id_seq', 6, false);


--
-- Name: gps_id_seq; Type: SEQUENCE SET; Schema: public; Owner: alfabravo_user
--

SELECT pg_catalog.setval('public.gps_id_seq', 21, false);


--
-- Name: group_taxes_id_seq; Type: SEQUENCE SET; Schema: public; Owner: alfabravo_user
--

SELECT pg_catalog.setval('public.group_taxes_id_seq', 2, false);


--
-- Name: guard_type_id_seq; Type: SEQUENCE SET; Schema: public; Owner: alfabravo_user
--

SELECT pg_catalog.setval('public.guard_type_id_seq', 1, false);


--
-- Name: holiday_day_id_seq; Type: SEQUENCE SET; Schema: public; Owner: alfabravo_user
--

SELECT pg_catalog.setval('public.holiday_day_id_seq', 1, false);


--
-- Name: id_bank_seq; Type: SEQUENCE SET; Schema: public; Owner: alfabravo_user
--

SELECT pg_catalog.setval('public.id_bank_seq', 62, false);


--
-- Name: id_bonus_client_seq; Type: SEQUENCE SET; Schema: public; Owner: alfabravo_user
--

SELECT pg_catalog.setval('public.id_bonus_client_seq', 64, false);


--
-- Name: id_bonus_seq; Type: SEQUENCE SET; Schema: public; Owner: alfabravo_user
--

SELECT pg_catalog.setval('public.id_bonus_seq', 26, false);


--
-- Name: id_discount_employee_seq; Type: SEQUENCE SET; Schema: public; Owner: alfabravo_user
--

SELECT pg_catalog.setval('public.id_discount_employee_seq', 2921, true);


--
-- Name: id_discount_seq; Type: SEQUENCE SET; Schema: public; Owner: alfabravo_user
--

SELECT pg_catalog.setval('public.id_discount_seq', 28, true);


--
-- Name: id_employee_type_seq; Type: SEQUENCE SET; Schema: public; Owner: alfabravo_user
--

SELECT pg_catalog.setval('public.id_employee_type_seq', 2, false);


--
-- Name: id_marital_status_seq; Type: SEQUENCE SET; Schema: public; Owner: alfabravo_user
--

SELECT pg_catalog.setval('public.id_marital_status_seq', 5, false);


--
-- Name: id_payroll_employee_bonus_seq; Type: SEQUENCE SET; Schema: public; Owner: alfabravo_user
--

SELECT pg_catalog.setval('public.id_payroll_employee_bonus_seq', 39032, true);


--
-- Name: id_payroll_employee_discount_seq; Type: SEQUENCE SET; Schema: public; Owner: alfabravo_user
--

SELECT pg_catalog.setval('public.id_payroll_employee_discount_seq', 31632, true);


--
-- Name: id_payroll_employee_seq; Type: SEQUENCE SET; Schema: public; Owner: alfabravo_user
--

SELECT pg_catalog.setval('public.id_payroll_employee_seq', 44943, true);


--
-- Name: id_payroll_seq; Type: SEQUENCE SET; Schema: public; Owner: alfabravo_user
--

SELECT pg_catalog.setval('public.id_payroll_seq', 243, true);


--
-- Name: id_personal_address_seq; Type: SEQUENCE SET; Schema: public; Owner: alfabravo_user
--

SELECT pg_catalog.setval('public.id_personal_address_seq', 3119, true);


--
-- Name: id_ubication_history_seq; Type: SEQUENCE SET; Schema: public; Owner: alfabravo_user
--

SELECT pg_catalog.setval('public.id_ubication_history_seq', 14408, true);


--
-- Name: inc_dates_id_seq; Type: SEQUENCE SET; Schema: public; Owner: alfabravo_user
--

SELECT pg_catalog.setval('public.inc_dates_id_seq', 1, false);


--
-- Name: inc_debts_id_seq; Type: SEQUENCE SET; Schema: public; Owner: alfabravo_user
--

SELECT pg_catalog.setval('public.inc_debts_id_seq', 1, false);


--
-- Name: inc_sales_notes_id_seq; Type: SEQUENCE SET; Schema: public; Owner: alfabravo_user
--

SELECT pg_catalog.setval('public.inc_sales_notes_id_seq', 1, false);


--
-- Name: incidence_id_seq; Type: SEQUENCE SET; Schema: public; Owner: alfabravo_user
--

SELECT pg_catalog.setval('public.incidence_id_seq', 1, false);


--
-- Name: incident_type_id_seq; Type: SEQUENCE SET; Schema: public; Owner: alfabravo_user
--

SELECT pg_catalog.setval('public.incident_type_id_seq', 8, true);


--
-- Name: incomes_id_seq; Type: SEQUENCE SET; Schema: public; Owner: alfabravo_user
--

SELECT pg_catalog.setval('public.incomes_id_seq', 1, false);


--
-- Name: infos_cobranzas_files_id_seq; Type: SEQUENCE SET; Schema: public; Owner: alfabravo_user
--

SELECT pg_catalog.setval('public.infos_cobranzas_files_id_seq', 1, false);


--
-- Name: infos_cobranzas_id_seq; Type: SEQUENCE SET; Schema: public; Owner: alfabravo_user
--

SELECT pg_catalog.setval('public.infos_cobranzas_id_seq', 1, false);


--
-- Name: infos_intramuros_budget_id_seq; Type: SEQUENCE SET; Schema: public; Owner: alfabravo_user
--

SELECT pg_catalog.setval('public.infos_intramuros_budget_id_seq', 1, false);


--
-- Name: infos_intramuros_expense_id_seq; Type: SEQUENCE SET; Schema: public; Owner: alfabravo_user
--

SELECT pg_catalog.setval('public.infos_intramuros_expense_id_seq', 1, false);


--
-- Name: infos_intramuros_service_element_id_seq; Type: SEQUENCE SET; Schema: public; Owner: alfabravo_user
--

SELECT pg_catalog.setval('public.infos_intramuros_service_element_id_seq', 1, false);


--
-- Name: infos_intramuros_service_id_seq; Type: SEQUENCE SET; Schema: public; Owner: alfabravo_user
--

SELECT pg_catalog.setval('public.infos_intramuros_service_id_seq', 63, true);


--
-- Name: infos_service_budget_id_seq; Type: SEQUENCE SET; Schema: public; Owner: alfabravo_user
--

SELECT pg_catalog.setval('public.infos_service_budget_id_seq', 80, true);


--
-- Name: infos_service_carrier_id_seq; Type: SEQUENCE SET; Schema: public; Owner: alfabravo_user
--

SELECT pg_catalog.setval('public.infos_service_carrier_id_seq', 3, true);


--
-- Name: infos_service_employee_id_seq; Type: SEQUENCE SET; Schema: public; Owner: alfabravo_user
--

SELECT pg_catalog.setval('public.infos_service_employee_id_seq', 28539, true);


--
-- Name: infos_service_events_files_id_seq; Type: SEQUENCE SET; Schema: public; Owner: alfabravo_user
--

SELECT pg_catalog.setval('public.infos_service_events_files_id_seq', 1965, false);


--
-- Name: infos_service_events_id_seq; Type: SEQUENCE SET; Schema: public; Owner: alfabravo_user
--

SELECT pg_catalog.setval('public.infos_service_events_id_seq', 49, false);


--
-- Name: infos_service_expense_id_seq; Type: SEQUENCE SET; Schema: public; Owner: alfabravo_user
--

SELECT pg_catalog.setval('public.infos_service_expense_id_seq', 20041, true);


--
-- Name: infos_service_id_seq; Type: SEQUENCE SET; Schema: public; Owner: alfabravo_user
--

SELECT pg_catalog.setval('public.infos_service_id_seq', 10085, true);


--
-- Name: infos_service_intramuros_employee_id_seq; Type: SEQUENCE SET; Schema: public; Owner: alfabravo_user
--

SELECT pg_catalog.setval('public.infos_service_intramuros_employee_id_seq', 3433, true);


--
-- Name: infos_service_intramuros_resource_id_seq; Type: SEQUENCE SET; Schema: public; Owner: alfabravo_user
--

SELECT pg_catalog.setval('public.infos_service_intramuros_resource_id_seq', 7, true);


--
-- Name: infos_service_intramuros_vehicle_id_seq; Type: SEQUENCE SET; Schema: public; Owner: alfabravo_user
--

SELECT pg_catalog.setval('public.infos_service_intramuros_vehicle_id_seq', 5, true);


--
-- Name: infos_service_plan_id_seq; Type: SEQUENCE SET; Schema: public; Owner: alfabravo_user
--

SELECT pg_catalog.setval('public.infos_service_plan_id_seq', 264, true);


--
-- Name: infos_service_resource_id_seq; Type: SEQUENCE SET; Schema: public; Owner: alfabravo_user
--

SELECT pg_catalog.setval('public.infos_service_resource_id_seq', 25570, true);


--
-- Name: infos_service_route_id_seq; Type: SEQUENCE SET; Schema: public; Owner: alfabravo_user
--

SELECT pg_catalog.setval('public.infos_service_route_id_seq', 11618, true);


--
-- Name: infos_service_type_work_position_id_seq; Type: SEQUENCE SET; Schema: public; Owner: alfabravo_user
--

SELECT pg_catalog.setval('public.infos_service_type_work_position_id_seq', 1349, true);


--
-- Name: infos_service_vehicle_id_seq; Type: SEQUENCE SET; Schema: public; Owner: alfabravo_user
--

SELECT pg_catalog.setval('public.infos_service_vehicle_id_seq', 14508, true);


--
-- Name: infos_services_vehicle_type_id_seq; Type: SEQUENCE SET; Schema: public; Owner: alfabravo_user
--

SELECT pg_catalog.setval('public.infos_services_vehicle_type_id_seq', 4, false);


--
-- Name: infos_warehouse_id_seq; Type: SEQUENCE SET; Schema: public; Owner: alfabravo_user
--

SELECT pg_catalog.setval('public.infos_warehouse_id_seq', 4, false);


--
-- Name: infos_warehouse_movement_id_seq; Type: SEQUENCE SET; Schema: public; Owner: alfabravo_user
--

SELECT pg_catalog.setval('public.infos_warehouse_movement_id_seq', 4, false);


--
-- Name: insurance_id_seq; Type: SEQUENCE SET; Schema: public; Owner: alfabravo_user
--

SELECT pg_catalog.setval('public.insurance_id_seq', 21, false);


--
-- Name: insurance_type_id_seq; Type: SEQUENCE SET; Schema: public; Owner: alfabravo_user
--

SELECT pg_catalog.setval('public.insurance_type_id_seq', 1, false);


--
-- Name: inventory_category_id_seq; Type: SEQUENCE SET; Schema: public; Owner: alfabravo_user
--

SELECT pg_catalog.setval('public.inventory_category_id_seq', 47, true);


--
-- Name: inventory_category_property_id_seq; Type: SEQUENCE SET; Schema: public; Owner: alfabravo_user
--

SELECT pg_catalog.setval('public.inventory_category_property_id_seq', 16, true);


--
-- Name: inventory_id_id_seq; Type: SEQUENCE SET; Schema: public; Owner: alfabravo_user
--

SELECT pg_catalog.setval('public.inventory_id_id_seq', 357, true);


--
-- Name: inventory_owner_id_seq; Type: SEQUENCE SET; Schema: public; Owner: alfabravo_user
--

SELECT pg_catalog.setval('public.inventory_owner_id_seq', 310, true);


--
-- Name: inventory_product_brand_id_seq; Type: SEQUENCE SET; Schema: public; Owner: alfabravo_user
--

SELECT pg_catalog.setval('public.inventory_product_brand_id_seq', 24, true);


--
-- Name: inventory_product_color_id_seq; Type: SEQUENCE SET; Schema: public; Owner: alfabravo_user
--

SELECT pg_catalog.setval('public.inventory_product_color_id_seq', 24, true);


--
-- Name: inventory_product_extra_attr_id_seq; Type: SEQUENCE SET; Schema: public; Owner: alfabravo_user
--

SELECT pg_catalog.setval('public.inventory_product_extra_attr_id_seq', 59, true);


--
-- Name: inventory_product_id_seq; Type: SEQUENCE SET; Schema: public; Owner: alfabravo_user
--

SELECT pg_catalog.setval('public.inventory_product_id_seq', 201, true);


--
-- Name: inventory_product_location_id_seq; Type: SEQUENCE SET; Schema: public; Owner: alfabravo_user
--

SELECT pg_catalog.setval('public.inventory_product_location_id_seq', 5, true);


--
-- Name: inventory_product_material_id_seq; Type: SEQUENCE SET; Schema: public; Owner: alfabravo_user
--

SELECT pg_catalog.setval('public.inventory_product_material_id_seq', 14, true);


--
-- Name: inventory_product_state_id_seq; Type: SEQUENCE SET; Schema: public; Owner: alfabravo_user
--

SELECT pg_catalog.setval('public.inventory_product_state_id_seq', 5, true);


--
-- Name: item_category_id_seq; Type: SEQUENCE SET; Schema: public; Owner: alfabravo_user
--

SELECT pg_catalog.setval('public.item_category_id_seq', 1, false);


--
-- Name: item_has_provider_id_seq; Type: SEQUENCE SET; Schema: public; Owner: alfabravo_user
--

SELECT pg_catalog.setval('public.item_has_provider_id_seq', 1, false);


--
-- Name: jobs_id_seq; Type: SEQUENCE SET; Schema: public; Owner: alfabravo_user
--

SELECT pg_catalog.setval('public.jobs_id_seq', 220, true);


--
-- Name: lang_id_seq; Type: SEQUENCE SET; Schema: public; Owner: alfabravo_user
--

SELECT pg_catalog.setval('public.lang_id_seq', 3, true);


--
-- Name: location_id_seq; Type: SEQUENCE SET; Schema: public; Owner: alfabravo_user
--

SELECT pg_catalog.setval('public.location_id_seq', 97071, false);


--
-- Name: manufacturer_id_seq; Type: SEQUENCE SET; Schema: public; Owner: alfabravo_user
--

SELECT pg_catalog.setval('public.manufacturer_id_seq', 3, false);


--
-- Name: migrations_id_seq; Type: SEQUENCE SET; Schema: public; Owner: alfabravo_user
--

SELECT pg_catalog.setval('public.migrations_id_seq', 10, false);


--
-- Name: mileage_type_id_seq; Type: SEQUENCE SET; Schema: public; Owner: alfabravo_user
--

SELECT pg_catalog.setval('public.mileage_type_id_seq', 11, false);


--
-- Name: nomina_concept_element_id_seq; Type: SEQUENCE SET; Schema: public; Owner: alfabravo_user
--

SELECT pg_catalog.setval('public.nomina_concept_element_id_seq', 1, false);


--
-- Name: nomina_concept_id_seq; Type: SEQUENCE SET; Schema: public; Owner: alfabravo_user
--

SELECT pg_catalog.setval('public.nomina_concept_id_seq', 1, false);


--
-- Name: nomina_id_seq; Type: SEQUENCE SET; Schema: public; Owner: alfabravo_user
--

SELECT pg_catalog.setval('public.nomina_id_seq', 1, false);


--
-- Name: office_id_seq; Type: SEQUENCE SET; Schema: public; Owner: alfabravo_user
--

SELECT pg_catalog.setval('public.office_id_seq', 17, false);


--
-- Name: office_zone_id_seq; Type: SEQUENCE SET; Schema: public; Owner: alfabravo_user
--

SELECT pg_catalog.setval('public.office_zone_id_seq', 99730, false);


--
-- Name: order_id_seq; Type: SEQUENCE SET; Schema: public; Owner: alfabravo_user
--

SELECT pg_catalog.setval('public.order_id_seq', 12, true);


--
-- Name: order_product_id_seq; Type: SEQUENCE SET; Schema: public; Owner: alfabravo_user
--

SELECT pg_catalog.setval('public.order_product_id_seq', 17, true);


--
-- Name: participacion_id_seq; Type: SEQUENCE SET; Schema: public; Owner: alfabravo_user
--

SELECT pg_catalog.setval('public.participacion_id_seq', 1, false);


--
-- Name: passwords_id_seq; Type: SEQUENCE SET; Schema: public; Owner: alfabravo_user
--

SELECT pg_catalog.setval('public.passwords_id_seq', 170, true);


--
-- Name: payment_account_id_seq; Type: SEQUENCE SET; Schema: public; Owner: alfabravo_user
--

SELECT pg_catalog.setval('public.payment_account_id_seq', 8, true);


--
-- Name: payment_method_id_seq; Type: SEQUENCE SET; Schema: public; Owner: alfabravo_user
--

SELECT pg_catalog.setval('public.payment_method_id_seq', 8, false);


--
-- Name: payrol_employee_control_id_seq; Type: SEQUENCE SET; Schema: public; Owner: alfabravo_user
--

SELECT pg_catalog.setval('public.payrol_employee_control_id_seq', 1, false);


--
-- Name: payroll_cutoff_schedule_id_seq; Type: SEQUENCE SET; Schema: public; Owner: alfabravo_user
--

SELECT pg_catalog.setval('public.payroll_cutoff_schedule_id_seq', 4, false);


--
-- Name: payroll_employee_files_id_seq; Type: SEQUENCE SET; Schema: public; Owner: alfabravo_user
--

SELECT pg_catalog.setval('public.payroll_employee_files_id_seq', 22442, true);


--
-- Name: payroll_software_id_seq; Type: SEQUENCE SET; Schema: public; Owner: alfabravo_user
--

SELECT pg_catalog.setval('public.payroll_software_id_seq', 3, false);


--
-- Name: periodicity_id_seq; Type: SEQUENCE SET; Schema: public; Owner: alfabravo_user
--

SELECT pg_catalog.setval('public.periodicity_id_seq', 9, true);


--
-- Name: permissions_id_seq; Type: SEQUENCE SET; Schema: public; Owner: alfabravo_user
--

SELECT pg_catalog.setval('public.permissions_id_seq', 27, false);


--
-- Name: person_type_id_seq; Type: SEQUENCE SET; Schema: public; Owner: alfabravo_user
--

SELECT pg_catalog.setval('public.person_type_id_seq', 6, false);


--
-- Name: personal_allergy_id_seq; Type: SEQUENCE SET; Schema: public; Owner: alfabravo_user
--

SELECT pg_catalog.setval('public.personal_allergy_id_seq', 9191, true);


--
-- Name: personal_bank_data_id_seq; Type: SEQUENCE SET; Schema: public; Owner: alfabravo_user
--

SELECT pg_catalog.setval('public.personal_bank_data_id_seq', 671, true);


--
-- Name: personal_bank_data_id_seq_33; Type: SEQUENCE SET; Schema: public; Owner: alfabravo_user
--

SELECT pg_catalog.setval('public.personal_bank_data_id_seq_33', 1, false);


--
-- Name: personal_bank_data_id_seq_333; Type: SEQUENCE SET; Schema: public; Owner: alfabravo_user
--

SELECT pg_catalog.setval('public.personal_bank_data_id_seq_333', 1, false);


--
-- Name: personal_emergency_contact_id_seq; Type: SEQUENCE SET; Schema: public; Owner: alfabravo_user
--

SELECT pg_catalog.setval('public.personal_emergency_contact_id_seq', 1, false);


--
-- Name: personal_exam_id_seq; Type: SEQUENCE SET; Schema: public; Owner: alfabravo_user
--

SELECT pg_catalog.setval('public.personal_exam_id_seq', 1, false);


--
-- Name: personal_familiar_structure_id_seq; Type: SEQUENCE SET; Schema: public; Owner: alfabravo_user
--

SELECT pg_catalog.setval('public.personal_familiar_structure_id_seq', 1, false);


--
-- Name: personal_hired_id_seq; Type: SEQUENCE SET; Schema: public; Owner: alfabravo_user
--

SELECT pg_catalog.setval('public.personal_hired_id_seq', 389, true);


--
-- Name: personal_home_id_seq; Type: SEQUENCE SET; Schema: public; Owner: alfabravo_user
--

SELECT pg_catalog.setval('public.personal_home_id_seq', 3, false);


--
-- Name: personal_how_arrived_id_seq; Type: SEQUENCE SET; Schema: public; Owner: alfabravo_user
--

SELECT pg_catalog.setval('public.personal_how_arrived_id_seq', 4, true);


--
-- Name: personal_id_seq; Type: SEQUENCE SET; Schema: public; Owner: alfabravo_user
--

SELECT pg_catalog.setval('public.personal_id_seq', 3293, true);


--
-- Name: personal_job_references_id_seq; Type: SEQUENCE SET; Schema: public; Owner: alfabravo_user
--

SELECT pg_catalog.setval('public.personal_job_references_id_seq', 1, false);


--
-- Name: personal_sickness_id_seq; Type: SEQUENCE SET; Schema: public; Owner: alfabravo_user
--

SELECT pg_catalog.setval('public.personal_sickness_id_seq', 1551, true);


--
-- Name: personal_size_id_seq; Type: SEQUENCE SET; Schema: public; Owner: alfabravo_user
--

SELECT pg_catalog.setval('public.personal_size_id_seq', 19234, true);


--
-- Name: personal_spoken_languages_id_seq; Type: SEQUENCE SET; Schema: public; Owner: alfabravo_user
--

SELECT pg_catalog.setval('public.personal_spoken_languages_id_seq', 9665, true);


--
-- Name: product_articles_id_seq; Type: SEQUENCE SET; Schema: public; Owner: alfabravo_user
--

SELECT pg_catalog.setval('public.product_articles_id_seq', 17, true);


--
-- Name: product_delivery_id_seq; Type: SEQUENCE SET; Schema: public; Owner: alfabravo_user
--

SELECT pg_catalog.setval('public.product_delivery_id_seq', 1375, true);


--
-- Name: product_delivery_item_id_seq; Type: SEQUENCE SET; Schema: public; Owner: alfabravo_user
--

SELECT pg_catalog.setval('public.product_delivery_item_id_seq', 3333, true);


--
-- Name: product_id_seq; Type: SEQUENCE SET; Schema: public; Owner: alfabravo_user
--

SELECT pg_catalog.setval('public.product_id_seq', 4, false);


--
-- Name: provider_has_bank_data_id_seq; Type: SEQUENCE SET; Schema: public; Owner: alfabravo_user
--

SELECT pg_catalog.setval('public.provider_has_bank_data_id_seq', 113, true);


--
-- Name: providers_id_seq; Type: SEQUENCE SET; Schema: public; Owner: alfabravo_user
--

SELECT pg_catalog.setval('public.providers_id_seq', 293, true);


--
-- Name: quiz_answer_id_seq; Type: SEQUENCE SET; Schema: public; Owner: alfabravo_user
--

SELECT pg_catalog.setval('public.quiz_answer_id_seq', 10549, true);


--
-- Name: quiz_attemp_id_seq; Type: SEQUENCE SET; Schema: public; Owner: alfabravo_user
--

SELECT pg_catalog.setval('public.quiz_attemp_id_seq', 481, true);


--
-- Name: quiz_attempt_answer_files_id_seq; Type: SEQUENCE SET; Schema: public; Owner: alfabravo_user
--

SELECT pg_catalog.setval('public.quiz_attempt_answer_files_id_seq', 2, true);


--
-- Name: quiz_id_seq; Type: SEQUENCE SET; Schema: public; Owner: alfabravo_user
--

SELECT pg_catalog.setval('public.quiz_id_seq', 5, true);


--
-- Name: quiz_question_id_seq; Type: SEQUENCE SET; Schema: public; Owner: alfabravo_user
--

SELECT pg_catalog.setval('public.quiz_question_id_seq', 53, true);


--
-- Name: quiz_question_option_id_seq; Type: SEQUENCE SET; Schema: public; Owner: alfabravo_user
--

SELECT pg_catalog.setval('public.quiz_question_option_id_seq', 147, true);


--
-- Name: quoter_id_seq; Type: SEQUENCE SET; Schema: public; Owner: alfabravo_user
--

SELECT pg_catalog.setval('public.quoter_id_seq', 1, true);


--
-- Name: rating_id_seq; Type: SEQUENCE SET; Schema: public; Owner: alfabravo_user
--

SELECT pg_catalog.setval('public.rating_id_seq', 6, true);


--
-- Name: recibos_fiscales_id_seq; Type: SEQUENCE SET; Schema: public; Owner: alfabravo_user
--

SELECT pg_catalog.setval('public.recibos_fiscales_id_seq', 1, false);


--
-- Name: recruitment_files_id_seq; Type: SEQUENCE SET; Schema: public; Owner: alfabravo_user
--

SELECT pg_catalog.setval('public.recruitment_files_id_seq', 1, false);


--
-- Name: recruitment_status_reason_id_seq; Type: SEQUENCE SET; Schema: public; Owner: alfabravo_user
--

SELECT pg_catalog.setval('public.recruitment_status_reason_id_seq', 1, true);


--
-- Name: recruitment_type_file_id_seq; Type: SEQUENCE SET; Schema: public; Owner: alfabravo_user
--

SELECT pg_catalog.setval('public.recruitment_type_file_id_seq', 1, false);


--
-- Name: register_status_id_seq; Type: SEQUENCE SET; Schema: public; Owner: alfabravo_user
--

SELECT pg_catalog.setval('public.register_status_id_seq', 34, false);


--
-- Name: rent_services_id_seq; Type: SEQUENCE SET; Schema: public; Owner: alfabravo_user
--

SELECT pg_catalog.setval('public.rent_services_id_seq', 7, false);


--
-- Name: resource_type_id_seq; Type: SEQUENCE SET; Schema: public; Owner: alfabravo_user
--

SELECT pg_catalog.setval('public.resource_type_id_seq', 1156, true);


--
-- Name: resource_type_price_id_seq; Type: SEQUENCE SET; Schema: public; Owner: alfabravo_user
--

SELECT pg_catalog.setval('public.resource_type_price_id_seq', 1, false);


--
-- Name: resource_type_provider_id_seq; Type: SEQUENCE SET; Schema: public; Owner: alfabravo_user
--

SELECT pg_catalog.setval('public.resource_type_provider_id_seq', 1358, true);


--
-- Name: resource_type_request_id_seq; Type: SEQUENCE SET; Schema: public; Owner: alfabravo_user
--

SELECT pg_catalog.setval('public.resource_type_request_id_seq', 5, false);


--
-- Name: roles_id_seq; Type: SEQUENCE SET; Schema: public; Owner: alfabravo_user
--

SELECT pg_catalog.setval('public.roles_id_seq', 118, true);


--
-- Name: rondin_config_id_seq; Type: SEQUENCE SET; Schema: public; Owner: alfabravo_user
--

SELECT pg_catalog.setval('public.rondin_config_id_seq', 5, false);


--
-- Name: rondin_file_id_seq; Type: SEQUENCE SET; Schema: public; Owner: alfabravo_user
--

SELECT pg_catalog.setval('public.rondin_file_id_seq', 6, false);


--
-- Name: rondin_id_seq; Type: SEQUENCE SET; Schema: public; Owner: alfabravo_user
--

SELECT pg_catalog.setval('public.rondin_id_seq', 5, false);


--
-- Name: rondin_log_id_seq; Type: SEQUENCE SET; Schema: public; Owner: alfabravo_user
--

SELECT pg_catalog.setval('public.rondin_log_id_seq', 381, false);


--
-- Name: rondin_round_frecuency_id_seq; Type: SEQUENCE SET; Schema: public; Owner: alfabravo_user
--

SELECT pg_catalog.setval('public.rondin_round_frecuency_id_seq', 1, false);


--
-- Name: rondin_round_id_seq; Type: SEQUENCE SET; Schema: public; Owner: alfabravo_user
--

SELECT pg_catalog.setval('public.rondin_round_id_seq', 37, false);


--
-- Name: rondin_trace_id_seq; Type: SEQUENCE SET; Schema: public; Owner: alfabravo_user
--

SELECT pg_catalog.setval('public.rondin_trace_id_seq', 25, false);


--
-- Name: route_id_seq; Type: SEQUENCE SET; Schema: public; Owner: alfabravo_user
--

SELECT pg_catalog.setval('public.route_id_seq', 544, true);


--
-- Name: rrhh_requirement_id_seq; Type: SEQUENCE SET; Schema: public; Owner: alfabravo_user
--

SELECT pg_catalog.setval('public.rrhh_requirement_id_seq', 1, false);


--
-- Name: sales_order_files_id_seq; Type: SEQUENCE SET; Schema: public; Owner: alfabravo_user
--

SELECT pg_catalog.setval('public.sales_order_files_id_seq', 49, true);


--
-- Name: sales_order_id_seq; Type: SEQUENCE SET; Schema: public; Owner: alfabravo_user
--

SELECT pg_catalog.setval('public.sales_order_id_seq', 1869, true);


--
-- Name: sales_order_item_id_seq; Type: SEQUENCE SET; Schema: public; Owner: alfabravo_user
--

SELECT pg_catalog.setval('public.sales_order_item_id_seq', 3141, true);


--
-- Name: sales_order_payment_way_id_seq; Type: SEQUENCE SET; Schema: public; Owner: alfabravo_user
--

SELECT pg_catalog.setval('public.sales_order_payment_way_id_seq', 7, false);


--
-- Name: sales_order_status_id_seq; Type: SEQUENCE SET; Schema: public; Owner: alfabravo_user
--

SELECT pg_catalog.setval('public.sales_order_status_id_seq', 2130, true);


--
-- Name: sales_order_unit_measure_id_seq; Type: SEQUENCE SET; Schema: public; Owner: alfabravo_user
--

SELECT pg_catalog.setval('public.sales_order_unit_measure_id_seq', 17, false);


--
-- Name: scolarship_id_seq; Type: SEQUENCE SET; Schema: public; Owner: alfabravo_user
--

SELECT pg_catalog.setval('public.scolarship_id_seq', 8, false);


--
-- Name: service_order_id_seq; Type: SEQUENCE SET; Schema: public; Owner: alfabravo_user
--

SELECT pg_catalog.setval('public.service_order_id_seq', 1018, true);


--
-- Name: service_order_work_id_seq; Type: SEQUENCE SET; Schema: public; Owner: alfabravo_user
--

SELECT pg_catalog.setval('public.service_order_work_id_seq', 1540, true);


--
-- Name: service_order_work_refaction_id_seq; Type: SEQUENCE SET; Schema: public; Owner: alfabravo_user
--

SELECT pg_catalog.setval('public.service_order_work_refaction_id_seq', 1, false);


--
-- Name: service_type_id_seq; Type: SEQUENCE SET; Schema: public; Owner: alfabravo_user
--

SELECT pg_catalog.setval('public.service_type_id_seq', 15, true);


--
-- Name: settings_id_seq; Type: SEQUENCE SET; Schema: public; Owner: alfabravo_user
--

SELECT pg_catalog.setval('public.settings_id_seq', 21, false);


--
-- Name: sickness_id_seq; Type: SEQUENCE SET; Schema: public; Owner: alfabravo_user
--

SELECT pg_catalog.setval('public.sickness_id_seq', 11, true);


--
-- Name: size_field_id_seq; Type: SEQUENCE SET; Schema: public; Owner: alfabravo_user
--

SELECT pg_catalog.setval('public.size_field_id_seq', 9, false);


--
-- Name: size_field_type_id_seq; Type: SEQUENCE SET; Schema: public; Owner: alfabravo_user
--

SELECT pg_catalog.setval('public.size_field_type_id_seq', 58, true);


--
-- Name: size_type_id_seq; Type: SEQUENCE SET; Schema: public; Owner: alfabravo_user
--

SELECT pg_catalog.setval('public.size_type_id_seq', 26, true);


--
-- Name: slide_id_seq; Type: SEQUENCE SET; Schema: public; Owner: alfabravo_user
--

SELECT pg_catalog.setval('public.slide_id_seq', 6, true);


--
-- Name: spoken_languages_id_seq; Type: SEQUENCE SET; Schema: public; Owner: alfabravo_user
--

SELECT pg_catalog.setval('public.spoken_languages_id_seq', 51, true);


--
-- Name: state_id_seq; Type: SEQUENCE SET; Schema: public; Owner: alfabravo_user
--

SELECT pg_catalog.setval('public.state_id_seq', 33, false);


--
-- Name: status_id_seq; Type: SEQUENCE SET; Schema: public; Owner: alfabravo_user
--

SELECT pg_catalog.setval('public.status_id_seq', 9, false);


--
-- Name: symbology_id_seq; Type: SEQUENCE SET; Schema: public; Owner: alfabravo_user
--

SELECT pg_catalog.setval('public.symbology_id_seq', 10, false);


--
-- Name: task_action_id_seq; Type: SEQUENCE SET; Schema: public; Owner: alfabravo_user
--

SELECT pg_catalog.setval('public.task_action_id_seq', 1, false);


--
-- Name: task_id_seq; Type: SEQUENCE SET; Schema: public; Owner: alfabravo_user
--

SELECT pg_catalog.setval('public.task_id_seq', 10, true);


--
-- Name: task_member_id_seq; Type: SEQUENCE SET; Schema: public; Owner: alfabravo_user
--

SELECT pg_catalog.setval('public.task_member_id_seq', 6, true);


--
-- Name: tax_receipts_files_id_seq; Type: SEQUENCE SET; Schema: public; Owner: alfabravo_user
--

SELECT pg_catalog.setval('public.tax_receipts_files_id_seq', 1, false);


--
-- Name: techinical_report_id_seq; Type: SEQUENCE SET; Schema: public; Owner: alfabravo_user
--

SELECT pg_catalog.setval('public.techinical_report_id_seq', 340, true);


--
-- Name: technical_report_calification_id_seq; Type: SEQUENCE SET; Schema: public; Owner: alfabravo_user
--

SELECT pg_catalog.setval('public.technical_report_calification_id_seq', 9, true);


--
-- Name: technical_report_id_seq_files; Type: SEQUENCE SET; Schema: public; Owner: alfabravo_user
--

SELECT pg_catalog.setval('public.technical_report_id_seq_files', 28, true);


--
-- Name: technical_report_modifications_id_seq; Type: SEQUENCE SET; Schema: public; Owner: alfabravo_user
--

SELECT pg_catalog.setval('public.technical_report_modifications_id_seq', 5, true);


--
-- Name: technical_report_status_files_id_seq; Type: SEQUENCE SET; Schema: public; Owner: alfabravo_user
--

SELECT pg_catalog.setval('public.technical_report_status_files_id_seq', 12, true);


--
-- Name: technical_report_status_id_seq; Type: SEQUENCE SET; Schema: public; Owner: alfabravo_user
--

SELECT pg_catalog.setval('public.technical_report_status_id_seq', 193, true);


--
-- Name: terms_id_seq; Type: SEQUENCE SET; Schema: public; Owner: alfabravo_user
--

SELECT pg_catalog.setval('public.terms_id_seq', 1, false);


--
-- Name: trace_slogan_client_id_seq; Type: SEQUENCE SET; Schema: public; Owner: alfabravo_user
--

SELECT pg_catalog.setval('public.trace_slogan_client_id_seq', 1, false);


--
-- Name: trace_slogan_evaluation_criteria_id_seq; Type: SEQUENCE SET; Schema: public; Owner: alfabravo_user
--

SELECT pg_catalog.setval('public.trace_slogan_evaluation_criteria_id_seq', 1, false);


--
-- Name: trace_slogan_frecuency_id_seq; Type: SEQUENCE SET; Schema: public; Owner: alfabravo_user
--

SELECT pg_catalog.setval('public.trace_slogan_frecuency_id_seq', 1, false);


--
-- Name: trace_slogan_function_id_seq; Type: SEQUENCE SET; Schema: public; Owner: alfabravo_user
--

SELECT pg_catalog.setval('public.trace_slogan_function_id_seq', 313905, false);


--
-- Name: trace_slogan_has_function_id_seq; Type: SEQUENCE SET; Schema: public; Owner: alfabravo_user
--

SELECT pg_catalog.setval('public.trace_slogan_has_function_id_seq', 1, false);


--
-- Name: trace_slogan_id_seq; Type: SEQUENCE SET; Schema: public; Owner: alfabravo_user
--

SELECT pg_catalog.setval('public.trace_slogan_id_seq', 1, false);


--
-- Name: trace_slogan_report_id_seq3; Type: SEQUENCE SET; Schema: public; Owner: alfabravo_user
--

SELECT pg_catalog.setval('public.trace_slogan_report_id_seq3', 1, false);


--
-- Name: trace_slogan_type_id_seq; Type: SEQUENCE SET; Schema: public; Owner: alfabravo_user
--

SELECT pg_catalog.setval('public.trace_slogan_type_id_seq', 1, false);


--
-- Name: transport_company_id_seq; Type: SEQUENCE SET; Schema: public; Owner: alfabravo_user
--

SELECT pg_catalog.setval('public.transport_company_id_seq', 3, true);


--
-- Name: type_document_id_seq; Type: SEQUENCE SET; Schema: public; Owner: alfabravo_user
--

SELECT pg_catalog.setval('public.type_document_id_seq', 61, true);


--
-- Name: type_social_security_id_seq; Type: SEQUENCE SET; Schema: public; Owner: alfabravo_user
--

SELECT pg_catalog.setval('public.type_social_security_id_seq', 5, false);


--
-- Name: ubication_id_seq; Type: SEQUENCE SET; Schema: public; Owner: alfabravo_user
--

SELECT pg_catalog.setval('public.ubication_id_seq', 33, true);


--
-- Name: ubication_id_seq_1; Type: SEQUENCE SET; Schema: public; Owner: alfabravo_user
--

SELECT pg_catalog.setval('public.ubication_id_seq_1', 3, false);


--
-- Name: unit_id_seq; Type: SEQUENCE SET; Schema: public; Owner: alfabravo_user
--

SELECT pg_catalog.setval('public.unit_id_seq', 7, true);


--
-- Name: user_area_id_seq; Type: SEQUENCE SET; Schema: public; Owner: alfabravo_user
--

SELECT pg_catalog.setval('public.user_area_id_seq', 1, false);


--
-- Name: user_belong_area_id_seq_1; Type: SEQUENCE SET; Schema: public; Owner: alfabravo_user
--

SELECT pg_catalog.setval('public.user_belong_area_id_seq_1', 107, true);


--
-- Name: user_category_id_seq; Type: SEQUENCE SET; Schema: public; Owner: alfabravo_user
--

SELECT pg_catalog.setval('public.user_category_id_seq', 7, true);


--
-- Name: user_client_id_seq; Type: SEQUENCE SET; Schema: public; Owner: alfabravo_user
--

SELECT pg_catalog.setval('public.user_client_id_seq', 3284, true);


--
-- Name: user_enterprise_id_seq; Type: SEQUENCE SET; Schema: public; Owner: alfabravo_user
--

SELECT pg_catalog.setval('public.user_enterprise_id_seq', 59, true);


--
-- Name: user_ntype_documents_id_seq; Type: SEQUENCE SET; Schema: public; Owner: alfabravo_user
--

SELECT pg_catalog.setval('public.user_ntype_documents_id_seq', 783, true);


--
-- Name: user_profile_id_seq; Type: SEQUENCE SET; Schema: public; Owner: alfabravo_user
--

SELECT pg_catalog.setval('public.user_profile_id_seq', 160, true);


--
-- Name: user_room_id_seq; Type: SEQUENCE SET; Schema: public; Owner: alfabravo_user
--

SELECT pg_catalog.setval('public.user_room_id_seq', 42, true);


--
-- Name: user_room_meeting_id_seq; Type: SEQUENCE SET; Schema: public; Owner: alfabravo_user
--

SELECT pg_catalog.setval('public.user_room_meeting_id_seq', 167, true);


--
-- Name: user_spoken_languages_id_seq; Type: SEQUENCE SET; Schema: public; Owner: alfabravo_user
--

SELECT pg_catalog.setval('public.user_spoken_languages_id_seq', 27, false);


--
-- Name: user_spoken_languages_id_seq1; Type: SEQUENCE SET; Schema: public; Owner: alfabravo_user
--

SELECT pg_catalog.setval('public.user_spoken_languages_id_seq1', 33, true);


--
-- Name: user_type_documents_id_seq; Type: SEQUENCE SET; Schema: public; Owner: alfabravo_user
--

SELECT pg_catalog.setval('public.user_type_documents_id_seq', 439, true);


--
-- Name: user_type_id_seq; Type: SEQUENCE SET; Schema: public; Owner: alfabravo_user
--

SELECT pg_catalog.setval('public.user_type_id_seq', 1, false);


--
-- Name: user_ubication_id_seq; Type: SEQUENCE SET; Schema: public; Owner: alfabravo_user
--

SELECT pg_catalog.setval('public.user_ubication_id_seq', 11, false);


--
-- Name: users_id_seq; Type: SEQUENCE SET; Schema: public; Owner: alfabravo_user
--

SELECT pg_catalog.setval('public.users_id_seq', 181, true);


--
-- Name: vehicle_activity_id_seq; Type: SEQUENCE SET; Schema: public; Owner: alfabravo_user
--

SELECT pg_catalog.setval('public.vehicle_activity_id_seq', 5, false);


--
-- Name: vehicle_expenses_id_seq; Type: SEQUENCE SET; Schema: public; Owner: alfabravo_user
--

SELECT pg_catalog.setval('public.vehicle_expenses_id_seq', 544, true);


--
-- Name: vehicle_expenses_maintenance_id_seq; Type: SEQUENCE SET; Schema: public; Owner: alfabravo_user
--

SELECT pg_catalog.setval('public.vehicle_expenses_maintenance_id_seq', 1, false);


--
-- Name: vehicle_files_id_seq; Type: SEQUENCE SET; Schema: public; Owner: alfabravo_user
--

SELECT pg_catalog.setval('public.vehicle_files_id_seq', 1587, true);


--
-- Name: vehicle_id_seq; Type: SEQUENCE SET; Schema: public; Owner: alfabravo_user
--

SELECT pg_catalog.setval('public.vehicle_id_seq', 308, true);


--
-- Name: vehicle_insurance_id_seq; Type: SEQUENCE SET; Schema: public; Owner: alfabravo_user
--

SELECT pg_catalog.setval('public.vehicle_insurance_id_seq', 211, true);


--
-- Name: vehicle_maintenance_action_id_seq; Type: SEQUENCE SET; Schema: public; Owner: alfabravo_user
--

SELECT pg_catalog.setval('public.vehicle_maintenance_action_id_seq', 1, false);


--
-- Name: vehicle_maintenance_id_seq; Type: SEQUENCE SET; Schema: public; Owner: alfabravo_user
--

SELECT pg_catalog.setval('public.vehicle_maintenance_id_seq', 1, false);


--
-- Name: vehicle_mileage_id_seq; Type: SEQUENCE SET; Schema: public; Owner: alfabravo_user
--

SELECT pg_catalog.setval('public.vehicle_mileage_id_seq', 56192, true);


--
-- Name: vehicle_model_id_seq; Type: SEQUENCE SET; Schema: public; Owner: alfabravo_user
--

SELECT pg_catalog.setval('public.vehicle_model_id_seq', 101, true);


--
-- Name: vehicle_owner_id_seq; Type: SEQUENCE SET; Schema: public; Owner: alfabravo_user
--

SELECT pg_catalog.setval('public.vehicle_owner_id_seq', 69, false);


--
-- Name: vehicle_status_force_id_seq; Type: SEQUENCE SET; Schema: public; Owner: alfabravo_user
--

SELECT pg_catalog.setval('public.vehicle_status_force_id_seq', 63998, true);


--
-- Name: vehicle_status_id_seq; Type: SEQUENCE SET; Schema: public; Owner: alfabravo_user
--

SELECT pg_catalog.setval('public.vehicle_status_id_seq', 12, false);


--
-- Name: vehicle_type_id_seq; Type: SEQUENCE SET; Schema: public; Owner: alfabravo_user
--

SELECT pg_catalog.setval('public.vehicle_type_id_seq', 17, false);


--
-- Name: vehicle_type_maintenance_element_id_seq; Type: SEQUENCE SET; Schema: public; Owner: alfabravo_user
--

SELECT pg_catalog.setval('public.vehicle_type_maintenance_element_id_seq', 29, false);


--
-- Name: vehicle_type_maintenance_id_seq; Type: SEQUENCE SET; Schema: public; Owner: alfabravo_user
--

SELECT pg_catalog.setval('public.vehicle_type_maintenance_id_seq', 4, false);


--
-- Name: vehicle_type_service_id_seq; Type: SEQUENCE SET; Schema: public; Owner: alfabravo_user
--

SELECT pg_catalog.setval('public.vehicle_type_service_id_seq', 1696803334, false);


--
-- Name: vehicle_verification_schedule_id_seq; Type: SEQUENCE SET; Schema: public; Owner: alfabravo_user
--

SELECT pg_catalog.setval('public.vehicle_verification_schedule_id_seq', 107, true);


--
-- Name: weapon_autority_id_seq; Type: SEQUENCE SET; Schema: public; Owner: alfabravo_user
--

SELECT pg_catalog.setval('public.weapon_autority_id_seq', 7, false);


--
-- Name: weapon_brand_id_seq; Type: SEQUENCE SET; Schema: public; Owner: alfabravo_user
--

SELECT pg_catalog.setval('public.weapon_brand_id_seq', 13, false);


--
-- Name: weapon_caliber_id_seq; Type: SEQUENCE SET; Schema: public; Owner: alfabravo_user
--

SELECT pg_catalog.setval('public.weapon_caliber_id_seq', 6, false);


--
-- Name: weapon_model_id_seq; Type: SEQUENCE SET; Schema: public; Owner: alfabravo_user
--

SELECT pg_catalog.setval('public.weapon_model_id_seq', 15, false);


--
-- Name: weapon_type_id_seq; Type: SEQUENCE SET; Schema: public; Owner: alfabravo_user
--

SELECT pg_catalog.setval('public.weapon_type_id_seq', 11, false);


--
-- Name: work_position_id_seq; Type: SEQUENCE SET; Schema: public; Owner: alfabravo_user
--

SELECT pg_catalog.setval('public.work_position_id_seq', 140, true);


--
-- Name: work_shift_id_seq; Type: SEQUENCE SET; Schema: public; Owner: alfabravo_user
--

SELECT pg_catalog.setval('public.work_shift_id_seq', 3, true);


--
-- Name: activity_log activity_log_pkey; Type: CONSTRAINT; Schema: public; Owner: alfabravo_user
--

ALTER TABLE ONLY public.activity_log
    ADD CONSTRAINT activity_log_pkey PRIMARY KEY (id);


--
-- Name: activity activity_pkey; Type: CONSTRAINT; Schema: public; Owner: alfabravo_user
--

ALTER TABLE ONLY public.activity
    ADD CONSTRAINT activity_pkey PRIMARY KEY (id);


--
-- Name: activity_type activity_type_pkey; Type: CONSTRAINT; Schema: public; Owner: alfabravo_user
--

ALTER TABLE ONLY public.activity_type
    ADD CONSTRAINT activity_type_pkey PRIMARY KEY (id);


--
-- Name: agenda_event agenda_event_pkey; Type: CONSTRAINT; Schema: public; Owner: alfabravo_user
--

ALTER TABLE ONLY public.agenda_event
    ADD CONSTRAINT agenda_event_pkey PRIMARY KEY (id);


--
-- Name: allergy allergy_pkey; Type: CONSTRAINT; Schema: public; Owner: alfabravo_user
--

ALTER TABLE ONLY public.allergy
    ADD CONSTRAINT allergy_pkey PRIMARY KEY (id);


--
-- Name: alm_attributes_alm_categories alm_attributes_alm_categories_pkey; Type: CONSTRAINT; Schema: public; Owner: alfabravo_user
--

ALTER TABLE ONLY public.alm_attributes_alm_categories
    ADD CONSTRAINT alm_attributes_alm_categories_pkey PRIMARY KEY (id);


--
-- Name: alm_attributes_alm_products alm_attributes_alm_products_pkey; Type: CONSTRAINT; Schema: public; Owner: alfabravo_user
--

ALTER TABLE ONLY public.alm_attributes_alm_products
    ADD CONSTRAINT alm_attributes_alm_products_pkey PRIMARY KEY (id);


--
-- Name: alm_attributes alm_attributes_pkey; Type: CONSTRAINT; Schema: public; Owner: alfabravo_user
--

ALTER TABLE ONLY public.alm_attributes
    ADD CONSTRAINT alm_attributes_pkey PRIMARY KEY (id);


--
-- Name: alm_catalogos alm_catalogos_pkey; Type: CONSTRAINT; Schema: public; Owner: alfabravo_user
--

ALTER TABLE ONLY public.alm_catalogos
    ADD CONSTRAINT alm_catalogos_pkey PRIMARY KEY (id);


--
-- Name: alm_categories_alm_request_orders alm_categories_alm_request_orders_pkey; Type: CONSTRAINT; Schema: public; Owner: alfabravo_user
--

ALTER TABLE ONLY public.alm_categories_alm_request_orders
    ADD CONSTRAINT alm_categories_alm_request_orders_pkey PRIMARY KEY (id);


--
-- Name: alm_categories alm_categories_pkey; Type: CONSTRAINT; Schema: public; Owner: alfabravo_user
--

ALTER TABLE ONLY public.alm_categories
    ADD CONSTRAINT alm_categories_pkey PRIMARY KEY (id);


--
-- Name: alm_log_entries alm_log_entries_pkey; Type: CONSTRAINT; Schema: public; Owner: alfabravo_user
--

ALTER TABLE ONLY public.alm_log_entries
    ADD CONSTRAINT alm_log_entries_pkey PRIMARY KEY (id);


--
-- Name: alm_log_entry_alm_product alm_log_entry_alm_product_pkey; Type: CONSTRAINT; Schema: public; Owner: alfabravo_user
--

ALTER TABLE ONLY public.alm_log_entry_alm_product
    ADD CONSTRAINT alm_log_entry_alm_product_pkey PRIMARY KEY (id);


--
-- Name: alm_movement_alm_products alm_movement_alm_products_pkey; Type: CONSTRAINT; Schema: public; Owner: alfabravo_user
--

ALTER TABLE ONLY public.alm_movement_alm_products
    ADD CONSTRAINT alm_movement_alm_products_pkey PRIMARY KEY (id);


--
-- Name: alm_movements alm_movements_pkey; Type: CONSTRAINT; Schema: public; Owner: alfabravo_user
--

ALTER TABLE ONLY public.alm_movements
    ADD CONSTRAINT alm_movements_pkey PRIMARY KEY (id);


--
-- Name: alm_pedidos alm_pedidos_pkey; Type: CONSTRAINT; Schema: public; Owner: alfabravo_user
--

ALTER TABLE ONLY public.alm_pedidos
    ADD CONSTRAINT alm_pedidos_pkey PRIMARY KEY (id);


--
-- Name: alm_products alm_products_pkey; Type: CONSTRAINT; Schema: public; Owner: alfabravo_user
--

ALTER TABLE ONLY public.alm_products
    ADD CONSTRAINT alm_products_pkey PRIMARY KEY (id);


--
-- Name: alm_request_orders alm_request_orders_pkey; Type: CONSTRAINT; Schema: public; Owner: alfabravo_user
--

ALTER TABLE ONLY public.alm_request_orders
    ADD CONSTRAINT alm_request_orders_pkey PRIMARY KEY (id);


--
-- Name: almacens almacens_pkey; Type: CONSTRAINT; Schema: public; Owner: alfabravo_user
--

ALTER TABLE ONLY public.almacens
    ADD CONSTRAINT almacens_pkey PRIMARY KEY (id);


--
-- Name: app_module app_module_pkey; Type: CONSTRAINT; Schema: public; Owner: alfabravo_user
--

ALTER TABLE ONLY public.app_module
    ADD CONSTRAINT app_module_pkey PRIMARY KEY (id);


--
-- Name: area area_pkey; Type: CONSTRAINT; Schema: public; Owner: alfabravo_user
--

ALTER TABLE ONLY public.area
    ADD CONSTRAINT area_pkey PRIMARY KEY (id);


--
-- Name: base base_pkey; Type: CONSTRAINT; Schema: public; Owner: alfabravo_user
--

ALTER TABLE ONLY public.base
    ADD CONSTRAINT base_pkey PRIMARY KEY (id);


--
-- Name: bonus_client bonus_copy1_pkey; Type: CONSTRAINT; Schema: public; Owner: alfabravo_user
--

ALTER TABLE ONLY public.bonus_client
    ADD CONSTRAINT bonus_copy1_pkey PRIMARY KEY (id);


--
-- Name: bonus bonus_pkey; Type: CONSTRAINT; Schema: public; Owner: alfabravo_user
--

ALTER TABLE ONLY public.bonus
    ADD CONSTRAINT bonus_pkey PRIMARY KEY (id);


--
-- Name: vehicle_brand brand_pkey; Type: CONSTRAINT; Schema: public; Owner: alfabravo_user
--

ALTER TABLE ONLY public.vehicle_brand
    ADD CONSTRAINT brand_pkey PRIMARY KEY (id);


--
-- Name: capacitation_responsible capacitation_responsible_pkey; Type: CONSTRAINT; Schema: public; Owner: alfabravo_user
--

ALTER TABLE ONLY public.capacitation_responsible
    ADD CONSTRAINT capacitation_responsible_pkey PRIMARY KEY (id);


--
-- Name: category category_pkey; Type: CONSTRAINT; Schema: public; Owner: alfabravo_user
--

ALTER TABLE ONLY public.category
    ADD CONSTRAINT category_pkey PRIMARY KEY (id);


--
-- Name: chat chat_pkey; Type: CONSTRAINT; Schema: public; Owner: alfabravo_user
--

ALTER TABLE ONLY public.chat
    ADD CONSTRAINT chat_pkey PRIMARY KEY (id);


--
-- Name: citizenship citizenship_pkey; Type: CONSTRAINT; Schema: public; Owner: alfabravo_user
--

ALTER TABLE ONLY public.citizenship
    ADD CONSTRAINT citizenship_pkey PRIMARY KEY (iso_nac);


--
-- Name: city city_pkey; Type: CONSTRAINT; Schema: public; Owner: alfabravo_user
--

ALTER TABLE ONLY public.city
    ADD CONSTRAINT city_pkey PRIMARY KEY (id);


--
-- Name: client_files client-files_pkey; Type: CONSTRAINT; Schema: public; Owner: alfabravo_user
--

ALTER TABLE ONLY public.client_files
    ADD CONSTRAINT "client-files_pkey" PRIMARY KEY (client_files_id);


--
-- Name: client_agenda_event client_agenda_event_pkey; Type: CONSTRAINT; Schema: public; Owner: alfabravo_user
--

ALTER TABLE ONLY public.client_agenda_event
    ADD CONSTRAINT client_agenda_event_pkey PRIMARY KEY (id);


--
-- Name: client_agenda client_agenda_pkey; Type: CONSTRAINT; Schema: public; Owner: alfabravo_user
--

ALTER TABLE ONLY public.client_agenda
    ADD CONSTRAINT client_agenda_pkey PRIMARY KEY (id);


--
-- Name: client_cotization client_cotization_pkey; Type: CONSTRAINT; Schema: public; Owner: alfabravo_user
--

ALTER TABLE ONLY public.client_cotization
    ADD CONSTRAINT client_cotization_pkey PRIMARY KEY (id);


--
-- Name: client_expense client_expense_pkey; Type: CONSTRAINT; Schema: public; Owner: alfabravo_user
--

ALTER TABLE ONLY public.client_expense
    ADD CONSTRAINT client_expense_pkey PRIMARY KEY (id);


--
-- Name: client_group client_group_pkey; Type: CONSTRAINT; Schema: public; Owner: alfabravo_user
--

ALTER TABLE ONLY public.client_group
    ADD CONSTRAINT client_group_pkey PRIMARY KEY (id);


--
-- Name: client client_pkey; Type: CONSTRAINT; Schema: public; Owner: alfabravo_user
--

ALTER TABLE ONLY public.client
    ADD CONSTRAINT client_pkey PRIMARY KEY (id);


--
-- Name: client_prospect_type client_prospect_type_pkey; Type: CONSTRAINT; Schema: public; Owner: alfabravo_user
--

ALTER TABLE ONLY public.client_prospect_type
    ADD CONSTRAINT client_prospect_type_pkey PRIMARY KEY (id);


--
-- Name: client_reason client_reason_pkey; Type: CONSTRAINT; Schema: public; Owner: alfabravo_user
--

ALTER TABLE ONLY public.client_reason
    ADD CONSTRAINT client_reason_pkey PRIMARY KEY (id);


--
-- Name: client_user client_user_pkey; Type: CONSTRAINT; Schema: public; Owner: alfabravo_user
--

ALTER TABLE ONLY public.client_user
    ADD CONSTRAINT client_user_pkey PRIMARY KEY (client_id, user_id);


--
-- Name: cloud_group_member cloud_group_member_pkey; Type: CONSTRAINT; Schema: public; Owner: alfabravo_user
--

ALTER TABLE ONLY public.cloud_group_member
    ADD CONSTRAINT cloud_group_member_pkey PRIMARY KEY (id);


--
-- Name: cloud_group cloud_group_pkey; Type: CONSTRAINT; Schema: public; Owner: alfabravo_user
--

ALTER TABLE ONLY public.cloud_group
    ADD CONSTRAINT cloud_group_pkey PRIMARY KEY (id);


--
-- Name: cloud_iso_9000 cloud_iso_9000_pkey; Type: CONSTRAINT; Schema: public; Owner: alfabravo_user
--

ALTER TABLE ONLY public.cloud_iso_9000
    ADD CONSTRAINT cloud_iso_9000_pkey PRIMARY KEY (id);


--
-- Name: cloud_item_permissions cloud_item_permissions_pkey; Type: CONSTRAINT; Schema: public; Owner: alfabravo_user
--

ALTER TABLE ONLY public.cloud_item_permissions
    ADD CONSTRAINT cloud_item_permissions_pkey PRIMARY KEY (id);


--
-- Name: cloud_item_shared cloud_item_share_pkey; Type: CONSTRAINT; Schema: public; Owner: alfabravo_user
--

ALTER TABLE ONLY public.cloud_item_shared
    ADD CONSTRAINT cloud_item_share_pkey PRIMARY KEY (id);


--
-- Name: cloud cloud_pkey; Type: CONSTRAINT; Schema: public; Owner: alfabravo_user
--

ALTER TABLE ONLY public.cloud
    ADD CONSTRAINT cloud_pkey PRIMARY KEY (id);


--
-- Name: cloud_type_document_has_item cloud_type_document_has_item_pkey; Type: CONSTRAINT; Schema: public; Owner: alfabravo_user
--

ALTER TABLE ONLY public.cloud_type_document_has_item
    ADD CONSTRAINT cloud_type_document_has_item_pkey PRIMARY KEY (id);


--
-- Name: cloud_type_document cloud_type_document_pkey; Type: CONSTRAINT; Schema: public; Owner: alfabravo_user
--

ALTER TABLE ONLY public.cloud_type_document
    ADD CONSTRAINT cloud_type_document_pkey PRIMARY KEY (id);


--
-- Name: infos_cobranzas_files cobranzas-files_pkey_01; Type: CONSTRAINT; Schema: public; Owner: alfabravo_user
--

ALTER TABLE ONLY public.infos_cobranzas_files
    ADD CONSTRAINT "cobranzas-files_pkey_01" PRIMARY KEY (files_id);


--
-- Name: bank contract_copy1_pkey; Type: CONSTRAINT; Schema: public; Owner: alfabravo_user
--

ALTER TABLE ONLY public.bank
    ADD CONSTRAINT contract_copy1_pkey PRIMARY KEY (id);


--
-- Name: cost cost_pkey; Type: CONSTRAINT; Schema: public; Owner: alfabravo_user
--

ALTER TABLE ONLY public.cost
    ADD CONSTRAINT cost_pkey PRIMARY KEY (id);


--
-- Name: country country_pkey; Type: CONSTRAINT; Schema: public; Owner: alfabravo_user
--

ALTER TABLE ONLY public.country
    ADD CONSTRAINT country_pkey PRIMARY KEY (id);


--
-- Name: coupon coupon_pkey; Type: CONSTRAINT; Schema: public; Owner: alfabravo_user
--

ALTER TABLE ONLY public.coupon
    ADD CONSTRAINT coupon_pkey PRIMARY KEY (id);


--
-- Name: course_employee course_employee_pkey; Type: CONSTRAINT; Schema: public; Owner: alfabravo_user
--

ALTER TABLE ONLY public.course_employee
    ADD CONSTRAINT course_employee_pkey PRIMARY KEY (id);


--
-- Name: course course_pkey; Type: CONSTRAINT; Schema: public; Owner: alfabravo_user
--

ALTER TABLE ONLY public.course
    ADD CONSTRAINT course_pkey PRIMARY KEY (id);


--
-- Name: coverage coverage_pkey; Type: CONSTRAINT; Schema: public; Owner: alfabravo_user
--

ALTER TABLE ONLY public.coverage
    ADD CONSTRAINT coverage_pkey PRIMARY KEY (id);


--
-- Name: dia_padre dia_padre_pkey; Type: CONSTRAINT; Schema: public; Owner: alfabravo_user
--

ALTER TABLE ONLY public.dia_padre
    ADD CONSTRAINT dia_padre_pkey PRIMARY KEY (id);


--
-- Name: incident_type discount_copy1_pkey; Type: CONSTRAINT; Schema: public; Owner: alfabravo_user
--

ALTER TABLE ONLY public.incident_type
    ADD CONSTRAINT discount_copy1_pkey PRIMARY KEY (id);


--
-- Name: discount_employee discount_employee_pkey; Type: CONSTRAINT; Schema: public; Owner: alfabravo_user
--

ALTER TABLE ONLY public.discount_employee
    ADD CONSTRAINT discount_employee_pkey PRIMARY KEY (id);


--
-- Name: discount discount_pkey1; Type: CONSTRAINT; Schema: public; Owner: alfabravo_user
--

ALTER TABLE ONLY public.discount
    ADD CONSTRAINT discount_pkey1 PRIMARY KEY (id);


--
-- Name: document_category document_category_pkey; Type: CONSTRAINT; Schema: public; Owner: alfabravo_user
--

ALTER TABLE ONLY public.document_category
    ADD CONSTRAINT document_category_pkey PRIMARY KEY (id);


--
-- Name: document_type document_type_copy1_pkey1; Type: CONSTRAINT; Schema: public; Owner: alfabravo_user
--

ALTER TABLE ONLY public.document_type
    ADD CONSTRAINT document_type_copy1_pkey1 PRIMARY KEY (id);


--
-- Name: employee_files employee-files_pkey; Type: CONSTRAINT; Schema: public; Owner: alfabravo_user
--

ALTER TABLE ONLY public.employee_files
    ADD CONSTRAINT "employee-files_pkey" PRIMARY KEY (employee_files_id);


--
-- Name: employee_asistence employee_asistence_pkey; Type: CONSTRAINT; Schema: public; Owner: alfabravo_user
--

ALTER TABLE ONLY public.employee_asistence
    ADD CONSTRAINT employee_asistence_pkey PRIMARY KEY (id);


--
-- Name: employee_attention employee_attention_pkey; Type: CONSTRAINT; Schema: public; Owner: alfabravo_user
--

ALTER TABLE ONLY public.employee_attention
    ADD CONSTRAINT employee_attention_pkey PRIMARY KEY (id);


--
-- Name: employee_attention_status employee_attention_status_pkey; Type: CONSTRAINT; Schema: public; Owner: alfabravo_user
--

ALTER TABLE ONLY public.employee_attention_status
    ADD CONSTRAINT employee_attention_status_pkey PRIMARY KEY (id);


--
-- Name: employee_attention_type employee_attention_type_pkey; Type: CONSTRAINT; Schema: public; Owner: alfabravo_user
--

ALTER TABLE ONLY public.employee_attention_type
    ADD CONSTRAINT employee_attention_type_pkey PRIMARY KEY (id);


--
-- Name: employee_bank_data employee_bank_data_pkey; Type: CONSTRAINT; Schema: public; Owner: alfabravo_user
--

ALTER TABLE ONLY public.employee_bank_data
    ADD CONSTRAINT employee_bank_data_pkey PRIMARY KEY (id);


--
-- Name: employee_discharge_reason employee_discharge_reason_pkey1; Type: CONSTRAINT; Schema: public; Owner: alfabravo_user
--

ALTER TABLE ONLY public.employee_discharge_reason
    ADD CONSTRAINT employee_discharge_reason_pkey1 PRIMARY KEY (id);


--
-- Name: employee_eventual_payment employee_eventual_payment_pkey; Type: CONSTRAINT; Schema: public; Owner: alfabravo_user
--

ALTER TABLE ONLY public.employee_eventual_payment
    ADD CONSTRAINT employee_eventual_payment_pkey PRIMARY KEY (id);


--
-- Name: employee employee_pkey; Type: CONSTRAINT; Schema: public; Owner: alfabravo_user
--

ALTER TABLE ONLY public.employee
    ADD CONSTRAINT employee_pkey PRIMARY KEY (id);


--
-- Name: employee_salary employee_salary_pkey; Type: CONSTRAINT; Schema: public; Owner: alfabravo_user
--

ALTER TABLE ONLY public.employee_salary
    ADD CONSTRAINT employee_salary_pkey PRIMARY KEY (id);


--
-- Name: employee_security_secretary employee_security_secretary_pkey; Type: CONSTRAINT; Schema: public; Owner: alfabravo_user
--

ALTER TABLE ONLY public.employee_security_secretary
    ADD CONSTRAINT employee_security_secretary_pkey PRIMARY KEY (id);


--
-- Name: employee_security_secretary_status employee_security_secretary_status_pkey; Type: CONSTRAINT; Schema: public; Owner: alfabravo_user
--

ALTER TABLE ONLY public.employee_security_secretary_status
    ADD CONSTRAINT employee_security_secretary_status_pkey PRIMARY KEY (id);


--
-- Name: employee_social_study employee_social_study_pkey; Type: CONSTRAINT; Schema: public; Owner: alfabravo_user
--

ALTER TABLE ONLY public.employee_social_study
    ADD CONSTRAINT employee_social_study_pkey PRIMARY KEY (id);


--
-- Name: employee_status_day employee_status_day_pkey; Type: CONSTRAINT; Schema: public; Owner: alfabravo_user
--

ALTER TABLE ONLY public.employee_status_day
    ADD CONSTRAINT employee_status_day_pkey PRIMARY KEY (id);


--
-- Name: employee_status employee_status_pkey; Type: CONSTRAINT; Schema: public; Owner: alfabravo_user
--

ALTER TABLE ONLY public.employee_status
    ADD CONSTRAINT employee_status_pkey PRIMARY KEY (id);


--
-- Name: employee_terms employee_terms_pkey; Type: CONSTRAINT; Schema: public; Owner: alfabravo_user
--

ALTER TABLE ONLY public.employee_terms
    ADD CONSTRAINT employee_terms_pkey PRIMARY KEY (id);


--
-- Name: work_position employee_type_copy1_pkey1; Type: CONSTRAINT; Schema: public; Owner: alfabravo_user
--

ALTER TABLE ONLY public.work_position
    ADD CONSTRAINT employee_type_copy1_pkey1 PRIMARY KEY (id);


--
-- Name: employee_type employee_type_pkey; Type: CONSTRAINT; Schema: public; Owner: alfabravo_user
--

ALTER TABLE ONLY public.employee_type
    ADD CONSTRAINT employee_type_pkey PRIMARY KEY (id);


--
-- Name: employee_weapon_registry employee_weapon_registry_pkey; Type: CONSTRAINT; Schema: public; Owner: alfabravo_user
--

ALTER TABLE ONLY public.employee_weapon_registry
    ADD CONSTRAINT employee_weapon_registry_pkey PRIMARY KEY (id);


--
-- Name: enterprise_files enterprise-files_pkey; Type: CONSTRAINT; Schema: public; Owner: alfabravo_user
--

ALTER TABLE ONLY public.enterprise_files
    ADD CONSTRAINT "enterprise-files_pkey" PRIMARY KEY (files_id);


--
-- Name: enterprise_document_category enterprise_document_category_pkey; Type: CONSTRAINT; Schema: public; Owner: alfabravo_user
--

ALTER TABLE ONLY public.enterprise_document_category
    ADD CONSTRAINT enterprise_document_category_pkey PRIMARY KEY (id);


--
-- Name: enterprise_file_share_user enterprise_file_share_user_pkey; Type: CONSTRAINT; Schema: public; Owner: alfabravo_user
--

ALTER TABLE ONLY public.enterprise_file_share_user
    ADD CONSTRAINT enterprise_file_share_user_pkey PRIMARY KEY (id);


--
-- Name: enterprise enterprise_pkey; Type: CONSTRAINT; Schema: public; Owner: alfabravo_user
--

ALTER TABLE ONLY public.enterprise
    ADD CONSTRAINT enterprise_pkey PRIMARY KEY (id);


--
-- Name: enterprise_product enterprise_product_pkey; Type: CONSTRAINT; Schema: public; Owner: alfabravo_user
--

ALTER TABLE ONLY public.enterprise_product
    ADD CONSTRAINT enterprise_product_pkey PRIMARY KEY (id);


--
-- Name: exam exam_pkey; Type: CONSTRAINT; Schema: public; Owner: alfabravo_user
--

ALTER TABLE ONLY public.exam
    ADD CONSTRAINT exam_pkey PRIMARY KEY (id);


--
-- Name: exp_dates exp_dates_pkey; Type: CONSTRAINT; Schema: public; Owner: alfabravo_user
--

ALTER TABLE ONLY public.exp_dates
    ADD CONSTRAINT exp_dates_pkey PRIMARY KEY (id);


--
-- Name: exp_pedido exp_pedido_pkey; Type: CONSTRAINT; Schema: public; Owner: alfabravo_user
--

ALTER TABLE ONLY public.exp_pedido
    ADD CONSTRAINT exp_pedido_pkey PRIMARY KEY (id);


--
-- Name: exp_recursive exp_recursive_pkey; Type: CONSTRAINT; Schema: public; Owner: alfabravo_user
--

ALTER TABLE ONLY public.exp_recursive
    ADD CONSTRAINT exp_recursive_pkey PRIMARY KEY (id);


--
-- Name: exp_rent_service exp_rent_service_pkey; Type: CONSTRAINT; Schema: public; Owner: alfabravo_user
--

ALTER TABLE ONLY public.exp_rent_service
    ADD CONSTRAINT exp_rent_service_pkey PRIMARY KEY (id);


--
-- Name: exp_request exp_request_pkey; Type: CONSTRAINT; Schema: public; Owner: alfabravo_user
--

ALTER TABLE ONLY public.exp_request
    ADD CONSTRAINT exp_request_pkey PRIMARY KEY (id);


--
-- Name: expenses expenses_pkey; Type: CONSTRAINT; Schema: public; Owner: alfabravo_user
--

ALTER TABLE ONLY public.expenses
    ADD CONSTRAINT expenses_pkey PRIMARY KEY (id);


--
-- Name: external_service_provider external_service_provider_pkey; Type: CONSTRAINT; Schema: public; Owner: alfabravo_user
--

ALTER TABLE ONLY public.external_service_provider
    ADD CONSTRAINT external_service_provider_pkey PRIMARY KEY (id);


--
-- Name: external_service_provider_type external_service_provider_type_pkey; Type: CONSTRAINT; Schema: public; Owner: alfabravo_user
--

ALTER TABLE ONLY public.external_service_provider_type
    ADD CONSTRAINT external_service_provider_type_pkey PRIMARY KEY (id);


--
-- Name: external_service_type external_service_type_pkey; Type: CONSTRAINT; Schema: public; Owner: alfabravo_user
--

ALTER TABLE ONLY public.external_service_type
    ADD CONSTRAINT external_service_type_pkey PRIMARY KEY (id);


--
-- Name: failed_jobs failed_jobs_pkey; Type: CONSTRAINT; Schema: public; Owner: alfabravo_user
--

ALTER TABLE ONLY public.failed_jobs
    ADD CONSTRAINT failed_jobs_pkey PRIMARY KEY (id);


--
-- Name: failed_jobs failed_jobs_uuid_unique; Type: CONSTRAINT; Schema: public; Owner: alfabravo_user
--

ALTER TABLE ONLY public.failed_jobs
    ADD CONSTRAINT failed_jobs_uuid_unique UNIQUE (uuid);


--
-- Name: enterprise_file_type file_type_pkey1; Type: CONSTRAINT; Schema: public; Owner: alfabravo_user
--

ALTER TABLE ONLY public.enterprise_file_type
    ADD CONSTRAINT file_type_pkey1 PRIMARY KEY (id);


--
-- Name: fixed_cost_category fixed_cost_category_pkey; Type: CONSTRAINT; Schema: public; Owner: alfabravo_user
--

ALTER TABLE ONLY public.fixed_cost_category
    ADD CONSTRAINT fixed_cost_category_pkey PRIMARY KEY (id);


--
-- Name: fixed_cost_payment fixed_cost_payment_pkey; Type: CONSTRAINT; Schema: public; Owner: alfabravo_user
--

ALTER TABLE ONLY public.fixed_cost_payment
    ADD CONSTRAINT fixed_cost_payment_pkey PRIMARY KEY (id);


--
-- Name: fixed_cost_payment_way fixed_cost_payment_way_pkey_1; Type: CONSTRAINT; Schema: public; Owner: alfabravo_user
--

ALTER TABLE ONLY public.fixed_cost_payment_way
    ADD CONSTRAINT fixed_cost_payment_way_pkey_1 PRIMARY KEY (id);


--
-- Name: fixed_cost fixed_cost_pkey; Type: CONSTRAINT; Schema: public; Owner: alfabravo_user
--

ALTER TABLE ONLY public.fixed_cost
    ADD CONSTRAINT fixed_cost_pkey PRIMARY KEY (id);


--
-- Name: fixed_cost_planned_amount fixed_cost_planned_amount_pkey; Type: CONSTRAINT; Schema: public; Owner: alfabravo_user
--

ALTER TABLE ONLY public.fixed_cost_planned_amount
    ADD CONSTRAINT fixed_cost_planned_amount_pkey PRIMARY KEY (id);


--
-- Name: format format_pkey; Type: CONSTRAINT; Schema: public; Owner: alfabravo_user
--

ALTER TABLE ONLY public.format
    ADD CONSTRAINT format_pkey PRIMARY KEY (id);


--
-- Name: format_variable format_variable_pkey; Type: CONSTRAINT; Schema: public; Owner: alfabravo_user
--

ALTER TABLE ONLY public.format_variable
    ADD CONSTRAINT format_variable_pkey PRIMARY KEY (id);


--
-- Name: fuel_type fuel_type_pkey; Type: CONSTRAINT; Schema: public; Owner: alfabravo_user
--

ALTER TABLE ONLY public.fuel_type
    ADD CONSTRAINT fuel_type_pkey PRIMARY KEY (id);


--
-- Name: gps gps_pkey; Type: CONSTRAINT; Schema: public; Owner: alfabravo_user
--

ALTER TABLE ONLY public.gps
    ADD CONSTRAINT gps_pkey PRIMARY KEY (id);


--
-- Name: group_taxes group_taxes_pkey; Type: CONSTRAINT; Schema: public; Owner: alfabravo_user
--

ALTER TABLE ONLY public.group_taxes
    ADD CONSTRAINT group_taxes_pkey PRIMARY KEY (id);


--
-- Name: guard_type guard_type_pkey; Type: CONSTRAINT; Schema: public; Owner: alfabravo_user
--

ALTER TABLE ONLY public.guard_type
    ADD CONSTRAINT guard_type_pkey PRIMARY KEY (id);


--
-- Name: holiday_day holiday_day_pkey; Type: CONSTRAINT; Schema: public; Owner: alfabravo_user
--

ALTER TABLE ONLY public.holiday_day
    ADD CONSTRAINT holiday_day_pkey PRIMARY KEY (id);


--
-- Name: incidence incidence_pkey; Type: CONSTRAINT; Schema: public; Owner: alfabravo_user
--

ALTER TABLE ONLY public.incidence
    ADD CONSTRAINT incidence_pkey PRIMARY KEY (id);


--
-- Name: resource_type incident_type_copy1_pkey; Type: CONSTRAINT; Schema: public; Owner: alfabravo_user
--

ALTER TABLE ONLY public.resource_type
    ADD CONSTRAINT incident_type_copy1_pkey PRIMARY KEY (id);


--
-- Name: infos_service_type incident_type_copy1_pkey1; Type: CONSTRAINT; Schema: public; Owner: alfabravo_user
--

ALTER TABLE ONLY public.infos_service_type
    ADD CONSTRAINT incident_type_copy1_pkey1 PRIMARY KEY (id);


--
-- Name: infos_cobranzas infos_cobranzas_pkey; Type: CONSTRAINT; Schema: public; Owner: alfabravo_user
--

ALTER TABLE ONLY public.infos_cobranzas
    ADD CONSTRAINT infos_cobranzas_pkey PRIMARY KEY (id);


--
-- Name: infos_intramuros_budget infos_intramuros_budget_pkey; Type: CONSTRAINT; Schema: public; Owner: alfabravo_user
--

ALTER TABLE ONLY public.infos_intramuros_budget
    ADD CONSTRAINT infos_intramuros_budget_pkey PRIMARY KEY (id);


--
-- Name: infos_intramuros_expense infos_intramuros_expense_pkey; Type: CONSTRAINT; Schema: public; Owner: alfabravo_user
--

ALTER TABLE ONLY public.infos_intramuros_expense
    ADD CONSTRAINT infos_intramuros_expense_pkey PRIMARY KEY (id);


--
-- Name: infos_intramuros_service_element infos_intramuros_service_element_pkey; Type: CONSTRAINT; Schema: public; Owner: alfabravo_user
--

ALTER TABLE ONLY public.infos_intramuros_service_element
    ADD CONSTRAINT infos_intramuros_service_element_pkey PRIMARY KEY (id);


--
-- Name: infos_intramuros_vehicle infos_intramuros_vehicle_pkey; Type: CONSTRAINT; Schema: public; Owner: alfabravo_user
--

ALTER TABLE ONLY public.infos_intramuros_vehicle
    ADD CONSTRAINT infos_intramuros_vehicle_pkey PRIMARY KEY (id);


--
-- Name: infos_service_plan infos_service_budget_copy1_pkey; Type: CONSTRAINT; Schema: public; Owner: alfabravo_user
--

ALTER TABLE ONLY public.infos_service_plan
    ADD CONSTRAINT infos_service_budget_copy1_pkey PRIMARY KEY (id);


--
-- Name: infos_service_budget infos_service_budget_pkey; Type: CONSTRAINT; Schema: public; Owner: alfabravo_user
--

ALTER TABLE ONLY public.infos_service_budget
    ADD CONSTRAINT infos_service_budget_pkey PRIMARY KEY (id);


--
-- Name: infos_service_carrier infos_service_carrier_pkey; Type: CONSTRAINT; Schema: public; Owner: alfabravo_user
--

ALTER TABLE ONLY public.infos_service_carrier
    ADD CONSTRAINT infos_service_carrier_pkey PRIMARY KEY (id);


--
-- Name: infos_service_events_files infos_service_events_files_pkey; Type: CONSTRAINT; Schema: public; Owner: alfabravo_user
--

ALTER TABLE ONLY public.infos_service_events_files
    ADD CONSTRAINT infos_service_events_files_pkey PRIMARY KEY (id);


--
-- Name: infos_service_events infos_service_events_pkey; Type: CONSTRAINT; Schema: public; Owner: alfabravo_user
--

ALTER TABLE ONLY public.infos_service_events
    ADD CONSTRAINT infos_service_events_pkey PRIMARY KEY (id);


--
-- Name: infos_service_expense infos_service_expense_pkey; Type: CONSTRAINT; Schema: public; Owner: alfabravo_user
--

ALTER TABLE ONLY public.infos_service_expense
    ADD CONSTRAINT infos_service_expense_pkey PRIMARY KEY (id);


--
-- Name: infos_intramuros_employee infos_service_intramuros_copy1_pkey; Type: CONSTRAINT; Schema: public; Owner: alfabravo_user
--

ALTER TABLE ONLY public.infos_intramuros_employee
    ADD CONSTRAINT infos_service_intramuros_copy1_pkey PRIMARY KEY (id);


--
-- Name: infos_intramuros_resource infos_service_intramuros_resource_pkey; Type: CONSTRAINT; Schema: public; Owner: alfabravo_user
--

ALTER TABLE ONLY public.infos_intramuros_resource
    ADD CONSTRAINT infos_service_intramuros_resource_pkey PRIMARY KEY (id);


--
-- Name: infos_service infos_service_pkey; Type: CONSTRAINT; Schema: public; Owner: alfabravo_user
--

ALTER TABLE ONLY public.infos_service
    ADD CONSTRAINT infos_service_pkey PRIMARY KEY (id);


--
-- Name: infos_intramuros_service infos_service_pkey_fk_01; Type: CONSTRAINT; Schema: public; Owner: alfabravo_user
--

ALTER TABLE ONLY public.infos_intramuros_service
    ADD CONSTRAINT infos_service_pkey_fk_01 PRIMARY KEY (id);


--
-- Name: infos_service_resource infos_service_resource_pkey; Type: CONSTRAINT; Schema: public; Owner: alfabravo_user
--

ALTER TABLE ONLY public.infos_service_resource
    ADD CONSTRAINT infos_service_resource_pkey PRIMARY KEY (id);


--
-- Name: infos_service_employee infos_service_route_copy1_pkey; Type: CONSTRAINT; Schema: public; Owner: alfabravo_user
--

ALTER TABLE ONLY public.infos_service_employee
    ADD CONSTRAINT infos_service_route_copy1_pkey PRIMARY KEY (id);


--
-- Name: infos_service_route infos_service_route_pkey; Type: CONSTRAINT; Schema: public; Owner: alfabravo_user
--

ALTER TABLE ONLY public.infos_service_route
    ADD CONSTRAINT infos_service_route_pkey PRIMARY KEY (id);


--
-- Name: infos_service_route_types infos_service_route_types_pkey; Type: CONSTRAINT; Schema: public; Owner: alfabravo_user
--

ALTER TABLE ONLY public.infos_service_route_types
    ADD CONSTRAINT infos_service_route_types_pkey PRIMARY KEY (infos_service_type_id, infos_service_route_id);


--
-- Name: infos_service_type_work_position infos_service_type_work_position_pkey; Type: CONSTRAINT; Schema: public; Owner: alfabravo_user
--

ALTER TABLE ONLY public.infos_service_type_work_position
    ADD CONSTRAINT infos_service_type_work_position_pkey PRIMARY KEY (id);


--
-- Name: infos_service_types infos_service_types_pkey; Type: CONSTRAINT; Schema: public; Owner: alfabravo_user
--

ALTER TABLE ONLY public.infos_service_types
    ADD CONSTRAINT infos_service_types_pkey PRIMARY KEY (infos_service_type_id, infos_service_id);


--
-- Name: infos_service_vehicle infos_service_vehicle_pkey; Type: CONSTRAINT; Schema: public; Owner: alfabravo_user
--

ALTER TABLE ONLY public.infos_service_vehicle
    ADD CONSTRAINT infos_service_vehicle_pkey PRIMARY KEY (id);


--
-- Name: infos_services_vehicle_type infos_services_vehicle_type_pkey; Type: CONSTRAINT; Schema: public; Owner: alfabravo_user
--

ALTER TABLE ONLY public.infos_services_vehicle_type
    ADD CONSTRAINT infos_services_vehicle_type_pkey PRIMARY KEY (id);


--
-- Name: infos_warehouse_movement infos_warehouse_movement_pkey; Type: CONSTRAINT; Schema: public; Owner: alfabravo_user
--

ALTER TABLE ONLY public.infos_warehouse_movement
    ADD CONSTRAINT infos_warehouse_movement_pkey PRIMARY KEY (id);


--
-- Name: infos_warehouse infos_warehouse_pkey; Type: CONSTRAINT; Schema: public; Owner: alfabravo_user
--

ALTER TABLE ONLY public.infos_warehouse
    ADD CONSTRAINT infos_warehouse_pkey PRIMARY KEY (id);


--
-- Name: insurance insurance_pkey; Type: CONSTRAINT; Schema: public; Owner: alfabravo_user
--

ALTER TABLE ONLY public.insurance
    ADD CONSTRAINT insurance_pkey PRIMARY KEY (id);


--
-- Name: insurance_type insurance_type_pkey; Type: CONSTRAINT; Schema: public; Owner: alfabravo_user
--

ALTER TABLE ONLY public.insurance_type
    ADD CONSTRAINT insurance_type_pkey PRIMARY KEY (id);


--
-- Name: inventory_category inventory_category_pkey; Type: CONSTRAINT; Schema: public; Owner: alfabravo_user
--

ALTER TABLE ONLY public.inventory_category
    ADD CONSTRAINT inventory_category_pkey PRIMARY KEY (id);


--
-- Name: inventory_category_attribute inventory_category_property_pkey; Type: CONSTRAINT; Schema: public; Owner: alfabravo_user
--

ALTER TABLE ONLY public.inventory_category_attribute
    ADD CONSTRAINT inventory_category_property_pkey PRIMARY KEY (id);


--
-- Name: inventory_id inventory_id_pkey; Type: CONSTRAINT; Schema: public; Owner: alfabravo_user
--

ALTER TABLE ONLY public.inventory_id
    ADD CONSTRAINT inventory_id_pkey PRIMARY KEY (id);


--
-- Name: inventory_owner inventory_owner_pkey; Type: CONSTRAINT; Schema: public; Owner: alfabravo_user
--

ALTER TABLE ONLY public.inventory_owner
    ADD CONSTRAINT inventory_owner_pkey PRIMARY KEY (id);


--
-- Name: inventory_product_brand inventory_product_brand_pkey; Type: CONSTRAINT; Schema: public; Owner: alfabravo_user
--

ALTER TABLE ONLY public.inventory_product_brand
    ADD CONSTRAINT inventory_product_brand_pkey PRIMARY KEY (id);


--
-- Name: inventory_product_color inventory_product_color_pkey; Type: CONSTRAINT; Schema: public; Owner: alfabravo_user
--

ALTER TABLE ONLY public.inventory_product_color
    ADD CONSTRAINT inventory_product_color_pkey PRIMARY KEY (id);


--
-- Name: inventory_product_extra_attr_value inventory_product_extra_attr_pkey; Type: CONSTRAINT; Schema: public; Owner: alfabravo_user
--

ALTER TABLE ONLY public.inventory_product_extra_attr_value
    ADD CONSTRAINT inventory_product_extra_attr_pkey PRIMARY KEY (id);


--
-- Name: inventory_product_location inventory_product_location_pkey; Type: CONSTRAINT; Schema: public; Owner: alfabravo_user
--

ALTER TABLE ONLY public.inventory_product_location
    ADD CONSTRAINT inventory_product_location_pkey PRIMARY KEY (id);


--
-- Name: inventory_product_material inventory_product_material_pkey; Type: CONSTRAINT; Schema: public; Owner: alfabravo_user
--

ALTER TABLE ONLY public.inventory_product_material
    ADD CONSTRAINT inventory_product_material_pkey PRIMARY KEY (id);


--
-- Name: inventory_product inventory_product_pkey; Type: CONSTRAINT; Schema: public; Owner: alfabravo_user
--

ALTER TABLE ONLY public.inventory_product
    ADD CONSTRAINT inventory_product_pkey PRIMARY KEY (id);


--
-- Name: inventory_product_state inventory_product_state_pkey; Type: CONSTRAINT; Schema: public; Owner: alfabravo_user
--

ALTER TABLE ONLY public.inventory_product_state
    ADD CONSTRAINT inventory_product_state_pkey PRIMARY KEY (id);


--
-- Name: item_category item_category_pkey; Type: CONSTRAINT; Schema: public; Owner: alfabravo_user
--

ALTER TABLE ONLY public.item_category
    ADD CONSTRAINT item_category_pkey PRIMARY KEY (id);


--
-- Name: jobs jobs_pkey; Type: CONSTRAINT; Schema: public; Owner: alfabravo_user
--

ALTER TABLE ONLY public.jobs
    ADD CONSTRAINT jobs_pkey PRIMARY KEY (id);


--
-- Name: lang lang_pkey; Type: CONSTRAINT; Schema: public; Owner: alfabravo_user
--

ALTER TABLE ONLY public.lang
    ADD CONSTRAINT lang_pkey PRIMARY KEY (id);


--
-- Name: location location_pkey; Type: CONSTRAINT; Schema: public; Owner: alfabravo_user
--

ALTER TABLE ONLY public.location
    ADD CONSTRAINT location_pkey PRIMARY KEY (id);


--
-- Name: vehicle_manufacturer manufacturer_pkey; Type: CONSTRAINT; Schema: public; Owner: alfabravo_user
--

ALTER TABLE ONLY public.vehicle_manufacturer
    ADD CONSTRAINT manufacturer_pkey PRIMARY KEY (id);


--
-- Name: marital_status marital_satus_pkey; Type: CONSTRAINT; Schema: public; Owner: alfabravo_user
--

ALTER TABLE ONLY public.marital_status
    ADD CONSTRAINT marital_satus_pkey PRIMARY KEY (id);


--
-- Name: migrations migrations_pkey; Type: CONSTRAINT; Schema: public; Owner: alfabravo_user
--

ALTER TABLE ONLY public.migrations
    ADD CONSTRAINT migrations_pkey PRIMARY KEY (id);


--
-- Name: nomina_concept_element nomina_concept_element_pkey; Type: CONSTRAINT; Schema: public; Owner: alfabravo_user
--

ALTER TABLE ONLY public.nomina_concept_element
    ADD CONSTRAINT nomina_concept_element_pkey PRIMARY KEY (id);


--
-- Name: nomina_concept nomina_concept_pkey; Type: CONSTRAINT; Schema: public; Owner: alfabravo_user
--

ALTER TABLE ONLY public.nomina_concept
    ADD CONSTRAINT nomina_concept_pkey PRIMARY KEY (id);


--
-- Name: nomina nomina_pkey; Type: CONSTRAINT; Schema: public; Owner: alfabravo_user
--

ALTER TABLE ONLY public.nomina
    ADD CONSTRAINT nomina_pkey PRIMARY KEY (id);


--
-- Name: office office_pkey; Type: CONSTRAINT; Schema: public; Owner: alfabravo_user
--

ALTER TABLE ONLY public.office
    ADD CONSTRAINT office_pkey PRIMARY KEY (id);


--
-- Name: office_zone office_zone_pkey; Type: CONSTRAINT; Schema: public; Owner: alfabravo_user
--

ALTER TABLE ONLY public.office_zone
    ADD CONSTRAINT office_zone_pkey PRIMARY KEY (id);


--
-- Name: participation participacion_pkey; Type: CONSTRAINT; Schema: public; Owner: alfabravo_user
--

ALTER TABLE ONLY public.participation
    ADD CONSTRAINT participacion_pkey PRIMARY KEY (id);


--
-- Name: passwords passwords_pkey; Type: CONSTRAINT; Schema: public; Owner: alfabravo_user
--

ALTER TABLE ONLY public.passwords
    ADD CONSTRAINT passwords_pkey PRIMARY KEY (id);


--
-- Name: payment_account payment_account_pkey; Type: CONSTRAINT; Schema: public; Owner: alfabravo_user
--

ALTER TABLE ONLY public.payment_account
    ADD CONSTRAINT payment_account_pkey PRIMARY KEY (id);


--
-- Name: payment_method payment_method_pkey; Type: CONSTRAINT; Schema: public; Owner: alfabravo_user
--

ALTER TABLE ONLY public.payment_method
    ADD CONSTRAINT payment_method_pkey PRIMARY KEY (id);


--
-- Name: payroll_employee_control payrol_employee_control_pkey; Type: CONSTRAINT; Schema: public; Owner: alfabravo_user
--

ALTER TABLE ONLY public.payroll_employee_control
    ADD CONSTRAINT payrol_employee_control_pkey PRIMARY KEY (id);


--
-- Name: payroll_cutoff_schedule payroll_cutoff_schedule_pkey; Type: CONSTRAINT; Schema: public; Owner: alfabravo_user
--

ALTER TABLE ONLY public.payroll_cutoff_schedule
    ADD CONSTRAINT payroll_cutoff_schedule_pkey PRIMARY KEY (id);


--
-- Name: payroll_employee_discount payroll_employee_bonus_copy1_pkey; Type: CONSTRAINT; Schema: public; Owner: alfabravo_user
--

ALTER TABLE ONLY public.payroll_employee_discount
    ADD CONSTRAINT payroll_employee_bonus_copy1_pkey PRIMARY KEY (id);


--
-- Name: bonus_employee payroll_employee_bonus_copy1_pkey1; Type: CONSTRAINT; Schema: public; Owner: alfabravo_user
--

ALTER TABLE ONLY public.bonus_employee
    ADD CONSTRAINT payroll_employee_bonus_copy1_pkey1 PRIMARY KEY (id);


--
-- Name: payroll_employee_bonus payroll_employee_bonus_pkey; Type: CONSTRAINT; Schema: public; Owner: alfabravo_user
--

ALTER TABLE ONLY public.payroll_employee_bonus
    ADD CONSTRAINT payroll_employee_bonus_pkey PRIMARY KEY (id);


--
-- Name: payroll_employee_files payroll_employee_files_pkey; Type: CONSTRAINT; Schema: public; Owner: alfabravo_user
--

ALTER TABLE ONLY public.payroll_employee_files
    ADD CONSTRAINT payroll_employee_files_pkey PRIMARY KEY (id);


--
-- Name: payroll_employee payroll_employee_pkey; Type: CONSTRAINT; Schema: public; Owner: alfabravo_user
--

ALTER TABLE ONLY public.payroll_employee
    ADD CONSTRAINT payroll_employee_pkey PRIMARY KEY (id);


--
-- Name: payroll payroll_pkey; Type: CONSTRAINT; Schema: public; Owner: alfabravo_user
--

ALTER TABLE ONLY public.payroll
    ADD CONSTRAINT payroll_pkey PRIMARY KEY (id);


--
-- Name: payroll_software payroll_software_pkey; Type: CONSTRAINT; Schema: public; Owner: alfabravo_user
--

ALTER TABLE ONLY public.payroll_software
    ADD CONSTRAINT payroll_software_pkey PRIMARY KEY (id);


--
-- Name: periodicity periodicity_pkey; Type: CONSTRAINT; Schema: public; Owner: alfabravo_user
--

ALTER TABLE ONLY public.periodicity
    ADD CONSTRAINT periodicity_pkey PRIMARY KEY (id);


--
-- Name: permissions permissions_pkey; Type: CONSTRAINT; Schema: public; Owner: alfabravo_user
--

ALTER TABLE ONLY public.permissions
    ADD CONSTRAINT permissions_pkey PRIMARY KEY (id);


--
-- Name: person_type person_type_pkey; Type: CONSTRAINT; Schema: public; Owner: alfabravo_user
--

ALTER TABLE ONLY public.person_type
    ADD CONSTRAINT person_type_pkey PRIMARY KEY (id);


--
-- Name: personal_address personal_address_pkey; Type: CONSTRAINT; Schema: public; Owner: alfabravo_user
--

ALTER TABLE ONLY public.personal_address
    ADD CONSTRAINT personal_address_pkey PRIMARY KEY (id);


--
-- Name: personal_allergy personal_allergy_pkey; Type: CONSTRAINT; Schema: public; Owner: alfabravo_user
--

ALTER TABLE ONLY public.personal_allergy
    ADD CONSTRAINT personal_allergy_pkey PRIMARY KEY (id);


--
-- Name: personal_bank_data personal_bank_data_pkey; Type: CONSTRAINT; Schema: public; Owner: alfabravo_user
--

ALTER TABLE ONLY public.personal_bank_data
    ADD CONSTRAINT personal_bank_data_pkey PRIMARY KEY (id);


--
-- Name: personal_documents personal_documents_pkey; Type: CONSTRAINT; Schema: public; Owner: alfabravo_user
--

ALTER TABLE ONLY public.personal_documents
    ADD CONSTRAINT personal_documents_pkey PRIMARY KEY (id);


--
-- Name: personal_economic_dinamic personal_economic_dinamic_pkey; Type: CONSTRAINT; Schema: public; Owner: alfabravo_user
--

ALTER TABLE ONLY public.personal_economic_dinamic
    ADD CONSTRAINT personal_economic_dinamic_pkey PRIMARY KEY (id);


--
-- Name: personal_emergency_contact personal_emergency_contact_pkey; Type: CONSTRAINT; Schema: public; Owner: alfabravo_user
--

ALTER TABLE ONLY public.personal_emergency_contact
    ADD CONSTRAINT personal_emergency_contact_pkey PRIMARY KEY (id);


--
-- Name: personal_exam personal_exam_pkey; Type: CONSTRAINT; Schema: public; Owner: alfabravo_user
--

ALTER TABLE ONLY public.personal_exam
    ADD CONSTRAINT personal_exam_pkey PRIMARY KEY (id);


--
-- Name: personal_familiar_structure personal_familiar_structure_pkey; Type: CONSTRAINT; Schema: public; Owner: alfabravo_user
--

ALTER TABLE ONLY public.personal_familiar_structure
    ADD CONSTRAINT personal_familiar_structure_pkey PRIMARY KEY (id);


--
-- Name: personal_hired personal_hired_pkey; Type: CONSTRAINT; Schema: public; Owner: alfabravo_user
--

ALTER TABLE ONLY public.personal_hired
    ADD CONSTRAINT personal_hired_pkey PRIMARY KEY (id);


--
-- Name: personal_home personal_home_pkey; Type: CONSTRAINT; Schema: public; Owner: alfabravo_user
--

ALTER TABLE ONLY public.personal_home
    ADD CONSTRAINT personal_home_pkey PRIMARY KEY (id);


--
-- Name: personal_how_arrived personal_how_arrived_pkey; Type: CONSTRAINT; Schema: public; Owner: alfabravo_user
--

ALTER TABLE ONLY public.personal_how_arrived
    ADD CONSTRAINT personal_how_arrived_pkey PRIMARY KEY (id);


--
-- Name: personal_job_references personal_job_references_pkey; Type: CONSTRAINT; Schema: public; Owner: alfabravo_user
--

ALTER TABLE ONLY public.personal_job_references
    ADD CONSTRAINT personal_job_references_pkey PRIMARY KEY (id);


--
-- Name: personal_personal_references personal_personal_references_pkey; Type: CONSTRAINT; Schema: public; Owner: alfabravo_user
--

ALTER TABLE ONLY public.personal_personal_references
    ADD CONSTRAINT personal_personal_references_pkey PRIMARY KEY (id);


--
-- Name: personal personal_pkey; Type: CONSTRAINT; Schema: public; Owner: alfabravo_user
--

ALTER TABLE ONLY public.personal
    ADD CONSTRAINT personal_pkey PRIMARY KEY (id);


--
-- Name: personal_sickness personal_sickness_pkey; Type: CONSTRAINT; Schema: public; Owner: alfabravo_user
--

ALTER TABLE ONLY public.personal_sickness
    ADD CONSTRAINT personal_sickness_pkey PRIMARY KEY (id);


--
-- Name: personal_size personal_size_pkey; Type: CONSTRAINT; Schema: public; Owner: alfabravo_user
--

ALTER TABLE ONLY public.personal_size
    ADD CONSTRAINT personal_size_pkey PRIMARY KEY (id);


--
-- Name: personal_spoken_languages personal_spoken_languages_pkey; Type: CONSTRAINT; Schema: public; Owner: alfabravo_user
--

ALTER TABLE ONLY public.personal_spoken_languages
    ADD CONSTRAINT personal_spoken_languages_pkey PRIMARY KEY (id);


--
-- Name: product_articles product_articles_pkey; Type: CONSTRAINT; Schema: public; Owner: alfabravo_user
--

ALTER TABLE ONLY public.product_articles
    ADD CONSTRAINT product_articles_pkey PRIMARY KEY (id);


--
-- Name: product_delivery_item product_delivery_item_pkey; Type: CONSTRAINT; Schema: public; Owner: alfabravo_user
--

ALTER TABLE ONLY public.product_delivery_item
    ADD CONSTRAINT product_delivery_item_pkey PRIMARY KEY (id);


--
-- Name: product_delivery product_delivery_pkey; Type: CONSTRAINT; Schema: public; Owner: alfabravo_user
--

ALTER TABLE ONLY public.product_delivery
    ADD CONSTRAINT product_delivery_pkey PRIMARY KEY (id);


--
-- Name: provider_has_bank_data provider_has_bank_data_pkey; Type: CONSTRAINT; Schema: public; Owner: alfabravo_user
--

ALTER TABLE ONLY public.provider_has_bank_data
    ADD CONSTRAINT provider_has_bank_data_pkey PRIMARY KEY (id);


--
-- Name: providers providers_pkey; Type: CONSTRAINT; Schema: public; Owner: alfabravo_user
--

ALTER TABLE ONLY public.providers
    ADD CONSTRAINT providers_pkey PRIMARY KEY (id);


--
-- Name: quiz_answer quiz_answer_pkey; Type: CONSTRAINT; Schema: public; Owner: alfabravo_user
--

ALTER TABLE ONLY public.quiz_answer
    ADD CONSTRAINT quiz_answer_pkey PRIMARY KEY (id);


--
-- Name: quiz_attempt quiz_attemp_pkey; Type: CONSTRAINT; Schema: public; Owner: alfabravo_user
--

ALTER TABLE ONLY public.quiz_attempt
    ADD CONSTRAINT quiz_attemp_pkey PRIMARY KEY (id);


--
-- Name: quiz_attempt_answer_files quiz_attempt_answer_files_pkey; Type: CONSTRAINT; Schema: public; Owner: alfabravo_user
--

ALTER TABLE ONLY public.quiz_attempt_answer_files
    ADD CONSTRAINT quiz_attempt_answer_files_pkey PRIMARY KEY (files_id);


--
-- Name: quiz quiz_pkey; Type: CONSTRAINT; Schema: public; Owner: alfabravo_user
--

ALTER TABLE ONLY public.quiz
    ADD CONSTRAINT quiz_pkey PRIMARY KEY (id);


--
-- Name: quiz_question_option quiz_question_option_pkey; Type: CONSTRAINT; Schema: public; Owner: alfabravo_user
--

ALTER TABLE ONLY public.quiz_question_option
    ADD CONSTRAINT quiz_question_option_pkey PRIMARY KEY (id);


--
-- Name: quiz_question quiz_question_pkey; Type: CONSTRAINT; Schema: public; Owner: alfabravo_user
--

ALTER TABLE ONLY public.quiz_question
    ADD CONSTRAINT quiz_question_pkey PRIMARY KEY (id);


--
-- Name: quoter quoter_pkey; Type: CONSTRAINT; Schema: public; Owner: alfabravo_user
--

ALTER TABLE ONLY public.quoter
    ADD CONSTRAINT quoter_pkey PRIMARY KEY (id);


--
-- Name: tax_receipts recibos_fiscales_pkey; Type: CONSTRAINT; Schema: public; Owner: alfabravo_user
--

ALTER TABLE ONLY public.tax_receipts
    ADD CONSTRAINT recibos_fiscales_pkey PRIMARY KEY (id);


--
-- Name: recruitment_files recruitment_files_pkey; Type: CONSTRAINT; Schema: public; Owner: alfabravo_user
--

ALTER TABLE ONLY public.recruitment_files
    ADD CONSTRAINT recruitment_files_pkey PRIMARY KEY (id);


--
-- Name: recruitment_status_reason recruitment_status_reason_pkey; Type: CONSTRAINT; Schema: public; Owner: alfabravo_user
--

ALTER TABLE ONLY public.recruitment_status_reason
    ADD CONSTRAINT recruitment_status_reason_pkey PRIMARY KEY (id);


--
-- Name: recruitment_file_type recruitment_type_file_pkey; Type: CONSTRAINT; Schema: public; Owner: alfabravo_user
--

ALTER TABLE ONLY public.recruitment_file_type
    ADD CONSTRAINT recruitment_type_file_pkey PRIMARY KEY (id);


--
-- Name: register_status register_status_pkey; Type: CONSTRAINT; Schema: public; Owner: alfabravo_user
--

ALTER TABLE ONLY public.register_status
    ADD CONSTRAINT register_status_pkey PRIMARY KEY (id);


--
-- Name: mileage_type resource_type_copy1_pkey; Type: CONSTRAINT; Schema: public; Owner: alfabravo_user
--

ALTER TABLE ONLY public.mileage_type
    ADD CONSTRAINT resource_type_copy1_pkey PRIMARY KEY (id);


--
-- Name: file_type resource_type_copy1_pkey1; Type: CONSTRAINT; Schema: public; Owner: alfabravo_user
--

ALTER TABLE ONLY public.file_type
    ADD CONSTRAINT resource_type_copy1_pkey1 PRIMARY KEY (id);


--
-- Name: resource_type_price resource_type_price_pkey; Type: CONSTRAINT; Schema: public; Owner: alfabravo_user
--

ALTER TABLE ONLY public.resource_type_price
    ADD CONSTRAINT resource_type_price_pkey PRIMARY KEY (id);


--
-- Name: resource_type_provider resource_type_provider_pkey; Type: CONSTRAINT; Schema: public; Owner: alfabravo_user
--

ALTER TABLE ONLY public.resource_type_provider
    ADD CONSTRAINT resource_type_provider_pkey PRIMARY KEY (id);


--
-- Name: resource_type_request resource_type_request_pkey; Type: CONSTRAINT; Schema: public; Owner: alfabravo_user
--

ALTER TABLE ONLY public.resource_type_request
    ADD CONSTRAINT resource_type_request_pkey PRIMARY KEY (id);


--
-- Name: roles_permissions roles_permissions_pkey; Type: CONSTRAINT; Schema: public; Owner: alfabravo_user
--

ALTER TABLE ONLY public.roles_permissions
    ADD CONSTRAINT roles_permissions_pkey PRIMARY KEY (role_id, permission_id);


--
-- Name: roles roles_pkey; Type: CONSTRAINT; Schema: public; Owner: alfabravo_user
--

ALTER TABLE ONLY public.roles
    ADD CONSTRAINT roles_pkey PRIMARY KEY (id);


--
-- Name: rondin_config rondin_config_pkey; Type: CONSTRAINT; Schema: public; Owner: alfabravo_user
--

ALTER TABLE ONLY public.rondin_config
    ADD CONSTRAINT rondin_config_pkey PRIMARY KEY (id);


--
-- Name: rondin_file rondin_file_pkey; Type: CONSTRAINT; Schema: public; Owner: alfabravo_user
--

ALTER TABLE ONLY public.rondin_file
    ADD CONSTRAINT rondin_file_pkey PRIMARY KEY (id);


--
-- Name: rondin_log rondin_log_pkey; Type: CONSTRAINT; Schema: public; Owner: alfabravo_user
--

ALTER TABLE ONLY public.rondin_log
    ADD CONSTRAINT rondin_log_pkey PRIMARY KEY (id);


--
-- Name: rondin rondin_pkey; Type: CONSTRAINT; Schema: public; Owner: alfabravo_user
--

ALTER TABLE ONLY public.rondin
    ADD CONSTRAINT rondin_pkey PRIMARY KEY (id);


--
-- Name: rondin_round_frecuency rondin_round_frecuency_pkey; Type: CONSTRAINT; Schema: public; Owner: alfabravo_user
--

ALTER TABLE ONLY public.rondin_round_frecuency
    ADD CONSTRAINT rondin_round_frecuency_pkey PRIMARY KEY (id);


--
-- Name: rondin_round rondin_round_pkey; Type: CONSTRAINT; Schema: public; Owner: alfabravo_user
--

ALTER TABLE ONLY public.rondin_round
    ADD CONSTRAINT rondin_round_pkey PRIMARY KEY (id);


--
-- Name: rondin_trace rondin_trace_pkey; Type: CONSTRAINT; Schema: public; Owner: alfabravo_user
--

ALTER TABLE ONLY public.rondin_trace
    ADD CONSTRAINT rondin_trace_pkey PRIMARY KEY (id);


--
-- Name: route_client route_client_pkey; Type: CONSTRAINT; Schema: public; Owner: alfabravo_user
--

ALTER TABLE ONLY public.route_client
    ADD CONSTRAINT route_client_pkey PRIMARY KEY (route_id, client_id);


--
-- Name: route route_pkey; Type: CONSTRAINT; Schema: public; Owner: alfabravo_user
--

ALTER TABLE ONLY public.route
    ADD CONSTRAINT route_pkey PRIMARY KEY (id);


--
-- Name: rrhh_requirement rrhh_requirement_pkey; Type: CONSTRAINT; Schema: public; Owner: alfabravo_user
--

ALTER TABLE ONLY public.rrhh_requirement
    ADD CONSTRAINT rrhh_requirement_pkey PRIMARY KEY (id);


--
-- Name: sales_order_files sales_order_files_pkey; Type: CONSTRAINT; Schema: public; Owner: alfabravo_user
--

ALTER TABLE ONLY public.sales_order_files
    ADD CONSTRAINT sales_order_files_pkey PRIMARY KEY (id);


--
-- Name: sales_order_item sales_order_item_pkey; Type: CONSTRAINT; Schema: public; Owner: alfabravo_user
--

ALTER TABLE ONLY public.sales_order_item
    ADD CONSTRAINT sales_order_item_pkey PRIMARY KEY (id);


--
-- Name: sales_order_payment_way sales_order_payment_way_pkey; Type: CONSTRAINT; Schema: public; Owner: alfabravo_user
--

ALTER TABLE ONLY public.sales_order_payment_way
    ADD CONSTRAINT sales_order_payment_way_pkey PRIMARY KEY (id);


--
-- Name: sales_order sales_order_pkey; Type: CONSTRAINT; Schema: public; Owner: alfabravo_user
--

ALTER TABLE ONLY public.sales_order
    ADD CONSTRAINT sales_order_pkey PRIMARY KEY (id);


--
-- Name: sales_order_status sales_order_status_pkey; Type: CONSTRAINT; Schema: public; Owner: alfabravo_user
--

ALTER TABLE ONLY public.sales_order_status
    ADD CONSTRAINT sales_order_status_pkey PRIMARY KEY (id);


--
-- Name: sales_order_unit_measure sales_order_unit_measure_pkey; Type: CONSTRAINT; Schema: public; Owner: alfabravo_user
--

ALTER TABLE ONLY public.sales_order_unit_measure
    ADD CONSTRAINT sales_order_unit_measure_pkey PRIMARY KEY (id);


--
-- Name: service_order service_order_pkey; Type: CONSTRAINT; Schema: public; Owner: alfabravo_user
--

ALTER TABLE ONLY public.service_order
    ADD CONSTRAINT service_order_pkey PRIMARY KEY (id);


--
-- Name: service_order_work service_order_work_pkey; Type: CONSTRAINT; Schema: public; Owner: alfabravo_user
--

ALTER TABLE ONLY public.service_order_work
    ADD CONSTRAINT service_order_work_pkey PRIMARY KEY (id);


--
-- Name: service_order_work_refaction service_order_work_refaction_pkey; Type: CONSTRAINT; Schema: public; Owner: alfabravo_user
--

ALTER TABLE ONLY public.service_order_work_refaction
    ADD CONSTRAINT service_order_work_refaction_pkey PRIMARY KEY (id);


--
-- Name: settings settings_pkey; Type: CONSTRAINT; Schema: public; Owner: alfabravo_user
--

ALTER TABLE ONLY public.settings
    ADD CONSTRAINT settings_pkey PRIMARY KEY (id);


--
-- Name: sickness sickness_pkey; Type: CONSTRAINT; Schema: public; Owner: alfabravo_user
--

ALTER TABLE ONLY public.sickness
    ADD CONSTRAINT sickness_pkey PRIMARY KEY (id);


--
-- Name: size_field size_field_pkey; Type: CONSTRAINT; Schema: public; Owner: alfabravo_user
--

ALTER TABLE ONLY public.size_field
    ADD CONSTRAINT size_field_pkey PRIMARY KEY (id);


--
-- Name: size_field_type size_field_type_pkey; Type: CONSTRAINT; Schema: public; Owner: alfabravo_user
--

ALTER TABLE ONLY public.size_field_type
    ADD CONSTRAINT size_field_type_pkey PRIMARY KEY (id);


--
-- Name: size_type size_type_pkey; Type: CONSTRAINT; Schema: public; Owner: alfabravo_user
--

ALTER TABLE ONLY public.size_type
    ADD CONSTRAINT size_type_pkey PRIMARY KEY (id);


--
-- Name: spoken_languages spoken_languages_pkey; Type: CONSTRAINT; Schema: public; Owner: alfabravo_user
--

ALTER TABLE ONLY public.spoken_languages
    ADD CONSTRAINT spoken_languages_pkey PRIMARY KEY (id);


--
-- Name: state state_pkey; Type: CONSTRAINT; Schema: public; Owner: alfabravo_user
--

ALTER TABLE ONLY public.state
    ADD CONSTRAINT state_pkey PRIMARY KEY (id);


--
-- Name: status status_pkey; Type: CONSTRAINT; Schema: public; Owner: alfabravo_user
--

ALTER TABLE ONLY public.status
    ADD CONSTRAINT status_pkey PRIMARY KEY (id);


--
-- Name: symbology symbology_pkey; Type: CONSTRAINT; Schema: public; Owner: alfabravo_user
--

ALTER TABLE ONLY public.symbology
    ADD CONSTRAINT symbology_pkey PRIMARY KEY (id);


--
-- Name: task_action task_action_pkey; Type: CONSTRAINT; Schema: public; Owner: alfabravo_user
--

ALTER TABLE ONLY public.task_action
    ADD CONSTRAINT task_action_pkey PRIMARY KEY (id);


--
-- Name: task_member task_member_pkey; Type: CONSTRAINT; Schema: public; Owner: alfabravo_user
--

ALTER TABLE ONLY public.task_member
    ADD CONSTRAINT task_member_pkey PRIMARY KEY (id);


--
-- Name: task task_pkey; Type: CONSTRAINT; Schema: public; Owner: alfabravo_user
--

ALTER TABLE ONLY public.task
    ADD CONSTRAINT task_pkey PRIMARY KEY (id);


--
-- Name: tax_receipts_files tax_receipts_files_pkey; Type: CONSTRAINT; Schema: public; Owner: alfabravo_user
--

ALTER TABLE ONLY public.tax_receipts_files
    ADD CONSTRAINT tax_receipts_files_pkey PRIMARY KEY (id);


--
-- Name: technical_report_files technical_report_files_pkey; Type: CONSTRAINT; Schema: public; Owner: alfabravo_user
--

ALTER TABLE ONLY public.technical_report_files
    ADD CONSTRAINT technical_report_files_pkey PRIMARY KEY (files_id);


--
-- Name: technical_report_modifications technical_report_modifications_pkey; Type: CONSTRAINT; Schema: public; Owner: alfabravo_user
--

ALTER TABLE ONLY public.technical_report_modifications
    ADD CONSTRAINT technical_report_modifications_pkey PRIMARY KEY (id);


--
-- Name: technical_report technical_report_pkey; Type: CONSTRAINT; Schema: public; Owner: alfabravo_user
--

ALTER TABLE ONLY public.technical_report
    ADD CONSTRAINT technical_report_pkey PRIMARY KEY (id);


--
-- Name: technical_report_status_files technical_report_status_files_pkey; Type: CONSTRAINT; Schema: public; Owner: alfabravo_user
--

ALTER TABLE ONLY public.technical_report_status_files
    ADD CONSTRAINT technical_report_status_files_pkey PRIMARY KEY (files_id);


--
-- Name: terms terms_pkey; Type: CONSTRAINT; Schema: public; Owner: alfabravo_user
--

ALTER TABLE ONLY public.terms
    ADD CONSTRAINT terms_pkey PRIMARY KEY (id);


--
-- Name: trace_slogan_client trace_slogan_client_pkey; Type: CONSTRAINT; Schema: public; Owner: alfabravo_user
--

ALTER TABLE ONLY public.trace_slogan_client
    ADD CONSTRAINT trace_slogan_client_pkey PRIMARY KEY (id);


--
-- Name: trace_slogan_evaluation_criteria trace_slogan_evaluation_criteria_pkey; Type: CONSTRAINT; Schema: public; Owner: alfabravo_user
--

ALTER TABLE ONLY public.trace_slogan_evaluation_criteria
    ADD CONSTRAINT trace_slogan_evaluation_criteria_pkey PRIMARY KEY (id);


--
-- Name: trace_slogan_frecuency trace_slogan_frecuency_pkey; Type: CONSTRAINT; Schema: public; Owner: alfabravo_user
--

ALTER TABLE ONLY public.trace_slogan_frecuency
    ADD CONSTRAINT trace_slogan_frecuency_pkey PRIMARY KEY (id);


--
-- Name: trace_slogan_report trace_slogan_frecuency_pkey2; Type: CONSTRAINT; Schema: public; Owner: alfabravo_user
--

ALTER TABLE ONLY public.trace_slogan_report
    ADD CONSTRAINT trace_slogan_frecuency_pkey2 PRIMARY KEY (id);


--
-- Name: trace_slogan_function trace_slogan_function_pkey; Type: CONSTRAINT; Schema: public; Owner: alfabravo_user
--

ALTER TABLE ONLY public.trace_slogan_function
    ADD CONSTRAINT trace_slogan_function_pkey PRIMARY KEY (id);


--
-- Name: trace_slogan_has_function trace_slogan_has_function_pkey; Type: CONSTRAINT; Schema: public; Owner: alfabravo_user
--

ALTER TABLE ONLY public.trace_slogan_has_function
    ADD CONSTRAINT trace_slogan_has_function_pkey PRIMARY KEY (id);


--
-- Name: trace_slogan trace_slogan_pkey; Type: CONSTRAINT; Schema: public; Owner: alfabravo_user
--

ALTER TABLE ONLY public.trace_slogan
    ADD CONSTRAINT trace_slogan_pkey PRIMARY KEY (id);


--
-- Name: trace_slogan_type trace_slogan_type_pkey; Type: CONSTRAINT; Schema: public; Owner: alfabravo_user
--

ALTER TABLE ONLY public.trace_slogan_type
    ADD CONSTRAINT trace_slogan_type_pkey PRIMARY KEY (id);


--
-- Name: transport_company transport_company_pkey; Type: CONSTRAINT; Schema: public; Owner: alfabravo_user
--

ALTER TABLE ONLY public.transport_company
    ADD CONSTRAINT transport_company_pkey PRIMARY KEY (id);


--
-- Name: type_social_security type_social_security_pkey; Type: CONSTRAINT; Schema: public; Owner: alfabravo_user
--

ALTER TABLE ONLY public.type_social_security
    ADD CONSTRAINT type_social_security_pkey PRIMARY KEY (id);


--
-- Name: employee_ubication ubication_history_pkey; Type: CONSTRAINT; Schema: public; Owner: alfabravo_user
--

ALTER TABLE ONLY public.employee_ubication
    ADD CONSTRAINT ubication_history_pkey PRIMARY KEY (id_employee_ubication);


--
-- Name: ubication ubication_pkey; Type: CONSTRAINT; Schema: public; Owner: alfabravo_user
--

ALTER TABLE ONLY public.ubication
    ADD CONSTRAINT ubication_pkey PRIMARY KEY (id);


--
-- Name: user_area user_area_pkey; Type: CONSTRAINT; Schema: public; Owner: alfabravo_user
--

ALTER TABLE ONLY public.user_area
    ADD CONSTRAINT user_area_pkey PRIMARY KEY (id);


--
-- Name: user_belong_area user_belong_area_pkey; Type: CONSTRAINT; Schema: public; Owner: alfabravo_user
--

ALTER TABLE ONLY public.user_belong_area
    ADD CONSTRAINT user_belong_area_pkey PRIMARY KEY (id);


--
-- Name: user_client user_client_pkey; Type: CONSTRAINT; Schema: public; Owner: alfabravo_user
--

ALTER TABLE ONLY public.user_client
    ADD CONSTRAINT user_client_pkey PRIMARY KEY (id);


--
-- Name: user_enterprise user_enterprise_pkey; Type: CONSTRAINT; Schema: public; Owner: alfabravo_user
--

ALTER TABLE ONLY public.user_enterprise
    ADD CONSTRAINT user_enterprise_pkey PRIMARY KEY (id);


--
-- Name: user_ntype_documents user_ntype_document_pkey; Type: CONSTRAINT; Schema: public; Owner: alfabravo_user
--

ALTER TABLE ONLY public.user_ntype_documents
    ADD CONSTRAINT user_ntype_document_pkey PRIMARY KEY (id);


--
-- Name: user_profile user_profile_pkey; Type: CONSTRAINT; Schema: public; Owner: alfabravo_user
--

ALTER TABLE ONLY public.user_profile
    ADD CONSTRAINT user_profile_pkey PRIMARY KEY (id);


--
-- Name: user_room user_room_pkey; Type: CONSTRAINT; Schema: public; Owner: alfabravo_user
--

ALTER TABLE ONLY public.user_room
    ADD CONSTRAINT user_room_pkey PRIMARY KEY (id);


--
-- Name: user_spoken_languages user_spoken_languages_pkey; Type: CONSTRAINT; Schema: public; Owner: alfabravo_user
--

ALTER TABLE ONLY public.user_spoken_languages
    ADD CONSTRAINT user_spoken_languages_pkey PRIMARY KEY (id);


--
-- Name: user_type_documents user_type_document_pkey; Type: CONSTRAINT; Schema: public; Owner: alfabravo_user
--

ALTER TABLE ONLY public.user_type_documents
    ADD CONSTRAINT user_type_document_pkey PRIMARY KEY (id);


--
-- Name: user_type user_type_pkey; Type: CONSTRAINT; Schema: public; Owner: alfabravo_user
--

ALTER TABLE ONLY public.user_type
    ADD CONSTRAINT user_type_pkey PRIMARY KEY (id);


--
-- Name: employee_office_zone user_ubication_pkey; Type: CONSTRAINT; Schema: public; Owner: alfabravo_user
--

ALTER TABLE ONLY public.employee_office_zone
    ADD CONSTRAINT user_ubication_pkey PRIMARY KEY (id);


--
-- Name: users users_email_unique; Type: CONSTRAINT; Schema: public; Owner: alfabravo_user
--

ALTER TABLE ONLY public.users
    ADD CONSTRAINT users_email_unique UNIQUE (email);


--
-- Name: users_permissions users_permissions_pkey; Type: CONSTRAINT; Schema: public; Owner: alfabravo_user
--

ALTER TABLE ONLY public.users_permissions
    ADD CONSTRAINT users_permissions_pkey PRIMARY KEY (user_id, permission_id);


--
-- Name: users users_pkey; Type: CONSTRAINT; Schema: public; Owner: alfabravo_user
--

ALTER TABLE ONLY public.users
    ADD CONSTRAINT users_pkey PRIMARY KEY (id);


--
-- Name: users_roles users_roles_pkey; Type: CONSTRAINT; Schema: public; Owner: alfabravo_user
--

ALTER TABLE ONLY public.users_roles
    ADD CONSTRAINT users_roles_pkey PRIMARY KEY (user_id, role_id);


--
-- Name: vehicle_activity vehicle_activity_pkey; Type: CONSTRAINT; Schema: public; Owner: alfabravo_user
--

ALTER TABLE ONLY public.vehicle_activity
    ADD CONSTRAINT vehicle_activity_pkey PRIMARY KEY (id);


--
-- Name: vehicle_expenses_maintenance vehicle_expenses_maintenance_pkey; Type: CONSTRAINT; Schema: public; Owner: alfabravo_user
--

ALTER TABLE ONLY public.vehicle_expenses_maintenance
    ADD CONSTRAINT vehicle_expenses_maintenance_pkey PRIMARY KEY (id);


--
-- Name: vehicle_expenses vehicle_expenses_pkey; Type: CONSTRAINT; Schema: public; Owner: alfabravo_user
--

ALTER TABLE ONLY public.vehicle_expenses
    ADD CONSTRAINT vehicle_expenses_pkey PRIMARY KEY (id);


--
-- Name: vehicle_files vehicle_files_pkey; Type: CONSTRAINT; Schema: public; Owner: alfabravo_user
--

ALTER TABLE ONLY public.vehicle_files
    ADD CONSTRAINT vehicle_files_pkey PRIMARY KEY (vehicle_files_id);


--
-- Name: vehicle_insurance vehicle_insurance_pkey; Type: CONSTRAINT; Schema: public; Owner: alfabravo_user
--

ALTER TABLE ONLY public.vehicle_insurance
    ADD CONSTRAINT vehicle_insurance_pkey PRIMARY KEY (id);


--
-- Name: vehicle_maintenance_action vehicle_maintenance_action_pkey; Type: CONSTRAINT; Schema: public; Owner: alfabravo_user
--

ALTER TABLE ONLY public.vehicle_maintenance_action
    ADD CONSTRAINT vehicle_maintenance_action_pkey PRIMARY KEY (id);


--
-- Name: vehicle_maintenance vehicle_maintenance_pkey; Type: CONSTRAINT; Schema: public; Owner: alfabravo_user
--

ALTER TABLE ONLY public.vehicle_maintenance
    ADD CONSTRAINT vehicle_maintenance_pkey PRIMARY KEY (id);


--
-- Name: vehicle_mileage vehicle_mileage_pkey; Type: CONSTRAINT; Schema: public; Owner: alfabravo_user
--

ALTER TABLE ONLY public.vehicle_mileage
    ADD CONSTRAINT vehicle_mileage_pkey PRIMARY KEY (id);


--
-- Name: vehicle_model vehicle_model_pkey; Type: CONSTRAINT; Schema: public; Owner: alfabravo_user
--

ALTER TABLE ONLY public.vehicle_model
    ADD CONSTRAINT vehicle_model_pkey PRIMARY KEY (id);


--
-- Name: vehicle_owner vehicle_owner_pkey; Type: CONSTRAINT; Schema: public; Owner: alfabravo_user
--

ALTER TABLE ONLY public.vehicle_owner
    ADD CONSTRAINT vehicle_owner_pkey PRIMARY KEY (id);


--
-- Name: vehicle vehicle_pkey; Type: CONSTRAINT; Schema: public; Owner: alfabravo_user
--

ALTER TABLE ONLY public.vehicle
    ADD CONSTRAINT vehicle_pkey PRIMARY KEY (id);


--
-- Name: vehicle_status_force vehicle_status_force_pkey; Type: CONSTRAINT; Schema: public; Owner: alfabravo_user
--

ALTER TABLE ONLY public.vehicle_status_force
    ADD CONSTRAINT vehicle_status_force_pkey PRIMARY KEY (id);


--
-- Name: vehicle_status vehicle_status_pkey; Type: CONSTRAINT; Schema: public; Owner: alfabravo_user
--

ALTER TABLE ONLY public.vehicle_status
    ADD CONSTRAINT vehicle_status_pkey PRIMARY KEY (id);


--
-- Name: vehicle_type_maintenance_element vehicle_type_maintenance_element_pkey; Type: CONSTRAINT; Schema: public; Owner: alfabravo_user
--

ALTER TABLE ONLY public.vehicle_type_maintenance_element
    ADD CONSTRAINT vehicle_type_maintenance_element_pkey PRIMARY KEY (id);


--
-- Name: vehicle_type_maintenance vehicle_type_maintenance_pkey; Type: CONSTRAINT; Schema: public; Owner: alfabravo_user
--

ALTER TABLE ONLY public.vehicle_type_maintenance
    ADD CONSTRAINT vehicle_type_maintenance_pkey PRIMARY KEY (id);


--
-- Name: vehicle_type vehicle_type_pkey; Type: CONSTRAINT; Schema: public; Owner: alfabravo_user
--

ALTER TABLE ONLY public.vehicle_type
    ADD CONSTRAINT vehicle_type_pkey PRIMARY KEY (id);


--
-- Name: vehicle_type_activity vehicle_type_service_pkey; Type: CONSTRAINT; Schema: public; Owner: alfabravo_user
--

ALTER TABLE ONLY public.vehicle_type_activity
    ADD CONSTRAINT vehicle_type_service_pkey PRIMARY KEY (id);


--
-- Name: vehicle_verification_schedule vehicle_verification_schedule_pkey; Type: CONSTRAINT; Schema: public; Owner: alfabravo_user
--

ALTER TABLE ONLY public.vehicle_verification_schedule
    ADD CONSTRAINT vehicle_verification_schedule_pkey PRIMARY KEY (id);


--
-- Name: weapon_autority weapon_autority_pkey; Type: CONSTRAINT; Schema: public; Owner: alfabravo_user
--

ALTER TABLE ONLY public.weapon_autority
    ADD CONSTRAINT weapon_autority_pkey PRIMARY KEY (id);


--
-- Name: weapon_brand weapon_brand_pkey; Type: CONSTRAINT; Schema: public; Owner: alfabravo_user
--

ALTER TABLE ONLY public.weapon_brand
    ADD CONSTRAINT weapon_brand_pkey PRIMARY KEY (id);


--
-- Name: weapon_caliber weapon_caliber_pkey; Type: CONSTRAINT; Schema: public; Owner: alfabravo_user
--

ALTER TABLE ONLY public.weapon_caliber
    ADD CONSTRAINT weapon_caliber_pkey PRIMARY KEY (id);


--
-- Name: weapon_model weapon_model_pkey; Type: CONSTRAINT; Schema: public; Owner: alfabravo_user
--

ALTER TABLE ONLY public.weapon_model
    ADD CONSTRAINT weapon_model_pkey PRIMARY KEY (id);


--
-- Name: weapon_type weapon_type_pkey; Type: CONSTRAINT; Schema: public; Owner: alfabravo_user
--

ALTER TABLE ONLY public.weapon_type
    ADD CONSTRAINT weapon_type_pkey PRIMARY KEY (id);


--
-- Name: scolarship work_position_copy1_pkey1; Type: CONSTRAINT; Schema: public; Owner: alfabravo_user
--

ALTER TABLE ONLY public.scolarship
    ADD CONSTRAINT work_position_copy1_pkey1 PRIMARY KEY (id);


--
-- Name: work_shift work_shift_pkey; Type: CONSTRAINT; Schema: public; Owner: alfabravo_user
--

ALTER TABLE ONLY public.work_shift
    ADD CONSTRAINT work_shift_pkey PRIMARY KEY (id);


--
-- Name: activity_log_log_name_index; Type: INDEX; Schema: public; Owner: alfabravo_user
--

CREATE INDEX activity_log_log_name_index ON public.activity_log USING btree (log_name);


--
-- Name: causer; Type: INDEX; Schema: public; Owner: alfabravo_user
--

CREATE INDEX causer ON public.activity_log USING btree (causer_type, causer_id);


--
-- Name: client_file_type_id_index; Type: INDEX; Schema: public; Owner: alfabravo_user
--

CREATE INDEX client_file_type_id_index ON public.client_files USING btree (file_type_id);


--
-- Name: file_type_id_index; Type: INDEX; Schema: public; Owner: alfabravo_user
--

CREATE INDEX file_type_id_index ON public.employee_files USING btree (file_type_id);


--
-- Name: fki_discharge_reason_fk; Type: INDEX; Schema: public; Owner: alfabravo_user
--

CREATE INDEX fki_discharge_reason_fk ON public.employee_ubication USING btree (discharge_reason_id);


--
-- Name: jobs_queue_index; Type: INDEX; Schema: public; Owner: alfabravo_user
--

CREATE INDEX jobs_queue_index ON public.jobs USING btree (queue);


--
-- Name: password_resets_email_index; Type: INDEX; Schema: public; Owner: alfabravo_user
--

CREATE INDEX password_resets_email_index ON public.password_resets USING btree (email);


--
-- Name: subject; Type: INDEX; Schema: public; Owner: alfabravo_user
--

CREATE INDEX subject ON public.activity_log USING btree (subject_type, subject_id);


--
-- Name: activity activity_fk_01; Type: FK CONSTRAINT; Schema: public; Owner: alfabravo_user
--

ALTER TABLE ONLY public.activity
    ADD CONSTRAINT activity_fk_01 FOREIGN KEY (user_id) REFERENCES public.users(id) ON UPDATE CASCADE ON DELETE CASCADE;


--
-- Name: activity activity_fk_02; Type: FK CONSTRAINT; Schema: public; Owner: alfabravo_user
--

ALTER TABLE ONLY public.activity
    ADD CONSTRAINT activity_fk_02 FOREIGN KEY (employee_id) REFERENCES public.employee(id) ON UPDATE CASCADE ON DELETE CASCADE;


--
-- Name: agenda_event agenda_event_fk_02; Type: FK CONSTRAINT; Schema: public; Owner: alfabravo_user
--

ALTER TABLE ONLY public.agenda_event
    ADD CONSTRAINT agenda_event_fk_02 FOREIGN KEY (user_id) REFERENCES public.users(id) ON UPDATE CASCADE ON DELETE CASCADE;


--
-- Name: alm_attributes_alm_categories alm_attributes_alm_categories_alm_attributes_id_foreign; Type: FK CONSTRAINT; Schema: public; Owner: alfabravo_user
--

ALTER TABLE ONLY public.alm_attributes_alm_categories
    ADD CONSTRAINT alm_attributes_alm_categories_alm_attributes_id_foreign FOREIGN KEY (alm_attributes_id) REFERENCES public.alm_attributes(id) ON DELETE CASCADE;


--
-- Name: alm_attributes_alm_categories alm_attributes_alm_categories_alm_categories_id_foreign; Type: FK CONSTRAINT; Schema: public; Owner: alfabravo_user
--

ALTER TABLE ONLY public.alm_attributes_alm_categories
    ADD CONSTRAINT alm_attributes_alm_categories_alm_categories_id_foreign FOREIGN KEY (alm_categories_id) REFERENCES public.alm_categories(id) ON DELETE CASCADE;


--
-- Name: alm_attributes_alm_products alm_attributes_alm_products_alm_attributes_id_foreign; Type: FK CONSTRAINT; Schema: public; Owner: alfabravo_user
--

ALTER TABLE ONLY public.alm_attributes_alm_products
    ADD CONSTRAINT alm_attributes_alm_products_alm_attributes_id_foreign FOREIGN KEY (alm_attributes_id) REFERENCES public.alm_attributes(id) ON DELETE CASCADE;


--
-- Name: alm_attributes_alm_products alm_attributes_alm_products_alm_product_id_foreign; Type: FK CONSTRAINT; Schema: public; Owner: alfabravo_user
--

ALTER TABLE ONLY public.alm_attributes_alm_products
    ADD CONSTRAINT alm_attributes_alm_products_alm_product_id_foreign FOREIGN KEY (alm_product_id) REFERENCES public.alm_products(id) ON DELETE CASCADE;


--
-- Name: alm_catalogos alm_catalogos_almacen_id_foreign; Type: FK CONSTRAINT; Schema: public; Owner: alfabravo_user
--

ALTER TABLE ONLY public.alm_catalogos
    ADD CONSTRAINT alm_catalogos_almacen_id_foreign FOREIGN KEY (almacen_id) REFERENCES public.almacens(id) ON DELETE CASCADE;


--
-- Name: alm_catalogos alm_catalogos_category_id_foreign; Type: FK CONSTRAINT; Schema: public; Owner: alfabravo_user
--

ALTER TABLE ONLY public.alm_catalogos
    ADD CONSTRAINT alm_catalogos_category_id_foreign FOREIGN KEY (category_id) REFERENCES public.alm_categories(id) ON DELETE CASCADE;


--
-- Name: alm_categories_alm_request_orders alm_categories_alm_request_orders_alm_categories_id_foreign; Type: FK CONSTRAINT; Schema: public; Owner: alfabravo_user
--

ALTER TABLE ONLY public.alm_categories_alm_request_orders
    ADD CONSTRAINT alm_categories_alm_request_orders_alm_categories_id_foreign FOREIGN KEY (alm_categories_id) REFERENCES public.alm_categories(id) ON DELETE CASCADE;


--
-- Name: alm_categories_alm_request_orders alm_categories_alm_request_orders_alm_request_order_id_foreign; Type: FK CONSTRAINT; Schema: public; Owner: alfabravo_user
--

ALTER TABLE ONLY public.alm_categories_alm_request_orders
    ADD CONSTRAINT alm_categories_alm_request_orders_alm_request_order_id_foreign FOREIGN KEY (alm_request_order_id) REFERENCES public.alm_request_orders(id) ON DELETE CASCADE;


--
-- Name: alm_log_entries alm_log_entries_enterprise_id_foreign; Type: FK CONSTRAINT; Schema: public; Owner: alfabravo_user
--

ALTER TABLE ONLY public.alm_log_entries
    ADD CONSTRAINT alm_log_entries_enterprise_id_foreign FOREIGN KEY (enterprise_id) REFERENCES public.enterprise(id) ON DELETE CASCADE;


--
-- Name: alm_log_entries alm_log_entries_sales_order_unit_measure_id_foreign; Type: FK CONSTRAINT; Schema: public; Owner: alfabravo_user
--

ALTER TABLE ONLY public.alm_log_entries
    ADD CONSTRAINT alm_log_entries_sales_order_unit_measure_id_foreign FOREIGN KEY (sales_order_unit_measure_id) REFERENCES public.sales_order_unit_measure(id) ON DELETE CASCADE;


--
-- Name: alm_log_entry_alm_product alm_log_entry_alm_product_alm_log_entry_id_foreign; Type: FK CONSTRAINT; Schema: public; Owner: alfabravo_user
--

ALTER TABLE ONLY public.alm_log_entry_alm_product
    ADD CONSTRAINT alm_log_entry_alm_product_alm_log_entry_id_foreign FOREIGN KEY (alm_log_entry_id) REFERENCES public.alm_log_entries(id) ON DELETE CASCADE;


--
-- Name: alm_log_entry_alm_product alm_log_entry_alm_product_alm_product_id_foreign; Type: FK CONSTRAINT; Schema: public; Owner: alfabravo_user
--

ALTER TABLE ONLY public.alm_log_entry_alm_product
    ADD CONSTRAINT alm_log_entry_alm_product_alm_product_id_foreign FOREIGN KEY (alm_product_id) REFERENCES public.alm_products(id) ON DELETE CASCADE;


--
-- Name: alm_movement_alm_products alm_movement_alm_products_alm_movement_id_foreign; Type: FK CONSTRAINT; Schema: public; Owner: alfabravo_user
--

ALTER TABLE ONLY public.alm_movement_alm_products
    ADD CONSTRAINT alm_movement_alm_products_alm_movement_id_foreign FOREIGN KEY (alm_movement_id) REFERENCES public.alm_movements(id) ON DELETE CASCADE;


--
-- Name: alm_movement_alm_products alm_movement_alm_products_alm_product_id_foreign; Type: FK CONSTRAINT; Schema: public; Owner: alfabravo_user
--

ALTER TABLE ONLY public.alm_movement_alm_products
    ADD CONSTRAINT alm_movement_alm_products_alm_product_id_foreign FOREIGN KEY (alm_product_id) REFERENCES public.alm_products(id) ON DELETE CASCADE;


--
-- Name: alm_pedidos alm_pedidos_alm_request_order_id_foreign; Type: FK CONSTRAINT; Schema: public; Owner: alfabravo_user
--

ALTER TABLE ONLY public.alm_pedidos
    ADD CONSTRAINT alm_pedidos_alm_request_order_id_foreign FOREIGN KEY (alm_request_order_id) REFERENCES public.alm_request_orders(id) ON DELETE CASCADE;


--
-- Name: alm_pedidos alm_pedidos_enterprise_id_foreign; Type: FK CONSTRAINT; Schema: public; Owner: alfabravo_user
--

ALTER TABLE ONLY public.alm_pedidos
    ADD CONSTRAINT alm_pedidos_enterprise_id_foreign FOREIGN KEY (enterprise_id) REFERENCES public.enterprise(id) ON DELETE SET NULL;


--
-- Name: alm_products alm_products_category_id_foreign; Type: FK CONSTRAINT; Schema: public; Owner: alfabravo_user
--

ALTER TABLE ONLY public.alm_products
    ADD CONSTRAINT alm_products_category_id_foreign FOREIGN KEY (category_id) REFERENCES public.alm_categories(id) ON DELETE CASCADE;


--
-- Name: alm_request_orders alm_request_orders_employee_id_foreign; Type: FK CONSTRAINT; Schema: public; Owner: alfabravo_user
--

ALTER TABLE ONLY public.alm_request_orders
    ADD CONSTRAINT alm_request_orders_employee_id_foreign FOREIGN KEY (employee_id) REFERENCES public.employee(id) ON DELETE CASCADE;


--
-- Name: area area_fk_01; Type: FK CONSTRAINT; Schema: public; Owner: alfabravo_user
--

ALTER TABLE ONLY public.area
    ADD CONSTRAINT area_fk_01 FOREIGN KEY (parent_id) REFERENCES public.area(id) ON UPDATE CASCADE ON DELETE CASCADE;


--
-- Name: base base_fk_01; Type: FK CONSTRAINT; Schema: public; Owner: alfabravo_user
--

ALTER TABLE ONLY public.base
    ADD CONSTRAINT base_fk_01 FOREIGN KEY (city_id) REFERENCES public.city(id) ON UPDATE CASCADE ON DELETE CASCADE;


--
-- Name: bonus_client bonus_client_bonus_id_fkey; Type: FK CONSTRAINT; Schema: public; Owner: alfabravo_user
--

ALTER TABLE ONLY public.bonus_client
    ADD CONSTRAINT bonus_client_bonus_id_fkey FOREIGN KEY (bonus_id) REFERENCES public.bonus(id) ON UPDATE CASCADE ON DELETE CASCADE;


--
-- Name: bonus_client bonus_client_client_id_fkey; Type: FK CONSTRAINT; Schema: public; Owner: alfabravo_user
--

ALTER TABLE ONLY public.bonus_client
    ADD CONSTRAINT bonus_client_client_id_fkey FOREIGN KEY (client_id) REFERENCES public.client(id) ON UPDATE CASCADE ON DELETE CASCADE;


--
-- Name: bonus_employee bonus_employee_bonus_id_fkey; Type: FK CONSTRAINT; Schema: public; Owner: alfabravo_user
--

ALTER TABLE ONLY public.bonus_employee
    ADD CONSTRAINT bonus_employee_bonus_id_fkey FOREIGN KEY (bonus_id) REFERENCES public.bonus(id) ON UPDATE CASCADE ON DELETE CASCADE;


--
-- Name: bonus_employee bonus_employee_employee_id_fkey; Type: FK CONSTRAINT; Schema: public; Owner: alfabravo_user
--

ALTER TABLE ONLY public.bonus_employee
    ADD CONSTRAINT bonus_employee_employee_id_fkey FOREIGN KEY (employee_id) REFERENCES public.employee(id) ON UPDATE CASCADE ON DELETE CASCADE;


--
-- Name: chat chat_fk_01; Type: FK CONSTRAINT; Schema: public; Owner: alfabravo_user
--

ALTER TABLE ONLY public.chat
    ADD CONSTRAINT chat_fk_01 FOREIGN KEY (from_user) REFERENCES public.users(id) ON UPDATE CASCADE ON DELETE CASCADE;


--
-- Name: chat chat_fk_02; Type: FK CONSTRAINT; Schema: public; Owner: alfabravo_user
--

ALTER TABLE ONLY public.chat
    ADD CONSTRAINT chat_fk_02 FOREIGN KEY (to_user) REFERENCES public.users(id) ON UPDATE CASCADE ON DELETE CASCADE;


--
-- Name: client_files client-files_client_id_fkey; Type: FK CONSTRAINT; Schema: public; Owner: alfabravo_user
--

ALTER TABLE ONLY public.client_files
    ADD CONSTRAINT "client-files_client_id_fkey" FOREIGN KEY (client_id) REFERENCES public.client(id) ON UPDATE CASCADE ON DELETE CASCADE;


--
-- Name: client_agenda_event client_agenda_event_fk_01; Type: FK CONSTRAINT; Schema: public; Owner: alfabravo_user
--

ALTER TABLE ONLY public.client_agenda_event
    ADD CONSTRAINT client_agenda_event_fk_01 FOREIGN KEY (client_agenda_id) REFERENCES public.client_agenda(id) ON UPDATE CASCADE ON DELETE CASCADE;


--
-- Name: client_agenda_event client_agenda_event_fk_02; Type: FK CONSTRAINT; Schema: public; Owner: alfabravo_user
--

ALTER TABLE ONLY public.client_agenda_event
    ADD CONSTRAINT client_agenda_event_fk_02 FOREIGN KEY (user_id) REFERENCES public.users(id) ON UPDATE CASCADE ON DELETE CASCADE;


--
-- Name: client_agenda client_agenda_fk_01; Type: FK CONSTRAINT; Schema: public; Owner: alfabravo_user
--

ALTER TABLE ONLY public.client_agenda
    ADD CONSTRAINT client_agenda_fk_01 FOREIGN KEY (client_id) REFERENCES public.client(id) ON UPDATE CASCADE ON DELETE CASCADE;


--
-- Name: client client_client_group_id_fkey; Type: FK CONSTRAINT; Schema: public; Owner: alfabravo_user
--

ALTER TABLE ONLY public.client
    ADD CONSTRAINT client_client_group_id_fkey FOREIGN KEY (client_group_id) REFERENCES public.client_group(id) ON UPDATE CASCADE ON DELETE SET NULL;


--
-- Name: client_files client_files_file_type_id_fkey; Type: FK CONSTRAINT; Schema: public; Owner: alfabravo_user
--

ALTER TABLE ONLY public.client_files
    ADD CONSTRAINT client_files_file_type_id_fkey FOREIGN KEY (file_type_id) REFERENCES public.file_type(id) ON UPDATE CASCADE ON DELETE CASCADE;


--
-- Name: client_reason client_reason_fk_01; Type: FK CONSTRAINT; Schema: public; Owner: alfabravo_user
--

ALTER TABLE ONLY public.client_reason
    ADD CONSTRAINT client_reason_fk_01 FOREIGN KEY (client_reason_id) REFERENCES public.client_reason(id) ON UPDATE CASCADE ON DELETE CASCADE;


--
-- Name: client_user client_user_fkey_01; Type: FK CONSTRAINT; Schema: public; Owner: alfabravo_user
--

ALTER TABLE ONLY public.client_user
    ADD CONSTRAINT client_user_fkey_01 FOREIGN KEY (client_id) REFERENCES public.client(id);


--
-- Name: client_user client_user_fkey_02; Type: FK CONSTRAINT; Schema: public; Owner: alfabravo_user
--

ALTER TABLE ONLY public.client_user
    ADD CONSTRAINT client_user_fkey_02 FOREIGN KEY (user_id) REFERENCES public.users(id);


--
-- Name: infos_cobranzas_files cobranzas-files_id_fkey_02; Type: FK CONSTRAINT; Schema: public; Owner: alfabravo_user
--

ALTER TABLE ONLY public.infos_cobranzas_files
    ADD CONSTRAINT "cobranzas-files_id_fkey_02" FOREIGN KEY (cobranzas_id) REFERENCES public.infos_cobranzas(id) ON UPDATE CASCADE ON DELETE CASCADE;


--
-- Name: infos_cobranzas_files cobranzas_files_file_type_id_fkey_03; Type: FK CONSTRAINT; Schema: public; Owner: alfabravo_user
--

ALTER TABLE ONLY public.infos_cobranzas_files
    ADD CONSTRAINT cobranzas_files_file_type_id_fkey_03 FOREIGN KEY (file_type_id) REFERENCES public.file_type(id) ON UPDATE CASCADE ON DELETE CASCADE;


--
-- Name: course_employee course_employee_01; Type: FK CONSTRAINT; Schema: public; Owner: alfabravo_user
--

ALTER TABLE ONLY public.course_employee
    ADD CONSTRAINT course_employee_01 FOREIGN KEY (course_id) REFERENCES public.course(id) ON UPDATE CASCADE ON DELETE CASCADE;


--
-- Name: course_employee course_employee_02; Type: FK CONSTRAINT; Schema: public; Owner: alfabravo_user
--

ALTER TABLE ONLY public.course_employee
    ADD CONSTRAINT course_employee_02 FOREIGN KEY (employee_id) REFERENCES public.employee(id) ON UPDATE CASCADE ON DELETE CASCADE;


--
-- Name: employee_ubication discharge_reason_fk; Type: FK CONSTRAINT; Schema: public; Owner: alfabravo_user
--

ALTER TABLE ONLY public.employee_ubication
    ADD CONSTRAINT discharge_reason_fk FOREIGN KEY (discharge_reason_id) REFERENCES public.employee_discharge_reason(id) ON UPDATE CASCADE ON DELETE SET NULL NOT VALID;


--
-- Name: discount_employee discount_employee_discount_id_fkey; Type: FK CONSTRAINT; Schema: public; Owner: alfabravo_user
--

ALTER TABLE ONLY public.discount_employee
    ADD CONSTRAINT discount_employee_discount_id_fkey FOREIGN KEY (discount_id) REFERENCES public.discount(id) ON UPDATE CASCADE ON DELETE CASCADE;


--
-- Name: discount_employee discount_employee_employee_id_fkey; Type: FK CONSTRAINT; Schema: public; Owner: alfabravo_user
--

ALTER TABLE ONLY public.discount_employee
    ADD CONSTRAINT discount_employee_employee_id_fkey FOREIGN KEY (employee_id) REFERENCES public.employee(id) ON UPDATE CASCADE ON DELETE CASCADE;


--
-- Name: employee_files employee-files_employee_id_fkey; Type: FK CONSTRAINT; Schema: public; Owner: alfabravo_user
--

ALTER TABLE ONLY public.employee_files
    ADD CONSTRAINT "employee-files_employee_id_fkey" FOREIGN KEY (employee_id) REFERENCES public.employee(id) ON UPDATE CASCADE ON DELETE CASCADE;


--
-- Name: employee_asistence employee_asistence_fk_01; Type: FK CONSTRAINT; Schema: public; Owner: alfabravo_user
--

ALTER TABLE ONLY public.employee_asistence
    ADD CONSTRAINT employee_asistence_fk_01 FOREIGN KEY (employee_id) REFERENCES public.employee(id) ON UPDATE CASCADE ON DELETE CASCADE;


--
-- Name: employee_asistence employee_asistence_fk_05; Type: FK CONSTRAINT; Schema: public; Owner: alfabravo_user
--

ALTER TABLE ONLY public.employee_asistence
    ADD CONSTRAINT employee_asistence_fk_05 FOREIGN KEY (user_id) REFERENCES public.users(id) ON UPDATE CASCADE ON DELETE CASCADE;


--
-- Name: employee_bank_data employee_bank_fk_01; Type: FK CONSTRAINT; Schema: public; Owner: alfabravo_user
--

ALTER TABLE ONLY public.employee_bank_data
    ADD CONSTRAINT employee_bank_fk_01 FOREIGN KEY (employee_id) REFERENCES public.employee(id) ON UPDATE CASCADE ON DELETE CASCADE;


--
-- Name: employee_bank_data employee_bank_fk_02; Type: FK CONSTRAINT; Schema: public; Owner: alfabravo_user
--

ALTER TABLE ONLY public.employee_bank_data
    ADD CONSTRAINT employee_bank_fk_02 FOREIGN KEY (bank_id) REFERENCES public.bank(id) ON UPDATE CASCADE ON DELETE CASCADE;


--
-- Name: employee_files employee_files_file_type_id_fkey; Type: FK CONSTRAINT; Schema: public; Owner: alfabravo_user
--

ALTER TABLE ONLY public.employee_files
    ADD CONSTRAINT employee_files_file_type_id_fkey FOREIGN KEY (file_type_id) REFERENCES public.file_type(id) ON UPDATE CASCADE ON DELETE CASCADE NOT VALID;


--
-- Name: employee employee_fk_01; Type: FK CONSTRAINT; Schema: public; Owner: alfabravo_user
--

ALTER TABLE ONLY public.employee
    ADD CONSTRAINT employee_fk_01 FOREIGN KEY (personal_id) REFERENCES public.personal(id) ON UPDATE CASCADE ON DELETE CASCADE;


--
-- Name: employee_eventual_payment employee_payment_eventual_fk_01; Type: FK CONSTRAINT; Schema: public; Owner: alfabravo_user
--

ALTER TABLE ONLY public.employee_eventual_payment
    ADD CONSTRAINT employee_payment_eventual_fk_01 FOREIGN KEY (employee_id) REFERENCES public.employee(id) ON UPDATE CASCADE ON DELETE CASCADE;


--
-- Name: employee_eventual_payment employee_payment_eventual_fk_02; Type: FK CONSTRAINT; Schema: public; Owner: alfabravo_user
--

ALTER TABLE ONLY public.employee_eventual_payment
    ADD CONSTRAINT employee_payment_eventual_fk_02 FOREIGN KEY (service_id) REFERENCES public.infos_service_type(id) ON UPDATE CASCADE ON DELETE CASCADE;


--
-- Name: employee_request employee_request_fk_01; Type: FK CONSTRAINT; Schema: public; Owner: alfabravo_user
--

ALTER TABLE ONLY public.employee_request
    ADD CONSTRAINT employee_request_fk_01 FOREIGN KEY (employee_id) REFERENCES public.employee(id) ON UPDATE CASCADE ON DELETE CASCADE;


--
-- Name: employee_request employee_request_fk_02; Type: FK CONSTRAINT; Schema: public; Owner: alfabravo_user
--

ALTER TABLE ONLY public.employee_request
    ADD CONSTRAINT employee_request_fk_02 FOREIGN KEY (employee_requested_to) REFERENCES public.employee(id) ON UPDATE CASCADE ON DELETE CASCADE;


--
-- Name: employee_salary employee_salary_fk_01; Type: FK CONSTRAINT; Schema: public; Owner: alfabravo_user
--

ALTER TABLE ONLY public.employee_salary
    ADD CONSTRAINT employee_salary_fk_01 FOREIGN KEY (employee_id) REFERENCES public.employee(id) ON UPDATE CASCADE ON DELETE CASCADE;


--
-- Name: employee_security_secretary employee_security_secretary_fk_01; Type: FK CONSTRAINT; Schema: public; Owner: alfabravo_user
--

ALTER TABLE ONLY public.employee_security_secretary
    ADD CONSTRAINT employee_security_secretary_fk_01 FOREIGN KEY (enterprise_id) REFERENCES public.enterprise(id) ON UPDATE CASCADE ON DELETE CASCADE;


--
-- Name: employee_security_secretary employee_security_secretary_fk_02; Type: FK CONSTRAINT; Schema: public; Owner: alfabravo_user
--

ALTER TABLE ONLY public.employee_security_secretary
    ADD CONSTRAINT employee_security_secretary_fk_02 FOREIGN KEY (employee_id) REFERENCES public.employee(id) ON UPDATE CASCADE ON DELETE CASCADE;


--
-- Name: employee_social_study employee_social_study_fk_01; Type: FK CONSTRAINT; Schema: public; Owner: alfabravo_user
--

ALTER TABLE ONLY public.employee_social_study
    ADD CONSTRAINT employee_social_study_fk_01 FOREIGN KEY (employee_id) REFERENCES public.employee(id) ON UPDATE CASCADE ON DELETE CASCADE;


--
-- Name: employee_social_study employee_social_study_fk_02; Type: FK CONSTRAINT; Schema: public; Owner: alfabravo_user
--

ALTER TABLE ONLY public.employee_social_study
    ADD CONSTRAINT employee_social_study_fk_02 FOREIGN KEY (user_id) REFERENCES public.users(id) ON UPDATE CASCADE ON DELETE CASCADE;


--
-- Name: employee_status_day employee_status_day_fk_01; Type: FK CONSTRAINT; Schema: public; Owner: alfabravo_user
--

ALTER TABLE ONLY public.employee_status_day
    ADD CONSTRAINT employee_status_day_fk_01 FOREIGN KEY (employee_id) REFERENCES public.employee(id) ON UPDATE CASCADE ON DELETE CASCADE;


--
-- Name: employee_status_day employee_status_day_fk_02; Type: FK CONSTRAINT; Schema: public; Owner: alfabravo_user
--

ALTER TABLE ONLY public.employee_status_day
    ADD CONSTRAINT employee_status_day_fk_02 FOREIGN KEY (employee_status_id) REFERENCES public.employee_status(id) ON UPDATE CASCADE ON DELETE CASCADE;


--
-- Name: employee_status_day employee_status_day_fk_03; Type: FK CONSTRAINT; Schema: public; Owner: alfabravo_user
--

ALTER TABLE ONLY public.employee_status_day
    ADD CONSTRAINT employee_status_day_fk_03 FOREIGN KEY (user_id) REFERENCES public.users(id) ON UPDATE CASCADE ON DELETE CASCADE;


--
-- Name: employee_terms employee_terms_fk_01; Type: FK CONSTRAINT; Schema: public; Owner: alfabravo_user
--

ALTER TABLE ONLY public.employee_terms
    ADD CONSTRAINT employee_terms_fk_01 FOREIGN KEY (employee_id) REFERENCES public.employee(id) ON UPDATE CASCADE ON DELETE CASCADE;


--
-- Name: employee_terms employee_terms_fk_02; Type: FK CONSTRAINT; Schema: public; Owner: alfabravo_user
--

ALTER TABLE ONLY public.employee_terms
    ADD CONSTRAINT employee_terms_fk_02 FOREIGN KEY (terms_id) REFERENCES public.terms(id) ON UPDATE CASCADE ON DELETE CASCADE;


--
-- Name: employee_ubication employee_ubication_client_id_fkey; Type: FK CONSTRAINT; Schema: public; Owner: alfabravo_user
--

ALTER TABLE ONLY public.employee_ubication
    ADD CONSTRAINT employee_ubication_client_id_fkey FOREIGN KEY (client_id) REFERENCES public.client(id) ON UPDATE CASCADE ON DELETE CASCADE;


--
-- Name: employee_ubication employee_ubication_employee_type_id_fkey; Type: FK CONSTRAINT; Schema: public; Owner: alfabravo_user
--

ALTER TABLE ONLY public.employee_ubication
    ADD CONSTRAINT employee_ubication_employee_type_id_fkey FOREIGN KEY (employee_type_id) REFERENCES public.employee_type(id) ON UPDATE CASCADE ON DELETE CASCADE;


--
-- Name: employee_ubication employee_ubication_enterprise_id_fkey; Type: FK CONSTRAINT; Schema: public; Owner: alfabravo_user
--

ALTER TABLE ONLY public.employee_ubication
    ADD CONSTRAINT employee_ubication_enterprise_id_fkey FOREIGN KEY (enterprise_id) REFERENCES public.enterprise(id) ON UPDATE CASCADE ON DELETE CASCADE;


--
-- Name: employee_ubication employee_ubication_fk_06; Type: FK CONSTRAINT; Schema: public; Owner: alfabravo_user
--

ALTER TABLE ONLY public.employee_ubication
    ADD CONSTRAINT employee_ubication_fk_06 FOREIGN KEY (payroll_software_id) REFERENCES public.payroll_software(id) ON UPDATE CASCADE ON DELETE CASCADE;


--
-- Name: employee_ubication employee_ubication_work_position_id_fkey; Type: FK CONSTRAINT; Schema: public; Owner: alfabravo_user
--

ALTER TABLE ONLY public.employee_ubication
    ADD CONSTRAINT employee_ubication_work_position_id_fkey FOREIGN KEY (work_position_id) REFERENCES public.work_position(id) ON UPDATE CASCADE ON DELETE CASCADE;


--
-- Name: employee_weapon_registry employee_weapon_registry_fk_01; Type: FK CONSTRAINT; Schema: public; Owner: alfabravo_user
--

ALTER TABLE ONLY public.employee_weapon_registry
    ADD CONSTRAINT employee_weapon_registry_fk_01 FOREIGN KEY (weapon_model_id) REFERENCES public.weapon_model(id) ON UPDATE CASCADE ON DELETE CASCADE;


--
-- Name: employee_weapon_registry employee_weapon_registry_fk_02; Type: FK CONSTRAINT; Schema: public; Owner: alfabravo_user
--

ALTER TABLE ONLY public.employee_weapon_registry
    ADD CONSTRAINT employee_weapon_registry_fk_02 FOREIGN KEY (weapon_type_id) REFERENCES public.weapon_type(id) ON UPDATE CASCADE ON DELETE CASCADE;


--
-- Name: employee_weapon_registry employee_weapon_registry_fk_03; Type: FK CONSTRAINT; Schema: public; Owner: alfabravo_user
--

ALTER TABLE ONLY public.employee_weapon_registry
    ADD CONSTRAINT employee_weapon_registry_fk_03 FOREIGN KEY (weapon_caliber_id) REFERENCES public.weapon_caliber(id) ON UPDATE CASCADE ON DELETE CASCADE;


--
-- Name: employee_weapon_registry employee_weapon_registry_fk_04; Type: FK CONSTRAINT; Schema: public; Owner: alfabravo_user
--

ALTER TABLE ONLY public.employee_weapon_registry
    ADD CONSTRAINT employee_weapon_registry_fk_04 FOREIGN KEY (weapon_autority_id) REFERENCES public.weapon_autority(id) ON UPDATE CASCADE ON DELETE CASCADE;


--
-- Name: employee_weapon_registry employee_weapon_registry_fk_05; Type: FK CONSTRAINT; Schema: public; Owner: alfabravo_user
--

ALTER TABLE ONLY public.employee_weapon_registry
    ADD CONSTRAINT employee_weapon_registry_fk_05 FOREIGN KEY (employee_id) REFERENCES public.employee(id) ON UPDATE CASCADE ON DELETE CASCADE;


--
-- Name: enterprise_files enterprise-files_enterprise_id_fkey; Type: FK CONSTRAINT; Schema: public; Owner: alfabravo_user
--

ALTER TABLE ONLY public.enterprise_files
    ADD CONSTRAINT "enterprise-files_enterprise_id_fkey" FOREIGN KEY (enterprise_id) REFERENCES public.enterprise(id) ON UPDATE CASCADE ON DELETE CASCADE;


--
-- Name: enterprise_files enterprise_files_file_type_id_fkey; Type: FK CONSTRAINT; Schema: public; Owner: alfabravo_user
--

ALTER TABLE ONLY public.enterprise_files
    ADD CONSTRAINT enterprise_files_file_type_id_fkey FOREIGN KEY (file_type_id) REFERENCES public.file_type(id) ON UPDATE CASCADE ON DELETE CASCADE;


--
-- Name: enterprise_product enterprise_product_fk_01; Type: FK CONSTRAINT; Schema: public; Owner: alfabravo_user
--

ALTER TABLE ONLY public.enterprise_product
    ADD CONSTRAINT enterprise_product_fk_01 FOREIGN KEY (product_id) REFERENCES public.infos_service_type(id) ON UPDATE CASCADE ON DELETE CASCADE;


--
-- Name: enterprise_product enterprise_product_fk_02; Type: FK CONSTRAINT; Schema: public; Owner: alfabravo_user
--

ALTER TABLE ONLY public.enterprise_product
    ADD CONSTRAINT enterprise_product_fk_02 FOREIGN KEY (enterprise_id) REFERENCES public.enterprise(id) ON UPDATE CASCADE ON DELETE CASCADE;


--
-- Name: external_service_provider_type external_service_provider_type_fk_01; Type: FK CONSTRAINT; Schema: public; Owner: alfabravo_user
--

ALTER TABLE ONLY public.external_service_provider_type
    ADD CONSTRAINT external_service_provider_type_fk_01 FOREIGN KEY (external_service_provider_id) REFERENCES public.external_service_provider(id) ON UPDATE CASCADE ON DELETE CASCADE;


--
-- Name: external_service_provider_type external_service_provider_type_fk_02; Type: FK CONSTRAINT; Schema: public; Owner: alfabravo_user
--

ALTER TABLE ONLY public.external_service_provider_type
    ADD CONSTRAINT external_service_provider_type_fk_02 FOREIGN KEY (external_service_type_id) REFERENCES public.external_service_type(id) ON UPDATE CASCADE ON DELETE CASCADE;


--
-- Name: fixed_cost_category fixed_cost_category_01; Type: FK CONSTRAINT; Schema: public; Owner: alfabravo_user
--

ALTER TABLE ONLY public.fixed_cost_category
    ADD CONSTRAINT fixed_cost_category_01 FOREIGN KEY (parent_id) REFERENCES public.fixed_cost_category(id) ON UPDATE CASCADE ON DELETE CASCADE;


--
-- Name: fixed_cost_bill fixed_cost_facture_fk_01; Type: FK CONSTRAINT; Schema: public; Owner: alfabravo_user
--

ALTER TABLE ONLY public.fixed_cost_bill
    ADD CONSTRAINT fixed_cost_facture_fk_01 FOREIGN KEY (fixed_cost_id) REFERENCES public.fixed_cost(id) ON UPDATE CASCADE ON DELETE CASCADE;


--
-- Name: fixed_cost fixed_cost_fk_01; Type: FK CONSTRAINT; Schema: public; Owner: alfabravo_user
--

ALTER TABLE ONLY public.fixed_cost
    ADD CONSTRAINT fixed_cost_fk_01 FOREIGN KEY (fixed_cost_category_id) REFERENCES public.fixed_cost_category(id) ON UPDATE CASCADE ON DELETE CASCADE;


--
-- Name: fixed_cost fixed_cost_fk_02; Type: FK CONSTRAINT; Schema: public; Owner: alfabravo_user
--

ALTER TABLE ONLY public.fixed_cost
    ADD CONSTRAINT fixed_cost_fk_02 FOREIGN KEY (user_id) REFERENCES public.users(id) ON UPDATE CASCADE ON DELETE CASCADE;


--
-- Name: fixed_cost fixed_cost_fk_03; Type: FK CONSTRAINT; Schema: public; Owner: alfabravo_user
--

ALTER TABLE ONLY public.fixed_cost
    ADD CONSTRAINT fixed_cost_fk_03 FOREIGN KEY (periodicity_id) REFERENCES public.periodicity(id) ON UPDATE CASCADE ON DELETE CASCADE;


--
-- Name: fixed_cost fixed_cost_fk_04; Type: FK CONSTRAINT; Schema: public; Owner: alfabravo_user
--

ALTER TABLE ONLY public.fixed_cost
    ADD CONSTRAINT fixed_cost_fk_04 FOREIGN KEY (enterprise_id) REFERENCES public.enterprise(id) ON UPDATE CASCADE ON DELETE CASCADE;


--
-- Name: fixed_cost_payment fixed_cost_payment; Type: FK CONSTRAINT; Schema: public; Owner: alfabravo_user
--

ALTER TABLE ONLY public.fixed_cost_payment
    ADD CONSTRAINT fixed_cost_payment FOREIGN KEY (fixed_cost_id) REFERENCES public.fixed_cost(id) ON UPDATE CASCADE ON DELETE CASCADE;


--
-- Name: fixed_cost_payment_way fixed_cost_payment_way_pkey_fk_101; Type: FK CONSTRAINT; Schema: public; Owner: alfabravo_user
--

ALTER TABLE ONLY public.fixed_cost_payment_way
    ADD CONSTRAINT fixed_cost_payment_way_pkey_fk_101 FOREIGN KEY (fixed_cost_payment_id) REFERENCES public.fixed_cost_payment(id) ON UPDATE CASCADE ON DELETE CASCADE;


--
-- Name: fixed_cost_planned_amount fixed_cost_planned_amount_fk_01; Type: FK CONSTRAINT; Schema: public; Owner: alfabravo_user
--

ALTER TABLE ONLY public.fixed_cost_planned_amount
    ADD CONSTRAINT fixed_cost_planned_amount_fk_01 FOREIGN KEY (fixed_cost_id) REFERENCES public.fixed_cost(id) ON UPDATE CASCADE ON DELETE CASCADE;


--
-- Name: fixed_cost_planned_amount fixed_cost_planned_amount_fk_02; Type: FK CONSTRAINT; Schema: public; Owner: alfabravo_user
--

ALTER TABLE ONLY public.fixed_cost_planned_amount
    ADD CONSTRAINT fixed_cost_planned_amount_fk_02 FOREIGN KEY (user_id) REFERENCES public.users(id) ON UPDATE CASCADE ON DELETE CASCADE;


--
-- Name: infos_intramuros_budget infos_intramuros_budget_expenses_id_fkey; Type: FK CONSTRAINT; Schema: public; Owner: alfabravo_user
--

ALTER TABLE ONLY public.infos_intramuros_budget
    ADD CONSTRAINT infos_intramuros_budget_expenses_id_fkey FOREIGN KEY (expenses_id) REFERENCES public.expenses(id) ON UPDATE CASCADE ON DELETE CASCADE;


--
-- Name: infos_intramuros_budget infos_intramuros_budget_infos_service_id_fkey; Type: FK CONSTRAINT; Schema: public; Owner: alfabravo_user
--

ALTER TABLE ONLY public.infos_intramuros_budget
    ADD CONSTRAINT infos_intramuros_budget_infos_service_id_fkey FOREIGN KEY (infos_service_id) REFERENCES public.infos_intramuros_service(id) ON UPDATE CASCADE ON DELETE CASCADE;


--
-- Name: infos_intramuros_budget infos_intramuros_budget_resource_id_fkey; Type: FK CONSTRAINT; Schema: public; Owner: alfabravo_user
--

ALTER TABLE ONLY public.infos_intramuros_budget
    ADD CONSTRAINT infos_intramuros_budget_resource_id_fkey FOREIGN KEY (resource_id) REFERENCES public.resource_type(id) ON UPDATE CASCADE ON DELETE CASCADE;


--
-- Name: infos_intramuros_expense infos_intramuros_expense_expenses_id_fkey; Type: FK CONSTRAINT; Schema: public; Owner: alfabravo_user
--

ALTER TABLE ONLY public.infos_intramuros_expense
    ADD CONSTRAINT infos_intramuros_expense_expenses_id_fkey FOREIGN KEY (expenses_id) REFERENCES public.expenses(id) ON UPDATE CASCADE ON DELETE SET NULL;


--
-- Name: infos_intramuros_expense infos_intramuros_expense_infos_service_employee_id_fkey; Type: FK CONSTRAINT; Schema: public; Owner: alfabravo_user
--

ALTER TABLE ONLY public.infos_intramuros_expense
    ADD CONSTRAINT infos_intramuros_expense_infos_service_employee_id_fkey FOREIGN KEY (infos_service_employee_id) REFERENCES public.infos_intramuros_employee(id) ON UPDATE CASCADE ON DELETE SET NULL;


--
-- Name: infos_intramuros_expense infos_intramuros_expense_infos_service_id_fkey; Type: FK CONSTRAINT; Schema: public; Owner: alfabravo_user
--

ALTER TABLE ONLY public.infos_intramuros_expense
    ADD CONSTRAINT infos_intramuros_expense_infos_service_id_fkey FOREIGN KEY (infos_service_id) REFERENCES public.infos_intramuros_service(id) ON UPDATE CASCADE ON DELETE CASCADE;


--
-- Name: infos_intramuros_expense infos_intramuros_expense_infos_service_vehicle_id_fkey; Type: FK CONSTRAINT; Schema: public; Owner: alfabravo_user
--

ALTER TABLE ONLY public.infos_intramuros_expense
    ADD CONSTRAINT infos_intramuros_expense_infos_service_vehicle_id_fkey FOREIGN KEY (infos_service_vehicle_id) REFERENCES public.infos_intramuros_vehicle(id) ON UPDATE CASCADE ON DELETE SET NULL;


--
-- Name: infos_intramuros_expense infos_intramuros_expense_planned_resource_fkey; Type: FK CONSTRAINT; Schema: public; Owner: alfabravo_user
--

ALTER TABLE ONLY public.infos_intramuros_expense
    ADD CONSTRAINT infos_intramuros_expense_planned_resource_fkey FOREIGN KEY (infos_service_resource_id) REFERENCES public.infos_intramuros_resource(id) ON UPDATE CASCADE ON DELETE SET NULL;


--
-- Name: infos_intramuros_expense infos_intramuros_expense_resource_type_id_fkey; Type: FK CONSTRAINT; Schema: public; Owner: alfabravo_user
--

ALTER TABLE ONLY public.infos_intramuros_expense
    ADD CONSTRAINT infos_intramuros_expense_resource_type_id_fkey FOREIGN KEY (resource_type_id) REFERENCES public.resource_type(id) ON UPDATE CASCADE ON DELETE SET NULL;


--
-- Name: infos_intramuros_service_element infos_intramuros_service_elements_fk_1; Type: FK CONSTRAINT; Schema: public; Owner: alfabravo_user
--

ALTER TABLE ONLY public.infos_intramuros_service_element
    ADD CONSTRAINT infos_intramuros_service_elements_fk_1 FOREIGN KEY (infos_intramuros_service_id) REFERENCES public.infos_intramuros_service(id) ON UPDATE CASCADE ON DELETE CASCADE;


--
-- Name: infos_intramuros_service_element infos_intramuros_service_elements_fk_2; Type: FK CONSTRAINT; Schema: public; Owner: alfabravo_user
--

ALTER TABLE ONLY public.infos_intramuros_service_element
    ADD CONSTRAINT infos_intramuros_service_elements_fk_2 FOREIGN KEY (work_shift_id) REFERENCES public.work_shift(id) ON UPDATE CASCADE ON DELETE CASCADE;


--
-- Name: infos_intramuros_service infos_intramuros_service_id_client_fkey; Type: FK CONSTRAINT; Schema: public; Owner: alfabravo_user
--

ALTER TABLE ONLY public.infos_intramuros_service
    ADD CONSTRAINT infos_intramuros_service_id_client_fkey FOREIGN KEY (id_client) REFERENCES public.client(id) ON UPDATE CASCADE ON DELETE CASCADE;


--
-- Name: infos_intramuros_vehicle infos_intramuros_vehicle_infos_service_id_fkey; Type: FK CONSTRAINT; Schema: public; Owner: alfabravo_user
--

ALTER TABLE ONLY public.infos_intramuros_vehicle
    ADD CONSTRAINT infos_intramuros_vehicle_infos_service_id_fkey FOREIGN KEY (infos_service_id) REFERENCES public.infos_intramuros_service(id) ON UPDATE CASCADE ON DELETE CASCADE;


--
-- Name: infos_intramuros_vehicle infos_intramuros_vehicle_vehicle_id_fkey; Type: FK CONSTRAINT; Schema: public; Owner: alfabravo_user
--

ALTER TABLE ONLY public.infos_intramuros_vehicle
    ADD CONSTRAINT infos_intramuros_vehicle_vehicle_id_fkey FOREIGN KEY (vehicle_id) REFERENCES public.vehicle(id) ON UPDATE CASCADE ON DELETE CASCADE;


--
-- Name: infos_service_budget infos_service_budget_expenses_id_fkey; Type: FK CONSTRAINT; Schema: public; Owner: alfabravo_user
--

ALTER TABLE ONLY public.infos_service_budget
    ADD CONSTRAINT infos_service_budget_expenses_id_fkey FOREIGN KEY (expenses_id) REFERENCES public.expenses(id) ON UPDATE CASCADE ON DELETE CASCADE;


--
-- Name: infos_service_budget infos_service_budget_infos_service_id_fkey; Type: FK CONSTRAINT; Schema: public; Owner: alfabravo_user
--

ALTER TABLE ONLY public.infos_service_budget
    ADD CONSTRAINT infos_service_budget_infos_service_id_fkey FOREIGN KEY (infos_service_id) REFERENCES public.infos_service(id) ON UPDATE CASCADE ON DELETE CASCADE;


--
-- Name: infos_service_budget infos_service_budget_resource_id_fkey; Type: FK CONSTRAINT; Schema: public; Owner: alfabravo_user
--

ALTER TABLE ONLY public.infos_service_budget
    ADD CONSTRAINT infos_service_budget_resource_id_fkey FOREIGN KEY (resource_id) REFERENCES public.resource_type(id) ON UPDATE CASCADE ON DELETE CASCADE;


--
-- Name: infos_service_carrier infos_service_carrier_brand_id_fkey; Type: FK CONSTRAINT; Schema: public; Owner: alfabravo_user
--

ALTER TABLE ONLY public.infos_service_carrier
    ADD CONSTRAINT infos_service_carrier_brand_id_fkey FOREIGN KEY (brand_id) REFERENCES public.vehicle_brand(id) ON UPDATE CASCADE ON DELETE SET NULL;


--
-- Name: infos_service_carrier infos_service_carrier_infos_service_id_fkey; Type: FK CONSTRAINT; Schema: public; Owner: alfabravo_user
--

ALTER TABLE ONLY public.infos_service_carrier
    ADD CONSTRAINT infos_service_carrier_infos_service_id_fkey FOREIGN KEY (infos_service_id) REFERENCES public.infos_service(id) ON UPDATE CASCADE ON DELETE CASCADE;


--
-- Name: infos_service_carrier infos_service_carrier_transport_company_id_fkey; Type: FK CONSTRAINT; Schema: public; Owner: alfabravo_user
--

ALTER TABLE ONLY public.infos_service_carrier
    ADD CONSTRAINT infos_service_carrier_transport_company_id_fkey FOREIGN KEY (transport_company_id) REFERENCES public.transport_company(id) ON UPDATE CASCADE ON DELETE SET NULL;


--
-- Name: infos_service_employee infos_service_employee_employee_id_fkey; Type: FK CONSTRAINT; Schema: public; Owner: alfabravo_user
--

ALTER TABLE ONLY public.infos_service_employee
    ADD CONSTRAINT infos_service_employee_employee_id_fkey FOREIGN KEY (employee_id) REFERENCES public.employee(id) ON UPDATE CASCADE ON DELETE CASCADE;


--
-- Name: infos_service_employee infos_service_employee_employee_ubication_id_fkey; Type: FK CONSTRAINT; Schema: public; Owner: alfabravo_user
--

ALTER TABLE ONLY public.infos_service_employee
    ADD CONSTRAINT infos_service_employee_employee_ubication_id_fkey FOREIGN KEY (employee_ubication_id) REFERENCES public.employee_ubication(id_employee_ubication) ON UPDATE CASCADE ON DELETE CASCADE;


--
-- Name: infos_service_employee infos_service_employee_infos_service_id_fkey; Type: FK CONSTRAINT; Schema: public; Owner: alfabravo_user
--

ALTER TABLE ONLY public.infos_service_employee
    ADD CONSTRAINT infos_service_employee_infos_service_id_fkey FOREIGN KEY (infos_service_id) REFERENCES public.infos_service(id) ON UPDATE CASCADE ON DELETE CASCADE;


--
-- Name: infos_service_employee infos_service_employee_route_id_fkey; Type: FK CONSTRAINT; Schema: public; Owner: alfabravo_user
--

ALTER TABLE ONLY public.infos_service_employee
    ADD CONSTRAINT infos_service_employee_route_id_fkey FOREIGN KEY (route_id) REFERENCES public.infos_service_route(id) ON UPDATE CASCADE ON DELETE SET NULL;


--
-- Name: infos_service_employee infos_service_employee_service_rol_id_fkey; Type: FK CONSTRAINT; Schema: public; Owner: alfabravo_user
--

ALTER TABLE ONLY public.infos_service_employee
    ADD CONSTRAINT infos_service_employee_service_rol_id_fkey FOREIGN KEY (service_rol_id) REFERENCES public.work_position(id) ON UPDATE CASCADE ON DELETE CASCADE;


--
-- Name: infos_service_employee infos_service_employee_service_type_id_fkey; Type: FK CONSTRAINT; Schema: public; Owner: alfabravo_user
--

ALTER TABLE ONLY public.infos_service_employee
    ADD CONSTRAINT infos_service_employee_service_type_id_fkey FOREIGN KEY (service_type_id) REFERENCES public.infos_service_type(id) ON UPDATE SET NULL ON DELETE SET NULL;


--
-- Name: infos_service_events_files infos_service_events_files_infos_service_events_id_fkey; Type: FK CONSTRAINT; Schema: public; Owner: alfabravo_user
--

ALTER TABLE ONLY public.infos_service_events_files
    ADD CONSTRAINT infos_service_events_files_infos_service_events_id_fkey FOREIGN KEY (infos_service_events_id) REFERENCES public.infos_service_events(id) ON UPDATE CASCADE ON DELETE SET NULL;


--
-- Name: infos_service_events infos_service_events_incident_type_id_fkey; Type: FK CONSTRAINT; Schema: public; Owner: alfabravo_user
--

ALTER TABLE ONLY public.infos_service_events
    ADD CONSTRAINT infos_service_events_incident_type_id_fkey FOREIGN KEY (incident_type_id) REFERENCES public.incident_type(id) ON UPDATE CASCADE ON DELETE SET NULL;


--
-- Name: infos_service_events infos_service_events_infos_service_employee_id_fkey; Type: FK CONSTRAINT; Schema: public; Owner: alfabravo_user
--

ALTER TABLE ONLY public.infos_service_events
    ADD CONSTRAINT infos_service_events_infos_service_employee_id_fkey FOREIGN KEY (infos_service_employee_id) REFERENCES public.infos_service_employee(id) ON UPDATE CASCADE ON DELETE SET NULL;


--
-- Name: infos_service_events infos_service_events_infos_service_id_fkey; Type: FK CONSTRAINT; Schema: public; Owner: alfabravo_user
--

ALTER TABLE ONLY public.infos_service_events
    ADD CONSTRAINT infos_service_events_infos_service_id_fkey FOREIGN KEY (infos_service_id) REFERENCES public.infos_service(id) ON UPDATE CASCADE ON DELETE CASCADE;


--
-- Name: infos_service_events infos_service_events_infos_service_vehicle_id_fkey; Type: FK CONSTRAINT; Schema: public; Owner: alfabravo_user
--

ALTER TABLE ONLY public.infos_service_events
    ADD CONSTRAINT infos_service_events_infos_service_vehicle_id_fkey FOREIGN KEY (infos_service_vehicle_id) REFERENCES public.infos_service_vehicle(id) ON UPDATE CASCADE ON DELETE SET NULL;


--
-- Name: infos_service_expense infos_service_expense_expenses_id_fkey; Type: FK CONSTRAINT; Schema: public; Owner: alfabravo_user
--

ALTER TABLE ONLY public.infos_service_expense
    ADD CONSTRAINT infos_service_expense_expenses_id_fkey FOREIGN KEY (expenses_id) REFERENCES public.expenses(id) ON UPDATE CASCADE ON DELETE SET NULL;


--
-- Name: infos_service_expense infos_service_expense_infos_service_employee_id_fkey; Type: FK CONSTRAINT; Schema: public; Owner: alfabravo_user
--

ALTER TABLE ONLY public.infos_service_expense
    ADD CONSTRAINT infos_service_expense_infos_service_employee_id_fkey FOREIGN KEY (infos_service_employee_id) REFERENCES public.infos_service_employee(id) ON UPDATE CASCADE ON DELETE SET NULL;


--
-- Name: infos_service_expense infos_service_expense_infos_service_id_fkey; Type: FK CONSTRAINT; Schema: public; Owner: alfabravo_user
--

ALTER TABLE ONLY public.infos_service_expense
    ADD CONSTRAINT infos_service_expense_infos_service_id_fkey FOREIGN KEY (infos_service_id) REFERENCES public.infos_service(id) ON UPDATE CASCADE ON DELETE CASCADE;


--
-- Name: infos_service_expense infos_service_expense_infos_service_vehicle_id_fkey; Type: FK CONSTRAINT; Schema: public; Owner: alfabravo_user
--

ALTER TABLE ONLY public.infos_service_expense
    ADD CONSTRAINT infos_service_expense_infos_service_vehicle_id_fkey FOREIGN KEY (infos_service_vehicle_id) REFERENCES public.infos_service_vehicle(id) ON UPDATE CASCADE ON DELETE SET NULL;


--
-- Name: infos_service_expense infos_service_expense_planned_resource_fkey; Type: FK CONSTRAINT; Schema: public; Owner: alfabravo_user
--

ALTER TABLE ONLY public.infos_service_expense
    ADD CONSTRAINT infos_service_expense_planned_resource_fkey FOREIGN KEY (infos_service_resource_id) REFERENCES public.infos_service_resource(id) ON UPDATE CASCADE ON DELETE SET NULL NOT VALID;


--
-- Name: infos_service_expense infos_service_expense_resource_type_id_fkey; Type: FK CONSTRAINT; Schema: public; Owner: alfabravo_user
--

ALTER TABLE ONLY public.infos_service_expense
    ADD CONSTRAINT infos_service_expense_resource_type_id_fkey FOREIGN KEY (resource_type_id) REFERENCES public.resource_type(id) ON UPDATE CASCADE ON DELETE SET NULL;


--
-- Name: infos_service infos_service_id_client_fkey; Type: FK CONSTRAINT; Schema: public; Owner: alfabravo_user
--

ALTER TABLE ONLY public.infos_service
    ADD CONSTRAINT infos_service_id_client_fkey FOREIGN KEY (id_client) REFERENCES public.client(id) ON UPDATE CASCADE ON DELETE CASCADE;


--
-- Name: infos_service infos_service_id_service_type_fkey; Type: FK CONSTRAINT; Schema: public; Owner: alfabravo_user
--

ALTER TABLE ONLY public.infos_service
    ADD CONSTRAINT infos_service_id_service_type_fkey FOREIGN KEY (id_service_type) REFERENCES public.infos_service_type(id) ON UPDATE CASCADE ON DELETE CASCADE;


--
-- Name: infos_intramuros_employee infos_service_intramuro_employee_id_fkey; Type: FK CONSTRAINT; Schema: public; Owner: alfabravo_user
--

ALTER TABLE ONLY public.infos_intramuros_employee
    ADD CONSTRAINT infos_service_intramuro_employee_id_fkey FOREIGN KEY (employee_id) REFERENCES public.employee(id) ON UPDATE CASCADE ON DELETE CASCADE;


--
-- Name: infos_intramuros_employee infos_service_intramuro_employee_ubication_id_fkey; Type: FK CONSTRAINT; Schema: public; Owner: alfabravo_user
--

ALTER TABLE ONLY public.infos_intramuros_employee
    ADD CONSTRAINT infos_service_intramuro_employee_ubication_id_fkey FOREIGN KEY (employee_ubication_id) REFERENCES public.employee_ubication(id_employee_ubication) ON UPDATE CASCADE ON DELETE CASCADE;


--
-- Name: infos_intramuros_employee infos_service_intramuro_infos_service_id_fkey; Type: FK CONSTRAINT; Schema: public; Owner: alfabravo_user
--

ALTER TABLE ONLY public.infos_intramuros_employee
    ADD CONSTRAINT infos_service_intramuro_infos_service_id_fkey FOREIGN KEY (infos_service_id) REFERENCES public.infos_intramuros_service(id) ON UPDATE CASCADE ON DELETE CASCADE;


--
-- Name: infos_intramuros_resource infos_service_intramuros_resource_employee_id_fkey; Type: FK CONSTRAINT; Schema: public; Owner: alfabravo_user
--

ALTER TABLE ONLY public.infos_intramuros_resource
    ADD CONSTRAINT infos_service_intramuros_resource_employee_id_fkey FOREIGN KEY (infos_service_employee_id) REFERENCES public.infos_intramuros_employee(id) ON UPDATE CASCADE ON DELETE SET NULL;


--
-- Name: infos_intramuros_resource infos_service_intramuros_resource_infos_service_id_fkey; Type: FK CONSTRAINT; Schema: public; Owner: alfabravo_user
--

ALTER TABLE ONLY public.infos_intramuros_resource
    ADD CONSTRAINT infos_service_intramuros_resource_infos_service_id_fkey FOREIGN KEY (infos_service_id) REFERENCES public.infos_intramuros_service(id) ON UPDATE CASCADE ON DELETE CASCADE;


--
-- Name: infos_intramuros_resource infos_service_intramuros_resource_resource_id_fkey; Type: FK CONSTRAINT; Schema: public; Owner: alfabravo_user
--

ALTER TABLE ONLY public.infos_intramuros_resource
    ADD CONSTRAINT infos_service_intramuros_resource_resource_id_fkey FOREIGN KEY (resource_id) REFERENCES public.resource_type(id) ON UPDATE CASCADE ON DELETE CASCADE;


--
-- Name: infos_service_plan infos_service_plan_infos_service_id_fkey; Type: FK CONSTRAINT; Schema: public; Owner: alfabravo_user
--

ALTER TABLE ONLY public.infos_service_plan
    ADD CONSTRAINT infos_service_plan_infos_service_id_fkey FOREIGN KEY (infos_service_id) REFERENCES public.infos_service(id) ON UPDATE CASCADE ON DELETE CASCADE;


--
-- Name: infos_service_plan infos_service_plan_infos_service_type_id_fkey; Type: FK CONSTRAINT; Schema: public; Owner: alfabravo_user
--

ALTER TABLE ONLY public.infos_service_plan
    ADD CONSTRAINT infos_service_plan_infos_service_type_id_fkey FOREIGN KEY (infos_service_type_id) REFERENCES public.infos_service_type(id) ON UPDATE CASCADE ON DELETE CASCADE;


--
-- Name: infos_service_resource infos_service_resource_employee_id_fkey; Type: FK CONSTRAINT; Schema: public; Owner: alfabravo_user
--

ALTER TABLE ONLY public.infos_service_resource
    ADD CONSTRAINT infos_service_resource_employee_id_fkey FOREIGN KEY (infos_service_employee_id) REFERENCES public.infos_service_employee(id) ON UPDATE CASCADE ON DELETE SET NULL;


--
-- Name: infos_service_resource infos_service_resource_infos_service_id_fkey; Type: FK CONSTRAINT; Schema: public; Owner: alfabravo_user
--

ALTER TABLE ONLY public.infos_service_resource
    ADD CONSTRAINT infos_service_resource_infos_service_id_fkey FOREIGN KEY (infos_service_id) REFERENCES public.infos_service(id) ON UPDATE CASCADE ON DELETE CASCADE;


--
-- Name: infos_service_resource infos_service_resource_resource_id_fkey; Type: FK CONSTRAINT; Schema: public; Owner: alfabravo_user
--

ALTER TABLE ONLY public.infos_service_resource
    ADD CONSTRAINT infos_service_resource_resource_id_fkey FOREIGN KEY (resource_id) REFERENCES public.resource_type(id) ON UPDATE CASCADE ON DELETE CASCADE;


--
-- Name: infos_service_route infos_service_route_base_end_id_fkey; Type: FK CONSTRAINT; Schema: public; Owner: alfabravo_user
--

ALTER TABLE ONLY public.infos_service_route
    ADD CONSTRAINT infos_service_route_base_end_id_fkey FOREIGN KEY (base_end_id) REFERENCES public.base(id) ON UPDATE CASCADE ON DELETE CASCADE;


--
-- Name: infos_service_route infos_service_route_base_id_fkey; Type: FK CONSTRAINT; Schema: public; Owner: alfabravo_user
--

ALTER TABLE ONLY public.infos_service_route
    ADD CONSTRAINT infos_service_route_base_id_fkey FOREIGN KEY (base_start_id) REFERENCES public.base(id) ON UPDATE CASCADE ON DELETE CASCADE;


--
-- Name: infos_service_route infos_service_route_infos_service_id_fkey; Type: FK CONSTRAINT; Schema: public; Owner: alfabravo_user
--

ALTER TABLE ONLY public.infos_service_route
    ADD CONSTRAINT infos_service_route_infos_service_id_fkey FOREIGN KEY (infos_service_id) REFERENCES public.infos_service(id) ON UPDATE CASCADE ON DELETE CASCADE;


--
-- Name: infos_service_route infos_service_route_route_id_fkey; Type: FK CONSTRAINT; Schema: public; Owner: alfabravo_user
--

ALTER TABLE ONLY public.infos_service_route
    ADD CONSTRAINT infos_service_route_route_id_fkey FOREIGN KEY (route_id) REFERENCES public.route(id) ON UPDATE CASCADE ON DELETE CASCADE;


--
-- Name: infos_service_route_types infos_service_route_types_infos_service_route_id_fkey; Type: FK CONSTRAINT; Schema: public; Owner: alfabravo_user
--

ALTER TABLE ONLY public.infos_service_route_types
    ADD CONSTRAINT infos_service_route_types_infos_service_route_id_fkey FOREIGN KEY (infos_service_route_id) REFERENCES public.infos_service_route(id) ON UPDATE CASCADE ON DELETE CASCADE;


--
-- Name: infos_service_route_types infos_service_route_types_infos_service_type_id_fkey; Type: FK CONSTRAINT; Schema: public; Owner: alfabravo_user
--

ALTER TABLE ONLY public.infos_service_route_types
    ADD CONSTRAINT infos_service_route_types_infos_service_type_id_fkey FOREIGN KEY (infos_service_type_id) REFERENCES public.infos_service_type(id) ON UPDATE CASCADE ON DELETE CASCADE;


--
-- Name: infos_service_type_work_position infos_service_type_work_position_fk_01; Type: FK CONSTRAINT; Schema: public; Owner: alfabravo_user
--

ALTER TABLE ONLY public.infos_service_type_work_position
    ADD CONSTRAINT infos_service_type_work_position_fk_01 FOREIGN KEY (infos_service_type_id) REFERENCES public.infos_service_type(id) ON UPDATE CASCADE ON DELETE CASCADE;


--
-- Name: infos_service_type_work_position infos_service_type_work_position_fk_02; Type: FK CONSTRAINT; Schema: public; Owner: alfabravo_user
--

ALTER TABLE ONLY public.infos_service_type_work_position
    ADD CONSTRAINT infos_service_type_work_position_fk_02 FOREIGN KEY (work_position_id) REFERENCES public.work_position(id) ON UPDATE CASCADE ON DELETE CASCADE;


--
-- Name: infos_service_types infos_service_types_infos_service_id_fkey; Type: FK CONSTRAINT; Schema: public; Owner: alfabravo_user
--

ALTER TABLE ONLY public.infos_service_types
    ADD CONSTRAINT infos_service_types_infos_service_id_fkey FOREIGN KEY (infos_service_id) REFERENCES public.infos_service(id);


--
-- Name: infos_service_types infos_service_types_infos_service_type_id_fkey; Type: FK CONSTRAINT; Schema: public; Owner: alfabravo_user
--

ALTER TABLE ONLY public.infos_service_types
    ADD CONSTRAINT infos_service_types_infos_service_type_id_fkey FOREIGN KEY (infos_service_type_id) REFERENCES public.infos_service_type(id);


--
-- Name: infos_service_vehicle infos_service_vehicle_infos_service_id_fkey; Type: FK CONSTRAINT; Schema: public; Owner: alfabravo_user
--

ALTER TABLE ONLY public.infos_service_vehicle
    ADD CONSTRAINT infos_service_vehicle_infos_service_id_fkey FOREIGN KEY (infos_service_id) REFERENCES public.infos_service(id) ON UPDATE CASCADE ON DELETE CASCADE;


--
-- Name: infos_service_vehicle infos_service_vehicle_route_id_fkey; Type: FK CONSTRAINT; Schema: public; Owner: alfabravo_user
--

ALTER TABLE ONLY public.infos_service_vehicle
    ADD CONSTRAINT infos_service_vehicle_route_id_fkey FOREIGN KEY (route_id) REFERENCES public.infos_service_route(id) ON UPDATE CASCADE ON DELETE SET NULL;


--
-- Name: infos_service_vehicle infos_service_vehicle_service_type_id_fkey; Type: FK CONSTRAINT; Schema: public; Owner: alfabravo_user
--

ALTER TABLE ONLY public.infos_service_vehicle
    ADD CONSTRAINT infos_service_vehicle_service_type_id_fkey FOREIGN KEY (service_type_id) REFERENCES public.infos_service_type(id) ON UPDATE SET NULL ON DELETE SET NULL;


--
-- Name: infos_service_vehicle infos_service_vehicle_vehicle_id_fkey; Type: FK CONSTRAINT; Schema: public; Owner: alfabravo_user
--

ALTER TABLE ONLY public.infos_service_vehicle
    ADD CONSTRAINT infos_service_vehicle_vehicle_id_fkey FOREIGN KEY (vehicle_id) REFERENCES public.vehicle(id) ON UPDATE CASCADE ON DELETE CASCADE;


--
-- Name: infos_warehouse_movement infos_warehouse_movement_fk_01; Type: FK CONSTRAINT; Schema: public; Owner: alfabravo_user
--

ALTER TABLE ONLY public.infos_warehouse_movement
    ADD CONSTRAINT infos_warehouse_movement_fk_01 FOREIGN KEY (warehouse_item_id) REFERENCES public.infos_warehouse(id) ON UPDATE CASCADE ON DELETE CASCADE;


--
-- Name: infos_warehouse_movement infos_warehouse_movement_fk_02; Type: FK CONSTRAINT; Schema: public; Owner: alfabravo_user
--

ALTER TABLE ONLY public.infos_warehouse_movement
    ADD CONSTRAINT infos_warehouse_movement_fk_02 FOREIGN KEY (user_id) REFERENCES public.users(id) ON UPDATE CASCADE ON DELETE CASCADE;


--
-- Name: inventory_category_attribute inventory_category_property_fk_01; Type: FK CONSTRAINT; Schema: public; Owner: alfabravo_user
--

ALTER TABLE ONLY public.inventory_category_attribute
    ADD CONSTRAINT inventory_category_property_fk_01 FOREIGN KEY (inventory_category_id) REFERENCES public.inventory_category(id) ON UPDATE CASCADE ON DELETE CASCADE;


--
-- Name: item_category item_category_fk_01; Type: FK CONSTRAINT; Schema: public; Owner: alfabravo_user
--

ALTER TABLE ONLY public.item_category
    ADD CONSTRAINT item_category_fk_01 FOREIGN KEY (item_category_id) REFERENCES public.item_category(id) ON UPDATE CASCADE ON DELETE CASCADE;


--
-- Name: item_category item_category_fk_02; Type: FK CONSTRAINT; Schema: public; Owner: alfabravo_user
--

ALTER TABLE ONLY public.item_category
    ADD CONSTRAINT item_category_fk_02 FOREIGN KEY (user_id) REFERENCES public.users(id) ON UPDATE CASCADE ON DELETE CASCADE;


--
-- Name: item_category_provider item_category_provider_fk_01; Type: FK CONSTRAINT; Schema: public; Owner: alfabravo_user
--

ALTER TABLE ONLY public.item_category_provider
    ADD CONSTRAINT item_category_provider_fk_01 FOREIGN KEY (article_id) REFERENCES public.item_category(id) ON UPDATE CASCADE ON DELETE CASCADE;


--
-- Name: item_category_provider item_category_provider_fk_02; Type: FK CONSTRAINT; Schema: public; Owner: alfabravo_user
--

ALTER TABLE ONLY public.item_category_provider
    ADD CONSTRAINT item_category_provider_fk_02 FOREIGN KEY (provider_id) REFERENCES public.providers(id) ON UPDATE CASCADE ON DELETE CASCADE;


--
-- Name: nomina_concept_element nomina_concept_element_fk_01; Type: FK CONSTRAINT; Schema: public; Owner: alfabravo_user
--

ALTER TABLE ONLY public.nomina_concept_element
    ADD CONSTRAINT nomina_concept_element_fk_01 FOREIGN KEY (nomina_id) REFERENCES public.nomina(id) ON UPDATE CASCADE ON DELETE CASCADE;


--
-- Name: nomina_concept_element nomina_concept_element_fk_02; Type: FK CONSTRAINT; Schema: public; Owner: alfabravo_user
--

ALTER TABLE ONLY public.nomina_concept_element
    ADD CONSTRAINT nomina_concept_element_fk_02 FOREIGN KEY (concept_id) REFERENCES public.nomina_concept(id) ON UPDATE CASCADE ON DELETE CASCADE;


--
-- Name: nomina nomina_fk_01; Type: FK CONSTRAINT; Schema: public; Owner: alfabravo_user
--

ALTER TABLE ONLY public.nomina
    ADD CONSTRAINT nomina_fk_01 FOREIGN KEY (employee_id) REFERENCES public.employee(id) ON UPDATE CASCADE ON DELETE CASCADE;


--
-- Name: office office_fk_01; Type: FK CONSTRAINT; Schema: public; Owner: alfabravo_user
--

ALTER TABLE ONLY public.office
    ADD CONSTRAINT office_fk_01 FOREIGN KEY (client_id) REFERENCES public.client(id) ON UPDATE CASCADE ON DELETE CASCADE;


--
-- Name: office_zone office_zone_fk_01; Type: FK CONSTRAINT; Schema: public; Owner: alfabravo_user
--

ALTER TABLE ONLY public.office_zone
    ADD CONSTRAINT office_zone_fk_01 FOREIGN KEY (office_id) REFERENCES public.office(id) ON UPDATE CASCADE ON DELETE CASCADE;


--
-- Name: office_zone office_zone_fk_02; Type: FK CONSTRAINT; Schema: public; Owner: alfabravo_user
--

ALTER TABLE ONLY public.office_zone
    ADD CONSTRAINT office_zone_fk_02 FOREIGN KEY (zone_id) REFERENCES public.location(id) ON UPDATE CASCADE ON DELETE CASCADE;


--
-- Name: participation participation_fk_01; Type: FK CONSTRAINT; Schema: public; Owner: alfabravo_user
--

ALTER TABLE ONLY public.participation
    ADD CONSTRAINT participation_fk_01 FOREIGN KEY (employee_id) REFERENCES public.employee(id) ON UPDATE CASCADE ON DELETE CASCADE;


--
-- Name: payment_account payment_account_fk_01; Type: FK CONSTRAINT; Schema: public; Owner: alfabravo_user
--

ALTER TABLE ONLY public.payment_account
    ADD CONSTRAINT payment_account_fk_01 FOREIGN KEY (bank_id) REFERENCES public.bank(id) ON UPDATE CASCADE ON DELETE CASCADE;


--
-- Name: payment_account payment_account_fk_02; Type: FK CONSTRAINT; Schema: public; Owner: alfabravo_user
--

ALTER TABLE ONLY public.payment_account
    ADD CONSTRAINT payment_account_fk_02 FOREIGN KEY (user_id) REFERENCES public.users(id) ON UPDATE CASCADE ON DELETE CASCADE;


--
-- Name: payroll_employee_bonus payroll_employee_bonus_bonus_client_id_fkey; Type: FK CONSTRAINT; Schema: public; Owner: alfabravo_user
--

ALTER TABLE ONLY public.payroll_employee_bonus
    ADD CONSTRAINT payroll_employee_bonus_bonus_client_id_fkey FOREIGN KEY (bonus_client_id) REFERENCES public.bonus_client(id);


--
-- Name: payroll_employee_bonus payroll_employee_bonus_bonus_id_fkey; Type: FK CONSTRAINT; Schema: public; Owner: alfabravo_user
--

ALTER TABLE ONLY public.payroll_employee_bonus
    ADD CONSTRAINT payroll_employee_bonus_bonus_id_fkey FOREIGN KEY (bonus_id) REFERENCES public.bonus(id) ON UPDATE CASCADE ON DELETE CASCADE;


--
-- Name: payroll_employee payroll_employee_employee_bank_data_id_fkey; Type: FK CONSTRAINT; Schema: public; Owner: alfabravo_user
--

ALTER TABLE ONLY public.payroll_employee
    ADD CONSTRAINT payroll_employee_employee_bank_data_id_fkey FOREIGN KEY (employee_bank_data_id) REFERENCES public.employee_bank_data(id) ON UPDATE CASCADE ON DELETE CASCADE;


--
-- Name: payroll_employee payroll_employee_employee_ubication_id_fkey; Type: FK CONSTRAINT; Schema: public; Owner: alfabravo_user
--

ALTER TABLE ONLY public.payroll_employee
    ADD CONSTRAINT payroll_employee_employee_ubication_id_fkey FOREIGN KEY (employee_ubication_id) REFERENCES public.employee_ubication(id_employee_ubication) ON UPDATE CASCADE ON DELETE CASCADE;


--
-- Name: payroll_employee_files payroll_employee_files_file_type_id_fkey; Type: FK CONSTRAINT; Schema: public; Owner: alfabravo_user
--

ALTER TABLE ONLY public.payroll_employee_files
    ADD CONSTRAINT payroll_employee_files_file_type_id_fkey FOREIGN KEY (file_type_id) REFERENCES public.file_type(id) ON UPDATE CASCADE ON DELETE CASCADE NOT VALID;


--
-- Name: payroll_employee_files payroll_employee_files_payroll_employee_id_fkey; Type: FK CONSTRAINT; Schema: public; Owner: alfabravo_user
--

ALTER TABLE ONLY public.payroll_employee_files
    ADD CONSTRAINT payroll_employee_files_payroll_employee_id_fkey FOREIGN KEY (payroll_employee_id) REFERENCES public.payroll_employee(id) ON UPDATE CASCADE ON DELETE CASCADE;


--
-- Name: payroll_employee payroll_employee_payroll_id_fkey; Type: FK CONSTRAINT; Schema: public; Owner: alfabravo_user
--

ALTER TABLE ONLY public.payroll_employee
    ADD CONSTRAINT payroll_employee_payroll_id_fkey FOREIGN KEY (payroll_id) REFERENCES public.payroll(id) ON UPDATE CASCADE ON DELETE CASCADE;


--
-- Name: payroll_employee payroll_employee_user_id_fkey; Type: FK CONSTRAINT; Schema: public; Owner: alfabravo_user
--

ALTER TABLE ONLY public.payroll_employee
    ADD CONSTRAINT payroll_employee_user_id_fkey FOREIGN KEY (user_id) REFERENCES public.users(id) ON UPDATE SET NULL ON DELETE SET NULL;


--
-- Name: payroll_employee payroll_fk_01; Type: FK CONSTRAINT; Schema: public; Owner: alfabravo_user
--

ALTER TABLE ONLY public.payroll_employee
    ADD CONSTRAINT payroll_fk_01 FOREIGN KEY (employee_id) REFERENCES public.employee(id) ON UPDATE CASCADE ON DELETE CASCADE;


--
-- Name: payroll payroll_user_id_fkey; Type: FK CONSTRAINT; Schema: public; Owner: alfabravo_user
--

ALTER TABLE ONLY public.payroll
    ADD CONSTRAINT payroll_user_id_fkey FOREIGN KEY (user_id) REFERENCES public.users(id) ON UPDATE CASCADE ON DELETE CASCADE;


--
-- Name: personal_address personal_address_city_id_fkey; Type: FK CONSTRAINT; Schema: public; Owner: alfabravo_user
--

ALTER TABLE ONLY public.personal_address
    ADD CONSTRAINT personal_address_city_id_fkey FOREIGN KEY (city_id) REFERENCES public.city(id) ON UPDATE CASCADE ON DELETE CASCADE;


--
-- Name: personal_address personal_address_personal_id_fkey; Type: FK CONSTRAINT; Schema: public; Owner: alfabravo_user
--

ALTER TABLE ONLY public.personal_address
    ADD CONSTRAINT personal_address_personal_id_fkey FOREIGN KEY (personal_id) REFERENCES public.personal(id) ON UPDATE CASCADE ON DELETE CASCADE;


--
-- Name: personal_allergy personal_allergy_fk_01; Type: FK CONSTRAINT; Schema: public; Owner: alfabravo_user
--

ALTER TABLE ONLY public.personal_allergy
    ADD CONSTRAINT personal_allergy_fk_01 FOREIGN KEY (personal_id) REFERENCES public.personal(id) ON UPDATE CASCADE ON DELETE CASCADE;


--
-- Name: personal_allergy personal_allergy_fk_02; Type: FK CONSTRAINT; Schema: public; Owner: alfabravo_user
--

ALTER TABLE ONLY public.personal_allergy
    ADD CONSTRAINT personal_allergy_fk_02 FOREIGN KEY (allergy_id) REFERENCES public.allergy(id) ON UPDATE CASCADE ON DELETE CASCADE;


--
-- Name: personal_bank_data personal_bank_fk_01; Type: FK CONSTRAINT; Schema: public; Owner: alfabravo_user
--

ALTER TABLE ONLY public.personal_bank_data
    ADD CONSTRAINT personal_bank_fk_01 FOREIGN KEY (personal_id) REFERENCES public.personal(id) ON UPDATE CASCADE ON DELETE CASCADE;


--
-- Name: personal_bank_data personal_bank_fk_02; Type: FK CONSTRAINT; Schema: public; Owner: alfabravo_user
--

ALTER TABLE ONLY public.personal_bank_data
    ADD CONSTRAINT personal_bank_fk_02 FOREIGN KEY (bank_id) REFERENCES public.bank(id) ON UPDATE CASCADE ON DELETE CASCADE;


--
-- Name: personal_documents personal_documents_fk_01; Type: FK CONSTRAINT; Schema: public; Owner: alfabravo_user
--

ALTER TABLE ONLY public.personal_documents
    ADD CONSTRAINT personal_documents_fk_01 FOREIGN KEY (personal_id) REFERENCES public.personal(id) ON UPDATE CASCADE ON DELETE CASCADE;


--
-- Name: personal_economic_dinamic personal_economic_dinamic_fk_01; Type: FK CONSTRAINT; Schema: public; Owner: alfabravo_user
--

ALTER TABLE ONLY public.personal_economic_dinamic
    ADD CONSTRAINT personal_economic_dinamic_fk_01 FOREIGN KEY (personal_id) REFERENCES public.personal(id) ON UPDATE CASCADE ON DELETE CASCADE;


--
-- Name: personal_emergency_contact personal_emergency_contact_fk_01; Type: FK CONSTRAINT; Schema: public; Owner: alfabravo_user
--

ALTER TABLE ONLY public.personal_emergency_contact
    ADD CONSTRAINT personal_emergency_contact_fk_01 FOREIGN KEY (personal_id) REFERENCES public.personal(id) ON UPDATE CASCADE ON DELETE CASCADE;


--
-- Name: personal_exam personal_exam_fk_01; Type: FK CONSTRAINT; Schema: public; Owner: alfabravo_user
--

ALTER TABLE ONLY public.personal_exam
    ADD CONSTRAINT personal_exam_fk_01 FOREIGN KEY (personal_id) REFERENCES public.personal(id) ON UPDATE CASCADE ON DELETE CASCADE;


--
-- Name: personal_exam personal_exam_fk_02; Type: FK CONSTRAINT; Schema: public; Owner: alfabravo_user
--

ALTER TABLE ONLY public.personal_exam
    ADD CONSTRAINT personal_exam_fk_02 FOREIGN KEY (exam_id) REFERENCES public.exam(id) ON UPDATE CASCADE ON DELETE CASCADE;


--
-- Name: personal_exam personal_exam_fk_03; Type: FK CONSTRAINT; Schema: public; Owner: alfabravo_user
--

ALTER TABLE ONLY public.personal_exam
    ADD CONSTRAINT personal_exam_fk_03 FOREIGN KEY (user_id) REFERENCES public.users(id) ON UPDATE CASCADE ON DELETE CASCADE;


--
-- Name: personal_familiar_structure personal_family_structure_fk_01; Type: FK CONSTRAINT; Schema: public; Owner: alfabravo_user
--

ALTER TABLE ONLY public.personal_familiar_structure
    ADD CONSTRAINT personal_family_structure_fk_01 FOREIGN KEY (personal_id) REFERENCES public.personal(id) ON UPDATE CASCADE ON DELETE CASCADE;


--
-- Name: personal personal_fk_05; Type: FK CONSTRAINT; Schema: public; Owner: alfabravo_user
--

ALTER TABLE ONLY public.personal
    ADD CONSTRAINT personal_fk_05 FOREIGN KEY (type_social_security_id) REFERENCES public.type_social_security(id) ON UPDATE CASCADE ON DELETE CASCADE;


--
-- Name: personal personal_fk_10; Type: FK CONSTRAINT; Schema: public; Owner: alfabravo_user
--

ALTER TABLE ONLY public.personal
    ADD CONSTRAINT personal_fk_10 FOREIGN KEY (iso_nac) REFERENCES public.citizenship(iso_nac) ON UPDATE CASCADE ON DELETE CASCADE;


--
-- Name: personal_hired personal_hired_fk_01; Type: FK CONSTRAINT; Schema: public; Owner: alfabravo_user
--

ALTER TABLE ONLY public.personal_hired
    ADD CONSTRAINT personal_hired_fk_01 FOREIGN KEY (personal_id) REFERENCES public.personal(id) ON UPDATE CASCADE ON DELETE CASCADE;


--
-- Name: personal_home personal_home_fk_01; Type: FK CONSTRAINT; Schema: public; Owner: alfabravo_user
--

ALTER TABLE ONLY public.personal_home
    ADD CONSTRAINT personal_home_fk_01 FOREIGN KEY (personal_id) REFERENCES public.personal(id) ON UPDATE CASCADE ON DELETE CASCADE;


--
-- Name: personal_job_references personal_job_references_fk_01; Type: FK CONSTRAINT; Schema: public; Owner: alfabravo_user
--

ALTER TABLE ONLY public.personal_job_references
    ADD CONSTRAINT personal_job_references_fk_01 FOREIGN KEY (personal_id) REFERENCES public.personal(id) ON UPDATE CASCADE ON DELETE CASCADE;


--
-- Name: personal_personal_references personal_references_fk_01; Type: FK CONSTRAINT; Schema: public; Owner: alfabravo_user
--

ALTER TABLE ONLY public.personal_personal_references
    ADD CONSTRAINT personal_references_fk_01 FOREIGN KEY (personal_id) REFERENCES public.personal(id) ON UPDATE CASCADE ON DELETE CASCADE;


--
-- Name: personal_sickness personal_sickness_fk_01; Type: FK CONSTRAINT; Schema: public; Owner: alfabravo_user
--

ALTER TABLE ONLY public.personal_sickness
    ADD CONSTRAINT personal_sickness_fk_01 FOREIGN KEY (personal_id) REFERENCES public.personal(id) ON UPDATE CASCADE ON DELETE CASCADE;


--
-- Name: personal_sickness personal_sickness_fk_02; Type: FK CONSTRAINT; Schema: public; Owner: alfabravo_user
--

ALTER TABLE ONLY public.personal_sickness
    ADD CONSTRAINT personal_sickness_fk_02 FOREIGN KEY (sickness_id) REFERENCES public.sickness(id) ON UPDATE CASCADE ON DELETE CASCADE;


--
-- Name: personal_size personal_size_fk_01; Type: FK CONSTRAINT; Schema: public; Owner: alfabravo_user
--

ALTER TABLE ONLY public.personal_size
    ADD CONSTRAINT personal_size_fk_01 FOREIGN KEY (personal_id) REFERENCES public.personal(id) ON UPDATE CASCADE ON DELETE CASCADE;


--
-- Name: personal_size personal_size_fk_02; Type: FK CONSTRAINT; Schema: public; Owner: alfabravo_user
--

ALTER TABLE ONLY public.personal_size
    ADD CONSTRAINT personal_size_fk_02 FOREIGN KEY (size_id) REFERENCES public.size_type(id) ON UPDATE CASCADE ON DELETE CASCADE;


--
-- Name: personal_size personal_size_fk_03; Type: FK CONSTRAINT; Schema: public; Owner: alfabravo_user
--

ALTER TABLE ONLY public.personal_size
    ADD CONSTRAINT personal_size_fk_03 FOREIGN KEY (size_field) REFERENCES public.size_field(id) ON UPDATE CASCADE ON DELETE CASCADE;


--
-- Name: personal_spoken_languages personal_spoken_languages_fk_01; Type: FK CONSTRAINT; Schema: public; Owner: alfabravo_user
--

ALTER TABLE ONLY public.personal_spoken_languages
    ADD CONSTRAINT personal_spoken_languages_fk_01 FOREIGN KEY (personal_id) REFERENCES public.personal(id) ON UPDATE CASCADE ON DELETE CASCADE;


--
-- Name: personal_spoken_languages personal_spoken_languages_fk_02; Type: FK CONSTRAINT; Schema: public; Owner: alfabravo_user
--

ALTER TABLE ONLY public.personal_spoken_languages
    ADD CONSTRAINT personal_spoken_languages_fk_02 FOREIGN KEY (spoken_languages_id) REFERENCES public.spoken_languages(id) ON UPDATE CASCADE ON DELETE CASCADE;


--
-- Name: product_delivery_item product_delivery_item_fk_01; Type: FK CONSTRAINT; Schema: public; Owner: alfabravo_user
--

ALTER TABLE ONLY public.product_delivery_item
    ADD CONSTRAINT product_delivery_item_fk_01 FOREIGN KEY (product_delivery_id) REFERENCES public.product_delivery(id) ON UPDATE CASCADE ON DELETE CASCADE;


--
-- Name: product_delivery_item product_delivery_item_fk_02; Type: FK CONSTRAINT; Schema: public; Owner: alfabravo_user
--

ALTER TABLE ONLY public.product_delivery_item
    ADD CONSTRAINT product_delivery_item_fk_02 FOREIGN KEY (unit_id) REFERENCES public.sales_order_unit_measure(id) ON UPDATE CASCADE ON DELETE CASCADE;


--
-- Name: quiz_answer quiz_answer_fk_01; Type: FK CONSTRAINT; Schema: public; Owner: alfabravo_user
--

ALTER TABLE ONLY public.quiz_answer
    ADD CONSTRAINT quiz_answer_fk_01 FOREIGN KEY (quiz_id) REFERENCES public.quiz(id) ON UPDATE CASCADE ON DELETE CASCADE;


--
-- Name: quiz_answer quiz_answer_fk_02; Type: FK CONSTRAINT; Schema: public; Owner: alfabravo_user
--

ALTER TABLE ONLY public.quiz_answer
    ADD CONSTRAINT quiz_answer_fk_02 FOREIGN KEY (question_id) REFERENCES public.quiz_question(id) ON UPDATE CASCADE ON DELETE CASCADE;


--
-- Name: quiz_answer quiz_answer_fk_03; Type: FK CONSTRAINT; Schema: public; Owner: alfabravo_user
--

ALTER TABLE ONLY public.quiz_answer
    ADD CONSTRAINT quiz_answer_fk_03 FOREIGN KEY (user_id) REFERENCES public.users(id) ON UPDATE CASCADE ON DELETE CASCADE;


--
-- Name: quiz_answer quiz_answer_fk_04; Type: FK CONSTRAINT; Schema: public; Owner: alfabravo_user
--

ALTER TABLE ONLY public.quiz_answer
    ADD CONSTRAINT quiz_answer_fk_04 FOREIGN KEY (attemp_id) REFERENCES public.quiz_attempt(id) ON UPDATE CASCADE ON DELETE CASCADE;


--
-- Name: quiz_attempt quiz_attemp_fk_01; Type: FK CONSTRAINT; Schema: public; Owner: alfabravo_user
--

ALTER TABLE ONLY public.quiz_attempt
    ADD CONSTRAINT quiz_attemp_fk_01 FOREIGN KEY (quiz_id) REFERENCES public.quiz(id) ON UPDATE CASCADE ON DELETE CASCADE;


--
-- Name: quiz_attempt quiz_attemp_fk_02; Type: FK CONSTRAINT; Schema: public; Owner: alfabravo_user
--

ALTER TABLE ONLY public.quiz_attempt
    ADD CONSTRAINT quiz_attemp_fk_02 FOREIGN KEY (user_id) REFERENCES public.users(id) ON UPDATE CASCADE ON DELETE CASCADE;


--
-- Name: quiz quiz_fk_03; Type: FK CONSTRAINT; Schema: public; Owner: alfabravo_user
--

ALTER TABLE ONLY public.quiz
    ADD CONSTRAINT quiz_fk_03 FOREIGN KEY (user_id) REFERENCES public.users(id) ON UPDATE CASCADE ON DELETE CASCADE;


--
-- Name: quiz_question quiz_question_fk_01; Type: FK CONSTRAINT; Schema: public; Owner: alfabravo_user
--

ALTER TABLE ONLY public.quiz_question
    ADD CONSTRAINT quiz_question_fk_01 FOREIGN KEY (quiz_id) REFERENCES public.quiz(id) ON UPDATE CASCADE ON DELETE CASCADE;


--
-- Name: quiz_question_option quiz_question_option_fk_01; Type: FK CONSTRAINT; Schema: public; Owner: alfabravo_user
--

ALTER TABLE ONLY public.quiz_question_option
    ADD CONSTRAINT quiz_question_option_fk_01 FOREIGN KEY (question_id) REFERENCES public.quiz_question(id) ON UPDATE CASCADE ON DELETE CASCADE;


--
-- Name: tax_receipts recibos_fiscales_fk_01; Type: FK CONSTRAINT; Schema: public; Owner: alfabravo_user
--

ALTER TABLE ONLY public.tax_receipts
    ADD CONSTRAINT recibos_fiscales_fk_01 FOREIGN KEY (user_id) REFERENCES public.users(id) ON UPDATE CASCADE ON DELETE CASCADE;


--
-- Name: recruitment_files recruitment_file_fk_01; Type: FK CONSTRAINT; Schema: public; Owner: alfabravo_user
--

ALTER TABLE ONLY public.recruitment_files
    ADD CONSTRAINT recruitment_file_fk_01 FOREIGN KEY (personal_id) REFERENCES public.personal(id) ON UPDATE CASCADE ON DELETE CASCADE;


--
-- Name: recruitment_files recruitment_file_fk_02; Type: FK CONSTRAINT; Schema: public; Owner: alfabravo_user
--

ALTER TABLE ONLY public.recruitment_files
    ADD CONSTRAINT recruitment_file_fk_02 FOREIGN KEY (type_file_id) REFERENCES public.recruitment_file_type(id) ON UPDATE CASCADE ON DELETE CASCADE;


--
-- Name: resource_type_price resource_type_fk_01; Type: FK CONSTRAINT; Schema: public; Owner: alfabravo_user
--

ALTER TABLE ONLY public.resource_type_price
    ADD CONSTRAINT resource_type_fk_01 FOREIGN KEY (resource_type_id) REFERENCES public.resource_type(id) ON UPDATE CASCADE ON DELETE CASCADE;


--
-- Name: resource_type_request resource_type_request_fk_01; Type: FK CONSTRAINT; Schema: public; Owner: alfabravo_user
--

ALTER TABLE ONLY public.resource_type_request
    ADD CONSTRAINT resource_type_request_fk_01 FOREIGN KEY (user_id) REFERENCES public.users(id) ON UPDATE CASCADE ON DELETE CASCADE;


--
-- Name: resource_type_request resource_type_request_fk_02; Type: FK CONSTRAINT; Schema: public; Owner: alfabravo_user
--

ALTER TABLE ONLY public.resource_type_request
    ADD CONSTRAINT resource_type_request_fk_02 FOREIGN KEY (resource_id) REFERENCES public.resource_type(id) ON UPDATE CASCADE ON DELETE CASCADE;


--
-- Name: rondin_config rondin_config_fk_01; Type: FK CONSTRAINT; Schema: public; Owner: alfabravo_user
--

ALTER TABLE ONLY public.rondin_config
    ADD CONSTRAINT rondin_config_fk_01 FOREIGN KEY (employee_id) REFERENCES public.employee(id) ON UPDATE CASCADE ON DELETE CASCADE;


--
-- Name: rondin_config rondin_config_fk_02; Type: FK CONSTRAINT; Schema: public; Owner: alfabravo_user
--

ALTER TABLE ONLY public.rondin_config
    ADD CONSTRAINT rondin_config_fk_02 FOREIGN KEY (rondin_id) REFERENCES public.rondin(id) ON UPDATE CASCADE ON DELETE CASCADE;


--
-- Name: rondin_file rondin_file_fk_01; Type: FK CONSTRAINT; Schema: public; Owner: alfabravo_user
--

ALTER TABLE ONLY public.rondin_file
    ADD CONSTRAINT rondin_file_fk_01 FOREIGN KEY (rondin_id) REFERENCES public.rondin_config(id) ON UPDATE CASCADE ON DELETE CASCADE;


--
-- Name: rondin_file rondin_file_fk_02; Type: FK CONSTRAINT; Schema: public; Owner: alfabravo_user
--

ALTER TABLE ONLY public.rondin_file
    ADD CONSTRAINT rondin_file_fk_02 FOREIGN KEY (round_id) REFERENCES public.rondin_round(id) ON UPDATE CASCADE ON DELETE CASCADE;


--
-- Name: rondin_file rondin_file_fk_03; Type: FK CONSTRAINT; Schema: public; Owner: alfabravo_user
--

ALTER TABLE ONLY public.rondin_file
    ADD CONSTRAINT rondin_file_fk_03 FOREIGN KEY (rondin_place_id) REFERENCES public.rondin_trace(id) ON UPDATE CASCADE ON DELETE CASCADE;


--
-- Name: rondin rondin_fk; Type: FK CONSTRAINT; Schema: public; Owner: alfabravo_user
--

ALTER TABLE ONLY public.rondin
    ADD CONSTRAINT rondin_fk FOREIGN KEY (id_employee) REFERENCES public.employee(id) ON UPDATE CASCADE ON DELETE CASCADE;


--
-- Name: rondin rondin_fk_2; Type: FK CONSTRAINT; Schema: public; Owner: alfabravo_user
--

ALTER TABLE ONLY public.rondin
    ADD CONSTRAINT rondin_fk_2 FOREIGN KEY (office_id) REFERENCES public.office(id) ON UPDATE CASCADE ON DELETE CASCADE;


--
-- Name: rondin rondin_fk_3; Type: FK CONSTRAINT; Schema: public; Owner: alfabravo_user
--

ALTER TABLE ONLY public.rondin
    ADD CONSTRAINT rondin_fk_3 FOREIGN KEY (zone_id) REFERENCES public.location(id) ON UPDATE CASCADE ON DELETE CASCADE;


--
-- Name: rondin_log rondin_log_fk_01; Type: FK CONSTRAINT; Schema: public; Owner: alfabravo_user
--

ALTER TABLE ONLY public.rondin_log
    ADD CONSTRAINT rondin_log_fk_01 FOREIGN KEY (employee_id) REFERENCES public.employee(id) ON UPDATE CASCADE ON DELETE CASCADE;


--
-- Name: rondin_log rondin_log_fk_02; Type: FK CONSTRAINT; Schema: public; Owner: alfabravo_user
--

ALTER TABLE ONLY public.rondin_log
    ADD CONSTRAINT rondin_log_fk_02 FOREIGN KEY (rondin_id) REFERENCES public.rondin_config(id) ON UPDATE CASCADE ON DELETE CASCADE;


--
-- Name: rondin_log rondin_log_fk_03; Type: FK CONSTRAINT; Schema: public; Owner: alfabravo_user
--

ALTER TABLE ONLY public.rondin_log
    ADD CONSTRAINT rondin_log_fk_03 FOREIGN KEY (rondin_place) REFERENCES public.rondin_trace(id) ON UPDATE CASCADE ON DELETE CASCADE;


--
-- Name: rondin_log rondin_log_fk_04; Type: FK CONSTRAINT; Schema: public; Owner: alfabravo_user
--

ALTER TABLE ONLY public.rondin_log
    ADD CONSTRAINT rondin_log_fk_04 FOREIGN KEY (round_id) REFERENCES public.rondin_round(id) ON UPDATE CASCADE ON DELETE CASCADE;


--
-- Name: rondin_round rondin_round_fk_01; Type: FK CONSTRAINT; Schema: public; Owner: alfabravo_user
--

ALTER TABLE ONLY public.rondin_round
    ADD CONSTRAINT rondin_round_fk_01 FOREIGN KEY (rondin_id) REFERENCES public.rondin_config(id) ON UPDATE CASCADE ON DELETE CASCADE;


--
-- Name: rondin_round rondin_round_fk_02; Type: FK CONSTRAINT; Schema: public; Owner: alfabravo_user
--

ALTER TABLE ONLY public.rondin_round
    ADD CONSTRAINT rondin_round_fk_02 FOREIGN KEY (employee_id) REFERENCES public.employee(id) ON UPDATE CASCADE ON DELETE CASCADE;


--
-- Name: rondin_trace rondin_trace_fk_01; Type: FK CONSTRAINT; Schema: public; Owner: alfabravo_user
--

ALTER TABLE ONLY public.rondin_trace
    ADD CONSTRAINT rondin_trace_fk_01 FOREIGN KEY (rondin_id) REFERENCES public.rondin(id) ON UPDATE CASCADE ON DELETE CASCADE;


--
-- Name: rondin_trace rondin_trace_fk_02; Type: FK CONSTRAINT; Schema: public; Owner: alfabravo_user
--

ALTER TABLE ONLY public.rondin_trace
    ADD CONSTRAINT rondin_trace_fk_02 FOREIGN KEY (place_id) REFERENCES public.office_zone(id) ON UPDATE CASCADE ON DELETE CASCADE;


--
-- Name: route_client route_client_fk_01; Type: FK CONSTRAINT; Schema: public; Owner: alfabravo_user
--

ALTER TABLE ONLY public.route_client
    ADD CONSTRAINT route_client_fk_01 FOREIGN KEY (route_id) REFERENCES public.route(id) ON UPDATE CASCADE ON DELETE CASCADE;


--
-- Name: route_client route_client_fk_02; Type: FK CONSTRAINT; Schema: public; Owner: alfabravo_user
--

ALTER TABLE ONLY public.route_client
    ADD CONSTRAINT route_client_fk_02 FOREIGN KEY (client_id) REFERENCES public.client(id) ON UPDATE CASCADE ON DELETE CASCADE;


--
-- Name: sales_order_files sales_order_files_01; Type: FK CONSTRAINT; Schema: public; Owner: alfabravo_user
--

ALTER TABLE ONLY public.sales_order_files
    ADD CONSTRAINT sales_order_files_01 FOREIGN KEY (order_id) REFERENCES public.sales_order(id) ON UPDATE CASCADE ON DELETE CASCADE;


--
-- Name: sales_order_files sales_order_files_fk_01; Type: FK CONSTRAINT; Schema: public; Owner: alfabravo_user
--

ALTER TABLE ONLY public.sales_order_files
    ADD CONSTRAINT sales_order_files_fk_01 FOREIGN KEY (status_id) REFERENCES public.sales_order_status(id) ON UPDATE CASCADE ON DELETE CASCADE;


--
-- Name: sales_order sales_order_fk_02; Type: FK CONSTRAINT; Schema: public; Owner: alfabravo_user
--

ALTER TABLE ONLY public.sales_order
    ADD CONSTRAINT sales_order_fk_02 FOREIGN KEY (payment_way_id) REFERENCES public.sales_order_payment_way(id) ON UPDATE CASCADE ON DELETE CASCADE;


--
-- Name: sales_order sales_order_fk_03; Type: FK CONSTRAINT; Schema: public; Owner: alfabravo_user
--

ALTER TABLE ONLY public.sales_order
    ADD CONSTRAINT sales_order_fk_03 FOREIGN KEY (user_id) REFERENCES public.users(id) ON UPDATE CASCADE ON DELETE CASCADE;


--
-- Name: sales_order_item sales_order_item_fk_01; Type: FK CONSTRAINT; Schema: public; Owner: alfabravo_user
--

ALTER TABLE ONLY public.sales_order_item
    ADD CONSTRAINT sales_order_item_fk_01 FOREIGN KEY (sales_order_id) REFERENCES public.sales_order(id) ON UPDATE CASCADE ON DELETE CASCADE;


--
-- Name: service_order service_order_fk_02; Type: FK CONSTRAINT; Schema: public; Owner: alfabravo_user
--

ALTER TABLE ONLY public.service_order
    ADD CONSTRAINT service_order_fk_02 FOREIGN KEY (vehicle_id) REFERENCES public.vehicle(id) ON UPDATE CASCADE ON DELETE CASCADE;


--
-- Name: service_order service_order_fk_03; Type: FK CONSTRAINT; Schema: public; Owner: alfabravo_user
--

ALTER TABLE ONLY public.service_order
    ADD CONSTRAINT service_order_fk_03 FOREIGN KEY (consumer) REFERENCES public.employee(id) ON UPDATE CASCADE ON DELETE CASCADE;


--
-- Name: service_order service_order_fk_04; Type: FK CONSTRAINT; Schema: public; Owner: alfabravo_user
--

ALTER TABLE ONLY public.service_order
    ADD CONSTRAINT service_order_fk_04 FOREIGN KEY (base) REFERENCES public.base(id) ON UPDATE CASCADE ON DELETE CASCADE;


--
-- Name: service_order service_order_fk_05; Type: FK CONSTRAINT; Schema: public; Owner: alfabravo_user
--

ALTER TABLE ONLY public.service_order
    ADD CONSTRAINT service_order_fk_05 FOREIGN KEY (asesor) REFERENCES public.employee(id) ON UPDATE CASCADE ON DELETE CASCADE;


--
-- Name: service_order_work service_order_work_fk_01; Type: FK CONSTRAINT; Schema: public; Owner: alfabravo_user
--

ALTER TABLE ONLY public.service_order_work
    ADD CONSTRAINT service_order_work_fk_01 FOREIGN KEY (service_order_id) REFERENCES public.service_order(id) ON UPDATE CASCADE ON DELETE CASCADE;


--
-- Name: service_order_work service_order_work_fk_02; Type: FK CONSTRAINT; Schema: public; Owner: alfabravo_user
--

ALTER TABLE ONLY public.service_order_work
    ADD CONSTRAINT service_order_work_fk_02 FOREIGN KEY (vehicle_type_service_id) REFERENCES public.vehicle_type_maintenance_element(id) ON UPDATE CASCADE ON DELETE CASCADE;


--
-- Name: service_order_work_refaction service_order_work_refaction_fk_01; Type: FK CONSTRAINT; Schema: public; Owner: alfabravo_user
--

ALTER TABLE ONLY public.service_order_work_refaction
    ADD CONSTRAINT service_order_work_refaction_fk_01 FOREIGN KEY (service_order_work_id) REFERENCES public.service_order_work(id) ON UPDATE CASCADE ON DELETE CASCADE;


--
-- Name: size_field_type size_field_type_fk_01; Type: FK CONSTRAINT; Schema: public; Owner: alfabravo_user
--

ALTER TABLE ONLY public.size_field_type
    ADD CONSTRAINT size_field_type_fk_01 FOREIGN KEY (size_id) REFERENCES public.size_type(id) ON UPDATE CASCADE ON DELETE CASCADE;


--
-- Name: size_field_type size_field_type_fk_02; Type: FK CONSTRAINT; Schema: public; Owner: alfabravo_user
--

ALTER TABLE ONLY public.size_field_type
    ADD CONSTRAINT size_field_type_fk_02 FOREIGN KEY (size_field) REFERENCES public.size_field(id) ON UPDATE CASCADE ON DELETE CASCADE;


--
-- Name: state state_fk_01; Type: FK CONSTRAINT; Schema: public; Owner: alfabravo_user
--

ALTER TABLE ONLY public.state
    ADD CONSTRAINT state_fk_01 FOREIGN KEY (country_id) REFERENCES public.country(id) ON UPDATE CASCADE ON DELETE CASCADE;


--
-- Name: tax_receipts_files tax_receipts_files_fk_01; Type: FK CONSTRAINT; Schema: public; Owner: alfabravo_user
--

ALTER TABLE ONLY public.tax_receipts_files
    ADD CONSTRAINT tax_receipts_files_fk_01 FOREIGN KEY (employee_id) REFERENCES public.employee(id) ON UPDATE CASCADE ON DELETE CASCADE;


--
-- Name: tax_receipts_files tax_receipts_files_fk_02; Type: FK CONSTRAINT; Schema: public; Owner: alfabravo_user
--

ALTER TABLE ONLY public.tax_receipts_files
    ADD CONSTRAINT tax_receipts_files_fk_02 FOREIGN KEY (tax_id) REFERENCES public.tax_receipts(id) ON UPDATE CASCADE ON DELETE CASCADE;


--
-- Name: technical_report_modifications technical_report_modifications_01; Type: FK CONSTRAINT; Schema: public; Owner: alfabravo_user
--

ALTER TABLE ONLY public.technical_report_modifications
    ADD CONSTRAINT technical_report_modifications_01 FOREIGN KEY (technical_report_id) REFERENCES public.technical_report(id) ON UPDATE CASCADE ON DELETE CASCADE;


--
-- Name: technical_report_modifications technical_report_modifications_02; Type: FK CONSTRAINT; Schema: public; Owner: alfabravo_user
--

ALTER TABLE ONLY public.technical_report_modifications
    ADD CONSTRAINT technical_report_modifications_02 FOREIGN KEY (user_id) REFERENCES public.users(id) ON UPDATE CASCADE ON DELETE CASCADE;


--
-- Name: technical_report_modifications technical_report_modifications_03; Type: FK CONSTRAINT; Schema: public; Owner: alfabravo_user
--

ALTER TABLE ONLY public.technical_report_modifications
    ADD CONSTRAINT technical_report_modifications_03 FOREIGN KEY (enterprise_id) REFERENCES public.enterprise(id) ON UPDATE CASCADE ON DELETE CASCADE;


--
-- Name: trace_slogan_client trace_slogan_client_01; Type: FK CONSTRAINT; Schema: public; Owner: alfabravo_user
--

ALTER TABLE ONLY public.trace_slogan_client
    ADD CONSTRAINT trace_slogan_client_01 FOREIGN KEY (client_id) REFERENCES public.client(id) ON UPDATE CASCADE ON DELETE CASCADE;


--
-- Name: trace_slogan_client trace_slogan_client_02; Type: FK CONSTRAINT; Schema: public; Owner: alfabravo_user
--

ALTER TABLE ONLY public.trace_slogan_client
    ADD CONSTRAINT trace_slogan_client_02 FOREIGN KEY (slogan_id) REFERENCES public.trace_slogan(id) ON UPDATE CASCADE ON DELETE CASCADE;


--
-- Name: trace_slogan_has_function trace_slogan_has_function_01; Type: FK CONSTRAINT; Schema: public; Owner: alfabravo_user
--

ALTER TABLE ONLY public.trace_slogan_has_function
    ADD CONSTRAINT trace_slogan_has_function_01 FOREIGN KEY (slogan_id) REFERENCES public.trace_slogan(id) ON UPDATE CASCADE ON DELETE CASCADE;


--
-- Name: trace_slogan_has_function trace_slogan_has_function_02; Type: FK CONSTRAINT; Schema: public; Owner: alfabravo_user
--

ALTER TABLE ONLY public.trace_slogan_has_function
    ADD CONSTRAINT trace_slogan_has_function_02 FOREIGN KEY (function_id) REFERENCES public.trace_slogan_function(id) ON UPDATE CASCADE ON DELETE CASCADE;


--
-- Name: employee_ubication ubication_history_id_employee_fkey; Type: FK CONSTRAINT; Schema: public; Owner: alfabravo_user
--

ALTER TABLE ONLY public.employee_ubication
    ADD CONSTRAINT ubication_history_id_employee_fkey FOREIGN KEY (id_employee) REFERENCES public.employee(id) ON UPDATE CASCADE ON DELETE CASCADE;


--
-- Name: employee_ubication ubication_history_ubication_id_fkey; Type: FK CONSTRAINT; Schema: public; Owner: alfabravo_user
--

ALTER TABLE ONLY public.employee_ubication
    ADD CONSTRAINT ubication_history_ubication_id_fkey FOREIGN KEY (ubication_id) REFERENCES public.ubication(id) ON UPDATE CASCADE ON DELETE CASCADE;


--
-- Name: users_permissions user_permission_fk_01; Type: FK CONSTRAINT; Schema: public; Owner: alfabravo_user
--

ALTER TABLE ONLY public.users_permissions
    ADD CONSTRAINT user_permission_fk_01 FOREIGN KEY (user_id) REFERENCES public.users(id) ON UPDATE CASCADE ON DELETE CASCADE;


--
-- Name: users_permissions user_permission_fk_02; Type: FK CONSTRAINT; Schema: public; Owner: alfabravo_user
--

ALTER TABLE ONLY public.users_permissions
    ADD CONSTRAINT user_permission_fk_02 FOREIGN KEY (permission_id) REFERENCES public.permissions(id) ON UPDATE CASCADE ON DELETE CASCADE;


--
-- Name: user_profile user_profile_fk_01; Type: FK CONSTRAINT; Schema: public; Owner: alfabravo_user
--

ALTER TABLE ONLY public.user_profile
    ADD CONSTRAINT user_profile_fk_01 FOREIGN KEY (user_id) REFERENCES public.users(id) ON UPDATE CASCADE ON DELETE CASCADE;


--
-- Name: user_profile user_profile_fk_02; Type: FK CONSTRAINT; Schema: public; Owner: alfabravo_user
--

ALTER TABLE ONLY public.user_profile
    ADD CONSTRAINT user_profile_fk_02 FOREIGN KEY (user_type_id) REFERENCES public.user_type(id) ON UPDATE CASCADE ON DELETE CASCADE;


--
-- Name: users_roles user_roles_fk_01; Type: FK CONSTRAINT; Schema: public; Owner: alfabravo_user
--

ALTER TABLE ONLY public.users_roles
    ADD CONSTRAINT user_roles_fk_01 FOREIGN KEY (user_id) REFERENCES public.users(id) ON UPDATE CASCADE ON DELETE CASCADE;


--
-- Name: users_roles user_roles_fk_02; Type: FK CONSTRAINT; Schema: public; Owner: alfabravo_user
--

ALTER TABLE ONLY public.users_roles
    ADD CONSTRAINT user_roles_fk_02 FOREIGN KEY (role_id) REFERENCES public.roles(id) ON UPDATE CASCADE ON DELETE CASCADE;


--
-- Name: user_room user_room_fk_01; Type: FK CONSTRAINT; Schema: public; Owner: alfabravo_user
--

ALTER TABLE ONLY public.user_room
    ADD CONSTRAINT user_room_fk_01 FOREIGN KEY (user_id) REFERENCES public.users(id) ON UPDATE CASCADE ON DELETE CASCADE;


--
-- Name: user_room_meeting user_room_meeting_fk_01; Type: FK CONSTRAINT; Schema: public; Owner: alfabravo_user
--

ALTER TABLE ONLY public.user_room_meeting
    ADD CONSTRAINT user_room_meeting_fk_01 FOREIGN KEY (user_id) REFERENCES public.users(id) ON UPDATE CASCADE ON DELETE CASCADE;


--
-- Name: user_room_meeting user_room_meeting_fk_02; Type: FK CONSTRAINT; Schema: public; Owner: alfabravo_user
--

ALTER TABLE ONLY public.user_room_meeting
    ADD CONSTRAINT user_room_meeting_fk_02 FOREIGN KEY (room_id) REFERENCES public.user_room(id) ON UPDATE CASCADE ON DELETE CASCADE;


--
-- Name: employee_office_zone user_ubication_fk_01; Type: FK CONSTRAINT; Schema: public; Owner: alfabravo_user
--

ALTER TABLE ONLY public.employee_office_zone
    ADD CONSTRAINT user_ubication_fk_01 FOREIGN KEY (zone_id) REFERENCES public.location(id) ON UPDATE CASCADE ON DELETE CASCADE;


--
-- Name: employee_office_zone user_ubication_fk_02; Type: FK CONSTRAINT; Schema: public; Owner: alfabravo_user
--

ALTER TABLE ONLY public.employee_office_zone
    ADD CONSTRAINT user_ubication_fk_02 FOREIGN KEY (office_id) REFERENCES public.office(id) ON UPDATE CASCADE ON DELETE CASCADE;


--
-- Name: employee_office_zone user_ubication_fk_03; Type: FK CONSTRAINT; Schema: public; Owner: alfabravo_user
--

ALTER TABLE ONLY public.employee_office_zone
    ADD CONSTRAINT user_ubication_fk_03 FOREIGN KEY (employee_id) REFERENCES public.employee(id) ON UPDATE CASCADE ON DELETE CASCADE;


--
-- Name: user_spoken_languages usr_spoken_fk_01; Type: FK CONSTRAINT; Schema: public; Owner: alfabravo_user
--

ALTER TABLE ONLY public.user_spoken_languages
    ADD CONSTRAINT usr_spoken_fk_01 FOREIGN KEY (spoken_language_id) REFERENCES public.spoken_languages(id) ON UPDATE CASCADE ON DELETE CASCADE;


--
-- Name: user_spoken_languages usr_spoken_fk_02; Type: FK CONSTRAINT; Schema: public; Owner: alfabravo_user
--

ALTER TABLE ONLY public.user_spoken_languages
    ADD CONSTRAINT usr_spoken_fk_02 FOREIGN KEY (user_profile_id) REFERENCES public.user_profile(id) ON UPDATE CASCADE ON DELETE CASCADE;


--
-- Name: vehicle_activity vehicle_activity_fk_01; Type: FK CONSTRAINT; Schema: public; Owner: alfabravo_user
--

ALTER TABLE ONLY public.vehicle_activity
    ADD CONSTRAINT vehicle_activity_fk_01 FOREIGN KEY (vehicle_id) REFERENCES public.vehicle(id) ON UPDATE CASCADE ON DELETE CASCADE;


--
-- Name: vehicle_activity vehicle_activity_fk_02; Type: FK CONSTRAINT; Schema: public; Owner: alfabravo_user
--

ALTER TABLE ONLY public.vehicle_activity
    ADD CONSTRAINT vehicle_activity_fk_02 FOREIGN KEY (employee_id) REFERENCES public.employee(id) ON UPDATE CASCADE ON DELETE CASCADE;


--
-- Name: vehicle_expenses vehicle_expenses_fk_01; Type: FK CONSTRAINT; Schema: public; Owner: alfabravo_user
--

ALTER TABLE ONLY public.vehicle_expenses
    ADD CONSTRAINT vehicle_expenses_fk_01 FOREIGN KEY (vehicle_id) REFERENCES public.vehicle(id) ON UPDATE CASCADE ON DELETE CASCADE;


--
-- Name: vehicle_expenses vehicle_expenses_fk_02; Type: FK CONSTRAINT; Schema: public; Owner: alfabravo_user
--

ALTER TABLE ONLY public.vehicle_expenses
    ADD CONSTRAINT vehicle_expenses_fk_02 FOREIGN KEY (expenses_id) REFERENCES public.expenses(id) ON UPDATE CASCADE ON DELETE CASCADE;


--
-- Name: vehicle_expenses_maintenance vehicle_expenses_maintenance_fk_01; Type: FK CONSTRAINT; Schema: public; Owner: alfabravo_user
--

ALTER TABLE ONLY public.vehicle_expenses_maintenance
    ADD CONSTRAINT vehicle_expenses_maintenance_fk_01 FOREIGN KEY (vehicle_id) REFERENCES public.vehicle(id) ON UPDATE CASCADE ON DELETE CASCADE;


--
-- Name: vehicle_files vehicle_files_file_type_id_fkey; Type: FK CONSTRAINT; Schema: public; Owner: alfabravo_user
--

ALTER TABLE ONLY public.vehicle_files
    ADD CONSTRAINT vehicle_files_file_type_id_fkey FOREIGN KEY (file_type_id) REFERENCES public.file_type(id) ON UPDATE CASCADE ON DELETE CASCADE NOT VALID;


--
-- Name: vehicle_files vehicle_files_vehicle_id_fkey; Type: FK CONSTRAINT; Schema: public; Owner: alfabravo_user
--

ALTER TABLE ONLY public.vehicle_files
    ADD CONSTRAINT vehicle_files_vehicle_id_fkey FOREIGN KEY (vehicle_id) REFERENCES public.vehicle(id) ON UPDATE CASCADE ON DELETE CASCADE;


--
-- Name: vehicle vehicle_fk_01; Type: FK CONSTRAINT; Schema: public; Owner: alfabravo_user
--

ALTER TABLE ONLY public.vehicle
    ADD CONSTRAINT vehicle_fk_01 FOREIGN KEY (brand_id) REFERENCES public.vehicle_brand(id) ON UPDATE CASCADE ON DELETE CASCADE;


--
-- Name: vehicle vehicle_fk_02; Type: FK CONSTRAINT; Schema: public; Owner: alfabravo_user
--

ALTER TABLE ONLY public.vehicle
    ADD CONSTRAINT vehicle_fk_02 FOREIGN KEY (manufacturer_id) REFERENCES public.vehicle_manufacturer(id) ON UPDATE CASCADE ON DELETE CASCADE;


--
-- Name: vehicle vehicle_fk_03; Type: FK CONSTRAINT; Schema: public; Owner: alfabravo_user
--

ALTER TABLE ONLY public.vehicle
    ADD CONSTRAINT vehicle_fk_03 FOREIGN KEY (model_id) REFERENCES public.vehicle_model(id) ON UPDATE CASCADE ON DELETE CASCADE;


--
-- Name: vehicle vehicle_fk_04; Type: FK CONSTRAINT; Schema: public; Owner: alfabravo_user
--

ALTER TABLE ONLY public.vehicle
    ADD CONSTRAINT vehicle_fk_04 FOREIGN KEY (owner_id) REFERENCES public.vehicle_owner(id) ON UPDATE CASCADE ON DELETE CASCADE;


--
-- Name: vehicle vehicle_fk_05; Type: FK CONSTRAINT; Schema: public; Owner: alfabravo_user
--

ALTER TABLE ONLY public.vehicle
    ADD CONSTRAINT vehicle_fk_05 FOREIGN KEY (vehicle_type_id) REFERENCES public.vehicle_type(id) ON UPDATE CASCADE ON DELETE CASCADE;


--
-- Name: vehicle vehicle_fk_06; Type: FK CONSTRAINT; Schema: public; Owner: alfabravo_user
--

ALTER TABLE ONLY public.vehicle
    ADD CONSTRAINT vehicle_fk_06 FOREIGN KEY (fuel_type_id) REFERENCES public.fuel_type(id) ON UPDATE CASCADE ON DELETE CASCADE;


--
-- Name: vehicle vehicle_fk_07; Type: FK CONSTRAINT; Schema: public; Owner: alfabravo_user
--

ALTER TABLE ONLY public.vehicle
    ADD CONSTRAINT vehicle_fk_07 FOREIGN KEY (insurance_id) REFERENCES public.insurance(id) ON UPDATE CASCADE ON DELETE CASCADE;


--
-- Name: vehicle vehicle_fk_08; Type: FK CONSTRAINT; Schema: public; Owner: alfabravo_user
--

ALTER TABLE ONLY public.vehicle
    ADD CONSTRAINT vehicle_fk_08 FOREIGN KEY (gps_id) REFERENCES public.gps(id) ON UPDATE CASCADE ON DELETE CASCADE;


--
-- Name: vehicle vehicle_fk_09; Type: FK CONSTRAINT; Schema: public; Owner: alfabravo_user
--

ALTER TABLE ONLY public.vehicle
    ADD CONSTRAINT vehicle_fk_09 FOREIGN KEY (register_status_id) REFERENCES public.state(id) ON UPDATE CASCADE ON DELETE CASCADE;


--
-- Name: vehicle vehicle_fk_10; Type: FK CONSTRAINT; Schema: public; Owner: alfabravo_user
--

ALTER TABLE ONLY public.vehicle
    ADD CONSTRAINT vehicle_fk_10 FOREIGN KEY (base_id) REFERENCES public.base(id) ON UPDATE CASCADE ON DELETE CASCADE;


--
-- Name: vehicle vehicle_fk_20; Type: FK CONSTRAINT; Schema: public; Owner: alfabravo_user
--

ALTER TABLE ONLY public.vehicle
    ADD CONSTRAINT vehicle_fk_20 FOREIGN KEY (rent_provider_id) REFERENCES public.external_service_provider(id) ON UPDATE CASCADE ON DELETE CASCADE;


--
-- Name: vehicle_insurance vehicle_insurance_fk_01; Type: FK CONSTRAINT; Schema: public; Owner: alfabravo_user
--

ALTER TABLE ONLY public.vehicle_insurance
    ADD CONSTRAINT vehicle_insurance_fk_01 FOREIGN KEY (vehicle_id) REFERENCES public.vehicle(id) ON UPDATE CASCADE ON DELETE CASCADE;


--
-- Name: vehicle_insurance vehicle_insurance_fk_02; Type: FK CONSTRAINT; Schema: public; Owner: alfabravo_user
--

ALTER TABLE ONLY public.vehicle_insurance
    ADD CONSTRAINT vehicle_insurance_fk_02 FOREIGN KEY (insurance_id) REFERENCES public.insurance(id) ON UPDATE CASCADE ON DELETE CASCADE;


--
-- Name: vehicle_insurance vehicle_insurance_fk_08; Type: FK CONSTRAINT; Schema: public; Owner: alfabravo_user
--

ALTER TABLE ONLY public.vehicle_insurance
    ADD CONSTRAINT vehicle_insurance_fk_08 FOREIGN KEY (coverage_id) REFERENCES public.coverage(id) ON UPDATE CASCADE ON DELETE CASCADE;


--
-- Name: vehicle_insurance vehicle_insurance_fk_09; Type: FK CONSTRAINT; Schema: public; Owner: alfabravo_user
--

ALTER TABLE ONLY public.vehicle_insurance
    ADD CONSTRAINT vehicle_insurance_fk_09 FOREIGN KEY (payment_method_id) REFERENCES public.payment_method(id) ON UPDATE CASCADE ON DELETE CASCADE;


--
-- Name: vehicle_maintenance_action vehicle_maintenance_action_fk_01; Type: FK CONSTRAINT; Schema: public; Owner: alfabravo_user
--

ALTER TABLE ONLY public.vehicle_maintenance_action
    ADD CONSTRAINT vehicle_maintenance_action_fk_01 FOREIGN KEY (vehicle_maintenance_id) REFERENCES public.vehicle_maintenance(id) ON UPDATE CASCADE ON DELETE CASCADE;


--
-- Name: vehicle_maintenance_action vehicle_maintenance_action_fk_02; Type: FK CONSTRAINT; Schema: public; Owner: alfabravo_user
--

ALTER TABLE ONLY public.vehicle_maintenance_action
    ADD CONSTRAINT vehicle_maintenance_action_fk_02 FOREIGN KEY (vehicle_type_maintenance_element_id) REFERENCES public.vehicle_type_maintenance_element(id) ON UPDATE CASCADE ON DELETE CASCADE;


--
-- Name: vehicle_maintenance vehicle_maintenance_fk_01; Type: FK CONSTRAINT; Schema: public; Owner: alfabravo_user
--

ALTER TABLE ONLY public.vehicle_maintenance
    ADD CONSTRAINT vehicle_maintenance_fk_01 FOREIGN KEY (vehicle_id) REFERENCES public.vehicle(id) ON UPDATE CASCADE ON DELETE CASCADE;


--
-- Name: vehicle_maintenance vehicle_maintenance_fk_02; Type: FK CONSTRAINT; Schema: public; Owner: alfabravo_user
--

ALTER TABLE ONLY public.vehicle_maintenance
    ADD CONSTRAINT vehicle_maintenance_fk_02 FOREIGN KEY (vehicle_type_maintenance_id) REFERENCES public.vehicle_type_maintenance(id) ON UPDATE CASCADE ON DELETE CASCADE;


--
-- Name: vehicle_mileage vehicle_mileage_fk_01; Type: FK CONSTRAINT; Schema: public; Owner: alfabravo_user
--

ALTER TABLE ONLY public.vehicle_mileage
    ADD CONSTRAINT vehicle_mileage_fk_01 FOREIGN KEY (vehicle_id) REFERENCES public.vehicle(id) ON UPDATE CASCADE ON DELETE CASCADE;


--
-- Name: vehicle_mileage vehicle_mileage_fk_02; Type: FK CONSTRAINT; Schema: public; Owner: alfabravo_user
--

ALTER TABLE ONLY public.vehicle_mileage
    ADD CONSTRAINT vehicle_mileage_fk_02 FOREIGN KEY (employee_id) REFERENCES public.employee(id) ON UPDATE CASCADE ON DELETE CASCADE;


--
-- Name: vehicle_mileage vehicle_mileage_fk_03; Type: FK CONSTRAINT; Schema: public; Owner: alfabravo_user
--

ALTER TABLE ONLY public.vehicle_mileage
    ADD CONSTRAINT vehicle_mileage_fk_03 FOREIGN KEY (mileage_type_id) REFERENCES public.mileage_type(id) ON UPDATE CASCADE ON DELETE CASCADE;


--
-- Name: vehicle_mileage vehicle_mileage_fk_04; Type: FK CONSTRAINT; Schema: public; Owner: alfabravo_user
--

ALTER TABLE ONLY public.vehicle_mileage
    ADD CONSTRAINT vehicle_mileage_fk_04 FOREIGN KEY (user_id) REFERENCES public.users(id) ON UPDATE CASCADE ON DELETE CASCADE;


--
-- Name: vehicle_model vehicle_model_fk_01; Type: FK CONSTRAINT; Schema: public; Owner: alfabravo_user
--

ALTER TABLE ONLY public.vehicle_model
    ADD CONSTRAINT vehicle_model_fk_01 FOREIGN KEY (vehicle_brand_id) REFERENCES public.vehicle_brand(id) ON UPDATE CASCADE ON DELETE CASCADE;


--
-- Name: vehicle_owner vehicle_owner_fk_01; Type: FK CONSTRAINT; Schema: public; Owner: alfabravo_user
--

ALTER TABLE ONLY public.vehicle_owner
    ADD CONSTRAINT vehicle_owner_fk_01 FOREIGN KEY (type_person_id) REFERENCES public.person_type(id) ON UPDATE CASCADE ON DELETE CASCADE;


--
-- Name: vehicle_status_force vehicle_status_force_fk_01; Type: FK CONSTRAINT; Schema: public; Owner: alfabravo_user
--

ALTER TABLE ONLY public.vehicle_status_force
    ADD CONSTRAINT vehicle_status_force_fk_01 FOREIGN KEY (vehicle_id) REFERENCES public.vehicle(id) ON UPDATE CASCADE ON DELETE CASCADE;


--
-- Name: vehicle_type_maintenance_element vehicle_type_maintenance_el_fk_01; Type: FK CONSTRAINT; Schema: public; Owner: alfabravo_user
--

ALTER TABLE ONLY public.vehicle_type_maintenance_element
    ADD CONSTRAINT vehicle_type_maintenance_el_fk_01 FOREIGN KEY (vehicle_type_maintenance_id) REFERENCES public.vehicle_type_maintenance(id) ON UPDATE CASCADE ON DELETE CASCADE;


--
-- Name: weapon_model weapon_model_fk_01; Type: FK CONSTRAINT; Schema: public; Owner: alfabravo_user
--

ALTER TABLE ONLY public.weapon_model
    ADD CONSTRAINT weapon_model_fk_01 FOREIGN KEY (brand_id) REFERENCES public.weapon_brand(id) ON UPDATE CASCADE ON DELETE CASCADE;


--
-- Name: work_position wp_fk_03; Type: FK CONSTRAINT; Schema: public; Owner: alfabravo_user
--

ALTER TABLE ONLY public.work_position
    ADD CONSTRAINT wp_fk_03 FOREIGN KEY (area_id) REFERENCES public.area(id) ON UPDATE CASCADE ON DELETE CASCADE;


--
-- Name: TABLE activity; Type: ACL; Schema: public; Owner: alfabravo_user
--

GRANT ALL ON TABLE public.activity TO rootinfos_db;


--
-- Name: TABLE activity_log; Type: ACL; Schema: public; Owner: alfabravo_user
--

GRANT ALL ON TABLE public.activity_log TO rootinfos_db;


--
-- Name: TABLE activity_type; Type: ACL; Schema: public; Owner: alfabravo_user
--

GRANT ALL ON TABLE public.activity_type TO rootinfos_db;


--
-- Name: TABLE agenda_event; Type: ACL; Schema: public; Owner: alfabravo_user
--

GRANT ALL ON TABLE public.agenda_event TO rootinfos_db;


--
-- Name: TABLE allergy; Type: ACL; Schema: public; Owner: alfabravo_user
--

GRANT ALL ON TABLE public.allergy TO rootinfos_db;


--
-- Name: TABLE alm_attributes; Type: ACL; Schema: public; Owner: alfabravo_user
--

GRANT ALL ON TABLE public.alm_attributes TO rootinfos_db;


--
-- Name: TABLE alm_attributes_alm_categories; Type: ACL; Schema: public; Owner: alfabravo_user
--

GRANT ALL ON TABLE public.alm_attributes_alm_categories TO rootinfos_db;


--
-- Name: TABLE alm_attributes_alm_products; Type: ACL; Schema: public; Owner: alfabravo_user
--

GRANT ALL ON TABLE public.alm_attributes_alm_products TO rootinfos_db;


--
-- Name: TABLE alm_catalogos; Type: ACL; Schema: public; Owner: alfabravo_user
--

GRANT ALL ON TABLE public.alm_catalogos TO rootinfos_db;


--
-- Name: TABLE alm_categories; Type: ACL; Schema: public; Owner: alfabravo_user
--

GRANT ALL ON TABLE public.alm_categories TO rootinfos_db;


--
-- Name: TABLE alm_categories_alm_request_orders; Type: ACL; Schema: public; Owner: alfabravo_user
--

GRANT ALL ON TABLE public.alm_categories_alm_request_orders TO rootinfos_db;


--
-- Name: TABLE alm_log_entries; Type: ACL; Schema: public; Owner: alfabravo_user
--

GRANT ALL ON TABLE public.alm_log_entries TO rootinfos_db;


--
-- Name: TABLE alm_log_entry_alm_product; Type: ACL; Schema: public; Owner: alfabravo_user
--

GRANT ALL ON TABLE public.alm_log_entry_alm_product TO rootinfos_db;


--
-- Name: TABLE alm_movement_alm_products; Type: ACL; Schema: public; Owner: alfabravo_user
--

GRANT ALL ON TABLE public.alm_movement_alm_products TO rootinfos_db;


--
-- Name: TABLE alm_movements; Type: ACL; Schema: public; Owner: alfabravo_user
--

GRANT ALL ON TABLE public.alm_movements TO rootinfos_db;


--
-- Name: TABLE alm_orders; Type: ACL; Schema: public; Owner: alfabravo_user
--

GRANT ALL ON TABLE public.alm_orders TO rootinfos_db;


--
-- Name: TABLE alm_pedidos; Type: ACL; Schema: public; Owner: alfabravo_user
--

GRANT ALL ON TABLE public.alm_pedidos TO rootinfos_db;


--
-- Name: TABLE alm_products; Type: ACL; Schema: public; Owner: alfabravo_user
--

GRANT ALL ON TABLE public.alm_products TO rootinfos_db;


--
-- Name: TABLE alm_request_orders; Type: ACL; Schema: public; Owner: alfabravo_user
--

GRANT ALL ON TABLE public.alm_request_orders TO rootinfos_db;


--
-- Name: TABLE almacens; Type: ACL; Schema: public; Owner: alfabravo_user
--

GRANT ALL ON TABLE public.almacens TO rootinfos_db;


--
-- Name: TABLE app_module; Type: ACL; Schema: public; Owner: alfabravo_user
--

GRANT ALL ON TABLE public.app_module TO rootinfos_db;


--
-- Name: TABLE area; Type: ACL; Schema: public; Owner: alfabravo_user
--

GRANT ALL ON TABLE public.area TO rootinfos_db;


--
-- Name: TABLE bank; Type: ACL; Schema: public; Owner: alfabravo_user
--

GRANT ALL ON TABLE public.bank TO rootinfos_db;


--
-- Name: TABLE base; Type: ACL; Schema: public; Owner: alfabravo_user
--

GRANT ALL ON TABLE public.base TO rootinfos_db;


--
-- Name: TABLE bonus; Type: ACL; Schema: public; Owner: alfabravo_user
--

GRANT ALL ON TABLE public.bonus TO rootinfos_db;


--
-- Name: TABLE bonus_client; Type: ACL; Schema: public; Owner: alfabravo_user
--

GRANT ALL ON TABLE public.bonus_client TO rootinfos_db;


--
-- Name: TABLE bonus_employee; Type: ACL; Schema: public; Owner: alfabravo_user
--

GRANT ALL ON TABLE public.bonus_employee TO rootinfos_db;


--
-- Name: TABLE capacitation_responsible; Type: ACL; Schema: public; Owner: alfabravo_user
--

GRANT ALL ON TABLE public.capacitation_responsible TO rootinfos_db;


--
-- Name: TABLE category; Type: ACL; Schema: public; Owner: alfabravo_user
--

GRANT ALL ON TABLE public.category TO rootinfos_db;


--
-- Name: TABLE chat; Type: ACL; Schema: public; Owner: alfabravo_user
--

GRANT ALL ON TABLE public.chat TO rootinfos_db;


--
-- Name: TABLE citizenship; Type: ACL; Schema: public; Owner: alfabravo_user
--

GRANT ALL ON TABLE public.citizenship TO rootinfos_db;


--
-- Name: TABLE city; Type: ACL; Schema: public; Owner: alfabravo_user
--

GRANT ALL ON TABLE public.city TO rootinfos_db;


--
-- Name: TABLE client; Type: ACL; Schema: public; Owner: alfabravo_user
--

GRANT ALL ON TABLE public.client TO rootinfos_db;


--
-- Name: TABLE client_agenda; Type: ACL; Schema: public; Owner: alfabravo_user
--

GRANT ALL ON TABLE public.client_agenda TO rootinfos_db;


--
-- Name: TABLE client_agenda_event; Type: ACL; Schema: public; Owner: alfabravo_user
--

GRANT ALL ON TABLE public.client_agenda_event TO rootinfos_db;


--
-- Name: TABLE client_conditions; Type: ACL; Schema: public; Owner: alfabravo_user
--

GRANT ALL ON TABLE public.client_conditions TO rootinfos_db;


--
-- Name: TABLE client_cotization; Type: ACL; Schema: public; Owner: alfabravo_user
--

GRANT ALL ON TABLE public.client_cotization TO rootinfos_db;


--
-- Name: TABLE client_expense; Type: ACL; Schema: public; Owner: alfabravo_user
--

GRANT ALL ON TABLE public.client_expense TO rootinfos_db;


--
-- Name: TABLE client_files; Type: ACL; Schema: public; Owner: alfabravo_user
--

GRANT ALL ON TABLE public.client_files TO rootinfos_db;


--
-- Name: TABLE client_group; Type: ACL; Schema: public; Owner: alfabravo_user
--

GRANT ALL ON TABLE public.client_group TO rootinfos_db;


--
-- Name: TABLE client_prospect_type; Type: ACL; Schema: public; Owner: alfabravo_user
--

GRANT ALL ON TABLE public.client_prospect_type TO rootinfos_db;


--
-- Name: TABLE client_reason; Type: ACL; Schema: public; Owner: alfabravo_user
--

GRANT ALL ON TABLE public.client_reason TO rootinfos_db;


--
-- Name: TABLE client_user; Type: ACL; Schema: public; Owner: alfabravo_user
--

GRANT ALL ON TABLE public.client_user TO rootinfos_db;


--
-- Name: TABLE cloud; Type: ACL; Schema: public; Owner: alfabravo_user
--

GRANT ALL ON TABLE public.cloud TO rootinfos_db;


--
-- Name: TABLE cloud_group; Type: ACL; Schema: public; Owner: alfabravo_user
--

GRANT ALL ON TABLE public.cloud_group TO rootinfos_db;


--
-- Name: TABLE cloud_group_member; Type: ACL; Schema: public; Owner: alfabravo_user
--

GRANT ALL ON TABLE public.cloud_group_member TO rootinfos_db;


--
-- Name: TABLE cloud_iso_9000; Type: ACL; Schema: public; Owner: alfabravo_user
--

GRANT ALL ON TABLE public.cloud_iso_9000 TO rootinfos_db;


--
-- Name: TABLE cloud_item_permissions; Type: ACL; Schema: public; Owner: alfabravo_user
--

GRANT ALL ON TABLE public.cloud_item_permissions TO rootinfos_db;


--
-- Name: TABLE cloud_item_shared; Type: ACL; Schema: public; Owner: alfabravo_user
--

GRANT ALL ON TABLE public.cloud_item_shared TO rootinfos_db;


--
-- Name: TABLE cloud_type_document; Type: ACL; Schema: public; Owner: alfabravo_user
--

GRANT ALL ON TABLE public.cloud_type_document TO rootinfos_db;


--
-- Name: TABLE cloud_type_document_has_item; Type: ACL; Schema: public; Owner: alfabravo_user
--

GRANT ALL ON TABLE public.cloud_type_document_has_item TO rootinfos_db;


--
-- Name: TABLE cost; Type: ACL; Schema: public; Owner: alfabravo_user
--

GRANT ALL ON TABLE public.cost TO rootinfos_db;


--
-- Name: TABLE country; Type: ACL; Schema: public; Owner: alfabravo_user
--

GRANT ALL ON TABLE public.country TO rootinfos_db;


--
-- Name: TABLE coupon; Type: ACL; Schema: public; Owner: alfabravo_user
--

GRANT ALL ON TABLE public.coupon TO rootinfos_db;


--
-- Name: TABLE course; Type: ACL; Schema: public; Owner: alfabravo_user
--

GRANT ALL ON TABLE public.course TO rootinfos_db;


--
-- Name: TABLE course_employee; Type: ACL; Schema: public; Owner: alfabravo_user
--

GRANT ALL ON TABLE public.course_employee TO rootinfos_db;


--
-- Name: TABLE coverage; Type: ACL; Schema: public; Owner: alfabravo_user
--

GRANT ALL ON TABLE public.coverage TO rootinfos_db;


--
-- Name: TABLE dia_padre; Type: ACL; Schema: public; Owner: alfabravo_user
--

GRANT ALL ON TABLE public.dia_padre TO rootinfos_db;


--
-- Name: TABLE discount; Type: ACL; Schema: public; Owner: alfabravo_user
--

GRANT ALL ON TABLE public.discount TO rootinfos_db;


--
-- Name: TABLE discount_employee; Type: ACL; Schema: public; Owner: alfabravo_user
--

GRANT ALL ON TABLE public.discount_employee TO rootinfos_db;


--
-- Name: TABLE document_category; Type: ACL; Schema: public; Owner: alfabravo_user
--

GRANT ALL ON TABLE public.document_category TO rootinfos_db;


--
-- Name: TABLE document_type; Type: ACL; Schema: public; Owner: alfabravo_user
--

GRANT ALL ON TABLE public.document_type TO rootinfos_db;


--
-- Name: TABLE employee; Type: ACL; Schema: public; Owner: alfabravo_user
--

GRANT ALL ON TABLE public.employee TO rootinfos_db;


--
-- Name: TABLE employee_asistence; Type: ACL; Schema: public; Owner: alfabravo_user
--

GRANT ALL ON TABLE public.employee_asistence TO rootinfos_db;


--
-- Name: TABLE employee_attention; Type: ACL; Schema: public; Owner: alfabravo_user
--

GRANT ALL ON TABLE public.employee_attention TO rootinfos_db;


--
-- Name: TABLE employee_attention_status; Type: ACL; Schema: public; Owner: alfabravo_user
--

GRANT ALL ON TABLE public.employee_attention_status TO rootinfos_db;


--
-- Name: TABLE employee_attention_type; Type: ACL; Schema: public; Owner: alfabravo_user
--

GRANT ALL ON TABLE public.employee_attention_type TO rootinfos_db;


--
-- Name: TABLE employee_bank_data; Type: ACL; Schema: public; Owner: alfabravo_user
--

GRANT ALL ON TABLE public.employee_bank_data TO rootinfos_db;


--
-- Name: TABLE employee_discharge_reason; Type: ACL; Schema: public; Owner: alfabravo_user
--

GRANT ALL ON TABLE public.employee_discharge_reason TO rootinfos_db;


--
-- Name: TABLE employee_eventual_payment; Type: ACL; Schema: public; Owner: alfabravo_user
--

GRANT ALL ON TABLE public.employee_eventual_payment TO rootinfos_db;


--
-- Name: TABLE employee_files; Type: ACL; Schema: public; Owner: alfabravo_user
--

GRANT ALL ON TABLE public.employee_files TO rootinfos_db;


--
-- Name: TABLE employee_office_zone; Type: ACL; Schema: public; Owner: alfabravo_user
--

GRANT ALL ON TABLE public.employee_office_zone TO rootinfos_db;


--
-- Name: TABLE employee_request; Type: ACL; Schema: public; Owner: alfabravo_user
--

GRANT ALL ON TABLE public.employee_request TO rootinfos_db;


--
-- Name: TABLE employee_salary; Type: ACL; Schema: public; Owner: alfabravo_user
--

GRANT ALL ON TABLE public.employee_salary TO rootinfos_db;


--
-- Name: TABLE employee_security_secretary; Type: ACL; Schema: public; Owner: alfabravo_user
--

GRANT ALL ON TABLE public.employee_security_secretary TO rootinfos_db;


--
-- Name: TABLE employee_security_secretary_status; Type: ACL; Schema: public; Owner: alfabravo_user
--

GRANT ALL ON TABLE public.employee_security_secretary_status TO rootinfos_db;


--
-- Name: TABLE employee_social_study; Type: ACL; Schema: public; Owner: alfabravo_user
--

GRANT ALL ON TABLE public.employee_social_study TO rootinfos_db;


--
-- Name: TABLE employee_status; Type: ACL; Schema: public; Owner: alfabravo_user
--

GRANT ALL ON TABLE public.employee_status TO rootinfos_db;


--
-- Name: TABLE employee_status_day; Type: ACL; Schema: public; Owner: alfabravo_user
--

GRANT ALL ON TABLE public.employee_status_day TO rootinfos_db;


--
-- Name: TABLE employee_terms; Type: ACL; Schema: public; Owner: alfabravo_user
--

GRANT ALL ON TABLE public.employee_terms TO rootinfos_db;


--
-- Name: TABLE employee_type; Type: ACL; Schema: public; Owner: alfabravo_user
--

GRANT ALL ON TABLE public.employee_type TO rootinfos_db;


--
-- Name: TABLE employee_ubication; Type: ACL; Schema: public; Owner: alfabravo_user
--

GRANT ALL ON TABLE public.employee_ubication TO rootinfos_db;


--
-- Name: TABLE employee_weapon_registry; Type: ACL; Schema: public; Owner: alfabravo_user
--

GRANT ALL ON TABLE public.employee_weapon_registry TO rootinfos_db;


--
-- Name: TABLE enterprise; Type: ACL; Schema: public; Owner: alfabravo_user
--

GRANT ALL ON TABLE public.enterprise TO rootinfos_db;


--
-- Name: TABLE enterprise_document_category; Type: ACL; Schema: public; Owner: alfabravo_user
--

GRANT ALL ON TABLE public.enterprise_document_category TO rootinfos_db;


--
-- Name: TABLE enterprise_file_share_user; Type: ACL; Schema: public; Owner: alfabravo_user
--

GRANT ALL ON TABLE public.enterprise_file_share_user TO rootinfos_db;


--
-- Name: TABLE enterprise_file_type; Type: ACL; Schema: public; Owner: alfabravo_user
--

GRANT ALL ON TABLE public.enterprise_file_type TO rootinfos_db;


--
-- Name: TABLE enterprise_files; Type: ACL; Schema: public; Owner: alfabravo_user
--

GRANT ALL ON TABLE public.enterprise_files TO rootinfos_db;


--
-- Name: TABLE enterprise_product; Type: ACL; Schema: public; Owner: alfabravo_user
--

GRANT ALL ON TABLE public.enterprise_product TO rootinfos_db;


--
-- Name: TABLE exam; Type: ACL; Schema: public; Owner: alfabravo_user
--

GRANT ALL ON TABLE public.exam TO rootinfos_db;


--
-- Name: TABLE exp_dates; Type: ACL; Schema: public; Owner: alfabravo_user
--

GRANT ALL ON TABLE public.exp_dates TO rootinfos_db;


--
-- Name: TABLE exp_pedido; Type: ACL; Schema: public; Owner: alfabravo_user
--

GRANT ALL ON TABLE public.exp_pedido TO rootinfos_db;


--
-- Name: TABLE exp_recursive; Type: ACL; Schema: public; Owner: alfabravo_user
--

GRANT ALL ON TABLE public.exp_recursive TO rootinfos_db;


--
-- Name: TABLE exp_rent_service; Type: ACL; Schema: public; Owner: alfabravo_user
--

GRANT ALL ON TABLE public.exp_rent_service TO rootinfos_db;


--
-- Name: TABLE exp_request; Type: ACL; Schema: public; Owner: alfabravo_user
--

GRANT ALL ON TABLE public.exp_request TO rootinfos_db;


--
-- Name: TABLE expenses; Type: ACL; Schema: public; Owner: alfabravo_user
--

GRANT ALL ON TABLE public.expenses TO rootinfos_db;


--
-- Name: TABLE external_service_provider; Type: ACL; Schema: public; Owner: alfabravo_user
--

GRANT ALL ON TABLE public.external_service_provider TO rootinfos_db;


--
-- Name: TABLE external_service_provider_type; Type: ACL; Schema: public; Owner: alfabravo_user
--

GRANT ALL ON TABLE public.external_service_provider_type TO rootinfos_db;


--
-- Name: TABLE external_service_type; Type: ACL; Schema: public; Owner: alfabravo_user
--

GRANT ALL ON TABLE public.external_service_type TO rootinfos_db;


--
-- Name: TABLE failed_jobs; Type: ACL; Schema: public; Owner: alfabravo_user
--

GRANT ALL ON TABLE public.failed_jobs TO rootinfos_db;


--
-- Name: TABLE file_type; Type: ACL; Schema: public; Owner: alfabravo_user
--

GRANT ALL ON TABLE public.file_type TO rootinfos_db;


--
-- Name: TABLE fixed_cost; Type: ACL; Schema: public; Owner: alfabravo_user
--

GRANT ALL ON TABLE public.fixed_cost TO rootinfos_db;


--
-- Name: TABLE fixed_cost_bill; Type: ACL; Schema: public; Owner: alfabravo_user
--

GRANT ALL ON TABLE public.fixed_cost_bill TO rootinfos_db;


--
-- Name: TABLE fixed_cost_category; Type: ACL; Schema: public; Owner: alfabravo_user
--

GRANT ALL ON TABLE public.fixed_cost_category TO rootinfos_db;


--
-- Name: TABLE fixed_cost_payment; Type: ACL; Schema: public; Owner: alfabravo_user
--

GRANT ALL ON TABLE public.fixed_cost_payment TO rootinfos_db;


--
-- Name: TABLE fixed_cost_payment_way; Type: ACL; Schema: public; Owner: alfabravo_user
--

GRANT ALL ON TABLE public.fixed_cost_payment_way TO rootinfos_db;


--
-- Name: TABLE fixed_cost_planned_amount; Type: ACL; Schema: public; Owner: alfabravo_user
--

GRANT ALL ON TABLE public.fixed_cost_planned_amount TO rootinfos_db;


--
-- Name: TABLE format; Type: ACL; Schema: public; Owner: alfabravo_user
--

GRANT ALL ON TABLE public.format TO rootinfos_db;


--
-- Name: TABLE format_variable; Type: ACL; Schema: public; Owner: alfabravo_user
--

GRANT ALL ON TABLE public.format_variable TO rootinfos_db;


--
-- Name: TABLE fuel_type; Type: ACL; Schema: public; Owner: alfabravo_user
--

GRANT ALL ON TABLE public.fuel_type TO rootinfos_db;


--
-- Name: TABLE gps; Type: ACL; Schema: public; Owner: alfabravo_user
--

GRANT ALL ON TABLE public.gps TO rootinfos_db;


--
-- Name: TABLE group_taxes; Type: ACL; Schema: public; Owner: alfabravo_user
--

GRANT ALL ON TABLE public.group_taxes TO rootinfos_db;


--
-- Name: TABLE guard_type; Type: ACL; Schema: public; Owner: alfabravo_user
--

GRANT ALL ON TABLE public.guard_type TO rootinfos_db;


--
-- Name: TABLE holiday_day; Type: ACL; Schema: public; Owner: alfabravo_user
--

GRANT ALL ON TABLE public.holiday_day TO rootinfos_db;


--
-- Name: TABLE inc_dates; Type: ACL; Schema: public; Owner: alfabravo_user
--

GRANT ALL ON TABLE public.inc_dates TO rootinfos_db;


--
-- Name: TABLE inc_debts; Type: ACL; Schema: public; Owner: alfabravo_user
--

GRANT ALL ON TABLE public.inc_debts TO rootinfos_db;


--
-- Name: TABLE inc_sales_notes; Type: ACL; Schema: public; Owner: alfabravo_user
--

GRANT ALL ON TABLE public.inc_sales_notes TO rootinfos_db;


--
-- Name: TABLE incidence; Type: ACL; Schema: public; Owner: alfabravo_user
--

GRANT ALL ON TABLE public.incidence TO rootinfos_db;


--
-- Name: TABLE incident_type; Type: ACL; Schema: public; Owner: alfabravo_user
--

GRANT ALL ON TABLE public.incident_type TO rootinfos_db;


--
-- Name: TABLE incomes; Type: ACL; Schema: public; Owner: alfabravo_user
--

GRANT ALL ON TABLE public.incomes TO rootinfos_db;


--
-- Name: TABLE infos_cobranzas; Type: ACL; Schema: public; Owner: alfabravo_user
--

GRANT ALL ON TABLE public.infos_cobranzas TO rootinfos_db;


--
-- Name: TABLE infos_cobranzas_files; Type: ACL; Schema: public; Owner: alfabravo_user
--

GRANT ALL ON TABLE public.infos_cobranzas_files TO rootinfos_db;


--
-- Name: TABLE infos_intramuros_budget; Type: ACL; Schema: public; Owner: alfabravo_user
--

GRANT ALL ON TABLE public.infos_intramuros_budget TO rootinfos_db;


--
-- Name: TABLE infos_intramuros_employee; Type: ACL; Schema: public; Owner: alfabravo_user
--

GRANT ALL ON TABLE public.infos_intramuros_employee TO rootinfos_db;


--
-- Name: TABLE infos_intramuros_expense; Type: ACL; Schema: public; Owner: alfabravo_user
--

GRANT ALL ON TABLE public.infos_intramuros_expense TO rootinfos_db;


--
-- Name: TABLE infos_intramuros_resource; Type: ACL; Schema: public; Owner: alfabravo_user
--

GRANT ALL ON TABLE public.infos_intramuros_resource TO rootinfos_db;


--
-- Name: TABLE infos_intramuros_service; Type: ACL; Schema: public; Owner: alfabravo_user
--

GRANT ALL ON TABLE public.infos_intramuros_service TO rootinfos_db;


--
-- Name: TABLE infos_intramuros_service_element; Type: ACL; Schema: public; Owner: alfabravo_user
--

GRANT ALL ON TABLE public.infos_intramuros_service_element TO rootinfos_db;


--
-- Name: TABLE infos_intramuros_vehicle; Type: ACL; Schema: public; Owner: alfabravo_user
--

GRANT ALL ON TABLE public.infos_intramuros_vehicle TO rootinfos_db;


--
-- Name: TABLE infos_service; Type: ACL; Schema: public; Owner: alfabravo_user
--

GRANT ALL ON TABLE public.infos_service TO rootinfos_db;


--
-- Name: TABLE infos_service_budget; Type: ACL; Schema: public; Owner: alfabravo_user
--

GRANT ALL ON TABLE public.infos_service_budget TO rootinfos_db;


--
-- Name: TABLE infos_service_carrier; Type: ACL; Schema: public; Owner: alfabravo_user
--

GRANT ALL ON TABLE public.infos_service_carrier TO rootinfos_db;


--
-- Name: TABLE infos_service_employee; Type: ACL; Schema: public; Owner: alfabravo_user
--

GRANT ALL ON TABLE public.infos_service_employee TO rootinfos_db;


--
-- Name: TABLE infos_service_events; Type: ACL; Schema: public; Owner: alfabravo_user
--

GRANT ALL ON TABLE public.infos_service_events TO rootinfos_db;


--
-- Name: TABLE infos_service_events_files; Type: ACL; Schema: public; Owner: alfabravo_user
--

GRANT ALL ON TABLE public.infos_service_events_files TO rootinfos_db;


--
-- Name: TABLE infos_service_expense; Type: ACL; Schema: public; Owner: alfabravo_user
--

GRANT ALL ON TABLE public.infos_service_expense TO rootinfos_db;


--
-- Name: TABLE infos_service_plan; Type: ACL; Schema: public; Owner: alfabravo_user
--

GRANT ALL ON TABLE public.infos_service_plan TO rootinfos_db;


--
-- Name: TABLE infos_service_resource; Type: ACL; Schema: public; Owner: alfabravo_user
--

GRANT ALL ON TABLE public.infos_service_resource TO rootinfos_db;


--
-- Name: TABLE infos_service_route; Type: ACL; Schema: public; Owner: alfabravo_user
--

GRANT ALL ON TABLE public.infos_service_route TO rootinfos_db;


--
-- Name: TABLE infos_service_route_types; Type: ACL; Schema: public; Owner: alfabravo_user
--

GRANT ALL ON TABLE public.infos_service_route_types TO rootinfos_db;


--
-- Name: TABLE infos_service_type; Type: ACL; Schema: public; Owner: alfabravo_user
--

GRANT ALL ON TABLE public.infos_service_type TO rootinfos_db;


--
-- Name: TABLE infos_service_type_work_position; Type: ACL; Schema: public; Owner: alfabravo_user
--

GRANT ALL ON TABLE public.infos_service_type_work_position TO rootinfos_db;


--
-- Name: TABLE infos_service_types; Type: ACL; Schema: public; Owner: alfabravo_user
--

GRANT ALL ON TABLE public.infos_service_types TO rootinfos_db;


--
-- Name: TABLE infos_service_vehicle; Type: ACL; Schema: public; Owner: alfabravo_user
--

GRANT ALL ON TABLE public.infos_service_vehicle TO rootinfos_db;


--
-- Name: TABLE infos_services_vehicle_type; Type: ACL; Schema: public; Owner: alfabravo_user
--

GRANT ALL ON TABLE public.infos_services_vehicle_type TO rootinfos_db;


--
-- Name: TABLE infos_warehouse; Type: ACL; Schema: public; Owner: alfabravo_user
--

GRANT ALL ON TABLE public.infos_warehouse TO rootinfos_db;


--
-- Name: TABLE infos_warehouse_movement; Type: ACL; Schema: public; Owner: alfabravo_user
--

GRANT ALL ON TABLE public.infos_warehouse_movement TO rootinfos_db;


--
-- Name: TABLE insurance; Type: ACL; Schema: public; Owner: alfabravo_user
--

GRANT ALL ON TABLE public.insurance TO rootinfos_db;


--
-- Name: TABLE insurance_type; Type: ACL; Schema: public; Owner: alfabravo_user
--

GRANT ALL ON TABLE public.insurance_type TO rootinfos_db;


--
-- Name: TABLE inventory_category; Type: ACL; Schema: public; Owner: alfabravo_user
--

GRANT ALL ON TABLE public.inventory_category TO rootinfos_db;


--
-- Name: TABLE inventory_category_attribute; Type: ACL; Schema: public; Owner: alfabravo_user
--

GRANT ALL ON TABLE public.inventory_category_attribute TO rootinfos_db;


--
-- Name: TABLE inventory_id; Type: ACL; Schema: public; Owner: alfabravo_user
--

GRANT ALL ON TABLE public.inventory_id TO rootinfos_db;


--
-- Name: TABLE inventory_owner; Type: ACL; Schema: public; Owner: alfabravo_user
--

GRANT ALL ON TABLE public.inventory_owner TO rootinfos_db;


--
-- Name: TABLE inventory_product; Type: ACL; Schema: public; Owner: alfabravo_user
--

GRANT ALL ON TABLE public.inventory_product TO rootinfos_db;


--
-- Name: TABLE inventory_product_brand; Type: ACL; Schema: public; Owner: alfabravo_user
--

GRANT ALL ON TABLE public.inventory_product_brand TO rootinfos_db;


--
-- Name: TABLE inventory_product_color; Type: ACL; Schema: public; Owner: alfabravo_user
--

GRANT ALL ON TABLE public.inventory_product_color TO rootinfos_db;


--
-- Name: TABLE inventory_product_extra_attr_value; Type: ACL; Schema: public; Owner: alfabravo_user
--

GRANT ALL ON TABLE public.inventory_product_extra_attr_value TO rootinfos_db;


--
-- Name: TABLE inventory_product_location; Type: ACL; Schema: public; Owner: alfabravo_user
--

GRANT ALL ON TABLE public.inventory_product_location TO rootinfos_db;


--
-- Name: TABLE inventory_product_material; Type: ACL; Schema: public; Owner: alfabravo_user
--

GRANT ALL ON TABLE public.inventory_product_material TO rootinfos_db;


--
-- Name: TABLE inventory_product_state; Type: ACL; Schema: public; Owner: alfabravo_user
--

GRANT ALL ON TABLE public.inventory_product_state TO rootinfos_db;


--
-- Name: TABLE item_category; Type: ACL; Schema: public; Owner: alfabravo_user
--

GRANT ALL ON TABLE public.item_category TO rootinfos_db;


--
-- Name: TABLE item_category_provider; Type: ACL; Schema: public; Owner: alfabravo_user
--

GRANT ALL ON TABLE public.item_category_provider TO rootinfos_db;


--
-- Name: TABLE jobs; Type: ACL; Schema: public; Owner: alfabravo_user
--

GRANT ALL ON TABLE public.jobs TO rootinfos_db;


--
-- Name: TABLE lang; Type: ACL; Schema: public; Owner: alfabravo_user
--

GRANT ALL ON TABLE public.lang TO rootinfos_db;


--
-- Name: TABLE location; Type: ACL; Schema: public; Owner: alfabravo_user
--

GRANT ALL ON TABLE public.location TO rootinfos_db;


--
-- Name: TABLE vehicle_manufacturer; Type: ACL; Schema: public; Owner: alfabravo_user
--

GRANT ALL ON TABLE public.vehicle_manufacturer TO rootinfos_db;


--
-- Name: TABLE marital_status; Type: ACL; Schema: public; Owner: alfabravo_user
--

GRANT ALL ON TABLE public.marital_status TO rootinfos_db;


--
-- Name: TABLE migrations; Type: ACL; Schema: public; Owner: alfabravo_user
--

GRANT ALL ON TABLE public.migrations TO rootinfos_db;


--
-- Name: TABLE mileage_type; Type: ACL; Schema: public; Owner: alfabravo_user
--

GRANT ALL ON TABLE public.mileage_type TO rootinfos_db;


--
-- Name: TABLE nomina; Type: ACL; Schema: public; Owner: alfabravo_user
--

GRANT ALL ON TABLE public.nomina TO rootinfos_db;


--
-- Name: TABLE nomina_concept; Type: ACL; Schema: public; Owner: alfabravo_user
--

GRANT ALL ON TABLE public.nomina_concept TO rootinfos_db;


--
-- Name: TABLE nomina_concept_element; Type: ACL; Schema: public; Owner: alfabravo_user
--

GRANT ALL ON TABLE public.nomina_concept_element TO rootinfos_db;


--
-- Name: TABLE office; Type: ACL; Schema: public; Owner: alfabravo_user
--

GRANT ALL ON TABLE public.office TO rootinfos_db;


--
-- Name: TABLE office_zone; Type: ACL; Schema: public; Owner: alfabravo_user
--

GRANT ALL ON TABLE public.office_zone TO rootinfos_db;


--
-- Name: TABLE password_resets; Type: ACL; Schema: public; Owner: alfabravo_user
--

GRANT ALL ON TABLE public.password_resets TO rootinfos_db;


--
-- Name: TABLE passwords; Type: ACL; Schema: public; Owner: alfabravo_user
--

GRANT ALL ON TABLE public.passwords TO rootinfos_db;


--
-- Name: TABLE payment_account; Type: ACL; Schema: public; Owner: alfabravo_user
--

GRANT ALL ON TABLE public.payment_account TO rootinfos_db;


--
-- Name: TABLE payment_method; Type: ACL; Schema: public; Owner: alfabravo_user
--

GRANT ALL ON TABLE public.payment_method TO rootinfos_db;


--
-- Name: TABLE payroll; Type: ACL; Schema: public; Owner: alfabravo_user
--

GRANT ALL ON TABLE public.payroll TO rootinfos_db;


--
-- Name: TABLE payroll_cutoff_schedule; Type: ACL; Schema: public; Owner: alfabravo_user
--

GRANT ALL ON TABLE public.payroll_cutoff_schedule TO rootinfos_db;


--
-- Name: TABLE payroll_employee; Type: ACL; Schema: public; Owner: alfabravo_user
--

GRANT ALL ON TABLE public.payroll_employee TO rootinfos_db;


--
-- Name: TABLE payroll_employee_bonus; Type: ACL; Schema: public; Owner: alfabravo_user
--

GRANT ALL ON TABLE public.payroll_employee_bonus TO rootinfos_db;


--
-- Name: TABLE payroll_employee_control; Type: ACL; Schema: public; Owner: alfabravo_user
--

GRANT ALL ON TABLE public.payroll_employee_control TO rootinfos_db;


--
-- Name: TABLE payroll_employee_discount; Type: ACL; Schema: public; Owner: alfabravo_user
--

GRANT ALL ON TABLE public.payroll_employee_discount TO rootinfos_db;


--
-- Name: TABLE payroll_employee_files; Type: ACL; Schema: public; Owner: alfabravo_user
--

GRANT ALL ON TABLE public.payroll_employee_files TO rootinfos_db;


--
-- Name: TABLE payroll_software; Type: ACL; Schema: public; Owner: alfabravo_user
--

GRANT ALL ON TABLE public.payroll_software TO rootinfos_db;


--
-- Name: TABLE periodicity; Type: ACL; Schema: public; Owner: alfabravo_user
--

GRANT ALL ON TABLE public.periodicity TO rootinfos_db;


--
-- Name: TABLE permissions; Type: ACL; Schema: public; Owner: alfabravo_user
--

GRANT ALL ON TABLE public.permissions TO rootinfos_db;


--
-- Name: TABLE person_type; Type: ACL; Schema: public; Owner: alfabravo_user
--

GRANT ALL ON TABLE public.person_type TO rootinfos_db;


--
-- Name: TABLE personal; Type: ACL; Schema: public; Owner: alfabravo_user
--

GRANT ALL ON TABLE public.personal TO rootinfos_db;


--
-- Name: TABLE personal_address; Type: ACL; Schema: public; Owner: alfabravo_user
--

GRANT ALL ON TABLE public.personal_address TO rootinfos_db;


--
-- Name: TABLE personal_allergy; Type: ACL; Schema: public; Owner: alfabravo_user
--

GRANT ALL ON TABLE public.personal_allergy TO rootinfos_db;


--
-- Name: TABLE personal_bank_data; Type: ACL; Schema: public; Owner: alfabravo_user
--

GRANT ALL ON TABLE public.personal_bank_data TO rootinfos_db;


--
-- Name: TABLE personal_documents; Type: ACL; Schema: public; Owner: alfabravo_user
--

GRANT ALL ON TABLE public.personal_documents TO rootinfos_db;


--
-- Name: TABLE personal_economic_dinamic; Type: ACL; Schema: public; Owner: alfabravo_user
--

GRANT ALL ON TABLE public.personal_economic_dinamic TO rootinfos_db;


--
-- Name: TABLE personal_emergency_contact; Type: ACL; Schema: public; Owner: alfabravo_user
--

GRANT ALL ON TABLE public.personal_emergency_contact TO rootinfos_db;


--
-- Name: TABLE personal_exam; Type: ACL; Schema: public; Owner: alfabravo_user
--

GRANT ALL ON TABLE public.personal_exam TO rootinfos_db;


--
-- Name: TABLE personal_familiar_structure; Type: ACL; Schema: public; Owner: alfabravo_user
--

GRANT ALL ON TABLE public.personal_familiar_structure TO rootinfos_db;


--
-- Name: TABLE personal_hired; Type: ACL; Schema: public; Owner: alfabravo_user
--

GRANT ALL ON TABLE public.personal_hired TO rootinfos_db;


--
-- Name: TABLE personal_home; Type: ACL; Schema: public; Owner: alfabravo_user
--

GRANT ALL ON TABLE public.personal_home TO rootinfos_db;


--
-- Name: TABLE personal_how_arrived; Type: ACL; Schema: public; Owner: alfabravo_user
--

GRANT ALL ON TABLE public.personal_how_arrived TO rootinfos_db;


--
-- Name: TABLE personal_job_references; Type: ACL; Schema: public; Owner: alfabravo_user
--

GRANT ALL ON TABLE public.personal_job_references TO rootinfos_db;


--
-- Name: TABLE personal_personal_references; Type: ACL; Schema: public; Owner: alfabravo_user
--

GRANT ALL ON TABLE public.personal_personal_references TO rootinfos_db;


--
-- Name: TABLE personal_sickness; Type: ACL; Schema: public; Owner: alfabravo_user
--

GRANT ALL ON TABLE public.personal_sickness TO rootinfos_db;


--
-- Name: TABLE personal_size; Type: ACL; Schema: public; Owner: alfabravo_user
--

GRANT ALL ON TABLE public.personal_size TO rootinfos_db;


--
-- Name: TABLE personal_spoken_languages; Type: ACL; Schema: public; Owner: alfabravo_user
--

GRANT ALL ON TABLE public.personal_spoken_languages TO rootinfos_db;


--
-- Name: TABLE product_articles; Type: ACL; Schema: public; Owner: alfabravo_user
--

GRANT ALL ON TABLE public.product_articles TO rootinfos_db;


--
-- Name: TABLE product_delivery; Type: ACL; Schema: public; Owner: alfabravo_user
--

GRANT ALL ON TABLE public.product_delivery TO rootinfos_db;


--
-- Name: TABLE product_delivery_item; Type: ACL; Schema: public; Owner: alfabravo_user
--

GRANT ALL ON TABLE public.product_delivery_item TO rootinfos_db;


--
-- Name: TABLE provider_has_bank_data; Type: ACL; Schema: public; Owner: alfabravo_user
--

GRANT ALL ON TABLE public.provider_has_bank_data TO rootinfos_db;


--
-- Name: TABLE providers; Type: ACL; Schema: public; Owner: alfabravo_user
--

GRANT ALL ON TABLE public.providers TO rootinfos_db;


--
-- Name: TABLE quiz; Type: ACL; Schema: public; Owner: alfabravo_user
--

GRANT ALL ON TABLE public.quiz TO rootinfos_db;


--
-- Name: TABLE quiz_answer; Type: ACL; Schema: public; Owner: alfabravo_user
--

GRANT ALL ON TABLE public.quiz_answer TO rootinfos_db;


--
-- Name: TABLE quiz_attempt; Type: ACL; Schema: public; Owner: alfabravo_user
--

GRANT ALL ON TABLE public.quiz_attempt TO rootinfos_db;


--
-- Name: TABLE quiz_attempt_answer_files; Type: ACL; Schema: public; Owner: alfabravo_user
--

GRANT ALL ON TABLE public.quiz_attempt_answer_files TO rootinfos_db;


--
-- Name: TABLE quiz_question; Type: ACL; Schema: public; Owner: alfabravo_user
--

GRANT ALL ON TABLE public.quiz_question TO rootinfos_db;


--
-- Name: TABLE quiz_question_option; Type: ACL; Schema: public; Owner: alfabravo_user
--

GRANT ALL ON TABLE public.quiz_question_option TO rootinfos_db;


--
-- Name: TABLE quoter; Type: ACL; Schema: public; Owner: alfabravo_user
--

GRANT ALL ON TABLE public.quoter TO rootinfos_db;


--
-- Name: TABLE recruitment_file_type; Type: ACL; Schema: public; Owner: alfabravo_user
--

GRANT ALL ON TABLE public.recruitment_file_type TO rootinfos_db;


--
-- Name: TABLE recruitment_files; Type: ACL; Schema: public; Owner: alfabravo_user
--

GRANT ALL ON TABLE public.recruitment_files TO rootinfos_db;


--
-- Name: TABLE recruitment_status_reason; Type: ACL; Schema: public; Owner: alfabravo_user
--

GRANT ALL ON TABLE public.recruitment_status_reason TO rootinfos_db;


--
-- Name: TABLE register_status; Type: ACL; Schema: public; Owner: alfabravo_user
--

GRANT ALL ON TABLE public.register_status TO rootinfos_db;


--
-- Name: TABLE resource_type; Type: ACL; Schema: public; Owner: alfabravo_user
--

GRANT ALL ON TABLE public.resource_type TO rootinfos_db;


--
-- Name: TABLE resource_type_price; Type: ACL; Schema: public; Owner: alfabravo_user
--

GRANT ALL ON TABLE public.resource_type_price TO rootinfos_db;


--
-- Name: TABLE resource_type_provider; Type: ACL; Schema: public; Owner: alfabravo_user
--

GRANT ALL ON TABLE public.resource_type_provider TO rootinfos_db;


--
-- Name: TABLE resource_type_request; Type: ACL; Schema: public; Owner: alfabravo_user
--

GRANT ALL ON TABLE public.resource_type_request TO rootinfos_db;


--
-- Name: TABLE roles; Type: ACL; Schema: public; Owner: alfabravo_user
--

GRANT ALL ON TABLE public.roles TO rootinfos_db;


--
-- Name: TABLE roles_permissions; Type: ACL; Schema: public; Owner: alfabravo_user
--

GRANT ALL ON TABLE public.roles_permissions TO rootinfos_db;


--
-- Name: TABLE rondin; Type: ACL; Schema: public; Owner: alfabravo_user
--

GRANT ALL ON TABLE public.rondin TO rootinfos_db;


--
-- Name: TABLE rondin_config; Type: ACL; Schema: public; Owner: alfabravo_user
--

GRANT ALL ON TABLE public.rondin_config TO rootinfos_db;


--
-- Name: TABLE rondin_file; Type: ACL; Schema: public; Owner: alfabravo_user
--

GRANT ALL ON TABLE public.rondin_file TO rootinfos_db;


--
-- Name: TABLE rondin_log; Type: ACL; Schema: public; Owner: alfabravo_user
--

GRANT ALL ON TABLE public.rondin_log TO rootinfos_db;


--
-- Name: TABLE rondin_round; Type: ACL; Schema: public; Owner: alfabravo_user
--

GRANT ALL ON TABLE public.rondin_round TO rootinfos_db;


--
-- Name: TABLE rondin_round_frecuency; Type: ACL; Schema: public; Owner: alfabravo_user
--

GRANT ALL ON TABLE public.rondin_round_frecuency TO rootinfos_db;


--
-- Name: TABLE rondin_trace; Type: ACL; Schema: public; Owner: alfabravo_user
--

GRANT ALL ON TABLE public.rondin_trace TO rootinfos_db;


--
-- Name: TABLE route; Type: ACL; Schema: public; Owner: alfabravo_user
--

GRANT ALL ON TABLE public.route TO rootinfos_db;


--
-- Name: TABLE route_client; Type: ACL; Schema: public; Owner: alfabravo_user
--

GRANT ALL ON TABLE public.route_client TO rootinfos_db;


--
-- Name: TABLE rrhh_requirement; Type: ACL; Schema: public; Owner: alfabravo_user
--

GRANT ALL ON TABLE public.rrhh_requirement TO rootinfos_db;


--
-- Name: TABLE sales_order; Type: ACL; Schema: public; Owner: alfabravo_user
--

GRANT ALL ON TABLE public.sales_order TO rootinfos_db;


--
-- Name: TABLE sales_order_files; Type: ACL; Schema: public; Owner: alfabravo_user
--

GRANT ALL ON TABLE public.sales_order_files TO rootinfos_db;


--
-- Name: TABLE sales_order_item; Type: ACL; Schema: public; Owner: alfabravo_user
--

GRANT ALL ON TABLE public.sales_order_item TO rootinfos_db;


--
-- Name: TABLE sales_order_payment_way; Type: ACL; Schema: public; Owner: alfabravo_user
--

GRANT ALL ON TABLE public.sales_order_payment_way TO rootinfos_db;


--
-- Name: TABLE sales_order_status; Type: ACL; Schema: public; Owner: alfabravo_user
--

GRANT ALL ON TABLE public.sales_order_status TO rootinfos_db;


--
-- Name: TABLE sales_order_unit_measure; Type: ACL; Schema: public; Owner: alfabravo_user
--

GRANT ALL ON TABLE public.sales_order_unit_measure TO rootinfos_db;


--
-- Name: TABLE scolarship; Type: ACL; Schema: public; Owner: alfabravo_user
--

GRANT ALL ON TABLE public.scolarship TO rootinfos_db;


--
-- Name: TABLE service_order; Type: ACL; Schema: public; Owner: alfabravo_user
--

GRANT ALL ON TABLE public.service_order TO rootinfos_db;


--
-- Name: TABLE service_order_work; Type: ACL; Schema: public; Owner: alfabravo_user
--

GRANT ALL ON TABLE public.service_order_work TO rootinfos_db;


--
-- Name: TABLE service_order_work_refaction; Type: ACL; Schema: public; Owner: alfabravo_user
--

GRANT ALL ON TABLE public.service_order_work_refaction TO rootinfos_db;


--
-- Name: TABLE settings; Type: ACL; Schema: public; Owner: alfabravo_user
--

GRANT ALL ON TABLE public.settings TO rootinfos_db;


--
-- Name: TABLE sickness; Type: ACL; Schema: public; Owner: alfabravo_user
--

GRANT ALL ON TABLE public.sickness TO rootinfos_db;


--
-- Name: TABLE size_field; Type: ACL; Schema: public; Owner: alfabravo_user
--

GRANT ALL ON TABLE public.size_field TO rootinfos_db;


--
-- Name: TABLE size_field_type; Type: ACL; Schema: public; Owner: alfabravo_user
--

GRANT ALL ON TABLE public.size_field_type TO rootinfos_db;


--
-- Name: TABLE size_type; Type: ACL; Schema: public; Owner: alfabravo_user
--

GRANT ALL ON TABLE public.size_type TO rootinfos_db;


--
-- Name: TABLE spoken_languages; Type: ACL; Schema: public; Owner: alfabravo_user
--

GRANT ALL ON TABLE public.spoken_languages TO rootinfos_db;


--
-- Name: TABLE state; Type: ACL; Schema: public; Owner: alfabravo_user
--

GRANT ALL ON TABLE public.state TO rootinfos_db;


--
-- Name: TABLE status; Type: ACL; Schema: public; Owner: alfabravo_user
--

GRANT ALL ON TABLE public.status TO rootinfos_db;


--
-- Name: TABLE symbology; Type: ACL; Schema: public; Owner: alfabravo_user
--

GRANT ALL ON TABLE public.symbology TO rootinfos_db;


--
-- Name: TABLE task; Type: ACL; Schema: public; Owner: alfabravo_user
--

GRANT ALL ON TABLE public.task TO rootinfos_db;


--
-- Name: TABLE task_action; Type: ACL; Schema: public; Owner: alfabravo_user
--

GRANT ALL ON TABLE public.task_action TO rootinfos_db;


--
-- Name: TABLE task_member; Type: ACL; Schema: public; Owner: alfabravo_user
--

GRANT ALL ON TABLE public.task_member TO rootinfos_db;


--
-- Name: TABLE tax_receipts; Type: ACL; Schema: public; Owner: alfabravo_user
--

GRANT ALL ON TABLE public.tax_receipts TO rootinfos_db;


--
-- Name: TABLE tax_receipts_files; Type: ACL; Schema: public; Owner: alfabravo_user
--

GRANT ALL ON TABLE public.tax_receipts_files TO rootinfos_db;


--
-- Name: TABLE technical_report; Type: ACL; Schema: public; Owner: alfabravo_user
--

GRANT ALL ON TABLE public.technical_report TO rootinfos_db;


--
-- Name: TABLE technical_report_calification; Type: ACL; Schema: public; Owner: alfabravo_user
--

GRANT ALL ON TABLE public.technical_report_calification TO rootinfos_db;


--
-- Name: TABLE technical_report_files; Type: ACL; Schema: public; Owner: alfabravo_user
--

GRANT ALL ON TABLE public.technical_report_files TO rootinfos_db;


--
-- Name: TABLE technical_report_modifications; Type: ACL; Schema: public; Owner: alfabravo_user
--

GRANT ALL ON TABLE public.technical_report_modifications TO rootinfos_db;


--
-- Name: TABLE technical_report_status; Type: ACL; Schema: public; Owner: alfabravo_user
--

GRANT ALL ON TABLE public.technical_report_status TO rootinfos_db;


--
-- Name: TABLE technical_report_status_files; Type: ACL; Schema: public; Owner: alfabravo_user
--

GRANT ALL ON TABLE public.technical_report_status_files TO rootinfos_db;


--
-- Name: TABLE terms; Type: ACL; Schema: public; Owner: alfabravo_user
--

GRANT ALL ON TABLE public.terms TO rootinfos_db;


--
-- Name: TABLE trace_slogan; Type: ACL; Schema: public; Owner: alfabravo_user
--

GRANT ALL ON TABLE public.trace_slogan TO rootinfos_db;


--
-- Name: TABLE trace_slogan_client; Type: ACL; Schema: public; Owner: alfabravo_user
--

GRANT ALL ON TABLE public.trace_slogan_client TO rootinfos_db;


--
-- Name: TABLE trace_slogan_evaluation_criteria; Type: ACL; Schema: public; Owner: alfabravo_user
--

GRANT ALL ON TABLE public.trace_slogan_evaluation_criteria TO rootinfos_db;


--
-- Name: TABLE trace_slogan_frecuency; Type: ACL; Schema: public; Owner: alfabravo_user
--

GRANT ALL ON TABLE public.trace_slogan_frecuency TO rootinfos_db;


--
-- Name: TABLE trace_slogan_function; Type: ACL; Schema: public; Owner: alfabravo_user
--

GRANT ALL ON TABLE public.trace_slogan_function TO rootinfos_db;


--
-- Name: TABLE trace_slogan_has_function; Type: ACL; Schema: public; Owner: alfabravo_user
--

GRANT ALL ON TABLE public.trace_slogan_has_function TO rootinfos_db;


--
-- Name: TABLE trace_slogan_report; Type: ACL; Schema: public; Owner: alfabravo_user
--

GRANT ALL ON TABLE public.trace_slogan_report TO rootinfos_db;


--
-- Name: TABLE trace_slogan_type; Type: ACL; Schema: public; Owner: alfabravo_user
--

GRANT ALL ON TABLE public.trace_slogan_type TO rootinfos_db;


--
-- Name: TABLE transport_company; Type: ACL; Schema: public; Owner: alfabravo_user
--

GRANT ALL ON TABLE public.transport_company TO rootinfos_db;


--
-- Name: TABLE type_social_security; Type: ACL; Schema: public; Owner: alfabravo_user
--

GRANT ALL ON TABLE public.type_social_security TO rootinfos_db;


--
-- Name: TABLE ubication; Type: ACL; Schema: public; Owner: alfabravo_user
--

GRANT ALL ON TABLE public.ubication TO rootinfos_db;


--
-- Name: TABLE user_area; Type: ACL; Schema: public; Owner: alfabravo_user
--

GRANT ALL ON TABLE public.user_area TO rootinfos_db;


--
-- Name: TABLE user_belong_area; Type: ACL; Schema: public; Owner: alfabravo_user
--

GRANT ALL ON TABLE public.user_belong_area TO rootinfos_db;


--
-- Name: TABLE user_client; Type: ACL; Schema: public; Owner: alfabravo_user
--

GRANT ALL ON TABLE public.user_client TO rootinfos_db;


--
-- Name: TABLE user_enterprise; Type: ACL; Schema: public; Owner: alfabravo_user
--

GRANT ALL ON TABLE public.user_enterprise TO rootinfos_db;


--
-- Name: TABLE user_ntype_documents; Type: ACL; Schema: public; Owner: alfabravo_user
--

GRANT ALL ON TABLE public.user_ntype_documents TO rootinfos_db;


--
-- Name: TABLE user_profile; Type: ACL; Schema: public; Owner: alfabravo_user
--

GRANT ALL ON TABLE public.user_profile TO rootinfos_db;


--
-- Name: TABLE user_room; Type: ACL; Schema: public; Owner: alfabravo_user
--

GRANT ALL ON TABLE public.user_room TO rootinfos_db;


--
-- Name: TABLE user_room_meeting; Type: ACL; Schema: public; Owner: alfabravo_user
--

GRANT ALL ON TABLE public.user_room_meeting TO rootinfos_db;


--
-- Name: TABLE user_spoken_languages; Type: ACL; Schema: public; Owner: alfabravo_user
--

GRANT ALL ON TABLE public.user_spoken_languages TO rootinfos_db;


--
-- Name: TABLE user_type; Type: ACL; Schema: public; Owner: alfabravo_user
--

GRANT ALL ON TABLE public.user_type TO rootinfos_db;


--
-- Name: TABLE user_type_documents; Type: ACL; Schema: public; Owner: alfabravo_user
--

GRANT ALL ON TABLE public.user_type_documents TO rootinfos_db;


--
-- Name: TABLE users; Type: ACL; Schema: public; Owner: alfabravo_user
--

GRANT ALL ON TABLE public.users TO rootinfos_db;


--
-- Name: TABLE users_permissions; Type: ACL; Schema: public; Owner: alfabravo_user
--

GRANT ALL ON TABLE public.users_permissions TO rootinfos_db;


--
-- Name: TABLE users_roles; Type: ACL; Schema: public; Owner: alfabravo_user
--

GRANT ALL ON TABLE public.users_roles TO rootinfos_db;


--
-- Name: TABLE vehicle; Type: ACL; Schema: public; Owner: alfabravo_user
--

GRANT ALL ON TABLE public.vehicle TO rootinfos_db;


--
-- Name: TABLE vehicle_activity; Type: ACL; Schema: public; Owner: alfabravo_user
--

GRANT ALL ON TABLE public.vehicle_activity TO rootinfos_db;


--
-- Name: TABLE vehicle_brand; Type: ACL; Schema: public; Owner: alfabravo_user
--

GRANT ALL ON TABLE public.vehicle_brand TO rootinfos_db;


--
-- Name: TABLE vehicle_expenses; Type: ACL; Schema: public; Owner: alfabravo_user
--

GRANT ALL ON TABLE public.vehicle_expenses TO rootinfos_db;


--
-- Name: TABLE vehicle_expenses_maintenance; Type: ACL; Schema: public; Owner: alfabravo_user
--

GRANT ALL ON TABLE public.vehicle_expenses_maintenance TO rootinfos_db;


--
-- Name: TABLE vehicle_files; Type: ACL; Schema: public; Owner: alfabravo_user
--

GRANT ALL ON TABLE public.vehicle_files TO rootinfos_db;


--
-- Name: TABLE vehicle_insurance; Type: ACL; Schema: public; Owner: alfabravo_user
--

GRANT ALL ON TABLE public.vehicle_insurance TO rootinfos_db;


--
-- Name: TABLE vehicle_maintenance; Type: ACL; Schema: public; Owner: alfabravo_user
--

GRANT ALL ON TABLE public.vehicle_maintenance TO rootinfos_db;


--
-- Name: TABLE vehicle_maintenance_action; Type: ACL; Schema: public; Owner: alfabravo_user
--

GRANT ALL ON TABLE public.vehicle_maintenance_action TO rootinfos_db;


--
-- Name: TABLE vehicle_mileage; Type: ACL; Schema: public; Owner: alfabravo_user
--

GRANT ALL ON TABLE public.vehicle_mileage TO rootinfos_db;


--
-- Name: TABLE vehicle_model; Type: ACL; Schema: public; Owner: alfabravo_user
--

GRANT ALL ON TABLE public.vehicle_model TO rootinfos_db;


--
-- Name: TABLE vehicle_owner; Type: ACL; Schema: public; Owner: alfabravo_user
--

GRANT ALL ON TABLE public.vehicle_owner TO rootinfos_db;


--
-- Name: TABLE vehicle_status; Type: ACL; Schema: public; Owner: alfabravo_user
--

GRANT ALL ON TABLE public.vehicle_status TO rootinfos_db;


--
-- Name: TABLE vehicle_status_force; Type: ACL; Schema: public; Owner: alfabravo_user
--

GRANT ALL ON TABLE public.vehicle_status_force TO rootinfos_db;


--
-- Name: TABLE vehicle_type; Type: ACL; Schema: public; Owner: alfabravo_user
--

GRANT ALL ON TABLE public.vehicle_type TO rootinfos_db;


--
-- Name: TABLE vehicle_type_activity; Type: ACL; Schema: public; Owner: alfabravo_user
--

GRANT ALL ON TABLE public.vehicle_type_activity TO rootinfos_db;


--
-- Name: TABLE vehicle_type_maintenance; Type: ACL; Schema: public; Owner: alfabravo_user
--

GRANT ALL ON TABLE public.vehicle_type_maintenance TO rootinfos_db;


--
-- Name: TABLE vehicle_type_maintenance_element; Type: ACL; Schema: public; Owner: alfabravo_user
--

GRANT ALL ON TABLE public.vehicle_type_maintenance_element TO rootinfos_db;


--
-- Name: TABLE vehicle_verification_schedule; Type: ACL; Schema: public; Owner: alfabravo_user
--

GRANT ALL ON TABLE public.vehicle_verification_schedule TO rootinfos_db;


--
-- Name: TABLE weapon_autority; Type: ACL; Schema: public; Owner: alfabravo_user
--

GRANT ALL ON TABLE public.weapon_autority TO rootinfos_db;


--
-- Name: TABLE weapon_brand; Type: ACL; Schema: public; Owner: alfabravo_user
--

GRANT ALL ON TABLE public.weapon_brand TO rootinfos_db;


--
-- Name: TABLE weapon_caliber; Type: ACL; Schema: public; Owner: alfabravo_user
--

GRANT ALL ON TABLE public.weapon_caliber TO rootinfos_db;


--
-- Name: TABLE weapon_model; Type: ACL; Schema: public; Owner: alfabravo_user
--

GRANT ALL ON TABLE public.weapon_model TO rootinfos_db;


--
-- Name: TABLE weapon_type; Type: ACL; Schema: public; Owner: alfabravo_user
--

GRANT ALL ON TABLE public.weapon_type TO rootinfos_db;


--
-- Name: TABLE work_position; Type: ACL; Schema: public; Owner: alfabravo_user
--

GRANT ALL ON TABLE public.work_position TO rootinfos_db;


--
-- Name: TABLE work_shift; Type: ACL; Schema: public; Owner: alfabravo_user
--

GRANT ALL ON TABLE public.work_shift TO rootinfos_db;


--
--

\unrestrict D0ba9PkpnZJ42iCNbJKQrU7GOlESeU90SS6AGHXjaLmZr86V0w4f8k1DIYBgFju

