-- Data for Name: cloud_type_document; Type: TABLE DATA; Schema: public; Owner: alfabravo_user
--

COPY public.cloud_type_document (id, name, description, user_id, created_at, updated_at, deleted_at) FROM stdin;
1	ACTA DE NACIMIENTO	ACTA DE NACIMIENTO	\N	2023-04-18 19:01:31	2023-04-18 19:01:31	\N
2	MAKA DEFENSA S.A. DE C.V.		\N	2023-04-29 19:59:14	2023-04-29 19:59:14	\N
3	DC3 DERECHOS HUMANOS	SECRETARIA DEL TRABAJO	\N	2023-05-09 17:56:23	2023-05-09 17:58:23	\N
4	FACTURA	FACTURA EMITIDA POR LA PRESTACIÓN DE ALGÚN PRODUCTO O SERVICIOS, EN EL CASO DE LAS FACTURAS XML ESTAS SE CARGARÁN PERO NO SE LEERÁN DENTRO DEL SISTEMA	\N	2023-05-24 16:03:55	2023-05-24 16:03:55	\N
5	COMPROBANTE DE DOMICILIO	EL COMPROBANTE DE DOMICILIO PUEDE SER UNO DE LOS SIGUIENTES DOCUMENTOS:\r\n\r\n•\tESTADO DE CUENTA, QUE PROPORCIONEN LAS INSTITUCIONES DEL SISTEMA FINANCIERO, EL MISMO NO DEBE TENER UNA ANTIGÜEDAD MAYOR A 3 MESES, NO ES NECESARIO QUE LO EXHIBAS PAGADO.\r\n\r\n•\tÚLTIMO RECIBO DEL IMPUESTO PREDIAL, EL MISMO NO DEBE TENER UNA ANTIGÜEDAD MAYOR A 3 MESES, TRATÁNDOSE DE RECIBO ANUAL DEBE CORRESPONDER AL EJERCICIO EN CURSO, NO ES NECESARIO SER EXHIBIDO PAGADO.\r\n\r\n•\tÚLTIMO RECIBO DE LOS SERVICIOS DE LUZ, GAS, TELEVISIÓN DE PAGA, INTERNET, TELÉFONO O DE AGUA, EL MISMO NO DEBE TENER UNA ANTIGÜEDAD MAYOR A 3 MESES, NO ES NECESARIO SER EXHIBIDO PAGADO	\N	2023-05-24 16:13:24	2023-05-25 09:00:56	\N
6	FORMATO DE PRUEBA	FORMATO PARA ISO 9000	\N	2023-05-26 12:44:25	2023-05-26 12:44:25	\N
7	ESTRATEGICO	DOCUMENTOS DE ESTRATEGIAS PRIMARIAS DE INFOS	\N	2023-06-05 08:41:36	2023-06-05 08:41:36	\N
8	DEMANDA	DOCUMENTO EMITIDO POR JUSGADOS OFICIALES	\N	2023-07-11 13:40:05	2023-07-11 13:40:05	\N
9	ACTA CONSTITUTIVA	EL ACTA CONSTITUTIVA DE UNA EMPRESA ES EL DOCUMENTO FORMAL QUE DEFINE LA EXISTENCIA DE LA EMPRESA. ADEMÁS, ESTE DOCUMENTO REGULA LA ESTRUCTURA Y EL CONTROL DE LA ENTIDAD Y SUS MIEMBROS. LA FORMA PRECISA DE LOS DOCUMENTOS CONSTITUTIVOS DEPENDE DEL TIPO DE ENTIDAD	\N	2023-07-27 18:10:39	2023-07-27 18:13:53	\N
10	MUESTRARIO ROPA	DOCUMENTO DE REFERENCIA PARA ROPA DE TRABAJO EN SEGURIDAD	\N	2023-08-02 18:00:18	2023-08-02 18:00:18	\N
11	DOCUMNTO TI	DOCUMENTOS DE TECNOLOGIAS DE LA INFORMACIÓN, MANUALES, PRESENTACIONES,	\N	2023-08-03 06:32:22	2023-08-03 06:32:22	\N
12	PRUEBA	PRUEBA DE CARGA	\N	2023-08-03 06:38:38	2023-08-03 06:38:38	\N
13	RFP	REQUEST FOR PROPOSAL O SOLICITUD DE PROPUESTA ES UN DOCUMENTO QUE SE ELABORA INTERNAMENTE EN LA EMPRESA CON EL OBJETIVO DE SOLICITAR A DIFERENTES PROVEEDORES SU MEJOR SOLUCIÓN Y PRESUPUESTO PARA CUBRIR UNAS NECESIDADES CONCRETAS.	\N	2023-08-03 06:44:41	2023-08-03 06:44:41	\N
14	PRESENTACIÓN	INTERPRETACIÓN DE LA NORMA ISO\r\n9001:2015\r\nSISTEMA DE GESTIÓN DE CALIDAD\r\nINSTRUCTOR: LUCERO CLARETH\r\nAPARICIO MARTÍNEZ	\N	2023-08-24 22:21:42	2023-08-24 22:21:42	\N
15	QUICK REFERENCE	SE CONSIDERA UNA GUÍA DE REFERENCIA RÁPIDA A CUALQUIER DOCUMENTO QUE PROPORCIONE UN CONJUNTO DE INSTRUCCIONES DE FORMA RESUMIDA (UNA O DOS PÁGINAS) PARA UTILIZAR UN PRODUCTO. DEPENDIENDO DEL PROCESO QUE SE QUIERA EXPLICAR, PUEDEN SER MÁS DETALLADAS O MÁS SENCILLAS.	\N	2023-08-24 22:46:02	2023-08-24 22:46:02	\N
16	PRESENTACION POWER POINT		\N	2023-08-29 17:56:29	2023-08-29 17:56:29	\N
17	PODER NOTARIAL		\N	2023-08-30 14:52:31	2023-08-30 14:52:31	\N
18	REVOCACIÓN DE PODER		\N	2023-08-30 14:53:57	2023-08-30 14:53:57	\N
19	ACTA DE ASAMBLEA		\N	2023-08-30 14:54:43	2023-08-30 14:54:43	\N
20	CONTRATO	CONTRATO LABORAL MAKA DEFENSA	\N	2023-08-30 15:04:34	2023-08-30 15:04:34	\N
21	CONSTANCIA DE SITUACIÓN FISCAL		\N	2023-08-30 15:09:35	2023-08-30 15:09:35	\N
22	FORMATO	SOCIOECONOMICO	\N	2023-08-30 16:36:47	2023-08-30 16:36:47	\N
23	ALCANCE DEL SISTEMA DE GESTIÓN DE LA CALIDAD	EL SISTEMA DE GESTIÓN DE LA CALIDAD (CLÁUSULA 4.3).\r\nEN ESTE REQUISITO, LA NORMA INDICA QUE, EN EL SISTEMA DE GESTIÓN DE LA CALIDAD DE UNA ORGANIZACIÓN, AL DEFINIR EL ALCANCE, DEBE INCLUIR TODAS LAS ACTIVIDADES, PRODUCTOS Y SERVICIOS QUE ESTÁN DENTRO DEL ALCANCE. LA IMPORTANCIA DE ESTE REQUISITO ES EVITAR QUE EXISTAN PROCESOS, ACTIVIDADES, O PEOR AÚN, PRODUCTOS Y SERVICIOS, DENTRO DEL ALCANCE DEL SISTEMA DE GESTIÓN DE LA CALIDAD, PERO SIN LOS CONTROLES Y SEGUIMIENTO APROPIADOS POR PARTE DE LA ORGANIZACIÓN	\N	2023-09-27 14:21:13	2023-09-27 14:21:13	\N
24	ORGANIGRAMA ISO900	ORGANIGRAMA DE LA EMPRESA	\N	2023-09-27 14:28:31	2023-09-27 14:28:31	\N
25	DIFUSION ISO	FORMATO DE DIFUSIÓN	\N	2023-09-29 18:15:37	2023-09-29 18:15:37	\N
26	PERFIL DE PUESTO	LOS PERFILES DE PUESTO SON DESCRIPCIONES CONCRETAS DE LAS CARACTERÍSTICAS, TAREAS Y RESPONSABILIDADES QUE TIENE UN PUESTO EN LA ORGANIZACIÓN, ASÍ COMO LAS COMPETENCIAS Y CONOCIMIENTOS QUE DEBE TENER LA PERSONA QUE LO OCUPE.	\N	2023-09-29 21:08:57	2023-09-29 21:08:57	\N
27	PROCESO TI	LAS FUNCIONES DE LA ADMINISTRACIÓN SON LAS ACTIVIDADES QUE SE DEBEN EJECUTAR PARA ALCANZAR LOS OBJETIVOS ORGANIZACIONALES CON EFICACIA Y EFICIENCIA. \r\nEN ESTE SENTIDO, LA EFICACIA SIGNIFICA ALCANZAR LAS METAS ESTABLECIDAS. \r\nLA EFICIENCIA CONSISTE EN CONSEGUIR DICHAS METAS DE MODO QUE SE OPTIMICEN LOS RECURSOS DISPONIBLES. \r\nES DECIR, LAS FUNCIONES DE LA ADMINISTRACIÓN EJECUTADAS CORRECTAMENTE ORIENTAN A LA EMPRESA HACIA SU DESTINO SIGUIENDO LA VÍA MÁS CORTA Y RÁPIDA.\r\nCYA	\N	2023-09-30 08:58:03	2023-09-30 08:58:03	\N
28	QUICK REFERENCE	MANAUL DE REFERENCIA RAPIDA	\N	2023-10-03 09:03:02	2023-10-03 09:03:02	\N
29	FORMATO DE SOLICITUD DE SERVICIO		\N	2023-10-03 09:09:48	2023-10-03 09:09:48	\N
30	RESUMEN DE TELEFONIA FIJA	LISTADO DE NUMEROS FIJOS QUE TIENEN EL GRUPO	\N	2023-10-24 17:52:01	2023-10-24 17:52:01	\N
31	DOMICILIO ESPECIAL	JFGJHFJFJGF	\N	2023-11-01 10:18:16	2023-11-01 10:18:16	\N
32	CONTITUTIVA FER	PRUEBA	\N	2023-11-09 18:26:52	2023-11-09 18:26:52	\N
33	JORGE ZUBIRAN	PRUEBA	\N	2023-12-04 09:47:25	2023-12-04 09:47:25	\N
34	JORGE ZUBIRAN	YTYRT	\N	2023-12-04 09:48:37	2023-12-04 09:48:37	\N
35	MANUAL	MANUAL OPERATIVO DE TI	\N	2024-02-13 11:54:02	2024-02-13 11:54:02	\N
36	OPINIÓN DE CUMPLIMIENTO		\N	2024-10-09 14:06:57	2024-10-09 14:06:57	\N
37	REPSE		\N	2024-10-09 14:07:22	2024-10-09 14:07:22	\N
38	ALTA HACIENDA		\N	2024-10-09 14:21:27	2024-10-09 14:21:27	\N
39	CARATULA BANCARIA		\N	2024-10-09 14:22:19	2024-10-09 14:22:19	\N
40	FACTURA3	PRUEBA DE FACTURA	\N	2024-11-05 10:21:43	2024-11-05 10:21:43	\N
41	FACTURA3	PRUEBA DE FACTURA	\N	2024-11-05 10:21:43	2024-11-05 10:21:43	\N
42	FACTURA3	PRUEBA DE FACTURA	\N	2024-11-05 10:21:43	2024-11-05 10:21:43	\N
\.


--
-- Data for Name: cloud_type_document_has_item; Type: TABLE DATA; Schema: public; Owner: alfabravo_user
--

COPY public.cloud_type_document_has_item (id, cloud_type_document_id, "position", required, created_at, updated_at, deleted_at, type_id, name) FROM stdin;
1	1	1	t	2023-04-18 19:01:31	2023-04-18 19:01:31	\N	1	Estado
2	1	2	f	2023-04-18 19:01:31	2023-04-18 19:01:31	\N	2	Folio
3	2	1	f	2023-04-29 19:59:14	2023-04-29 19:59:14	\N	-1	DOCUMENTOS NOTARIALES
4	3	1	t	2023-05-09 17:56:23	2023-05-09 17:58:23	2023-05-09 17:58:23	1	DERECHOS HUMANOS
5	3	1	t	2023-05-09 17:58:23	2023-05-09 17:58:23	\N	3	VIGENCIA
6	3	2	t	2023-05-09 17:58:23	2023-05-09 17:58:23	\N	1	NOMBRE DEL EMPLEADO
7	4	1	f	2023-05-24 16:03:55	2023-05-24 16:17:27	2023-05-24 16:17:27	2	Emisor
8	4	2	f	2023-05-24 16:03:55	2023-05-24 16:17:27	2023-05-24 16:17:27	3	Fecha
9	4	3	f	2023-05-24 16:03:55	2023-05-24 16:17:27	2023-05-24 16:17:27	2	Importe
12	4	1	t	2023-05-24 16:17:27	2023-05-24 16:17:27	\N	2	Emisor
13	4	2	t	2023-05-24 16:17:27	2023-05-24 16:17:27	\N	3	Fecha
14	4	3	t	2023-05-24 16:17:27	2023-05-24 16:17:27	\N	2	Importe
15	4	4	t	2023-05-24 16:17:27	2023-05-24 16:17:27	\N	2	Receptor
10	5	1	t	2023-05-24 16:13:24	2023-05-25 09:00:56	2023-05-25 09:00:56	1	Nombre
11	5	2	t	2023-05-24 16:13:24	2023-05-25 09:00:56	2023-05-25 09:00:56	3	Emisión o vigencia
16	5	1	t	2023-05-25 09:00:56	2023-05-25 09:00:56	\N	1	Nombre
17	5	2	t	2023-05-25 09:00:56	2023-05-25 09:00:56	\N	3	Emisión o vigencia
18	6	1	t	2023-05-26 12:44:25	2023-05-26 12:44:25	\N	1	Nombre
19	6	2	t	2023-05-26 12:44:25	2023-05-26 12:44:25	\N	2	Formato 17
20	7	1	t	2023-06-05 08:41:36	2023-06-05 08:41:36	\N	1	BCP
21	7	2	t	2023-06-05 08:41:36	2023-06-05 08:41:36	\N	4	FECHA DE ACTUALIZACIÓN
22	8	1	t	2023-07-11 13:40:05	2023-07-11 13:40:05	\N	1	TIPO DE DEMANDA
23	8	2	t	2023-07-11 13:40:05	2023-07-11 13:40:05	\N	3	FECHA DEMANDA
24	8	3	f	2023-07-11 13:40:05	2023-07-11 13:40:05	\N	1	DESCRIPCION
25	8	4	t	2023-07-11 13:40:05	2023-07-11 13:40:05	\N	1	JUSGADO
26	9	1	t	2023-07-27 18:10:39	2023-07-27 18:13:53	\N	1	Nombre de la Empresa
27	9	1	t	2023-07-27 18:13:53	2023-07-27 18:13:53	\N	3	Fecha de Creación
28	9	2	t	2023-07-27 18:13:53	2023-07-27 18:13:53	\N	1	Socios
29	9	3	f	2023-07-27 18:13:53	2023-07-27 18:13:53	\N	1	Notaría
30	9	4	t	2023-07-27 18:13:53	2023-07-27 18:13:53	\N	1	Representante Legal
31	9	5	t	2023-07-27 18:13:53	2023-07-27 18:13:53	\N	1	Actividad Económica
32	10	1	t	2023-08-02 18:00:18	2023-08-02 18:00:18	\N	1	nombre
33	10	2	t	2023-08-02 18:00:18	2023-08-02 18:00:18	\N	1	TIPO DE ROPA
34	10	3	t	2023-08-02 18:00:18	2023-08-02 18:00:18	\N	4	AÑO DE CREACIÓN
35	11	1	t	2023-08-03 06:32:22	2023-08-03 06:32:22	\N	1	NOMBRE
36	13	1	t	2023-08-03 06:44:41	2023-08-03 06:44:41	\N	1	NOMBRE DE EMPRESA
37	13	2	t	2023-08-03 06:44:41	2023-08-03 06:44:41	\N	3	FECHA
38	14	1	t	2023-08-24 22:21:42	2023-08-24 22:21:42	\N	1	TIPO
39	15	1	t	2023-08-24 22:46:02	2023-08-24 22:46:02	\N	1	Nombre
40	15	2	t	2023-08-24 22:46:02	2023-08-24 22:46:02	\N	1	Área de especialidad
41	15	3	t	2023-08-24 22:46:02	2023-08-24 22:46:02	\N	1	AUTOR
42	15	4	t	2023-08-24 22:46:02	2023-08-24 22:46:02	\N	3	Fecha de Creación
43	16	1	t	2023-08-29 17:56:29	2023-08-29 17:56:29	\N	1	Nombre
44	16	2	t	2023-08-29 17:56:29	2023-08-29 17:56:29	\N	1	AREA DE LA EMPRESA
45	16	3	t	2023-08-29 17:56:29	2023-08-29 17:56:29	\N	1	TEMA
46	17	1	t	2023-08-30 14:52:31	2023-08-30 14:52:31	\N	1	DOCUMENTOS NOTARIALES
47	18	1	t	2023-08-30 14:53:57	2023-08-30 14:53:57	\N	1	DOCUMENTOS NOTARIALES
48	19	1	t	2023-08-30 14:54:43	2023-08-30 14:54:43	\N	1	DOCUMENTOS NOTARIALES
49	20	1	t	2023-08-30 15:04:34	2023-08-30 15:04:34	\N	1	NOMBRE
50	20	2	t	2023-08-30 15:04:34	2023-08-30 15:04:34	\N	-1	RAZON SOCIAL
51	21	1	t	2023-08-30 15:09:35	2023-08-30 15:09:35	\N	1	NOMBRE DE LA EMPRESA
52	21	2	f	2023-08-30 15:09:35	2023-08-30 15:09:35	\N	1	RFC
53	21	3	t	2023-08-30 15:09:35	2023-08-30 15:09:35	\N	3	VIGENCIA
54	22	1	f	2023-08-30 16:36:47	2023-08-30 16:36:47	\N	1	NOMBRE
55	23	1	t	2023-09-27 14:21:13	2023-09-27 14:21:13	\N	1	CODIGO
56	23	2	t	2023-09-27 14:21:13	2023-09-27 14:21:13	\N	3	FECHA DE EMISION
57	23	3	t	2023-09-27 14:21:13	2023-09-27 14:21:13	\N	2	REVISIÓN
58	24	1	t	2023-09-27 14:28:31	2023-09-27 14:28:31	\N	1	CODIGO
59	24	2	t	2023-09-27 14:28:31	2023-09-27 14:28:31	\N	3	FECHA
60	24	3	t	2023-09-27 14:28:31	2023-09-27 14:28:31	\N	2	REVISION
61	25	1	t	2023-09-29 18:15:37	2023-09-29 18:15:37	\N	1	CODIGO
62	25	2	t	2023-09-29 18:15:37	2023-09-29 18:15:37	\N	3	FECHA DE EMISION
63	25	3	t	2023-09-29 18:15:37	2023-09-29 18:15:37	\N	2	REVISIÓN
64	26	1	t	2023-09-29 21:08:57	2023-09-29 21:08:57	\N	1	CLAVE
65	26	2	t	2023-09-29 21:08:57	2023-09-29 21:08:57	\N	3	Fecha de Creacion
66	26	3	t	2023-09-29 21:08:57	2023-09-29 21:08:57	\N	1	AREA DE LA EMPRESA
67	27	1	t	2023-09-30 08:58:03	2023-09-30 08:58:03	\N	1	CODIGO
68	27	2	t	2023-09-30 08:58:03	2023-09-30 08:58:03	\N	3	Fecha de Creación
69	27	3	t	2023-09-30 08:58:03	2023-09-30 08:58:03	\N	2	REVISION
70	28	1	t	2023-10-03 09:03:02	2023-10-03 09:03:02	\N	1	NOMBRE
71	28	2	t	2023-10-03 09:03:02	2023-10-03 09:03:02	\N	3	Fecha de Creación
72	29	1	f	2023-10-03 09:09:49	2023-10-03 09:09:49	\N	1	AREA DE LA EMPRESA
73	29	2	f	2023-10-03 09:09:49	2023-10-03 09:09:49	\N	3	Fecha de Creación
74	30	1	t	2023-10-24 17:52:01	2023-10-24 17:52:01	\N	3	FECHA DE CREACION
75	31	1	t	2023-11-01 10:18:16	2023-11-01 10:18:16	\N	1	NOMRES DE COMPROBANTE
76	31	2	t	2023-11-01 10:18:16	2023-11-01 10:18:16	\N	3	FECHA
77	32	1	t	2023-11-09 18:26:52	2023-11-09 18:26:52	\N	1	NOMBRE RAZON SOCIAL
78	32	2	t	2023-11-09 18:26:52	2023-11-09 18:26:52	\N	3	FECHA CONST
79	32	3	f	2023-11-09 18:26:52	2023-11-09 18:26:52	\N	1	NOTARIA
80	33	1	t	2023-12-04 09:47:25	2023-12-04 09:47:25	\N	1	nombre
81	34	1	t	2023-12-04 09:48:37	2023-12-04 09:48:37	\N	3	fecha
82	34	2	t	2023-12-04 09:48:37	2023-12-04 09:48:37	\N	1	rfc
83	35	1	t	2024-02-13 11:54:02	2024-02-13 11:54:02	\N	1	nombre del manual
84	35	2	t	2024-02-13 11:54:02	2024-02-13 11:54:02	\N	1	Estatus de manual
85	35	3	t	2024-02-13 11:54:02	2024-02-13 11:54:02	\N	3	fecha de caducidad
86	40	1	f	2024-11-05 10:21:43	2024-11-05 10:21:43	\N	1	No
87	40	2	f	2024-11-05 10:21:43	2024-11-05 10:21:43	\N	1	empresa
88	40	3	f	2024-11-05 10:21:43	2024-11-05 10:21:43	\N	3	fecha
89	40	4	f	2024-11-05 10:21:43	2024-11-05 10:21:43	\N	2	monto total
90	41	1	f	2024-11-05 10:21:43	2024-11-05 10:21:43	\N	1	No
91	41	2	f	2024-11-05 10:21:43	2024-11-05 10:21:43	\N	1	empresa
92	41	3	f	2024-11-05 10:21:43	2024-11-05 10:21:43	\N	3	fecha
93	41	4	f	2024-11-05 10:21:43	2024-11-05 10:21:43	\N	2	monto total
94	42	1	f	2024-11-05 10:21:43	2024-11-05 10:21:43	\N	1	No
95	42	2	f	2024-11-05 10:21:43	2024-11-05 10:21:43	\N	1	empresa
96	42	3	f	2024-11-05 10:21:43	2024-11-05 10:21:43	\N	3	fecha
97	42	4	f	2024-11-05 10:21:43	2024-11-05 10:21:43	\N	2	monto total
\.


--
-- Data for Name: cost; Type: TABLE DATA; Schema: public; Owner: alfabravo_user
--

COPY public.cost (id, name, description, created_at, updated_at, deleted_at, user_id) FROM stdin;
\.


--
-- Data for Name: country; Type: TABLE DATA; Schema: public; Owner: alfabravo_user
--

COPY public.country (id, name, key, key_number, phone_prefix, created_at, updated_at) FROM stdin;
1	México	mx	\N	52	2021-03-04 16:29:01	\N
\.


--
-- Data for Name: coupon; Type: TABLE DATA; Schema: public; Owner: alfabravo_user
--

COPY public.coupon (id, code, description, product_id, val, kind, started_at, finished_at, is_active, is_multiple, created_at, updated_at) FROM stdin;
1	123456789	este es el cupón	369	15	\N	2020-11-11 07:15:02	2020-11-20 07:15:02	t	\N	2020-11-11 07:15:02	2020-11-11 07:15:02
\.


--
-- Data for Name: course; Type: TABLE DATA; Schema: public; Owner: alfabravo_user
--

COPY public.course (id, name, modality, description, trainer, external_trainer, created_at, updated_at, deleted_at, start_date, ending_date) FROM stdin;
\.


--
-- Data for Name: course_employee; Type: TABLE DATA; Schema: public; Owner: alfabravo_user
--

COPY public.course_employee (id, course_id, employee_id, start_date, evaluation, observations, created_at, updated_at, deleted_at, ending_date) FROM stdin;
\.


--
-- Data for Name: coverage; Type: TABLE DATA; Schema: public; Owner: alfabravo_user
--

COPY public.coverage (id, name, description, created_at, updated_at, deleted_at) FROM stdin;
2	Responsabilidad Civil	Cubre los daños causados a terceros	2021-01-18 11:27:52	2021-01-18 11:27:52	\N
3	Gastos Médicos Ocupantes	Cubre los gastos médicos de los ocupantes de la unidad	2021-01-18 11:28:25	2021-01-18 11:28:25	\N
4	Cobertura Amplia	Cubre los daños causados a un tercero tanto en sus bienes como en su persona como los daños que presenta la unidad asegurada, así como el robo total de la misma	2021-01-18 11:30:18	2021-01-18 11:30:18	\N
5	Cobertura Limitada	Cubre los daños causados a terceros, así como el robo total de la unidad asegurada	2021-01-18 11:31:56	2021-01-18 11:31:56	\N
\.


--
-- Data for Name: dia_padre; Type: TABLE DATA; Schema: public; Owner: alfabravo_user
--

COPY public.dia_padre (id, filename, employee_id, created_at, updated_at, deleted_at, message, ofrenda) FROM stdin;
54	1729086253_FEGR770109U72.jpg	1520	2024-10-16 07:44:13	2024-10-16 07:44:13	\N	\N	1
55	1729092215_VARF6804077I0.jpg	137	2024-10-16 09:23:35	2024-10-16 09:23:35	\N	\N	1
56	1729092279_RIML950729D31.jpg	833	2024-10-16 09:24:39	2024-10-16 09:24:39	\N	Día de muertos lo mejor, tamalitos	\N
57	1729092334_RIML950729D31.jpg	833	2024-10-16 09:25:34	2024-10-16 09:25:34	\N	Boo	1
58	1729107159_Male701010et3.jpg	372	2024-10-16 13:32:39	2024-10-16 13:32:39	\N	Prueba de imagen	\N
59	1729143352_Soca610613ds1.jpg	275	2024-10-16 23:35:52	2024-10-16 23:35:52	\N	La muerte te pelo los dientes por qué sabías que con dientes tu te irías, la calaca no pudo llamarte por que tú nunca la escuchaste	1
60	1729170600_GODM820522MN3.mp4	1566	2024-10-17 07:10:00	2024-10-17 07:10:00	\N	Me gusta mucho este concurso no se cuanto tiempo lleva pero este es mi 2do año participando y espere para poder participar gracias	\N
61	1729353047_RIMR990921Ap3.jpg	878	2024-10-19 09:50:47	2024-10-19 09:50:47	\N	Formas parte de mí aunque no vuelva a verte nunca, ante tu muerte pasas de estar conmigo a estar en mi.❤️‍🩹	1
62	1729447734_GODM820522MN3.jpg	1566	2024-10-20 12:08:54	2024-10-20 12:08:54	\N	Gracias por ampliar este evento ahora con esta parte nueva😀	1
63	1729877055_RACS790211IM6.jpg	147	2024-10-25 11:24:15	2024-10-25 11:24:15	\N	\N	1
64	1729904689_eugj930426sfa.jpg	146	2024-10-25 19:04:49	2024-10-25 19:04:49	\N	Nombre: Beach\r\nLa mejor compañía que se pudo tener.\r\nSe le extraña con todo el corazón..	1
65	1729911240_GARI9106262P1.jpg	2016	2024-10-25 20:54:00	2024-10-25 20:54:00	\N	Hola espero que les guste, la hice con mucho cariño para mis Jefes y Compañeros de Kuactus... Feliz dia de muertos!!!!	\N
66	1729976414_VARF6804077I0.docx	137	2024-10-26 15:00:14	2024-10-26 15:00:14	\N	Calaverita INFOS 2024\r\nEn INFOS, donde trabajo\r\ntodo es felicidad\r\ndándole duro al tajo\r\nproporcionando seguridad\r\nHa llegado la Catrina\r\nY nos quiere secuestrar\r\nDe INFOS sale la heroína\r\nla que nos va a rescatar\r\nLa huesuda tosca y obstinada\r\nDijo: no me importa, me los llevaré\r\nCon risas y carcajadas\r\nPensó: los desarmaré\r\nNuestra directora la enfrentó\r\nqueriendo, con la calaca negociar\r\nPero, ésta, el convenio rechazó\r\nY la maestra la mando a… bañar\r\nLa maestra Betty, firme y astuta, \r\ncon su mirada dominante\r\nle dijo a la Catrina: "¡Aquí no!"\r\nAquí hay seguridad que hasta el miedo grita."\r\nLa huesuda rió, con aire burlón, \r\n"Betty querida, no tienes razón,\r\ntus guardias vigilan, atentos están, \r\npero hoy, mi visita no podrán evitar."\r\nSin inmutarse, la maestra ordenó, \r\nque al centro de control  a la calaca llevaría, \r\nCon cámaras la vigilaría.\r\n y su travesura frustrada terminó. \r\nMas la Catrina, ladina y veloz, \r\nen Sagitario prometió\r\nno regresar a INFOS\r\ndonde no se le permitió\r\nllevarse al personal al paraninfo.\r\nAl final, al ver el orden y el control, \r\nla muerte decidió irse\r\nllevándose un monitor\r\nPara que desde el panteón\r\ncon INFOS coadyuve\r\na dar seguridad y protección	\N
67	1730085751_Reef860818jn0.jpg	1673	2024-10-27 21:22:31	2024-10-27 21:22:31	\N	Servicio jardines de la montaña,\r\nFanny Reyes Enriquez \r\nFeliz día de muertos recordando nuestros seres queridos	\N
68	1730093418_CAGL010418EK1.png	1743	2024-10-27 23:30:18	2024-10-27 23:30:18	\N	Mi calaverita literaria ! ❤️🤩	1
69	1730093487_CAGL010418EK1.png	1743	2024-10-27 23:31:27	2024-10-27 23:31:27	\N	❤️‍🩹🙏	\N
70	1730140651_Reef860818jn0.jpg	1673	2024-10-28 12:37:31	2024-10-28 12:37:31	\N	\N	1
71	1730385048_Oivl940421s95.mp4	2259	2024-10-31 08:30:48	2024-10-31 08:30:48	\N	No es más grande aquel que más espacio ocupa.....si no aquel que más vacio deja en su ausencia!!! Tengo hambre ☠️feliz día de muertos ☠️🇲🇽	1
72	1730411988_OAVR7903043MA.jpg	1465	2024-10-31 15:59:48	2024-10-31 15:59:48	\N	En la empresa kuaktus, todo era calma, pero la catrina llegó con su alma, A jefe Elías buscó sin parar, quería su nombre en la lista agregar. Con J.T Erika también se encontró, ella de seguridad siempre cuidó, la flaca les dijo, " No temas, mi gente, solo vengó a llevarme aún valiente. "  \r\nY Aunque en su labor son de lo mejor,  hoy la huesuda les rindió honor. Bajo su manto, se los llevo, dejando a kuaktus sin su mejor guardián  feroz 👻👻👻🎃🎃🎃🎃💀💀💀💀.	\N
73	1730414131_OAVR7903043MA.jpg	1465	2024-10-31 16:35:31	2024-10-31 16:35:31	\N	En la empresa kuaktus, la muerte rondaba, buscando alos guardias que en secreto chateaban, jefe Elías siempre tan precavido, está vez su teléfono había escondido.  J. T Erika con clave treinta y dos mandaba mensajes con mucho fervor, la catrina astuta, los vio distraídos y en su santiamén los dejo abatidos "! Que sorpresa"! Dijo Elías sin gracias, "! Nos atrapó por usar la tecnología Érika suspiro, ya no había retornó en manos de la muerte, perdieron el contorno.  Así en la noche oscura y siniestra, los guardias de kuaktus cayeron en la trampa maestra , la catrina rio , disfrutó su función llevándose a los dos sin remordimiento ni compasión 👻👻👻💀💀💀🎃🎃🎃	1
74	1730425139_HEPV781109CB3.docx	2257	2024-10-31 19:38:59	2024-10-31 19:38:59	\N	Feliz día de muertos a todo el equipo de Kuaktus colonos Jardines de la montaña	\N
75	1730470153_RUZJ740926XXX.jpg	2076	2024-11-01 08:09:13	2024-11-01 08:09:13	\N	\N	\N
76	1730470350_RUZJ740926XXX.jpg	2076	2024-11-01 08:12:30	2024-11-01 08:12:30	\N	\N	1
\.


--
-- Data for Name: discount; Type: TABLE DATA; Schema: public; Owner: alfabravo_user
--

COPY public.discount (id, name, description, created_at, updated_at, deleted_at, percent) FROM stdin;
1	Pago en Exceso	\N	2021-01-25 11:17:49	2021-01-25 11:17:49	\N	\N
2	Anticipo de Nómina	\N	2021-01-25 11:18:14	2021-01-25 11:18:14	\N	\N
3	Prestamo	\N	2021-01-25 11:18:23	2021-01-25 11:18:23	\N	\N
4	Averias	\N	2021-01-25 18:48:08	2021-01-25 18:48:08	\N	\N
5	Errores	\N	2021-01-25 18:50:24	2021-01-25 18:50:24	\N	\N
6	Crédito Infonavit	\N	2021-01-25 19:15:42	2021-01-25 19:15:42	\N	\N
7	Pensión Alimenticia	\N	2021-01-25 19:16:11	2021-01-25 19:16:11	\N	\N
9	Lentes	Apoyo para compra de Lentes	2021-03-26 23:17:32	2021-03-26 23:17:32	\N	\N
10	Renta de vehículo	\N	2021-03-26 23:18:00	2021-03-26 23:18:00	\N	\N
11	Otros	Descuento para los que son esporádicos o eventuales	2021-03-30 20:37:20	2021-03-30 20:37:20	\N	\N
12	Renta de Vehículo 1	\N	2021-04-12 23:03:18	2021-04-12 23:03:18	\N	\N
13	Turno Extra	\N	2021-04-13 22:02:25	2021-04-13 22:02:25	\N	\N
14	Gastos sin comprobar	\N	2021-04-13 23:46:36	2021-04-13 23:46:36	\N	\N
15	IMSS	\N	2021-04-15 12:07:43	2021-04-15 12:07:43	\N	\N
16	CUSAEM	\N	2021-04-28 23:21:31	2021-04-28 23:21:31	\N	\N
17	Comedor	Comidas Sagitario 72	2021-05-14 18:05:14	2021-05-14 18:05:14	\N	\N
18	Uniforme	Descuento por ministración de uniforme	2021-06-11 20:13:28	2021-06-11 20:13:28	\N	\N
19	Contabilidad	\N	2021-08-28 16:19:37	2021-08-28 16:19:37	\N	\N
20	Membresía AR	\N	2021-08-28 16:20:30	2021-08-28 16:20:30	\N	\N
21	Macro	\N	2021-08-30 18:13:23	2021-08-30 18:13:23	\N	\N
22	Caja de Ahorro	\N	2022-01-28 12:27:20	2022-01-28 12:27:20	\N	\N
23	Primer Pago	Primer pago de nómina	2022-07-09 00:19:37	2022-07-09 00:19:37	\N	\N
24	DEDUCCIONES	ISR, CUOTA IMSS	2023-01-09 12:32:35	2023-01-09 12:32:35	\N	\N
25	ISR	\N	2023-01-23 12:00:36	2023-01-23 12:00:36	\N	\N
26	Caja de Ahorro	Caja de Ahorro	2024-01-30 12:35:18	2024-01-30 12:35:18	\N	\N
27	Casino	Descuento de consumos en el casino	2024-01-30 12:35:36	2024-01-30 12:35:36	\N	\N
28	FONDO DE AHORRO	DESCUENTO DE FONDO DE AHORRO APORTACIÓN DEL EMPLEADO	2024-02-06 13:28:03	2024-02-06 13:28:03	\N	\N
\.


--
-- Data for Name: discount_employee; Type: TABLE DATA; Schema: public; Owner: alfabravo_user
--

COPY public.discount_employee (id, amount, created_at, updated_at, deleted_at, discount_id, employee_id, description, fixed_fee_count, last_fee_amount, total_amount, user_id) FROM stdin;
\.


--
-- Data for Name: document_category; Type: TABLE DATA; Schema: public; Owner: alfabravo_user
--

COPY public.document_category (id, name, description, created_at, updated_at, deleted_at) FROM stdin;
1	DOCUMENTOS PERSONALES	\N	2024-06-24 15:25:55	2024-06-24 15:25:55	\N
2	DOCUMENTOS DE CONTRATACION	\N	2024-06-24 15:26:06	2024-06-24 15:26:06	\N
3	SECRETARIA DE SEGURIDAD	\N	2024-06-24 15:26:17	2024-06-24 15:26:17	\N
4	CAPACITACION	\N	2024-06-24 15:26:27	2024-06-24 15:26:27	\N
5	DOCUMENTOS DE BAJAS	\N	2024-06-24 15:26:37	2024-06-24 15:26:37	\N
6	DOCUMENTOS VEHICULOS	\N	2024-09-05 11:13:10	2024-09-05 11:13:10	\N
7	PSICOLOGIA	\N	2024-10-30 17:26:18	2024-10-31 12:02:36	\N
8	NOMINA	\N	2025-05-22 15:33:02	2025-05-22 15:33:02	\N
\.


--
-- Data for Name: document_type; Type: TABLE DATA; Schema: public; Owner: alfabravo_user
--

COPY public.document_type (id, name, no_document, description, created_at, updated_at, deleted_at, module, is_required, is_public, document_category_id, "position", user_modified_id, user_id) FROM stdin;
2	02 CURRICULUM VITAE	2	\N	2024-06-24 15:27:49	2024-06-24 15:27:49	\N	\N	t	f	1	2	\N	43
4	04 INE	4	\N	2024-06-24 15:31:08	2024-06-24 15:31:08	\N	\N	t	t	1	2	\N	43
6	06 CURP	6	\N	2024-06-24 15:32:10	2024-06-24 15:32:10	\N	\N	t	t	1	6	\N	43
7	07 IMSS	7	\N	2024-06-24 15:32:50	2024-06-24 15:32:50	\N	\N	t	f	1	7	\N	43
8	08 COMPROBANTE DE DOMICILIO	8	\N	2024-06-24 15:33:10	2024-06-24 15:33:10	\N	\N	t	t	1	8	\N	43
10	10 EXAMEN MEDICO	10	\N	2024-06-24 15:34:35	2024-06-24 15:34:35	\N	\N	f	f	1	10	\N	43
11	11 LICENCIA DE CONDUCIR	11	\N	2024-06-24 15:35:00	2024-06-24 15:35:00	\N	\N	f	f	1	11	\N	43
12	12 CARTILLA MILITAR LIBERADA	12	\N	2024-06-24 15:35:23	2024-06-24 15:35:23	\N	\N	f	f	1	12	\N	43
16	16 COMPROBANTE DE CUENTA BANCARIA	16	\N	2024-06-24 15:36:37	2024-06-24 15:36:37	\N	\N	t	f	1	16	\N	43
17	17 INFONAVIT / FONACOT	17	\N	2024-06-24 15:36:55	2024-06-24 15:36:55	\N	\N	f	f	1	17	\N	43
18	18 FOTOGRAFÍA DEL DOMICILIO CON # VISIBLE	18	\N	2024-06-24 15:37:21	2024-06-24 15:37:21	\N	\N	f	f	1	18	\N	43
20	20 CONTRATO	20	\N	2024-06-24 15:39:20	2024-06-24 15:39:20	\N	\N	t	t	2	1	\N	43
22	22 AVISO DE PRIVACIDAD	22	\N	2024-06-24 15:39:58	2024-06-24 15:39:58	\N	\N	t	f	2	3	\N	43
27	27 PRUEBA DE MANEJO	27	\N	2024-06-24 15:41:27	2024-06-24 15:41:27	\N	\N	f	f	2	8	\N	43
23	23 CARTA DE CONFIDENCIALIDAD Y NO DIVULGACION	23	\N	2024-06-24 15:40:11	2024-06-24 15:41:36	\N	\N	t	f	2	4	43	43
28	28 TERMINOS Y CONDICIONES DE FONDO DE AHORRO	28	\N	2024-06-24 15:41:53	2024-06-24 15:41:53	\N	\N	f	f	2	9	\N	43
29	29 TERMINOS Y CONDICIONES DE CAJA DE AHORRO	29	\N	2024-06-24 15:42:07	2024-06-24 15:42:07	\N	\N	f	f	2	10	\N	43
30	30 FICHA PERSONAL	30	\N	2024-06-24 15:42:25	2024-06-24 15:42:25	\N	\N	t	f	2	11	\N	43
31	31 REGLAMENTO DE BUZON DE DENUNCIAS	31	\N	2024-06-24 15:42:47	2024-06-24 15:42:47	\N	\N	f	f	2	12	\N	43
32	32 CONOCIMIENTO DE INGRESOS	32	\N	2024-06-24 15:43:10	2024-06-24 15:43:10	\N	\N	f	f	2	13	\N	43
33	33 CARTA COMPROMISO DE ENTREGA DE DOCUMENTO	33	\N	2024-06-24 15:43:28	2024-06-24 15:43:28	\N	\N	f	f	\N	14	\N	43
34	34 ANTICIPO DE NOMINA	34	\N	2024-06-24 15:43:46	2024-06-24 15:43:46	\N	\N	f	f	2	15	\N	43
35	35 VACACIONES	35	\N	2024-06-24 15:44:03	2024-06-24 15:44:03	\N	\N	f	f	2	16	\N	43
36	36 CREDENCIAL	36	\N	2024-06-24 15:44:20	2024-06-24 15:44:20	\N	\N	f	f	2	17	\N	43
37	37 PAG 19 CUIP	37	\N	2024-06-24 15:44:39	2024-06-24 15:44:39	\N	\N	t	f	3	1	\N	43
38	38 PAG 20 CUIP	38	\N	2024-06-24 15:44:52	2024-06-24 15:44:52	\N	\N	t	f	3	2	\N	43
39	39 PAG 21 CUIP	39	\N	2024-06-24 15:45:12	2024-06-24 15:45:12	\N	\N	t	f	3	3	\N	43
40	40 CUIP	40	\N	2024-06-24 15:45:30	2024-06-24 15:45:30	\N	\N	t	f	3	4	\N	43
42	42 DIAGNOSTICO	42	\N	2024-06-24 15:46:17	2024-06-24 15:46:17	\N	\N	t	f	3	6	\N	43
46	46 CIP	46	\N	2024-06-24 15:47:38	2024-06-24 15:47:38	\N	\N	t	f	3	10	\N	43
50	50 DIPLOMAS	50	\N	2024-06-24 15:49:22	2024-06-24 15:49:22	\N	\N	f	f	4	4	\N	43
51	51 RENUNCIA	51	\N	2024-06-24 15:49:43	2024-06-24 15:49:43	\N	\N	f	f	5	1	\N	43
52	52 FINIQUITO O LIQUIDACIÓN	52	\N	2024-06-24 15:49:59	2024-06-24 15:49:59	\N	\N	f	f	5	2	\N	43
53	53 ACTA ADMINISTRATIVA	53	\N	2024-06-24 15:50:17	2024-06-24 15:50:17	\N	\N	f	f	5	3	\N	43
1	01 SOLICITUD DE EMPLEO	1	\N	2024-06-24 15:27:28	2024-09-24 08:37:10	\N	\N	t	t	1	1	43	43
5	05 CONSTANCIA DE SITUACION FISCAL	5	\N	2024-06-24 15:31:32	2024-09-24 08:50:10	\N	\N	t	t	1	5	43	43
44	44 EXAMEN TOXICOLOGICO	44	\N	2024-06-24 15:46:56	2024-09-24 08:57:05	\N	\N	t	t	3	8	43	43
19	19 ALTA IMSS	19	\N	2024-06-24 15:37:44	2024-09-24 08:59:00	\N	\N	t	t	1	19	43	43
9	09 COMPROBANTE DE ESTUDIOS	9	\N	2024-06-24 15:34:08	2024-09-24 09:00:39	\N	\N	f	t	1	9	43	43
13	13 CARTA DE REFERENCIA PERSONAL	13	\N	2024-06-24 15:35:44	2024-09-24 09:03:18	\N	\N	f	t	1	13	43	43
14	14 CARTA DE RECOMENDACION LABORAL	14	\N	2024-06-24 15:36:00	2024-09-24 09:03:41	\N	\N	f	t	1	14	43	43
49	49 RECONOCIMIENTOS	49	\N	2024-06-24 15:49:08	2024-10-16 22:34:08	\N	\N	t	t	4	3	43	43
25	25 ANTIDOPING	25	\N	2024-06-24 15:40:45	2024-09-26 07:38:14	\N	\N	t	t	1	6	43	43
48	48 CONSTANCIAS DE PARTICIPACION	48	\N	2024-06-24 15:48:53	2024-10-10 08:43:41	\N	\N	t	t	4	2	43	43
15	15 CARTA DE ANTECEDENTES NO PENALES	15	\N	2024-06-24 15:36:17	2024-10-16 22:32:34	\N	\N	f	t	1	15	43	43
21	21 REGLAMENTO INTERNO DE TRABAJO	21	\N	2024-06-24 15:39:39	2024-10-16 22:33:06	\N	\N	t	t	2	2	43	43
24	24 ESTUDIO SOCIOECONOMICO	24	\N	2024-06-24 15:40:30	2024-10-16 22:33:23	\N	\N	t	t	2	5	43	43
47	47 CAPACITACIÓN ONBOARDING	47	\N	2024-06-24 15:48:37	2024-10-16 22:33:49	\N	\N	t	t	4	1	43	43
55	55 POLITICA DE NO USO DE DROGAS Y ALCOHOL	55	\N	2024-10-29 13:01:29	2024-10-29 13:06:12	\N	\N	f	t	1	55	43	43
54	54 NO MOSTRAR	54	Documentos que están duplicados o que no cumplen con la calidad para ser presentado	2024-09-05 11:12:05	2024-10-29 13:22:34	\N	\N	f	f	\N	54	43	48
26	26 EXAMEN PSICOMETRICO	26	\N	2024-06-24 15:41:04	2024-10-30 18:02:46	\N	\N	t	t	7	7	43	43
45	PARA USO SOLO DE SISTEMA	45	\N	2024-06-24 15:47:21	2024-06-24 15:47:21	\N	\N	t	f	3	9	\N	43
43	43 EXAMEN PSICOLOGICO	43	\N	2024-06-24 15:46:32	2024-11-24 22:39:23	\N	\N	t	t	7	7	43	43
41	41 PRUEBAS PSICOMETRICAS	41	\N	2024-06-24 15:45:50	2024-11-24 22:39:38	\N	\N	t	t	7	5	43	43
3	03 ACTA DE NACIMIENTO	3	\N	2024-06-24 15:28:14	2025-01-20 17:03:32	\N	\N	t	t	1	3	43	43
57	57 BAJA SSC	57	\N	2025-04-10 13:31:03	2025-04-10 13:31:03	\N	\N	f	f	3	57	\N	48
56	56 FORMATO DE DESCANSO	56	FORMATO DE DESCANSO	2025-04-10 13:11:57	2025-04-22 13:57:12	\N	\N	t	f	2	56	43	64
58	58 CFDI NOMINA	58	RECIBO XML Y PDF DE LA NOMINA DEL EMPLEADO	2025-05-22 15:33:52	2025-05-22 15:33:52	\N	\N	f	t	8	58	\N	43
59	59 RECIBO DE NOMINA	59	RECIBO DE NÓMINA	2025-07-09 13:44:33	2025-07-09 13:45:20	\N	\N	f	t	8	\N	44	44
60	60 DC3 INTRAMUROS	60	\N	2025-07-24 19:38:54	2025-07-24 19:38:54	\N	\N	t	t	2	60	\N	48
61	61 DC3 CTPAT	61	\N	2025-07-24 19:39:25	2025-07-24 19:39:25	\N	\N	t	t	2	61	\N	48
\.


--
-- Data for Name: employee; Type: TABLE DATA; Schema: public; Owner: alfabravo_user
--

COPY public.employee (id, personal_id, employee_contract_id, code_of_conduct, employee_letter, created_at, updated_at, deleted_at, schedule, number, documents, no_payroll, default_assistance, username, password, direct_superior, capacitation_responsible) FROM stdin;
3055	3258	\N	\N	\N	2025-09-23 10:10:06	2025-09-23 10:10:06	\N	\N	\N	\N	\N	\N	\N	\N	\N	5
3056	3259	\N	\N	\N	2025-09-23 10:10:20	2025-09-23 10:10:20	\N	\N	\N	\N	\N	\N	\N	\N	\N	5
3057	3260	\N	\N	\N	2025-09-23 10:37:06	2025-09-23 10:37:06	\N	\N	\N	\N	\N	\N	\N	\N	\N	\N
3058	3261	\N	\N	\N	2025-09-23 11:26:36	2025-09-23 11:26:36	\N	\N	\N	\N	\N	\N	\N	\N	\N	\N
3059	3262	\N	\N	\N	2025-09-23 14:03:47	2025-09-23 14:03:47	\N	\N	\N	\N	\N	\N	\N	\N	\N	\N
3060	3263	\N	\N	\N	2025-10-16 14:14:49	2025-10-16 14:14:49	\N	\N	\N	\N	\N	\N	\N	\N	\N	\N
3061	3264	\N	\N	\N	2025-10-17 15:58:49	2025-10-17 15:58:49	\N	\N	\N	\N	\N	\N	\N	\N	\N	\N
3062	3265	\N	\N	\N	2025-10-17 16:12:03	2025-10-17 16:12:03	\N	\N	\N	\N	\N	\N	\N	\N	\N	\N
3064	3267	\N	\N	\N	2025-10-17 17:03:54	2025-10-17 17:03:54	\N	\N	\N	\N	\N	\N	\N	\N	\N	\N
3065	3268	\N	\N	\N	2025-10-17 17:25:49	2025-10-17 17:25:49	\N	\N	\N	\N	\N	\N	\N	\N	\N	\N
3066	3269	\N	\N	\N	2025-10-17 17:37:50	2025-10-17 17:37:50	\N	\N	\N	\N	\N	\N	\N	\N	\N	\N
3067	3270	\N	\N	\N	2025-10-17 17:47:45	2025-10-17 17:47:45	\N	\N	\N	\N	\N	\N	\N	\N	\N	\N
3068	3271	\N	\N	\N	2025-10-17 18:14:06	2025-10-17 18:14:06	\N	\N	\N	\N	\N	\N	\N	\N	\N	\N
3069	3272	\N	\N	\N	2025-10-17 18:24:02	2025-10-17 18:24:02	\N	\N	\N	\N	\N	\N	\N	\N	\N	\N
3070	3273	\N	\N	\N	2025-10-17 18:41:26	2025-10-17 18:41:26	\N	\N	\N	\N	\N	\N	\N	\N	\N	\N
3071	3274	\N	\N	\N	2025-10-17 18:46:17	2025-10-17 18:46:17	\N	\N	\N	\N	\N	\N	\N	\N	\N	\N
3072	3275	\N	\N	\N	2025-10-17 18:52:40	2025-10-17 18:52:40	\N	\N	\N	\N	\N	\N	\N	\N	\N	\N
3073	3276	\N	\N	\N	2025-10-20 09:51:00	2025-10-20 09:51:00	\N	\N	\N	\N	\N	\N	\N	\N	\N	\N
3074	3277	\N	\N	\N	2025-10-20 10:02:36	2025-10-20 10:02:36	\N	\N	\N	\N	\N	\N	\N	\N	\N	\N
3075	3278	\N	\N	\N	2025-10-20 10:57:31	2025-10-20 10:57:31	\N	\N	\N	\N	\N	\N	\N	\N	\N	\N
3076	3279	\N	\N	\N	2025-10-20 11:04:10	2025-10-20 11:04:10	\N	\N	\N	\N	\N	\N	\N	\N	\N	\N
3077	3280	\N	\N	\N	2025-10-20 11:09:55	2025-10-20 11:09:55	\N	\N	\N	\N	\N	\N	\N	\N	\N	\N
3078	3281	\N	\N	\N	2025-10-20 11:19:05	2025-10-20 11:19:05	\N	\N	\N	\N	\N	\N	\N	\N	\N	\N
3079	3282	\N	\N	\N	2025-10-20 11:29:02	2025-10-20 11:29:02	\N	\N	\N	\N	\N	\N	\N	\N	\N	\N
3080	3283	\N	\N	\N	2025-10-20 11:37:49	2025-10-20 11:37:49	\N	\N	\N	\N	\N	\N	\N	\N	\N	\N
3081	3284	\N	\N	\N	2025-10-20 11:46:49	2025-10-20 11:46:49	\N	\N	\N	\N	\N	\N	\N	\N	\N	\N
3082	3285	\N	\N	\N	2025-10-20 11:51:58	2025-10-20 11:51:58	\N	\N	\N	\N	\N	\N	\N	\N	\N	\N
3083	3286	\N	\N	\N	2025-10-20 11:57:34	2025-10-20 11:57:34	\N	\N	\N	\N	\N	\N	\N	\N	\N	\N
3084	3287	\N	\N	\N	2025-10-20 12:05:41	2025-10-20 12:05:41	\N	\N	\N	\N	\N	\N	\N	\N	\N	\N
3085	3288	\N	\N	\N	2025-10-20 12:10:19	2025-10-20 12:10:19	\N	\N	\N	\N	\N	\N	\N	\N	\N	\N
3086	3289	\N	\N	\N	2025-10-20 12:14:41	2025-10-20 12:14:41	\N	\N	\N	\N	\N	\N	\N	\N	\N	\N
3087	3290	\N	\N	\N	2025-10-20 12:18:59	2025-10-20 12:18:59	\N	\N	\N	\N	\N	\N	\N	\N	\N	\N
3088	3291	\N	\N	\N	2025-11-10 08:56:11	2025-11-10 08:56:11	\N	\N	\N	\N	\N	\N	\N	\N	\N	\N
3089	3292	\N	\N	\N	2025-11-10 09:17:03	2025-11-10 09:17:03	\N	\N	\N	\N	\N	\N	\N	\N	\N	\N
3090	3293	\N	\N	\N	2025-11-10 09:28:17	2025-11-10 09:28:17	\N	\N	\N	\N	\N	\N	\N	\N	\N	\N
3063	3266	\N	\N	\N	2025-10-17 16:24:14	2025-11-12 14:32:24	2025-07-15 14:32:24	\N	\N	\N	\N	\N	\N	\N	\N	\N
\.


--
-- Data for Name: employee_asistence; Type: TABLE DATA; Schema: public; Owner: alfabravo_user
--

COPY public.employee_asistence (id, employee_id, attachment, gps_coordinate, date_check_in, status, created_at, updated_at, date_check_out, ubication_id, client_id, phone_features, attachment_check_out, phone_features_check_out, status_check_out, gps_coordinate_check_out, phone_features_checkout, user_id, reason_denied) FROM stdin;
\.


--
-- Data for Name: employee_attention; Type: TABLE DATA; Schema: public; Owner: alfabravo_user
--

COPY public.employee_attention (id, employee_id, type_id, description, attended_by, created_at, updated_at, deleted_at, status, dedicated_time, attended_date) FROM stdin;
\.


--
-- Data for Name: employee_attention_status; Type: TABLE DATA; Schema: public; Owner: alfabravo_user
--

COPY public.employee_attention_status (id, employee_attention_id, status, attachment, observations, created_at, updated_at, deleted_at, user_id) FROM stdin;
\.


--
-- Data for Name: employee_attention_type; Type: TABLE DATA; Schema: public; Owner: alfabravo_user
--

COPY public.employee_attention_type (id, name, description, created_at, updated_at, deleted_at) FROM stdin;
1	QUEJA	\N	2022-07-01 18:00:15	2022-07-01 18:00:15	\N
\.


--
-- Data for Name: employee_bank_data; Type: TABLE DATA; Schema: public; Owner: alfabravo_user
--

COPY public.employee_bank_data (id, employee_id, bank_id, account_number, created_at, updated_at, interbank_key, card_number, observations) FROM stdin;
6845	3055	5	\N	2025-09-23 10:10:06	2025-09-23 10:10:06	\N	4027-6658-6340-5586	\N
6846	3056	5	\N	2025-09-23 10:10:20	2025-09-23 10:10:20	\N	4027-6658-6340-5586	\N
6847	3056	4	5689-1799-628	2025-09-23 10:23:27	2025-09-23 10:23:27	0141-5056-8917-9962-87	5579-1004-2458-9099	\N
6848	3056	4	5689-1799-628	2025-09-23 10:23:47	2025-09-23 10:23:47	0141-5056-8917-9962-87	5579-1004-2458-9099	\N
6849	3057	4	5689-0091-093	2025-09-23 10:37:06	2025-09-23 10:37:06	0141-5056-8900-9109-37	5579-1004-2148-3502	\N
6850	3058	\N	\N	2025-09-23 11:26:36	2025-09-23 11:26:36	\N	\N	\N
6851	3059	\N	\N	2025-09-23 14:03:47	2025-09-23 14:03:47	\N	\N	\N
6852	3060	\N	\N	2025-10-16 14:14:49	2025-10-16 14:14:49	\N	\N	\N
6853	3061	4	5674-0460-124	2025-10-17 15:58:49	2025-10-17 15:58:49	0141-8056-7404-6012-47	5579-1002-7402-2357	\N
6854	3062	5	2155 1350 5663 18	2025-10-17 16:12:03	2025-10-17 16:12:03	127 180013505663185	5263 5401 0770 2298	\N
6855	3063	4	56817520741	2025-10-17 16:24:14	2025-10-17 16:24:14	014650568175207412	\N	\N
6856	3064	\N	\N	2025-10-17 17:03:54	2025-10-17 17:03:54	\N	\N	\N
6857	3065	56	\N	2025-10-17 17:25:49	2025-10-17 17:25:49	\N	5256 7861 7080 9895	\N
6858	3066	5	60271344702374	2025-10-17 17:37:50	2025-10-17 17:37:50	127180013447023744	4027665850574832	\N
6859	3067	44	1525364894	2025-10-17 17:47:45	2025-10-17 17:47:45	\N	4152- 3143 -3769- 7331	\N
6860	3068	57	\N	2025-10-17 18:14:06	2025-10-17 18:14:06	\N	\N	\N
6861	3069	44	\N	2025-10-17 18:24:02	2025-10-17 18:24:02	4152314057951421	\N	\N
6862	3070	41	\N	2025-10-17 18:41:26	2025-10-17 18:41:26	\N	4189-1433-1020-4279	\N
6863	3071	44	1156-6194-87	2025-10-17 18:46:17	2025-10-17 18:46:17	0121-5001-1566-1948-79	4152-3144-1427-8575	\N
6864	3072	\N	\N	2025-10-17 18:52:40	2025-10-17 18:52:40	\N	\N	\N
6865	3073	37	1017-5837-715	2025-10-20 09:51:00	2025-10-20 09:51:00	1375-4010-1758-3771-55	4169-1614-8975-7830	\N
6866	3074	\N	\N	2025-10-20 10:02:36	2025-10-20 10:02:36	\N	\N	\N
6867	3074	5	4229-1361-6685-67	2025-10-20 10:22:45	2025-10-20 10:22:45	1275-4001-3616-6856-76	4027-6600-0478-9568	\N
6868	3074	5	4229-1361-6685-67	2025-10-20 10:23:02	2025-10-20 10:23:02	1275-4001-3616-6856-76	4027-6600-0478-9568	\N
6869	3075	37	2100-9986-496	2025-10-20 10:57:31	2025-10-20 10:57:31	1371-5021-0099-8649-67	4169-1611-1054-3401	\N
6870	3076	44	1509-5512-44	2025-10-20 11:04:10	2025-10-20 11:04:10	0123-7501-5095-5124-44	4152-3144-6722-3528	\N
6871	3077	10	8468-4139-3	2025-10-20 11:09:55	2025-10-20 11:09:55	0620-7800-8468-4139-39	4130-9801-6295-3119	\N
6872	3078	57	\N	2025-10-20 11:19:05	2025-10-20 11:19:05	\N	\N	\N
6873	3079	57	\N	2025-10-20 11:29:02	2025-10-20 11:29:02	\N	\N	\N
6874	3080	37	210 1042 7794	2025-10-20 11:37:49	2025-10-20 11:37:49	1371 5021 0104 2779 44	4169 1611 1054 3039	\N
6875	3081	\N	\N	2025-10-20 11:46:49	2025-10-20 11:46:49	\N	\N	\N
6876	3082	56	1012-7408-6796	2025-10-20 11:51:58	2025-10-20 11:51:58	0021-5090-5246-7125-45	\N	\N
6877	3083	4	5692-6011-636	2025-10-20 11:57:34	2025-10-20 11:57:34	0141-5056-9260-1163-60	\N	\N
6878	3084	\N	\N	2025-10-20 12:05:41	2025-10-20 12:05:41	\N	\N	\N
6879	3085	\N	\N	2025-10-20 12:10:19	2025-10-20 12:10:19	\N	\N	\N
6880	3086	\N	\N	2025-10-20 12:14:41	2025-10-20 12:14:41	\N	\N	\N
6881	3087	\N	\N	2025-10-20 12:18:59	2025-10-20 12:18:59	\N	\N	\N
6882	3088	10	000846336826	2025-11-10 08:56:11	2025-11-10 08:56:11	062580008463368263	\N	\N
6883	3089	\N	\N	2025-11-10 09:17:03	2025-11-10 09:17:03	\N	\N	\N
6884	3090	57	\N	2025-11-10 09:28:17	2025-11-10 09:28:17	\N	\N	\N
\.


--
-- Data for Name: employee_discharge_reason; Type: TABLE DATA; Schema: public; Owner: alfabravo_user
--

COPY public.employee_discharge_reason (id, name, description, created_at, updated_at, deleted_at) FROM stdin;
1	RENUNCIA VOLUNTARIA	\N	2021-11-28 21:00:39	2021-11-28 21:00:39	\N
5	ABANDONO DE EMPLEO	\N	2021-11-29 00:31:45	2021-11-29 00:31:45	\N
8	fallecimiento	\N	2022-12-26 11:16:48	2022-12-26 11:16:48	\N
9	CANDIDATO	\N	2022-12-26 18:14:08	2022-12-26 18:14:08	\N
10	DUPLICIDAD	\N	2022-12-29 17:26:43	2022-12-29 17:26:43	\N
11	INCORPORACION A SU REGION	\N	2023-02-03 15:36:35	2023-02-03 15:36:35	\N
12	YA NO SE OCUPABA SU SERVICIO	\N	2023-03-02 10:49:45	2023-03-02 10:49:45	\N
13	ABUSO DE CONFIANZA	\N	2023-05-08 21:17:36	2023-05-08 21:17:36	\N
14	POR FALTAS	\N	2023-05-09 13:41:13	2023-05-09 13:41:13	\N
15	NO SE PRESENTÓ	\N	2023-09-06 15:56:24	2023-09-06 15:56:24	\N
16	POR ENFERMEDAD	\N	2023-11-28 14:40:58	2023-11-28 14:40:58	\N
\.


--
-- Data for Name: employee_eventual_payment; Type: TABLE DATA; Schema: public; Owner: alfabravo_user
--

COPY public.employee_eventual_payment (id, employee_id, amount, date, reazon, service_id, created_at, updated_at, deleted_at, days) FROM stdin;
\.


--
-- Data for Name: employee_files; Type: TABLE DATA; Schema: public; Owner: alfabravo_user
--

COPY public.employee_files (employee_files_id, filename, employee_id, created_at, updated_at, file_type_id, expiration_date, document_name, user_upload, user_deleted, file_ntype_id, extras) FROM stdin;
44828	employee_doc_68d2d88940418.PDF	3055	2025-09-23 11:27:37	2025-09-23 11:27:37	\N	\N	01 SOLICITUD DE EMPLEO .PDF	48	\N	1	\N
44829	employee_doc_68ffa463bb191.PDF	3055	2025-10-27 10:57:07	2025-10-27 10:57:07	\N	\N	05. CONSTANCIA DE SITUACION FISCAL.PDF	55	\N	5	\N
44830	employee_doc_68ffa463bc4e0.PDF	3055	2025-10-27 10:57:07	2025-10-27 10:57:07	\N	\N	06 CURP.PDF	55	\N	6	\N
44831	employee_doc_68ffa463bcdac.PDF	3055	2025-10-27 10:57:07	2025-10-27 10:57:07	\N	\N	CURP_RORA871208HMSDFD06.PDF	55	\N	6	\N
44832	employee_doc_68ffa463bd5ef.PDF	3055	2025-10-27 10:57:07	2025-10-27 10:57:07	\N	\N	CURP_RORA871208HMSDFD06 (1).PDF	55	\N	6	\N
44833	employee_doc_68ffa463bddfa.PDF	3055	2025-10-27 10:57:07	2025-10-27 10:57:07	\N	\N	01 SOLICITUD DE EMPLEO .PDF	55	\N	1	\N
44834	employee_doc_68ffa463bf1bc.JPG	3055	2025-10-27 10:57:07	2025-10-27 10:57:07	\N	\N	04. INE.JPG	55	\N	4	\N
44835	employee_doc_68ffa463bfc11.PDF	3055	2025-10-27 10:57:07	2025-10-27 10:57:07	\N	\N	03 ACTA NACIMIENTO.PDF	55	\N	3	\N
44836	employee_doc_68ffa463c065c.PDF	3055	2025-10-27 10:57:07	2025-10-27 10:57:07	\N	\N	05 CONSTANCIA DE SITUACIÓN FISCAL.PDF	55	\N	5	\N
44837	employee_doc_68ffa4abdb86e.PDF	3055	2025-10-27 10:58:19	2025-10-27 10:58:19	\N	\N	CFE NUEVO LAREDO (1).PDF	55	\N	8	\N
44838	employee_doc_68ffa4abdc4f9.PDF	3055	2025-10-27 10:58:19	2025-10-27 10:58:19	\N	\N	09 COMPROBANTE ESTUDIOS.PDF	55	\N	9	\N
44839	employee_doc_68ffa4abdcd26.PDF	3055	2025-10-27 10:58:19	2025-10-27 10:58:19	\N	\N	COMPROBANTE ESTUDIOS.PDF	55	\N	9	\N
44840	employee_doc_68ffa4abdd55e.PDF	3055	2025-10-27 10:58:19	2025-10-27 10:58:19	\N	\N	REF PERSONAL RUFINO.PDF	55	\N	13	\N
44841	employee_doc_68ffa4abddc01.PDF	3055	2025-10-27 10:58:19	2025-10-27 10:58:19	\N	\N	CART REC ADRIAN RODIGJEZ RUFINO.PDF	55	\N	14	\N
44842	employee_doc_68ffa4abde366.PDF	3055	2025-10-27 10:58:19	2025-10-27 10:58:19	\N	\N	ADRIAN RODRIGUEZ RUFINO.PDF	55	\N	25	\N
44843	employee_doc_68ffa4abdece4.PDF	3055	2025-10-27 10:58:19	2025-10-27 10:58:19	\N	\N	ADRIAN RODRIGUEZ RUFINO (1).PDF	55	\N	25	\N
44844	employee_doc_68ffa4abdf52d.PDF	3055	2025-10-27 10:58:19	2025-10-27 10:58:19	\N	\N	07 SEGURIDAD SOCIAL.PDF	55	\N	7	\N
44845	employee_doc_68ffa4d5c89ba.PDF	3055	2025-10-27 10:59:01	2025-10-27 10:59:01	\N	\N	RODRIGUEZ RUFINO ADRIAN.PDF	55	\N	19	\N
44846	employee_doc_68ffa4d5cb083.PDF	3055	2025-10-27 10:59:01	2025-10-27 10:59:01	\N	\N	ALTA IMSS ADRIAN RODRIGUEZ RUFINO.PDF	55	\N	19	\N
44847	employee_doc_68ffa4d5cc6fc.JPEG	3055	2025-10-27 10:59:01	2025-10-27 10:59:01	\N	\N	16 CUENTA BANCARIA.JPEG	55	\N	16	\N
44848	employee_doc_68ffa56f47481.PDF	3055	2025-10-27 11:01:35	2025-10-27 11:01:35	\N	\N	20 CONTRATO ADRIAN RODRIGUEZ .PDF	55	\N	20	\N
44849	employee_doc_68ffa56f48f6f.PDF	3055	2025-10-27 11:01:35	2025-10-27 11:01:35	\N	\N	21 REGLAMENTO INTERNO .PDF	55	\N	21	\N
44850	employee_doc_68ffa5baa7e85.PDF	3055	2025-10-27 11:02:50	2025-10-27 11:02:50	\N	\N	CAJA DE AHORO .PDF	55	\N	29	\N
44851	employee_doc_68ffa5baa8a49.PDF	3055	2025-10-27 11:02:50	2025-10-27 11:02:50	\N	\N	TERMINOS Y CONDICIONES DE CAJA DE AHORRO.PDF	55	\N	29	\N
44852	employee_doc_68ffa5baa92ce.PDF	3055	2025-10-27 11:02:50	2025-10-27 11:02:50	\N	\N	REGLAMENTO DE BUZON DE DENUNCIAS.PDF	55	\N	31	\N
44853	employee_doc_68ffa5baa9a8c.PDF	3055	2025-10-27 11:02:50	2025-10-27 11:02:50	\N	\N	CARTA DE CONOCIMIENTOS DE INGRESOS PARA LOS COLABORADORES.PDF	55	\N	32	\N
44854	employee_doc_68ffa5baaa106.PDF	3055	2025-10-27 11:02:50	2025-10-27 11:02:50	\N	\N	32 CONOCIMIENTO DE INGRESOS .PDF	55	\N	32	\N
44855	employee_doc_68ffa5baaa81c.PDF	3055	2025-10-27 11:02:50	2025-10-27 11:02:50	\N	\N	23 CARTA DE CONFIDENCIALIDAD Y NO DIVULGACION .PDF	55	\N	23	\N
44856	employee_doc_68ffa5baaafc1.PDF	3055	2025-10-27 11:02:50	2025-10-27 11:02:50	\N	\N	ESTUDIO SOCIOECONOMICO.PDF	55	\N	24	\N
44857	employee_doc_68ffa5baab9d6.PDF	3055	2025-10-27 11:02:50	2025-10-27 11:02:50	\N	\N	TERMINOS Y CONDICIONES DE FONDO DE AHORRO.PDF	55	\N	28	\N
44858	employee_doc_68ffa5f1f04ee.PDF	3055	2025-10-27 11:03:45	2025-10-27 11:03:45	\N	\N	36 CREDENCIAL .PDF	55	\N	36	\N
44859	employee_doc_68ffa5f1f140a.PDF	3055	2025-10-27 11:03:45	2025-10-27 11:03:45	\N	\N	DECANSO RODRIGUEZ RUFINO.PDF	55	\N	56	\N
44861	employee_doc_68ffa5f1f25c0.PDF	3055	2025-10-27 11:03:45	2025-10-27 11:03:45	\N	\N	RESGUARDO DE UNIFORME Y CREDENCIAL.PDF	55	\N	36	\N
44860	employee_doc_68ffa5f1f1d29.pdf	3055	2025-10-27 11:03:45	2025-10-27 11:04:02	\N	\N	56 DESCANSO ADRIAN RODRIUEZ (SEPTIEMBRRE).PDF	55	\N	56	\N
44827	employee_doc_68d2d6d38f672.PDF	3055	2025-09-23 11:20:19	2025-10-27 11:04:02	\N	\N	01 SOLICITUD DE EMPLEO .PDF	48	\N	1	\N
44862	employee_doc_68ffa61c8a9f0.PDF	3055	2025-10-27 11:04:28	2025-10-27 11:04:28	\N	\N	EXAMEN TOXICOLOGICO ARR.PDF	55	\N	44	\N
44863	employee_doc_68ffa6440ec42.PDF	3055	2025-10-27 11:05:08	2025-10-27 11:05:08	\N	\N	47 FO CAPA 05.PDF	55	\N	47	\N
44864	employee_doc_68ffa851b2e6a.PDF	3055	2025-10-27 11:13:53	2025-10-27 11:13:53	\N	\N	CARTA DE CONFIDENCIALIDAD Y NO DIVULGACION .PDF	55	\N	\N	\N
44865	employee_doc_68ffa851b3b43.PDF	3055	2025-10-27 11:13:53	2025-10-27 11:13:53	\N	\N	ONBOARDING.PDF	55	\N	\N	\N
44866	employee_doc_68ffa851b4433.PDF	3055	2025-10-27 11:13:53	2025-10-27 11:13:53	\N	\N	20 CONTRATO ADRIAN RODRIGUEZ.PDF	55	\N	\N	\N
44867	employee_doc_68ffa851b7132.PDF	3055	2025-10-27 11:13:53	2025-10-27 11:13:53	\N	\N	ANEXO 1.PDF	55	\N	\N	\N
44868	employee_doc_68ffa851b7bf1.PDF	3055	2025-10-27 11:13:53	2025-10-27 11:13:53	\N	\N	33 CARTA COMPROMISO DE ENTREGA DE DOCUMENTOS.PDF	55	\N	\N	\N
44869	employee_doc_68ffa851b913c.PDF	3055	2025-10-27 11:13:53	2025-10-27 11:13:53	\N	\N	01. SOLICITUD DE EMPLEO.PDF	55	\N	\N	\N
44870	employee_doc_69012f4561753.PDF	3056	2025-10-28 15:01:57	2025-10-28 15:01:57	\N	\N	EXAMEN MEDICO.PDF	55	\N	10	\N
44871	employee_doc_69012f45628f2.PDF	3056	2025-10-28 15:01:57	2025-10-28 15:01:57	\N	\N	COMPROBANTE DE ESTUDIOS.PDF	55	\N	9	\N
44872	employee_doc_69012f45632d4.PDF	3056	2025-10-28 15:01:57	2025-10-28 15:01:57	\N	\N	08 COMPROBANTE DE DOMICILIO (1).PDF	55	\N	8	\N
44873	employee_doc_69012f4563c42.PDF	3056	2025-10-28 15:01:57	2025-10-28 15:01:57	\N	\N	09 COMPROBANTE DE ESTUDIOS.PDF	55	\N	9	\N
44874	employee_doc_69012f45645dc.PDF	3056	2025-10-28 15:01:57	2025-10-28 15:01:57	\N	\N	COMPROBANTE DE DOMICILIO.PDF	55	\N	8	\N
44875	employee_doc_69012f4564d13.PDF	3056	2025-10-28 15:01:57	2025-10-28 15:01:57	\N	\N	07 IMSS.PDF	55	\N	7	\N
44876	employee_doc_69012f45655a4.PDF	3056	2025-10-28 15:01:57	2025-10-28 15:01:57	\N	\N	12 CARTILLA MILITAR.PDF	55	\N	12	\N
44877	employee_doc_69012f4565c02.PDF	3056	2025-10-28 15:01:57	2025-10-28 15:01:57	\N	\N	CARTILLA MILITAR.PDF	55	\N	12	\N
44878	employee_doc_69012f9bae5ec.PDF	3056	2025-10-28 15:03:23	2025-10-28 15:03:23	\N	\N	04 INE.PDF	55	\N	4	\N
44879	employee_doc_69012f9bb1464.PDF	3056	2025-10-28 15:03:23	2025-10-28 15:03:23	\N	\N	02 CURRICULUM VITAE.PDF	55	\N	2	\N
44880	employee_doc_69012f9bb2417.PDF	3056	2025-10-28 15:03:23	2025-10-28 15:03:23	\N	\N	01 SOLICITUD DE EMPLEO .PDF	55	\N	1	\N
44881	employee_doc_69012f9bb4a28.PDF	3056	2025-10-28 15:03:23	2025-10-28 15:03:23	\N	\N	01 SOLICITUD DE EMPELO.PDF	55	\N	1	\N
44882	employee_doc_69012f9bb69e0.PDF	3056	2025-10-28 15:03:23	2025-10-28 15:03:23	\N	\N	NSS.PDF	55	\N	7	\N
44883	employee_doc_69012f9bb853c.PDF	3056	2025-10-28 15:03:23	2025-10-28 15:03:23	\N	\N	06 CURP.PDF	55	\N	6	\N
44884	employee_doc_69012f9bb9a00.PDF	3056	2025-10-28 15:03:23	2025-10-28 15:03:23	\N	\N	05 CONSTANCIA DE SITUACION FISCAL.PDF	55	\N	5	\N
44885	employee_doc_69012f9bbabf7.PDF	3056	2025-10-28 15:03:23	2025-10-28 15:03:23	\N	\N	03 ACTA DE NACIMIENTO.PDF	55	\N	3	\N
44886	employee_doc_69012fd368f81.PDF	3056	2025-10-28 15:04:19	2025-10-28 15:04:19	\N	\N	13 CARTA DE REFERENCIA PERSONAL.PDF	55	\N	13	\N
44887	employee_doc_69012fd369cf3.PDF	3056	2025-10-28 15:04:19	2025-10-28 15:04:19	\N	\N	14 CARTA DE RECOMENDACION LABORAL.PDF	55	\N	14	\N
44888	employee_doc_69012fd36b83d.PDF	3056	2025-10-28 15:04:19	2025-10-28 15:04:19	\N	\N	ALTA DE IMSS.PDF	55	\N	19	\N
44889	employee_doc_69012fd36c164.PDF	3056	2025-10-28 15:04:19	2025-10-28 15:04:19	\N	\N	19 ALTA IMSS.PDF	55	\N	19	\N
44890	employee_doc_69012fd36cd16.PDF	3056	2025-10-28 15:04:19	2025-10-28 15:04:19	\N	\N	ALTA IMSS JOSE MANUEL VAZQUEZ GARCIA.PDF	55	\N	19	\N
44891	employee_doc_69012fd36d542.PDF	3056	2025-10-28 15:04:19	2025-10-28 15:04:19	\N	\N	ALTA IMSS JOSE MANUEL VAZQUEZ GARCIA (1).PDF	55	\N	19	\N
44892	employee_doc_69012fd36dc8a.PDF	3056	2025-10-28 15:04:19	2025-10-28 15:04:19	\N	\N	REF PERSONAL.PDF	55	\N	13	\N
44893	employee_doc_6901307224eab.PDF	3056	2025-10-28 15:06:58	2025-10-28 15:06:58	\N	\N	CONOC DE INGRESOS.PDF	55	\N	32	\N
44894	employee_doc_69013072258d9.PDF	3056	2025-10-28 15:06:58	2025-10-28 15:06:58	\N	\N	32 CONOCIMIENTO DE INGRESOS AB .PDF	55	\N	32	\N
44895	employee_doc_6901307225f69.PDF	3056	2025-10-28 15:06:58	2025-10-28 15:06:58	\N	\N	35 VACACIONES JOSE MANUEL VAZQUEZ.PDF	55	\N	35	\N
44896	employee_doc_69013072265dd.PDF	3056	2025-10-28 15:06:58	2025-10-28 15:06:58	\N	\N	RESG CRED Y UNIF.PDF	55	\N	36	\N
44897	employee_doc_6901307226c50.PDF	3056	2025-10-28 15:06:58	2025-10-28 15:06:58	\N	\N	36 CREDENCIAL .PDF	55	\N	36	\N
44899	employee_doc_69013072279ae.PDF	3056	2025-10-28 15:06:58	2025-10-28 15:06:58	\N	\N	20 CONTRATO JOSE MANUEL VAZQUEZ .PDF	55	\N	20	\N
44900	employee_doc_690130722988d.PDF	3056	2025-10-28 15:06:58	2025-10-28 15:06:58	\N	\N	21 REGLAMENTO INTERNO DE TRABAJO .PDF	55	\N	21	\N
44901	employee_doc_690130722a0d6.PDF	3056	2025-10-28 15:06:58	2025-10-28 15:06:58	\N	\N	CARTA COMP CONF Y NO DIVUL.PDF	55	\N	23	\N
44902	employee_doc_690130722a873.PDF	3056	2025-10-28 15:06:58	2025-10-28 15:06:58	\N	\N	23 CARTA DE CONFIDENCIALIDAD Y NO DIVULGACION AB.PDF	55	\N	23	\N
44903	employee_doc_690130722af76.PDF	3056	2025-10-28 15:06:58	2025-10-28 15:06:58	\N	\N	FONDO DE AHORRO.PDF	55	\N	28	\N
44904	employee_doc_690130722b59e.PDF	3056	2025-10-28 15:06:58	2025-10-28 15:06:58	\N	\N	CAJA DE AHORRO.PDF	55	\N	29	\N
44905	employee_doc_690130722bba6.PDF	3056	2025-10-28 15:06:58	2025-10-28 15:06:58	\N	\N	BUZON DENUN Y QUEJAS.PDF	55	\N	31	\N
44906	employee_doc_69013099130fb.PDF	3056	2025-10-28 15:07:37	2025-10-28 15:07:37	\N	\N	EXAMEN TOXICOLOGICO JMVG.PDF	55	\N	44	\N
44898	employee_doc_690130722728e.pdf	3056	2025-10-28 15:06:58	2025-10-28 15:07:37	\N	\N	56 DESCANSO JOSE MANUEL VAZQUEZ (SEP).PDF	55	\N	56	\N
44907	employee_doc_690130bcc36ad.PDF	3056	2025-10-28 15:08:12	2025-10-28 15:08:12	\N	\N	47 CAPACITACION ONBOARDING.PDF	55	\N	47	\N
44908	employee_doc_690130bcc42dc.PDF	3056	2025-10-28 15:08:12	2025-10-28 15:08:12	\N	\N	47 FO CAPA 05.PDF	55	\N	47	\N
44909	employee_doc_690130bcc49da.PDF	3056	2025-10-28 15:08:12	2025-10-28 15:08:12	\N	\N	CONST CAPACITACION.PDF	55	\N	47	\N
44910	employee_doc_690130d70a57b.PDF	3056	2025-10-28 15:08:39	2025-10-28 15:08:39	\N	\N	ESTUDIO PSICO.PDF	55	\N	43	\N
44911	employee_doc_690131566f0ed.PDF	3056	2025-10-28 15:10:46	2025-10-28 15:10:46	\N	\N	ESTUDIO SOC ECO.PDF	55	\N	\N	\N
44912	employee_doc_690131566fdba.PDF	3056	2025-10-28 15:10:46	2025-10-28 15:10:46	\N	\N	CARTILLA MILITAR.PDF	55	\N	\N	\N
44913	employee_doc_6901315670400.PDF	3056	2025-10-28 15:10:46	2025-10-28 15:10:46	\N	\N	COMP ESTUDIOS.PDF	55	\N	\N	\N
44914	employee_doc_6901315670c0a.PDF	3056	2025-10-28 15:10:46	2025-10-28 15:10:46	\N	\N	COMP DOM.PDF	55	\N	\N	\N
44915	employee_doc_6901315671268.PDF	3056	2025-10-28 15:10:46	2025-10-28 15:10:46	\N	\N	NSS.PDF	55	\N	\N	\N
44916	employee_doc_6901315671a2f.PDF	3056	2025-10-28 15:10:46	2025-10-28 15:10:46	\N	\N	ACTA NAC.PDF	55	\N	\N	\N
44917	employee_doc_690131567221f.PDF	3056	2025-10-28 15:10:46	2025-10-28 15:10:46	\N	\N	SAT.PDF	55	\N	\N	\N
44918	employee_doc_6901315672a4f.PDF	3056	2025-10-28 15:10:46	2025-10-28 15:10:46	\N	\N	CV.PDF	55	\N	\N	\N
44919	employee_doc_690131567314c.PDF	3056	2025-10-28 15:10:46	2025-10-28 15:10:46	\N	\N	SOL EMPLEO.PDF	55	\N	\N	\N
44920	employee_doc_6901315673a9a.PDF	3056	2025-10-28 15:10:46	2025-10-28 15:10:46	\N	\N	33 CARTA COMPROMISO A ENTREGA DE DOCUMENTOS AB.PDF	55	\N	\N	\N
44921	employee_doc_690131567423a.PDF	3056	2025-10-28 15:10:46	2025-10-28 15:10:46	\N	\N	ANEXO 1 AB .PDF	55	\N	\N	\N
44922	employee_doc_6901315674947.PDF	3056	2025-10-28 15:10:46	2025-10-28 15:10:46	\N	\N	COVID (1).PDF	55	\N	\N	\N
44923	employee_doc_6901315674f6c.PDF	3056	2025-10-28 15:10:46	2025-10-28 15:10:46	\N	\N	COVID.PDF	55	\N	\N	\N
44924	employee_doc_6901315675586.PDF	3056	2025-10-28 15:10:46	2025-10-28 15:10:46	\N	\N	CARTA COMPR ENTREGA DOC.PDF	55	\N	\N	\N
44925	employee_doc_6901315675b99.PDF	3056	2025-10-28 15:10:46	2025-10-28 15:10:46	\N	\N	CURP.PDF	55	\N	\N	\N
44926	employee_doc_6901315676204.PDF	3056	2025-10-28 15:10:46	2025-10-28 15:10:46	\N	\N	INE (1).PDF	55	\N	\N	\N
44927	employee_doc_690131567681d.PDF	3056	2025-10-28 15:10:46	2025-10-28 15:10:46	\N	\N	CURP_VAGM011106HPLZRNA3.PDF	55	\N	\N	\N
44928	employee_doc_6901315676d65.PDF	3056	2025-10-28 15:10:46	2025-10-28 15:10:46	\N	\N	01 SOLICITUD DE EMPELO.PDF	55	\N	\N	\N
44929	employee_doc_69013156777a9.PDF	3056	2025-10-28 15:10:46	2025-10-28 15:10:46	\N	\N	02 CURRICULUM VITAE.PDF	55	\N	\N	\N
44930	employee_doc_6901315677d80.PDF	3056	2025-10-28 15:10:46	2025-10-28 15:10:46	\N	\N	03 ACTA DE NACIMIENTO.PDF	55	\N	\N	\N
44931	employee_doc_690131eb2d220.PDF	3056	2025-10-28 15:13:15	2025-10-28 15:13:15	\N	\N	RESG CRED Y UNIF.PDF	55	\N	\N	\N
44932	employee_doc_690131eb2dd38.PDF	3056	2025-10-28 15:13:15	2025-10-28 15:13:15	\N	\N	REF PERSONAL.PDF	55	\N	\N	\N
44933	employee_doc_690131eb2e3ee.PDF	3056	2025-10-28 15:13:15	2025-10-28 15:13:15	\N	\N	05 CONSTANCIA DE SITUACION FISCAL.PDF	55	\N	\N	\N
44934	employee_doc_690131eb2eada.PDF	3056	2025-10-28 15:13:15	2025-10-28 15:13:15	\N	\N	06 CURP.PDF	55	\N	\N	\N
44935	employee_doc_690131eb2f0ae.PDF	3056	2025-10-28 15:13:15	2025-10-28 15:13:15	\N	\N	07 IMSS.PDF	55	\N	\N	\N
44936	employee_doc_6901326c4a345.PDF	3056	2025-10-28 15:15:24	2025-10-28 15:15:24	\N	\N	20 CONTRATO JOSE M VAZQUEZ.PDF	55	\N	\N	\N
44937	employee_doc_6901326c4d532.PDF	3056	2025-10-28 15:15:24	2025-10-28 15:15:24	\N	\N	33 CARTA COMPROMISO DE ENTREGA DE DOCUMENTOS (1).PDF	55	\N	\N	\N
44938	employee_doc_6901326c4ddc7.PDF	3056	2025-10-28 15:15:24	2025-10-28 15:15:24	\N	\N	33 CARTA COMPROMISO DE ENTREGA DE DOCUMENTOS.PDF	55	\N	\N	\N
44939	employee_doc_6901326c4e65c.PDF	3056	2025-10-28 15:15:24	2025-10-28 15:15:24	\N	\N	04 INE.PDF	55	\N	\N	\N
44940	employee_doc_6901326c4ef2f.PDF	3056	2025-10-28 15:15:24	2025-10-28 15:15:24	\N	\N	32 CONOCIMIENTO DE INGRESOS.PDF	55	\N	\N	\N
44941	employee_doc_6901326c4f65c.PDF	3056	2025-10-28 15:15:24	2025-10-28 15:15:24	\N	\N	36 RESGUARDO DE CREDENCIAL Y UNIFORME.PDF	55	\N	\N	\N
44942	employee_doc_6901326c4fe2d.PDF	3056	2025-10-28 15:15:24	2025-10-28 15:15:24	\N	\N	20 CONTRATO (1).PDF	55	\N	\N	\N
44943	employee_doc_6901326c51847.PDF	3056	2025-10-28 15:15:24	2025-10-28 15:15:24	\N	\N	32 CONOCIMIENTO DE INGRESOS (1).PDF	55	\N	\N	\N
44944	employee_doc_690132ae1be45.PDF	3056	2025-10-28 15:16:30	2025-10-28 15:16:30	\N	\N	28 TERMINOS Y CONDICIONES DE FONDO DE AHORRO.PDF	55	\N	\N	\N
44945	employee_doc_690132ae1cb71.PDF	3056	2025-10-28 15:16:30	2025-10-28 15:16:30	\N	\N	24 ESTUDIO SOCIOECONOMICO.PDF	55	\N	\N	\N
44946	employee_doc_690132ae1d712.PDF	3056	2025-10-28 15:16:30	2025-10-28 15:16:30	\N	\N	23 CARTA DE CONFIDENCIALIDAD Y NO DIVULGACION.PDF	55	\N	\N	\N
44947	employee_doc_690132ae1deca.PDF	3056	2025-10-28 15:16:30	2025-10-28 15:16:30	\N	\N	20 CONTRATO.PDF	55	\N	\N	\N
44948	employee_doc_690132ae1f890.PDF	3056	2025-10-28 15:16:30	2025-10-28 15:16:30	\N	\N	14 CARTA DE RECOMENDACION LABORAL.PDF	55	\N	\N	\N
44949	employee_doc_690132ae1ff65.PDF	3056	2025-10-28 15:16:30	2025-10-28 15:16:30	\N	\N	13 CARTA DE REFERENCIA PERSONAL.PDF	55	\N	\N	\N
44950	employee_doc_690132ae206b1.PDF	3056	2025-10-28 15:16:30	2025-10-28 15:16:30	\N	\N	31 REGLAMENTO DE BUZON DE DENUNCIAS.PDF	55	\N	\N	\N
44951	employee_doc_690132ae20ea0.PDF	3056	2025-10-28 15:16:30	2025-10-28 15:16:30	\N	\N	29 TERMINOS Y CONDICIONES DE CAJA DE AHORRO.PDF	55	\N	\N	\N
44952	employee_doc_690132f13e366.PDF	3056	2025-10-28 15:17:37	2025-10-28 15:17:37	\N	\N	24 ESTUDIO SOCIOECONOMICO (1).PDF	55	\N	\N	\N
44953	employee_doc_690132f13f417.PDF	3056	2025-10-28 15:17:37	2025-10-28 15:17:37	\N	\N	28 TERMINOS Y CONDICIONES DE FONDO DE AHORRO (1).PDF	55	\N	\N	\N
44954	employee_doc_690132f13fdca.PDF	3056	2025-10-28 15:17:37	2025-10-28 15:17:37	\N	\N	29 TERMINOS Y CONDICIONES DE CAJA DE AHORRO (1).PDF	55	\N	\N	\N
44955	employee_doc_690132f140769.PDF	3056	2025-10-28 15:17:37	2025-10-28 15:17:37	\N	\N	31 REGLAMENTO DE BUZON DE DENUNCIAS (1).PDF	55	\N	\N	\N
44956	employee_doc_690132f14101d.PDF	3056	2025-10-28 15:17:37	2025-10-28 15:17:37	\N	\N	12 CARTILLA MILITAR.PDF	55	\N	\N	\N
44957	employee_doc_690132f141712.PDF	3056	2025-10-28 15:17:37	2025-10-28 15:17:37	\N	\N	09 COMPROBANTE DE ESTUDIOS.PDF	55	\N	\N	\N
44958	employee_doc_690132f1420ad.PDF	3056	2025-10-28 15:17:37	2025-10-28 15:17:37	\N	\N	08 COMPROBANTE DE DOMICILIO (1).PDF	55	\N	\N	\N
44959	employee_doc_690132f14298d.PDF	3056	2025-10-28 15:17:37	2025-10-28 15:17:37	\N	\N	33 CARTA COMPROMISO DE ENTREGA DE DOCUMENTOS (2).PDF	55	\N	\N	\N
44960	employee_doc_690132f1431ee.PDF	3056	2025-10-28 15:17:37	2025-10-28 15:17:37	\N	\N	23 CARTA DE CONFIDENCIALIDAD Y NO DIVULGACION (1).PDF	55	\N	\N	\N
44961	employee_doc_690133b089b99.PDF	3057	2025-10-28 15:20:48	2025-10-28 15:20:48	\N	\N	07. IMSS.PDF	55	\N	7	\N
44962	employee_doc_690133b08a70a.PDF	3057	2025-10-28 15:20:48	2025-10-28 15:20:48	\N	\N	COMPROBANTE DE DOMICILIO.PDF	55	\N	8	\N
44963	employee_doc_690133b08b1f3.PDF	3057	2025-10-28 15:20:48	2025-10-28 15:20:48	\N	\N	JOSE ANTONIO ARROYO VELASCO.PDF	55	\N	13	\N
44965	employee_doc_690133b08bf65.PDF	3057	2025-10-28 15:20:48	2025-10-28 15:20:48	\N	\N	15. CARTA DE ANTECEDENTES NO PENALES.PDF	55	\N	15	\N
44966	employee_doc_690133b08c6f6.PDF	3057	2025-10-28 15:20:48	2025-10-28 15:20:48	\N	\N	ALTA IMSS JOSE ANTONIO ARROYO VELASCO.PDF	55	\N	19	\N
44967	employee_doc_690133b08ccd5.PDF	3057	2025-10-28 15:20:48	2025-10-28 15:20:48	\N	\N	ALTA IMSS JOSE ANTONIO ARROYO VELASCO (1).PDF	55	\N	19	\N
44968	employee_doc_690133b08d2c1.JPG	3057	2025-10-28 15:20:48	2025-10-28 15:20:48	\N	\N	04. INE.JPG	55	\N	4	\N
44969	employee_doc_690133b08d979.JPG	3057	2025-10-28 15:20:48	2025-10-28 15:20:48	\N	\N	04. INE_000.JPG	55	\N	4	\N
44970	employee_doc_690133b08e0a4.PDF	3057	2025-10-28 15:20:48	2025-10-28 15:20:48	\N	\N	01. SOLICITUD DE EMPLEO.PDF	55	\N	1	\N
44971	employee_doc_690133b08e836.JPG	3057	2025-10-28 15:20:48	2025-10-28 15:20:48	\N	\N	04. INE_001.JPG	55	\N	4	\N
44972	employee_doc_690133b08ef72.JPG	3057	2025-10-28 15:20:48	2025-10-28 15:20:48	\N	\N	03. ACTA DE NACIMIENTO.JPG	55	\N	3	\N
44973	employee_doc_690133b08f707.JPG	3057	2025-10-28 15:20:48	2025-10-28 15:20:48	\N	\N	06. CURP.JPG	55	\N	6	\N
44974	employee_doc_6901344b4724a.PDF	3057	2025-10-28 15:23:23	2025-10-28 15:23:23	\N	\N	35 VACACIONES JOSE ANTONIO ARROYO.PDF	55	\N	35	\N
44975	employee_doc_6901344b47dee.PDF	3057	2025-10-28 15:23:23	2025-10-28 15:23:23	\N	\N	EXAMEN TOXICOLOGICO JAAV.PDF	55	\N	44	\N
44976	employee_doc_6901344b48734.PDF	3057	2025-10-28 15:23:23	2025-10-28 15:23:23	\N	\N	20 CONTRATO JOSE ARROYO.PDF	55	\N	20	\N
44964	employee_doc_690133b08b946.pdf	3057	2025-10-28 15:20:48	2025-10-28 15:23:23	\N	\N	JOSÉ ANTONIO ARROYO VELASCO.PDF	55	\N	14	\N
44977	employee_doc_690135615ef82.JPG	3059	2025-10-28 15:28:01	2025-10-28 15:28:01	\N	\N	03. ACTA DE NACIMIENTO.JPG	55	\N	3	\N
44978	employee_doc_6901356160488.PDF	3059	2025-10-28 15:28:01	2025-10-28 15:28:01	\N	\N	05. CONSTANCIA DE SITUACION FISCAL.PDF	55	\N	5	\N
44979	employee_doc_6901356160fd7.PDF	3059	2025-10-28 15:28:01	2025-10-28 15:28:01	\N	\N	CURP_RAMA740403HDFMCL05.PDF	55	\N	6	\N
44980	employee_doc_6901356161ac0.PDF	3059	2025-10-28 15:28:01	2025-10-28 15:28:01	\N	\N	07. IMSS.PDF	55	\N	7	\N
44981	employee_doc_69013561624b2.JPG	3059	2025-10-28 15:28:01	2025-10-28 15:28:01	\N	\N	COMPROBANTE DE DOMICILIO.JPG	55	\N	8	\N
44982	employee_doc_6901356162f7c.PDF	3059	2025-10-28 15:28:01	2025-10-28 15:28:01	\N	\N	COMPROBANTE DE ESTUDIOS.PDF	55	\N	9	\N
44983	employee_doc_69013561639e6.PDF	3059	2025-10-28 15:28:01	2025-10-28 15:28:01	\N	\N	01. SOLICITUD DE EMPLEO.PDF	55	\N	1	\N
44984	employee_doc_6901356164afa.JPG	3059	2025-10-28 15:28:01	2025-10-28 15:28:01	\N	\N	04. INE.JPG	55	\N	4	\N
44985	employee_doc_690135b94f4d1.PDF	3059	2025-10-28 15:29:29	2025-10-28 15:29:29	\N	\N	ALTA IMSS ALEJANDRO RAMIREZ MUCIÑO.PDF	55	\N	19	\N
44986	employee_doc_690135b95083a.PDF	3059	2025-10-28 15:29:29	2025-10-28 15:29:29	\N	\N	COMPROBANTE DE CUENTA BANCARIA.PDF	55	\N	16	\N
44987	employee_doc_690135b950f6d.PDF	3059	2025-10-28 15:29:29	2025-10-28 15:29:29	\N	\N	12. CARTILLA MILITAR.PDF	55	\N	12	\N
44989	employee_doc_690135b954e7f.PDF	3059	2025-10-28 15:29:29	2025-10-28 15:29:29	\N	\N	ALEJANDRO RAMÍREZ MUCIÑO .PDF	55	\N	\N	\N
44990	employee_doc_690135b9556b8.PDF	3059	2025-10-28 15:29:29	2025-10-28 15:29:29	\N	\N	ALEJANDRO RAMIREZ MUCIÑO.PDF	55	\N	\N	\N
44988	employee_doc_690135b95166b.pdf	3059	2025-10-28 15:29:29	2025-10-28 15:30:00	\N	\N	ALTA IMSS ALEJANDRO RAMIREZ MUCIÑO (1).PDF	55	\N	19	\N
44993	employee_doc_6901363f5e66c.PDF	3059	2025-10-28 15:31:43	2025-10-28 15:31:43	\N	\N	CARTA DE CONFIDENCIALIDAD Y NO DIVULGACION .PDF	55	\N	23	\N
44994	employee_doc_6901363f5f170.PDF	3059	2025-10-28 15:31:43	2025-10-28 15:31:43	\N	\N	TERMINOS Y CONDICIONES DE FONDO DE AHORRO.PDF	55	\N	28	\N
44995	employee_doc_6901363f5f8b3.PDF	3059	2025-10-28 15:31:43	2025-10-28 15:31:43	\N	\N	TERMINOS Y CONDICIONES DE CAJA DE AHORRO.PDF	55	\N	29	\N
44996	employee_doc_6901363f60006.PDF	3059	2025-10-28 15:31:43	2025-10-28 15:31:43	\N	\N	REGLAMENTO DE BUZON DE DENUNCIAS.PDF	55	\N	31	\N
44997	employee_doc_6901363f60760.PDF	3059	2025-10-28 15:31:43	2025-10-28 15:31:43	\N	\N	CARTA DE CONOCIMIENTOS DE INGRESOS PARA COLABORADORES.PDF	55	\N	32	\N
44998	employee_doc_6901363f60db4.PDF	3059	2025-10-28 15:31:43	2025-10-28 15:31:43	\N	\N	RESGUARDO DE CREDENCIAL Y UNIFORME.PDF	55	\N	36	\N
44999	employee_doc_6901363f61586.PDF	3059	2025-10-28 15:31:43	2025-10-28 15:31:43	\N	\N	56 FORMATO DE DESCANDO ALEJANDRO RAMIREZ .PDF	55	\N	56	\N
45000	employee_doc_6901363f61c04.PDF	3059	2025-10-28 15:31:43	2025-10-28 15:31:43	\N	\N	56 FORMATO DE DESCANSO ALEJANRO RAMIREZ.PDF	55	\N	56	\N
45001	employee_doc_6901363f6227c.PDF	3059	2025-10-28 15:31:43	2025-10-28 15:31:43	\N	\N	20 CONTRATO ALEJANDRO RAMIREZ .PDF	55	\N	20	\N
44992	employee_doc_690135d8b3bb8.PDF	3059	2025-10-28 15:30:00	2025-10-28 15:31:43	\N	\N	ALEJANDRO RAMIREZ MUCIÑO REFERENCIA PERSONAL.PDF	55	\N	13	\N
44991	employee_doc_690135d8b2f80.PDF	3059	2025-10-28 15:30:00	2025-10-28 15:31:43	\N	\N	ALEJANDRO RAMÍREZ MUCIÑO RECOMENDACION LABORAL.PDF	55	\N	14	\N
45002	employee_doc_6901365a0bd63.PDF	3059	2025-10-28 15:32:10	2025-10-28 15:32:10	\N	\N	EXAMEN TOXICOLOGICO ARM.PDF	55	\N	44	\N
45003	employee_doc_690136a3e02c7.PDF	3059	2025-10-28 15:33:23	2025-10-28 15:33:23	\N	\N	ESTUDIO PSICOMETRICO.PDF	55	\N	26	\N
45004	employee_doc_690136a3e18b6.PDF	3059	2025-10-28 15:33:23	2025-10-28 15:33:23	\N	\N	ESTUDIO SOCIOECONOMICO.PDF	55	\N	24	\N
45005	employee_doc_690136a3e22c3.pdf	3059	2025-10-28 15:33:23	2025-10-28 15:33:23	\N	\N	CURP.pdf	55	\N	\N	\N
45006	employee_doc_690136a3e28af.PDF	3059	2025-10-28 15:33:23	2025-10-28 15:33:23	\N	\N	ONBOARDING.PDF	55	\N	47	\N
45007	employee_doc_6901378f34c11.PDF	3060	2025-10-28 15:37:19	2025-10-28 15:37:19	\N	\N	01 SOLICITUD DE EMPLEO .PDF	55	\N	1	\N
45008	employee_doc_6901378f363a6.PDF	3060	2025-10-28 15:37:19	2025-10-28 15:37:19	\N	\N	23 CARTA DE CONFIDENCIALIDAD Y NO DIVULGACION .PDF	55	\N	23	\N
45009	employee_doc_6901378f36f87.PDF	3060	2025-10-28 15:37:19	2025-10-28 15:37:19	\N	\N	31 REGLAMENTO DE BUZON DE DENUNCIAS.PDF	55	\N	31	\N
45010	employee_doc_6901378f3798b.PDF	3060	2025-10-28 15:37:19	2025-10-28 15:37:19	\N	\N	32 CONOCIMIENTO DE INGRESOS .PDF	55	\N	32	\N
45011	employee_doc_6901378f382e0.PDF	3060	2025-10-28 15:37:19	2025-10-28 15:37:19	\N	\N	36 CREDENCIAL .PDF	55	\N	36	\N
45012	employee_doc_6901378f38be7.PDF	3060	2025-10-28 15:37:19	2025-10-28 15:37:19	\N	\N	47 FO CAPA 05 .PDF	55	\N	47	\N
45013	employee_doc_6901378f398dd.PDF	3060	2025-10-28 15:37:19	2025-10-28 15:37:19	\N	\N	21 REGLAMENTO INTERNO .PDF	55	\N	21	\N
45015	employee_doc_6901378f3cee8.PDF	3060	2025-10-28 15:37:19	2025-10-28 15:37:19	\N	\N	06 CURP .PDF	55	\N	6	\N
45016	employee_doc_6901378f3d90e.PDF	3060	2025-10-28 15:37:19	2025-10-28 15:37:19	\N	\N	04 INE  (1).PDF	55	\N	4	\N
45017	employee_doc_690137b279fb4.PDF	3060	2025-10-28 15:37:54	2025-10-28 15:37:54	\N	\N	33 CARTA COMPROMISO DE ENTREGA DE DOCUMENTOS .PDF	55	\N	\N	\N
45018	employee_doc_690137b27c6c6.PDF	3060	2025-10-28 15:37:54	2025-10-28 15:37:54	\N	\N	ANEXO 1 .PDF	55	\N	\N	\N
45014	employee_doc_6901378f3a3e3.pdf	3060	2025-10-28 15:37:19	2025-10-28 15:37:54	\N	\N	20 CONTRATO .PDF	55	\N	20	\N
45019	employee_doc_6901396d9a1e5.PDF	3061	2025-10-28 15:45:17	2025-10-28 15:45:17	\N	\N	LICENCIA PARA CONDUCIR.PDF	55	\N	11	\N
45020	employee_doc_6901396d9ad24.PDF	3061	2025-10-28 15:45:17	2025-10-28 15:45:17	\N	\N	COMPROBANTE DE ESTUDIOS.PDF	55	\N	9	\N
45021	employee_doc_6901396d9b58e.PDF	3061	2025-10-28 15:45:17	2025-10-28 15:45:17	\N	\N	CEDULA PROFESIONAL 1.PDF	55	\N	9	\N
45022	employee_doc_6901396d9bc1e.PDF	3061	2025-10-28 15:45:17	2025-10-28 15:45:17	\N	\N	CEDULA PROFESIONAL.PDF	55	\N	9	\N
45023	employee_doc_6901396d9c356.PDF	3061	2025-10-28 15:45:17	2025-10-28 15:45:17	\N	\N	IMSS.PDF	55	\N	7	\N
45024	employee_doc_6901396d9ca30.PDF	3061	2025-10-28 15:45:17	2025-10-28 15:45:17	\N	\N	CURP.PDF	55	\N	6	\N
45025	employee_doc_6901396d9d0eb.PDF	3061	2025-10-28 15:45:17	2025-10-28 15:45:17	\N	\N	ACTA DE NACIMIENTO.PDF	55	\N	3	\N
45026	employee_doc_6901396d9db30.PDF	3061	2025-10-28 15:45:17	2025-10-28 15:45:17	\N	\N	INE (1).PDF	55	\N	4	\N
45027	employee_doc_6901396d9e1fa.PDF	3061	2025-10-28 15:45:17	2025-10-28 15:45:17	\N	\N	CURRÍCULUM VITAE.PDF	55	\N	2	\N
45028	employee_doc_6901396d9e91d.PDF	3061	2025-10-28 15:45:17	2025-10-28 15:45:17	\N	\N	RESGUARDO DE CREDENCIAL.PDF	55	\N	36	\N
45029	employee_doc_6901396d9f0c6.PDF	3061	2025-10-28 15:45:17	2025-10-28 15:45:17	\N	\N	ALTA IMSS JOSE IRVIN CRUZ RIOS.PDF	55	\N	19	\N
45030	employee_doc_6901396d9f6bb.PDF	3061	2025-10-28 15:45:17	2025-10-28 15:45:17	\N	\N	BANCO.PDF	55	\N	16	\N
45031	employee_doc_6901396d9fd0b.PDF	3061	2025-10-28 15:45:17	2025-10-28 15:45:17	\N	\N	CARTILLA SERVICIO MILITAR.PDF	55	\N	12	\N
45032	employee_doc_69013b0cc842d.PDF	3062	2025-10-28 15:52:12	2025-10-28 15:52:12	\N	\N	05 CONSTANCIA DE SITUACION FISCAL .PDF	55	\N	5	\N
45033	employee_doc_69013b0cc9546.PDF	3062	2025-10-28 15:52:12	2025-10-28 15:52:12	\N	\N	03 ACTA DE NACIMIENTO .PDF	55	\N	3	\N
45034	employee_doc_69013b0cca4e0.PDF	3062	2025-10-28 15:52:12	2025-10-28 15:52:12	\N	\N	04 INE  (1).PDF	55	\N	4	\N
45035	employee_doc_69013b0ccba0b.PDF	3062	2025-10-28 15:52:12	2025-10-28 15:52:12	\N	\N	01 SOLICITUD DE EMPLEO.PDF	55	\N	1	\N
45036	employee_doc_69013b0cccbd0.PDF	3062	2025-10-28 15:52:12	2025-10-28 15:52:12	\N	\N	ALTA IMSS ANTONIO ACEVEDO RIVERA.PDF	55	\N	19	\N
45037	employee_doc_69013b0ccd1b5.PDF	3062	2025-10-28 15:52:12	2025-10-28 15:52:12	\N	\N	12 CARTILLA MILITAR .PDF	55	\N	12	\N
45038	employee_doc_69013b0ccf687.PDF	3062	2025-10-28 15:52:12	2025-10-28 15:52:12	\N	\N	13 ANTONIO ACEVEDO RIVERA.PDF	55	\N	13	\N
45039	employee_doc_69013b0ccfcd8.PDF	3062	2025-10-28 15:52:12	2025-10-28 15:52:12	\N	\N	CEDULA PROFESIONAL .PDF	55	\N	9	\N
45040	employee_doc_69013b0cd03fa.PDF	3062	2025-10-28 15:52:12	2025-10-28 15:52:12	\N	\N	IMSS.PDF	55	\N	7	\N
45041	employee_doc_69013b0cd0927.PDF	3062	2025-10-28 15:52:12	2025-10-28 15:52:12	\N	\N	06 CURP .PDF	55	\N	6	\N
45042	employee_doc_69013b634f6a3.PDF	3062	2025-10-28 15:53:39	2025-10-28 15:53:39	\N	\N	31 REGLAMENTO INTERNO  DE TRABAJO .PDF	55	\N	21	\N
45043	employee_doc_69013b6350313.PDF	3062	2025-10-28 15:53:39	2025-10-28 15:53:39	\N	\N	32 CONOCIMIENTO DE INGRESOS .PDF	55	\N	32	\N
45044	employee_doc_69013b6350abf.PDF	3062	2025-10-28 15:53:39	2025-10-28 15:53:39	\N	\N	36 CREDENCIAL .PDF	55	\N	36	\N
45045	employee_doc_69013b635128f.PDF	3062	2025-10-28 15:53:39	2025-10-28 15:53:39	\N	\N	21 REGLAMENTO INTERNO.PDF	55	\N	21	\N
45046	employee_doc_69013b6351c81.PDF	3062	2025-10-28 15:53:39	2025-10-28 15:53:39	\N	\N	23 CARTA DE CONFIDENCIALIDAD Y NO DIVULGACION .PDF	55	\N	23	\N
45047	employee_doc_69013b8b1f061.PDF	3062	2025-10-28 15:54:19	2025-10-28 15:54:19	\N	\N	33 CARTA COMPROMISO DE ENTREGA DE DOCUMENTOS .PDF	55	\N	\N	\N
45048	employee_doc_69013b8b20249.PDF	3062	2025-10-28 15:54:19	2025-10-28 15:54:19	\N	\N	07 HOJA DE ASIGNACION DE NUMERO DE SEGURIDAD SOCIAL .PDF	55	\N	\N	\N
45049	employee_doc_69013b8b20ce3.PDF	3062	2025-10-28 15:54:19	2025-10-28 15:54:19	\N	\N	ANEXO 1.PDF	55	\N	\N	\N
45050	employee_doc_690149fcb7839.PDF	3063	2025-10-28 16:55:56	2025-10-28 16:55:56	\N	\N	CUIP JAIME OSORIO ROQUE.PDF	55	\N	40	\N
45052	employee_doc_69014a914731c.pdf	3063	2025-10-28 16:58:25	2025-10-28 16:58:25	\N	\N	08 COMPROBANTE DE ESTUDIOS.pdf	55	\N	9	\N
45053	employee_doc_69014a91489b5.pdf	3063	2025-10-28 16:58:25	2025-10-28 16:58:25	\N	\N	07 IMSS.pdf	55	\N	7	\N
45054	employee_doc_69014a9149369.pdf	3063	2025-10-28 16:58:25	2025-10-28 16:58:25	\N	\N	02 CURRICULUM VITAE.pdf	55	\N	2	\N
45055	employee_doc_69014a914a0d2.pdf	3063	2025-10-28 16:58:25	2025-10-28 16:58:25	\N	\N	06 CURP.pdf	55	\N	6	\N
45056	employee_doc_69014a914a789.pdf	3063	2025-10-28 16:58:25	2025-10-28 16:58:25	\N	\N	04 INE.pdf	55	\N	4	\N
45057	employee_doc_69014a914b854.pdf	3063	2025-10-28 16:58:25	2025-10-28 16:58:25	\N	\N	01 SOLICITUD DE EMPLEO.pdf	55	\N	1	\N
45058	employee_doc_69014a914c502.pdf	3063	2025-10-28 16:58:25	2025-10-28 16:58:25	\N	\N	19 ALTA IMSS.pdf	55	\N	19	\N
45059	employee_doc_69014a914ce51.pdf	3063	2025-10-28 16:58:25	2025-10-28 16:58:25	\N	\N	15 CARTA DE ANTECEDENTES NO PENALES.pdf	55	\N	15	\N
45060	employee_doc_69014a914d9c1.pdf	3063	2025-10-28 16:58:25	2025-10-28 16:58:25	\N	\N	14 CARTA DE RECOMENDACION LABORAL.pdf	55	\N	14	\N
45061	employee_doc_69014a914e0fb.pdf	3063	2025-10-28 16:58:25	2025-10-28 16:58:25	\N	\N	13 CARTA DE REFERENCIA PERSONAL.pdf	55	\N	13	\N
45062	employee_doc_69014a914e7df.pdf	3063	2025-10-28 16:58:25	2025-10-28 16:58:25	\N	\N	11 LICENCIA DE CONDUCIR.pdf	55	\N	11	\N
45063	employee_doc_69014a914f7c8.pdf	3063	2025-10-28 16:58:25	2025-10-28 16:58:25	\N	\N	12 CARTILLA MILITAR LIBERADA (2).pdf	55	\N	12	\N
45064	employee_doc_69014a91509a5.pdf	3063	2025-10-28 16:58:25	2025-10-28 16:58:25	\N	\N	09 COMPROBANTE DE ESTUDIOS.pdf	55	\N	9	\N
45051	employee_doc_690149fcb8d68.pdf	3063	2025-10-28 16:55:56	2025-10-28 16:58:25	\N	\N	31 REGLAMENTO DE BUZON DE DENUNCIAS.PDF	55	\N	31	\N
45065	employee_doc_69014b4a5d62b.PDF	3064	2025-10-28 17:01:30	2025-10-28 17:01:30	\N	\N	CONCILIACIÓN JESUS RAMON IBARRA MORENO.PDF	55	\N	52	\N
45066	employee_doc_69014b4a5ec5f.PDF	3064	2025-10-28 17:01:30	2025-10-28 17:01:30	\N	\N	49 RECONOCIMIENTOS.PDF	55	\N	49	\N
45067	employee_doc_69014c473a497.PDF	3064	2025-10-28 17:05:43	2025-10-28 17:05:43	\N	\N	09. COMPROBANTE DE ESTUDIOS TREVIÑO MALDONADO NOE ADALBERTO.PDF	55	\N	9	\N
45068	employee_doc_69014c473bc32.PDF	3064	2025-10-28 17:05:43	2025-10-28 17:05:43	\N	\N	CEDULA TREVIÑO MALDONADO NOE ADALBERTO.PDF	55	\N	9	\N
45127	employee_doc_69029c396df28.JPG	3066	2025-10-29 16:59:05	2025-10-29 16:59:05	\N	\N	04.    INE.JPG	55	\N	4	\N
45069	employee_doc_69014c473c688.PDF	3064	2025-10-28 17:05:43	2025-10-28 17:05:43	\N	\N	LICENCIA DE CONDUCIR TREVIÑO MALDONADO NOE ADALBERTO.PDF	55	\N	11	\N
45070	employee_doc_69014c473d1ac.PDF	3064	2025-10-28 17:05:43	2025-10-28 17:05:43	\N	\N	CARTILLA TREVIÑO MALDONADO NOE ADALBERTO.PDF	55	\N	12	\N
45071	employee_doc_69014c473e0d1.PDF	3064	2025-10-28 17:05:43	2025-10-28 17:05:43	\N	\N	12. CARTILLA MILITAR NOE ADALBERTO TREVIÑO MALDONADO.PDF	55	\N	12	\N
45072	employee_doc_69014c473ef76.PDF	3064	2025-10-28 17:05:43	2025-10-28 17:05:43	\N	\N	12. CARTILLA MILITAR NOE ADALBERTO TREVIÑO MALDONADO (1).PDF	55	\N	12	\N
45073	employee_doc_69014c473fe47.PDF	3064	2025-10-28 17:05:43	2025-10-28 17:05:43	\N	\N	ANTECEDENTES NO PENALES TREVIÑO MALDONADO NOE ADALBERTO.PDF	55	\N	15	\N
45074	employee_doc_69014c4740a44.PDF	3064	2025-10-28 17:05:43	2025-10-28 17:05:43	\N	\N	05. CSF TREVIÑO MALDONADO NOE ADALBERTO.PDF	55	\N	5	\N
45075	employee_doc_69014c4741b2b.PDF	3064	2025-10-28 17:05:43	2025-10-28 17:05:43	\N	\N	03. ACTA DE NACIMIENTO TREVIÑO MALDONADO NOE ADALBERTO.PDF	55	\N	3	\N
45076	employee_doc_69014c474343c.PDF	3064	2025-10-28 17:05:43	2025-10-28 17:05:43	\N	\N	04. INE TREVIÑO MALDONADO NOE ADALBERTO.PDF	55	\N	4	\N
45077	employee_doc_69014c4744031.PDF	3064	2025-10-28 17:05:43	2025-10-28 17:05:43	\N	\N	CURRICULUM TREVIÑO MALDONADO NOE ADALBERTO.PDF	55	\N	2	\N
45078	employee_doc_69014c4745532.PDF	3064	2025-10-28 17:05:43	2025-10-28 17:05:43	\N	\N	CURP TREVIÑO MALDONADO NOE ADALBERTO.PDF	55	\N	6	\N
45079	employee_doc_69014c4745c7a.PDF	3064	2025-10-28 17:05:43	2025-10-28 17:05:43	\N	\N	NSS NOE ADALBERTO TREVIÑO MALDONADO.PDF	55	\N	7	\N
45080	employee_doc_69014c47462fd.PDF	3064	2025-10-28 17:05:43	2025-10-28 17:05:43	\N	\N	NSS NOE ADALBERTO TREVIÑO MALDONADO TARJETA.PDF	55	\N	7	\N
45081	employee_doc_69014c474693d.PDF	3064	2025-10-28 17:05:43	2025-10-28 17:05:43	\N	\N	08. COMPROBANTE DE DOMICILIO TREVIÑO MALDONADO NOE ADALBERTO.PDF	55	\N	8	\N
45082	employee_doc_69014ce2cdcde.PDF	3065	2025-10-28 17:08:18	2025-10-28 17:08:18	\N	\N	CURP_AELJ641220HCHNPL07.PDF	55	\N	\N	\N
45083	employee_doc_69014ce2ce95a.PDF	3065	2025-10-28 17:08:18	2025-10-28 17:08:18	\N	\N	SOLICITUD JULIO VICTOR ANGEL LOPEZ.PDF	55	\N	\N	\N
45084	employee_doc_69014ce2cf71e.PDF	3065	2025-10-28 17:08:18	2025-10-28 17:08:18	\N	\N	ANEXO 1 .PDF	55	\N	\N	\N
45085	employee_doc_69014ce2cffb9.PDF	3065	2025-10-28 17:08:18	2025-10-28 17:08:18	\N	\N	33 CARTA COMPROMISO A ENTREGA DE DOCUMENTOS .PDF	55	\N	\N	\N
45086	employee_doc_69014cfe73c24.PDF	3065	2025-10-28 17:08:46	2025-10-28 17:08:46	\N	\N	47 FO CAPA 05 .PDF	55	\N	47	\N
45087	employee_doc_69014d138e027.PDF	3065	2025-10-28 17:09:07	2025-10-28 17:09:07	\N	\N	EXAMEN TOXICOLOGICO JVAL.PDF	55	\N	44	\N
45088	employee_doc_69014d8dbf82d.PDF	3065	2025-10-28 17:11:09	2025-10-28 17:11:09	\N	\N	21 REGLAMENTO INTERNO DE TRABAJO .PDF	55	\N	21	\N
45089	employee_doc_69014d8dc03cc.PDF	3065	2025-10-28 17:11:09	2025-10-28 17:11:09	\N	\N	23 CARTA DE CONFIDENCIALIDAD Y NO DIVULGACION .PDF	55	\N	23	\N
45090	employee_doc_69014d8dc0c26.PDF	3065	2025-10-28 17:11:09	2025-10-28 17:11:09	\N	\N	32 CONOCIMIENTO DE INGRESOS .PDF	55	\N	32	\N
45091	employee_doc_69014d8dc13f9.PDF	3065	2025-10-28 17:11:09	2025-10-28 17:11:09	\N	\N	36 CREDENCIAL.PDF	55	\N	36	\N
45092	employee_doc_69014d8dc1ac0.PDF	3065	2025-10-28 17:11:09	2025-10-28 17:11:09	\N	\N	20 CONTRATO JULIO VICTOR .PDF	55	\N	20	\N
45093	employee_doc_69014d8dc325b.PDF	3065	2025-10-28 17:11:09	2025-10-28 17:11:09	\N	\N	20  CONTRATO MAKA JULIO ANGEL.PDF	55	\N	20	\N
45094	employee_doc_69014eb99c724.PDF	3065	2025-10-28 17:16:09	2025-10-28 17:16:09	\N	\N	CARTA DE RECOMENDACION PERSONAL.PDF	55	\N	13	\N
45095	employee_doc_69014eb99dd13.PDF	3065	2025-10-28 17:16:09	2025-10-28 17:16:09	\N	\N	COMPROBANTE DE ESTUDIOS.PDF	55	\N	9	\N
45096	employee_doc_69014eb99eaa1.JPG	3065	2025-10-28 17:16:09	2025-10-28 17:16:09	\N	\N	COMPROBANTE DE DOMICILIO.JPG	55	\N	8	\N
45097	employee_doc_69014eb99fdd5.PDF	3065	2025-10-28 17:16:09	2025-10-28 17:16:09	\N	\N	TARJETANSS JULIO VICTOR ANGEL LOPEZ.PDF	55	\N	7	\N
45098	employee_doc_69014eb9a0425.PDF	3065	2025-10-28 17:16:09	2025-10-28 17:16:09	\N	\N	COMPROBANTENSS JULIO VICTOR ANGEL LOPEZ.PDF	55	\N	7	\N
45099	employee_doc_69014eb9a0ac4.PDF	3065	2025-10-28 17:16:09	2025-10-28 17:16:09	\N	\N	07. IMSS.PDF	55	\N	7	\N
45100	employee_doc_69014eb9a204d.PDF	3065	2025-10-28 17:16:09	2025-10-28 17:16:09	\N	\N	CURP_AELJ641220HCHNPL07.PDF	55	\N	6	\N
45101	employee_doc_69014eb9a25da.JPG	3065	2025-10-28 17:16:09	2025-10-28 17:16:09	\N	\N	03. ACTA DE NACIMIENTO.JPG	55	\N	3	\N
45102	employee_doc_69014eb9a3313.PDF	3065	2025-10-28 17:16:09	2025-10-28 17:16:09	\N	\N	01 SOLICITUD DE EMPLEO .PDF	55	\N	1	\N
45103	employee_doc_69014eb9a4a67.JPG	3065	2025-10-28 17:16:09	2025-10-28 17:16:09	\N	\N	04. INE.JPG	55	\N	4	\N
45104	employee_doc_69014eb9a538d.PDF	3065	2025-10-28 17:16:09	2025-10-28 17:16:09	\N	\N	CARTA DE RECOMENDACION LABORAL.PDF	55	\N	14	\N
45105	employee_doc_69014eb9a5bf3.PDF	3065	2025-10-28 17:16:09	2025-10-28 17:16:09	\N	\N	CARTA DE ANTECEDENTES NO PENALES.PDF	55	\N	15	\N
45106	employee_doc_69014eb9a8d9a.PDF	3065	2025-10-28 17:16:09	2025-10-28 17:16:09	\N	\N	COMPROBANTE BANCARIO.PDF	55	\N	16	\N
45107	employee_doc_69014eb9a975c.PDF	3065	2025-10-28 17:16:09	2025-10-28 17:16:09	\N	\N	16 ESTADO DE CUENTA BANCARIA.PDF	55	\N	16	\N
45108	employee_doc_69014eb9abfb1.PDF	3065	2025-10-28 17:16:09	2025-10-28 17:16:09	\N	\N	ALTA IMSS JULIO VICTOR ANGEL LOPEZ.PDF	55	\N	19	\N
45109	employee_doc_69014eb9ad585.PDF	3065	2025-10-28 17:16:09	2025-10-28 17:16:09	\N	\N	ALTA IMSS JULIO VICTOR ANGEL LOPEZ (1).PDF	55	\N	19	\N
45110	employee_doc_690299add5f2a.PDF	3066	2025-10-29 16:48:13	2025-10-29 16:48:13	\N	\N	VALE DE UNIFORME.PDF	55	\N	\N	\N
45111	employee_doc_690299add6f0e.PDF	3066	2025-10-29 16:48:13	2025-10-29 16:48:13	\N	\N	CARTA DE INGRESOS COLABORADORES.PDF	55	\N	\N	\N
45112	employee_doc_690299e269061.PDF	3066	2025-10-29 16:49:06	2025-10-29 16:49:06	\N	\N	ESTUDIO PSICOMETRICO.PDF	55	\N	26	\N
45113	employee_doc_690299f9552ce.PDF	3066	2025-10-29 16:49:29	2025-10-29 16:49:29	\N	\N	ONBOARDING.PDF	55	\N	47	\N
45114	employee_doc_69029a18c9eab.PDF	3066	2025-10-29 16:50:00	2025-10-29 16:50:00	\N	\N	EXAMEN TOXICOLOGICO NAMD.PDF	55	\N	44	\N
45115	employee_doc_69029ab115015.PDF	3066	2025-10-29 16:52:33	2025-10-29 16:52:33	\N	\N	ESTUDIO SOCIOECONOMICO.PDF	55	\N	24	\N
45116	employee_doc_69029ab1164d8.PDF	3066	2025-10-29 16:52:33	2025-10-29 16:52:33	\N	\N	FONDO DE AHORRO.PDF	55	\N	28	\N
45117	employee_doc_69029ab1172b8.PDF	3066	2025-10-29 16:52:33	2025-10-29 16:52:33	\N	\N	REGLAMENTO BUZON DE DENUNCIAS.PDF	55	\N	31	\N
45118	employee_doc_69029ab117e1d.PDF	3066	2025-10-29 16:52:33	2025-10-29 16:52:33	\N	\N	CREDENCIAL Y UNIFORME.PDF	55	\N	36	\N
45119	employee_doc_69029ab1189ef.PDF	3066	2025-10-29 16:52:33	2025-10-29 16:52:33	\N	\N	56 FORMATO DE DESCANSO NORMA ANGELICA MORENO .PDF	55	\N	56	\N
45120	employee_doc_69029ab1194b2.PDF	3066	2025-10-29 16:52:33	2025-10-29 16:52:33	\N	\N	20 CONTRATO NORMA MORENO.PDF	55	\N	20	\N
45121	employee_doc_69029ab11c878.PDF	3066	2025-10-29 16:52:33	2025-10-29 16:52:33	\N	\N	CARTA DE CONFIDENCIALIDAD Y NO DIVULGACION .PDF	55	\N	23	\N
45122	employee_doc_69029c396ae51.JPG	3066	2025-10-29 16:59:05	2025-10-29 16:59:05	\N	\N	04. INE.JPG	55	\N	4	\N
45123	employee_doc_69029c396bbb6.JPG	3066	2025-10-29 16:59:05	2025-10-29 16:59:05	\N	\N	08. COMPROBANTE DE DOMICILIO.JPG	55	\N	8	\N
45124	employee_doc_69029c396c4db.PDF	3066	2025-10-29 16:59:05	2025-10-29 16:59:05	\N	\N	06. CURP.PDF	55	\N	6	\N
45125	employee_doc_69029c396cd4b.PDF	3066	2025-10-29 16:59:05	2025-10-29 16:59:05	\N	\N	05. CONSTANCIA DE SITUACION FISCAL.PDF	55	\N	5	\N
45126	employee_doc_69029c396d506.PDF	3066	2025-10-29 16:59:05	2025-10-29 16:59:05	\N	\N	03. ACTA DE NACIMIENTO.PDF	55	\N	3	\N
45128	employee_doc_69029ca3be7ea.PDF	3066	2025-10-29 17:00:51	2025-10-29 17:00:51	\N	\N	COMPROBANTE BANCARIO.PDF	55	\N	16	\N
45129	employee_doc_69029ca3bf91b.PDF	3066	2025-10-29 17:00:51	2025-10-29 17:00:51	\N	\N	ALTA IMSS NORMA ANGELICA MORENO DOMINGUEZ.PDF	55	\N	19	\N
45130	employee_doc_69029ca3c008a.PDF	3066	2025-10-29 17:00:51	2025-10-29 17:00:51	\N	\N	ALTA IMSS NORMA ANGELICA MORENO DOMINGUEZ (1).PDF	55	\N	19	\N
45131	employee_doc_69029ca3c08b0.PDF	3066	2025-10-29 17:00:51	2025-10-29 17:00:51	\N	\N	01. SOLICITUD DE EMPLEO.PDF	55	\N	1	\N
45132	employee_doc_69029ca3c16e8.PDF	3066	2025-10-29 17:00:51	2025-10-29 17:00:51	\N	\N	COMPROBANTE DE ESTUDIOS.PDF	55	\N	9	\N
45133	employee_doc_69029ca3c280e.PDF	3066	2025-10-29 17:00:51	2025-10-29 17:00:51	\N	\N	NORMA ANGELICA MORENO DOMINGUEZ Referencia.PDF	55	\N	13	\N
45134	employee_doc_69029ca3c2dd1.PDF	3066	2025-10-29 17:00:51	2025-10-29 17:00:51	\N	\N	NORMA ANGÉLICA MORENO DOMÍNGUEZ Laboral.PDF	55	\N	14	\N
45135	employee_doc_69029db23250a.PDF	3067	2025-10-29 17:05:22	2025-10-29 17:05:22	\N	\N	ANEXO 1.PDF	55	\N	\N	\N
45136	employee_doc_69029db235244.PDF	3067	2025-10-29 17:05:22	2025-10-29 17:05:22	\N	\N	DOCUMENTACIÓN FALTANTE.PDF	55	\N	\N	\N
45137	employee_doc_69029df449f4b.PDF	3067	2025-10-29 17:06:28	2025-10-29 17:06:28	\N	\N	26. EXAMEN PSICOMÉTRICO ANA PIEDRA ERETZA.PDF	55	\N	26	\N
45138	employee_doc_69029f957ce42.PDF	3067	2025-10-29 17:13:25	2025-10-29 17:13:25	\N	\N	ONBOARDING. 5. IMAGEN PERSONAL ANA PIEDRA ERETZA.PDF	55	\N	47	\N
45139	employee_doc_69029f957d9b5.PDF	3067	2025-10-29 17:13:25	2025-10-29 17:13:25	\N	\N	ONBOARDING. 2 MISIÓN, VISIÓN Y VALORES ANA PIEDRA ERETZA.PDF	55	\N	47	\N
45140	employee_doc_69029f957dfea.PDF	3067	2025-10-29 17:13:25	2025-10-29 17:13:25	\N	\N	ONBOARDING. 3. CÓDIGO DE ÉTICA. ANA PIEDRA ERETZA.PDF	55	\N	47	\N
45141	employee_doc_69029f957e704.PDF	3067	2025-10-29 17:13:25	2025-10-29 17:13:25	\N	\N	ONBOARDING. 4. POLÍTICA DE CALIDAD ANA PIEDRA ERETZA.PDF	55	\N	47	\N
45142	employee_doc_69029f957edf4.PDF	3067	2025-10-29 17:13:25	2025-10-29 17:13:25	\N	\N	ONBOARDING. 6.  ASISTENCIA Y PUNTUALIDAD ANA PIEDRA ERETZA.PDF	55	\N	47	\N
45143	employee_doc_69029f957f47e.PDF	3067	2025-10-29 17:13:25	2025-10-29 17:13:25	\N	\N	ONBOARDING. 8 POLÍTICA ANTICORRUPCIÓN ANA PIEDRA ERETZA.PDF	55	\N	47	\N
45144	employee_doc_69029f957fa2f.PDF	3067	2025-10-29 17:13:25	2025-10-29 17:13:25	\N	\N	ONBOARDING. 7 CIBERSEGURIDAD ANA PIEDRA ERETZA.PDF	55	\N	47	\N
45145	employee_doc_69029f957ffac.PDF	3067	2025-10-29 17:13:25	2025-10-29 17:13:25	\N	\N	ONBOARDING. 10 PROTECCIÓN DE BIENES ANA PIEDRA ERETZA.PDF	55	\N	47	\N
45146	employee_doc_69029f9580595.PDF	3067	2025-10-29 17:13:25	2025-10-29 17:13:25	\N	\N	ONBOARDING. 9 SEGURIDAD PRIVADA. ORIGEN, NORMATIVIDAD Y MODALIDADES ANA PIEDRA ERETZA.PDF	55	\N	47	\N
45147	employee_doc_69029f9580af0.PDF	3067	2025-10-29 17:13:25	2025-10-29 17:13:25	\N	\N	ONBOARDING. 12 LEGÍTIMA DEFENSA ANA PIEDRA ERETZA.PDF	55	\N	47	\N
45148	employee_doc_69029f95810ad.PDF	3067	2025-10-29 17:13:25	2025-10-29 17:13:25	\N	\N	47. ONBOARDING POLÍTICA ANTIDROGAS ANA PIEDRA .PDF	55	\N	47	\N
45149	employee_doc_69029f95816aa.PDF	3067	2025-10-29 17:13:25	2025-10-29 17:13:25	\N	\N	ONBOARDING. 1 BIENVENIDA A GRUPO INFOS ANA PIEDRA ERETZA.PDF	55	\N	47	\N
45150	employee_doc_69029ff5c9d85.PDF	3067	2025-10-29 17:15:01	2025-10-29 17:15:01	\N	\N	EXAMEN TOXICOLOGIXO APE.PDF	55	\N	44	\N
45151	employee_doc_6902a20788ce0.PDF	3067	2025-10-29 17:23:51	2025-10-29 17:23:51	\N	\N	23 CARTA DE CONFIDENCIALIDAD Y NO DIVULGACION.PDF	55	\N	23	\N
45152	employee_doc_6902a20789b07.PDF	3067	2025-10-29 17:23:51	2025-10-29 17:23:51	\N	\N	CARTA CONFIDENCIALIDAD K.PDF	55	\N	23	\N
45153	employee_doc_6902a2078a206.PDF	3067	2025-10-29 17:23:51	2025-10-29 17:23:51	\N	\N	20 CONTRATO MAKA.PDF	55	\N	20	\N
45154	employee_doc_6902a2078c4ae.PDF	3067	2025-10-29 17:23:51	2025-10-29 17:23:51	\N	\N	21 REGLAMENTO INTERNO.PDF	55	\N	21	\N
45155	employee_doc_6902a2078cd34.PDF	3067	2025-10-29 17:23:51	2025-10-29 17:23:51	\N	\N	20 CONTRATO.PDF	55	\N	20	\N
45156	employee_doc_6902a2078ecc4.PDF	3067	2025-10-29 17:23:51	2025-10-29 17:23:51	\N	\N	RESGUARDO CREDEN Y UNIF.PDF	55	\N	36	\N
45157	employee_doc_6902a2078f47e.PDF	3067	2025-10-29 17:23:51	2025-10-29 17:23:51	\N	\N	56 SOLICITUD DE DESCANSO ANA PIEDRA.PDF	55	\N	56	\N
45158	employee_doc_6902a2078fc7a.PDF	3067	2025-10-29 17:23:51	2025-10-29 17:23:51	\N	\N	REGLAMENTO BUZÓN DENUNCIAS.PDF	55	\N	31	\N
45159	employee_doc_6902a207904ab.PDF	3067	2025-10-29 17:23:51	2025-10-29 17:23:51	\N	\N	CAJA DE AHORRO.PDF	55	\N	29	\N
45160	employee_doc_6902a20790b87.PDF	3067	2025-10-29 17:23:51	2025-10-29 17:23:51	\N	\N	24. ESTUDIO SOCIOECONÓMICO ANA PIEDRA  (1).PDF	55	\N	24	\N
45161	employee_doc_6902a2d74b456.PDF	3067	2025-10-29 17:27:19	2025-10-29 17:27:19	\N	\N	10 EXAMEN MEDICO.PDF	55	\N	10	\N
45162	employee_doc_6902a2d74d2c4.PDF	3067	2025-10-29 17:27:19	2025-10-29 17:27:19	\N	\N	08 COMPROBANTE DOMICILIO.PDF	55	\N	8	\N
45163	employee_doc_6902a2d74db2e.PDF	3067	2025-10-29 17:27:19	2025-10-29 17:27:19	\N	\N	07 SEGURIDAD SOCIAL.PDF	55	\N	7	\N
45164	employee_doc_6902a2d74e3b4.PDF	3067	2025-10-29 17:27:19	2025-10-29 17:27:19	\N	\N	06 CURP.PDF	55	\N	6	\N
45165	employee_doc_6902a2d74ebee.PDF	3067	2025-10-29 17:27:19	2025-10-29 17:27:19	\N	\N	03 ACTA NACIMIENTO.PDF	55	\N	3	\N
45166	employee_doc_6902a2d74f579.PDF	3067	2025-10-29 17:27:19	2025-10-29 17:27:19	\N	\N	05 CONSTANCIA SITUACIÓN FISCAL.PDF	55	\N	5	\N
45167	employee_doc_6902a2d74feaf.PDF	3067	2025-10-29 17:27:19	2025-10-29 17:27:19	\N	\N	04 INE.PDF	55	\N	4	\N
45168	employee_doc_6902a2d750653.PDF	3067	2025-10-29 17:27:19	2025-10-29 17:27:19	\N	\N	01 SOLICITUD EMPLEO.PDF	55	\N	1	\N
45169	employee_doc_6902a2d750fd2.PDF	3067	2025-10-29 17:27:19	2025-10-29 17:27:19	\N	\N	ALTA IMSS ANA PIEDRA ERETZA (1).PDF	55	\N	19	\N
45170	employee_doc_6902a2d751608.pdf	3067	2025-10-29 17:27:19	2025-10-29 17:27:19	\N	\N	ALTA IMSS ANA PIEDRA ERETZA (2).pdf	55	\N	19	\N
45171	employee_doc_6902a2d751c77.PDF	3067	2025-10-29 17:27:19	2025-10-29 17:27:19	\N	\N	ALTA IMSS ANA PIEDRA ERETZA.PDF	55	\N	19	\N
45172	employee_doc_6902a2d7522ea.PDF	3067	2025-10-29 17:27:19	2025-10-29 17:27:19	\N	\N	ANA PIEDRA ERETZA Laboral.PDF	55	\N	14	\N
45173	employee_doc_6902a2d752867.PDF	3067	2025-10-29 17:27:19	2025-10-29 17:27:19	\N	\N	ANA PIEDRA ERETZA referencia.PDF	55	\N	13	\N
45174	employee_doc_6902a4534ef7f.PDF	3068	2025-10-29 17:33:39	2025-10-29 17:33:39	\N	\N	52 FINIQUITO O LIQUIDACION.PDF	55	\N	52	\N
45175	employee_doc_6902a4534fb3c.PDF	3068	2025-10-29 17:33:39	2025-10-29 17:33:39	\N	\N	51 RENUNCIA.PDF	55	\N	51	\N
45176	employee_doc_6902a48917afd.PDF	3068	2025-10-29 17:34:33	2025-10-29 17:34:33	\N	\N	60 DC3 INTRAMUROS EDGAR GUERRERO .PDF	55	\N	60	\N
45177	employee_doc_6902a48918b4e.PDF	3068	2025-10-29 17:34:33	2025-10-29 17:34:33	\N	\N	ONBOARDING.PDF	55	\N	47	\N
45178	employee_doc_6902a489192b1.PDF	3068	2025-10-29 17:34:33	2025-10-29 17:34:33	\N	\N	61 DC3 CTPAT  EDGAR GUERRERO .PDF	55	\N	61	\N
45179	employee_doc_6902a49d0ef9b.PDF	3068	2025-10-29 17:34:53	2025-10-29 17:34:53	\N	\N	EXAMEN TOXICOLOGICO EGL.PDF	55	\N	44	\N
45180	employee_doc_6902a580d3e88.PDF	3068	2025-10-29 17:38:40	2025-10-29 17:38:40	\N	\N	TERMINOS Y CONDICIONES DE CAJA DE AHORRO.PDF	55	\N	29	\N
45181	employee_doc_6902a580d49c9.PDF	3068	2025-10-29 17:38:40	2025-10-29 17:38:40	\N	\N	TERMINOS Y CONDICIONES DE FONDO DE AHORRO .PDF	55	\N	28	\N
45182	employee_doc_6902a580d506a.PDF	3068	2025-10-29 17:38:40	2025-10-29 17:38:40	\N	\N	ESTUDIO SOCIOECONOMICO.PDF	55	\N	24	\N
45183	employee_doc_6902a580d590b.PDF	3068	2025-10-29 17:38:40	2025-10-29 17:38:40	\N	\N	20 CONTRATO EDGAR GUERRERO.PDF	55	\N	20	\N
45184	employee_doc_6902a580d82a8.PDF	3068	2025-10-29 17:38:40	2025-10-29 17:38:40	\N	\N	CARTA DE CONFIDENCIALIDAD Y NO DIVULGACION .PDF	55	\N	23	\N
45186	employee_doc_6902a580d8fc8.PDF	3068	2025-10-29 17:38:40	2025-10-29 17:38:40	\N	\N	RESGUARDO DE UNIFORME Y CREDENCIAL.PDF	55	\N	36	\N
45188	employee_doc_6902a580d9d2f.PDF	3068	2025-10-29 17:38:40	2025-10-29 17:38:40	\N	\N	CARTA DE CONOCIMIENTOS DE INGRESOS PARA COLABORADORES.PDF	55	\N	32	\N
45189	employee_doc_6902a580da324.PDF	3068	2025-10-29 17:38:40	2025-10-29 17:38:40	\N	\N	REGLAMENTO DE BUZON DE DENUNCIAS.PDF	55	\N	31	\N
45190	employee_doc_6902a6442a19c.PDF	3068	2025-10-29 17:41:56	2025-10-29 17:41:56	\N	\N	COMPROBANTE BANCARIO.PDF	55	\N	16	\N
45191	employee_doc_6902a6442afaa.PDF	3068	2025-10-29 17:41:56	2025-10-29 17:41:56	\N	\N	ANTECEDENTES EDGAR GUERRERO LOPEZ.PDF	55	\N	15	\N
45192	employee_doc_6902a6442b7ee.PDF	3068	2025-10-29 17:41:56	2025-10-29 17:41:56	\N	\N	EDGAR GUERRERO LÓPEZ laboral.PDF	55	\N	14	\N
45193	employee_doc_6902a6442bf3a.PDF	3068	2025-10-29 17:41:56	2025-10-29 17:41:56	\N	\N	CARTA DE RECOMENDACION PERSONAL.PDF	55	\N	13	\N
45194	employee_doc_6902a6442c7f9.PDF	3068	2025-10-29 17:41:56	2025-10-29 17:41:56	\N	\N	LICENCIA DE CONDUCIR.PDF	55	\N	11	\N
45195	employee_doc_6902a6442cf1c.PDF	3068	2025-10-29 17:41:56	2025-10-29 17:41:56	\N	\N	COMPROBANTE DE ESTUDIOS.PDF	55	\N	9	\N
45196	employee_doc_6902a6442d72a.JPG	3068	2025-10-29 17:41:56	2025-10-29 17:41:56	\N	\N	COMPROBANTE DE DOMICILIO.JPG	55	\N	8	\N
45197	employee_doc_6902a6442dffc.PDF	3068	2025-10-29 17:41:56	2025-10-29 17:41:56	\N	\N	07. IMSS.PDF	55	\N	7	\N
45198	employee_doc_6902a6442e90c.PDF	3068	2025-10-29 17:41:56	2025-10-29 17:41:56	\N	\N	CURP_GULE770526HDFRPD01.PDF	55	\N	6	\N
45199	employee_doc_6902a6442f0a0.JPG	3068	2025-10-29 17:41:56	2025-10-29 17:41:56	\N	\N	03. ACTA DE NACIMIENTO.JPG	55	\N	3	\N
45200	employee_doc_6902a6442fc76.PDF	3068	2025-10-29 17:41:56	2025-10-29 17:41:56	\N	\N	05. CONSTANCIA DE SITUACION FISCAL.PDF	55	\N	5	\N
45201	employee_doc_6902a644305ff.JPG	3068	2025-10-29 17:41:56	2025-10-29 17:41:56	\N	\N	04. INE.JPG	55	\N	4	\N
45202	employee_doc_6902a64430d3c.PDF	3068	2025-10-29 17:41:56	2025-10-29 17:41:56	\N	\N	02. CV.PDF	55	\N	2	\N
45203	employee_doc_6902a64431489.PDF	3068	2025-10-29 17:41:56	2025-10-29 17:41:56	\N	\N	01. SOLICITUD DE EMPLEO.PDF	55	\N	1	\N
45204	employee_doc_6902a6443202a.PDF	3068	2025-10-29 17:41:56	2025-10-29 17:41:56	\N	\N	ALTA IMSS EDGAR GUERRERO LOPEZ.PDF	55	\N	19	\N
45187	employee_doc_6902a580d9702.pdf	3068	2025-10-29 17:38:40	2025-10-29 17:41:56	\N	\N	35 VACACIONES.PDF	55	\N	35	\N
45185	employee_doc_6902a580d8999.pdf	3068	2025-10-29 17:38:40	2025-10-29 17:41:56	\N	\N	56 DESCANSO EDGAR GUERRERO .PDF	55	\N	56	\N
45205	employee_doc_6902a6cebd1d1.JPEG	3069	2025-10-29 17:44:14	2025-10-29 17:44:14	\N	\N	04 INE.JPEG	55	\N	\N	\N
45206	employee_doc_6902a6cebdbe4.PDF	3069	2025-10-29 17:44:14	2025-10-29 17:44:14	\N	\N	VALE UNIFORME JORGE ALEJANDRO LEAL ALVARADO.PDF	55	\N	\N	\N
45207	employee_doc_6902a6cebe39a.PDF	3069	2025-10-29 17:44:14	2025-10-29 17:44:14	\N	\N	ALTA IMSS JORGE ALEJANDRO LEAL ALVARADO.PDF	55	\N	\N	\N
45208	employee_doc_6902a6cebed42.PDF	3069	2025-10-29 17:44:14	2025-10-29 17:44:14	\N	\N	ALTA IMSS JORGE ALEJANDRO LEAL ALVARADO (1).PDF	55	\N	\N	\N
45209	employee_doc_6902a6cebf603.PDF	3069	2025-10-29 17:44:14	2025-10-29 17:44:14	\N	\N	CURP.PDF	55	\N	\N	\N
45210	employee_doc_6902a6cebfbaf.JPEG	3069	2025-10-29 17:44:14	2025-10-29 17:44:14	\N	\N	04 INE2.JPEG	55	\N	\N	\N
45211	employee_doc_6902a6cec0201.JPEG	3069	2025-10-29 17:44:14	2025-10-29 17:44:14	\N	\N	08 COMPROBANTE DOMICILIO.JPEG	55	\N	\N	\N
45212	employee_doc_6902a6e3d9365.PDF	3069	2025-10-29 17:44:35	2025-10-29 17:44:35	\N	\N	26. EXAMEN PSICOMÉTRICO JORGE ALEJANDRO LEAL ALVARADO.PDF	55	\N	26	\N
45213	employee_doc_6902a7321d701.PDF	3069	2025-10-29 17:45:54	2025-10-29 17:45:54	\N	\N	51 RENUNCIA  MK.PDF	55	\N	51	\N
45214	employee_doc_6902a7321e25e.PDF	3069	2025-10-29 17:45:54	2025-10-29 17:45:54	\N	\N	52 FINIQUITO MK .PDF	55	\N	52	\N
45215	employee_doc_6902a7321ea7a.PDF	3069	2025-10-29 17:45:54	2025-10-29 17:45:54	\N	\N	52 FINIQUITO KS .PDF	55	\N	52	\N
45216	employee_doc_6902a7321f109.PDF	3069	2025-10-29 17:45:54	2025-10-29 17:45:54	\N	\N	PAGO DE FINIQUITO .PDF	55	\N	52	\N
45217	employee_doc_6902a7321f763.PDF	3069	2025-10-29 17:45:54	2025-10-29 17:45:54	\N	\N	51 RENUNCIA KS .PDF	55	\N	51	\N
45218	employee_doc_6902a79844f24.PDF	3069	2025-10-29 17:47:36	2025-10-29 17:47:36	\N	\N	ONBOARDING. 5. IMAGEN PERSONAL JORGE ALEJANDRO LEAL ALVARADO.PDF	55	\N	47	\N
45219	employee_doc_6902a7984587a.PDF	3069	2025-10-29 17:47:36	2025-10-29 17:47:36	\N	\N	ONBOARDING. 8 POLÍTICA ANTICORRUPCIÓN JORGE ALEJANDRO LEAL ALVARADO.PDF	55	\N	47	\N
45220	employee_doc_6902a79845f37.PDF	3069	2025-10-29 17:47:36	2025-10-29 17:47:36	\N	\N	ONBOARDING. 9 SEGURIDAD PRIVADA. ORIGEN, NORMATIVIDAD Y MODALIDADES JORGE ALEJANDRO LEAL ALVARADO.PDF	55	\N	47	\N
45221	employee_doc_6902a798465b4.PDF	3069	2025-10-29 17:47:36	2025-10-29 17:47:36	\N	\N	ONBOARDING. 12 LEGÍTIMA DEFENSA JORGE ALEJANDRO LEAL ALVARADO.PDF	55	\N	47	\N
45222	employee_doc_6902a79846bbd.PDF	3069	2025-10-29 17:47:36	2025-10-29 17:47:36	\N	\N	ONBOARDING. 10 PROTECCIÓN DE BIENES JORGE ALEJANDRO LEAL ALVARADO.PDF	55	\N	47	\N
45223	employee_doc_6902a798471ec.PDF	3069	2025-10-29 17:47:36	2025-10-29 17:47:36	\N	\N	ONBOARDING. 4. POLÍTICA DE CALIDAD JORGE ALEJANDRO LEAL ALVARADO.PDF	55	\N	47	\N
45224	employee_doc_6902a798477ec.PDF	3069	2025-10-29 17:47:36	2025-10-29 17:47:36	\N	\N	ONBOARDING. 3. CÓDIGO DE ÉTICA. JORGE ALEJANDRO LEAL ALVARADO.PDF	55	\N	47	\N
45225	employee_doc_6902a79847d5b.PDF	3069	2025-10-29 17:47:36	2025-10-29 17:47:36	\N	\N	ONBOARDING. 2 MISIÓN, VISIÓN Y VALORES JORGE ALEJANDRO LEAL ALVARADO.PDF	55	\N	47	\N
45226	employee_doc_6902a798482ee.PDF	3069	2025-10-29 17:47:36	2025-10-29 17:47:36	\N	\N	ONBOARDING. 1 BIENVENIDA A GRUPO INFOS JORGE ALEJANDRO LEAL ALVARADO.PDF	55	\N	47	\N
45227	employee_doc_6902a798488ce.PDF	3069	2025-10-29 17:47:36	2025-10-29 17:47:36	\N	\N	47. ONBOARDING POLÍTICA ANTIDROGAS JORGE LEAL .PDF	55	\N	47	\N
45228	employee_doc_6902a79848eec.PDF	3069	2025-10-29 17:47:36	2025-10-29 17:47:36	\N	\N	ONBOARDING. 7 CIBERSEGURIDAD JORGE ALEJANDRO LEAL ALVARADO.PDF	55	\N	47	\N
45229	employee_doc_6902a798494d7.PDF	3069	2025-10-29 17:47:36	2025-10-29 17:47:36	\N	\N	ONBOARDING. 6.  ASISTENCIA Y PUNTUALIDAD JORGE ALEJANDRO LEAL ALVARADO.PDF	55	\N	47	\N
45230	employee_doc_6902a7c7dff6f.PDF	3069	2025-10-29 17:48:23	2025-10-29 17:48:23	\N	\N	CUIP JORGE ALEJANDRO LEAL ALVARADO.PDF	55	\N	40	\N
45231	employee_doc_6902a7c7e190e.PDF	3069	2025-10-29 17:48:23	2025-10-29 17:48:23	\N	\N	57 BAJA SSC .PDF	55	\N	57	\N
45232	employee_doc_6902a7c7e2260.PDF	3069	2025-10-29 17:48:23	2025-10-29 17:48:23	\N	\N	57 BAJA SSC KS .PDF	55	\N	57	\N
45233	employee_doc_6902a87d7a503.PDF	3069	2025-10-29 17:51:25	2025-10-29 17:51:25	\N	\N	CARTA COMPROMISO DE CONFIDENCIALIDAD.PDF	55	\N	23	\N
45235	employee_doc_6902a87d7c4a8.PDF	3069	2025-10-29 17:51:25	2025-10-29 17:51:25	\N	\N	24. ESTUDIO SOCIOECONÓMICO JORGE ALEJANDRO LEAL (1).PDF	55	\N	24	\N
45237	employee_doc_6902a87d7de2c.PDF	3069	2025-10-29 17:51:25	2025-10-29 17:51:25	\N	\N	00 FICHA PERSONAL.PDF	55	\N	30	\N
45238	employee_doc_6902a87d7e733.PDF	3069	2025-10-29 17:51:25	2025-10-29 17:51:25	\N	\N	REGLAMENTO BUZÓN DENUNCIAS.PDF	55	\N	31	\N
45239	employee_doc_6902a87d7ef07.PDF	3069	2025-10-29 17:51:25	2025-10-29 17:51:25	\N	\N	56 FORMATO DE DESCANSO JORGE ALEJANDROLEAL.PDF	55	\N	56	\N
45240	employee_doc_6902a87d7fab6.PDF	3069	2025-10-29 17:51:25	2025-10-29 17:51:25	\N	\N	56 FORMATO DE DESCANSO JORGE ALEJANDRO LEAL (SEPTIEMBRE).PDF	55	\N	56	\N
45236	employee_doc_6902a87d7cfd4.pdf	3069	2025-10-29 17:51:25	2025-10-29 18:03:41	\N	\N	24 ESTUDIO SOCIOECONOMICO.PDF	55	\N	24	\N
45241	employee_doc_6902a87d8035c.PDF	3069	2025-10-29 17:51:25	2025-10-29 17:51:25	\N	\N	20 CONTRATO M.PDF	55	\N	20	\N
45242	employee_doc_6902a87d81a53.PDF	3069	2025-10-29 17:51:25	2025-10-29 17:51:25	\N	\N	AVISO DE PRIVACIDAD (1).PDF	55	\N	22	\N
45244	employee_doc_6902ab5dbff0f.PDF	3069	2025-10-29 18:03:41	2025-10-29 18:03:41	\N	\N	05 CSF.PDF	55	\N	5	\N
45234	employee_doc_6902a87d7b848.pdf	3069	2025-10-29 17:51:25	2025-10-29 18:03:41	\N	\N	23 CARTA DE CONFIDENCIALIDAD Y NO DIVULGACION.PDF	55	\N	23	\N
45254	employee_doc_6902ac382c518.PDF	3069	2025-10-29 18:07:20	2025-10-29 18:07:20	\N	\N	15 CARTA DE ANTECEDENTES NO PENALES.PDF	55	\N	15	\N
45247	employee_doc_6902ab5dc189a.pdf	3069	2025-10-29 18:03:41	2025-10-29 18:07:20	\N	\N	01 SOLICITUD DE EMPLEO.PDF	55	\N	1	\N
45246	employee_doc_6902ab5dc0dd2.pdf	3069	2025-10-29 18:03:41	2025-10-29 18:07:20	\N	\N	04 INE.PDF	55	\N	4	\N
45245	employee_doc_6902ab5dc06d3.jpeg	3069	2025-10-29 18:03:41	2025-10-29 18:07:20	\N	\N	03 ACTA NACIMIENTO.JPEG	55	\N	3	\N
45243	employee_doc_6902ab5dbf32e.pdf	3069	2025-10-29 18:03:41	2025-10-29 18:07:20	\N	\N	05 CONSTANCIA DE SITUACION FISCAL.PDF	55	\N	5	\N
45248	employee_doc_6902ab5dc28bd.pdf	3069	2025-10-29 18:03:41	2025-10-29 18:07:20	\N	\N	06 CURP.PDF	55	\N	6	\N
45255	employee_doc_6902ac84300ce.PDF	3069	2025-10-29 18:08:36	2025-10-29 18:08:36	\N	\N	JORGE_ALEJANDRO_LEAL_ALVARADO Personal.PDF	55	\N	30	\N
45256	employee_doc_6902ac8430ba0.pdf	3069	2025-10-29 18:08:36	2025-10-29 18:08:36	\N	\N	08 COMPROBANTE DE DOMICILIO (1).pdf	55	\N	8	\N
45257	employee_doc_6902ac843132f.pdf	3069	2025-10-29 18:08:36	2025-10-29 18:08:36	\N	\N	07 IMSS.pdf	55	\N	7	\N
45258	employee_doc_6902ac843197e.pdf	3069	2025-10-29 18:08:36	2025-10-29 18:08:36	\N	\N	25 ANTIDOPING.pdf	55	\N	25	\N
45259	employee_doc_6902ac84324af.PDF	3069	2025-10-29 18:08:36	2025-10-29 18:08:36	\N	\N	NSS JORGE ALEJANDRO LEAL ALVARADO.PDF	55	\N	7	\N
45260	employee_doc_6902ac8432ab9.pdf	3069	2025-10-29 18:08:36	2025-10-29 18:08:36	\N	\N	09 COMPROBANTE DE ESTUDIOS.pdf	55	\N	9	\N
45253	employee_doc_6902ac382bdc4.PDF	3069	2025-10-29 18:07:20	2025-10-29 18:08:36	\N	\N	JORGE ALEJANDRO LEAL ALVARADO LABORAL.PDF	55	\N	14	\N
45249	employee_doc_6902ac3827af0.jpeg	3069	2025-10-29 18:07:20	2025-10-29 18:08:36	\N	\N	16 COMPROBANTE DE CUENTA BANCARIA.JPEG	55	\N	16	\N
45251	employee_doc_6902ac382a04f.pdf	3069	2025-10-29 18:07:20	2025-10-29 18:08:36	\N	\N	18 FOTOGRAFIA DEL DOMICILIO CON # VISIBLE.PDF	55	\N	18	\N
45250	employee_doc_6902ac3828524.pdf	3069	2025-10-29 18:07:20	2025-10-29 18:08:36	\N	\N	19 ALTA IMSS.PDF	55	\N	19	\N
45252	employee_doc_6902ac382b767.pdf	3069	2025-10-29 18:07:20	2025-10-29 18:08:36	\N	\N	ALTA IMSS JORGE ALEJANDRO LEAL ALVARADO.PDF	55	\N	19	\N
45261	employee_doc_69037e5e59e29.PDF	3070	2025-10-30 09:03:58	2025-10-30 09:03:58	\N	\N	CERTIFICADO DE INCAPACIDAD ROSARIO CITHLALY.PDF	55	\N	\N	\N
45262	employee_doc_69037e5e5aa3d.PDF	3070	2025-10-30 09:03:58	2025-10-30 09:03:58	\N	\N	68 COVID.PDF	55	\N	\N	\N
45263	employee_doc_69037e5e5b367.PDF	3070	2025-10-30 09:03:58	2025-10-30 09:03:58	\N	\N	33 CARTA COMPROMISO A ENTREGA DE DOCUMENTOS .PDF	55	\N	\N	\N
45264	employee_doc_69037ebe32d85.PDF	3070	2025-10-30 09:05:34	2025-10-30 09:05:34	\N	\N	47 FO CAPA 05.PDF	55	\N	47	\N
45265	employee_doc_69037f2e0b3f9.PDF	3070	2025-10-30 09:07:26	2025-10-30 09:07:26	\N	\N	EXAMEN TOXICOLOGICO RCU.PDF	55	\N	44	\N
45266	employee_doc_69037fd080d84.PDF	3070	2025-10-30 09:10:08	2025-10-30 09:10:08	\N	\N	23 CARTA COMPROMISO DE CONFIDENCIALIDAD Y NO DIVULGACION .PDF	55	\N	23	\N
45267	employee_doc_69037fd081bd7.PDF	3070	2025-10-30 09:10:08	2025-10-30 09:10:08	\N	\N	32 CONOCIMIENTO DE INGRESOS .PDF	55	\N	32	\N
45268	employee_doc_69037fd0824ec.PDF	3070	2025-10-30 09:10:08	2025-10-30 09:10:08	\N	\N	36 CREDENCIAL .PDF	55	\N	36	\N
45269	employee_doc_69037fd082f8c.PDF	3070	2025-10-30 09:10:08	2025-10-30 09:10:08	\N	\N	20 CONTRATO  ROSARIO CITHLALY.PDF	55	\N	20	\N
45270	employee_doc_69037fd08580e.PDF	3070	2025-10-30 09:10:08	2025-10-30 09:10:08	\N	\N	21 REGLAMENTO INTERNO DE TRABAJO .PDF	55	\N	21	\N
45271	employee_doc_6903810f62a83.PDF	3070	2025-10-30 09:15:27	2025-10-30 09:15:27	\N	\N	09 COMPROBANTE DE ESTUDIOS.PDF	55	\N	9	\N
45272	employee_doc_6903810f638a7.PDF	3070	2025-10-30 09:15:27	2025-10-30 09:15:27	\N	\N	10 EXAMEN MEDICO.PDF	55	\N	10	\N
45273	employee_doc_6903810f64189.PDF	3070	2025-10-30 09:15:27	2025-10-30 09:15:27	\N	\N	16 ESTADO DE CUENTA BANCARIO.PDF	55	\N	16	\N
45274	employee_doc_6903810f648f2.PDF	3070	2025-10-30 09:15:27	2025-10-30 09:15:27	\N	\N	ALTA IMSS URIAS ROSARIO CITHLALY.PDF	55	\N	19	\N
45275	employee_doc_6903810f64ebc.PDF	3070	2025-10-30 09:15:27	2025-10-30 09:15:27	\N	\N	03 ACTA DE NACIMIENTO.PDF	55	\N	3	\N
45276	employee_doc_6903810f657e0.PDF	3070	2025-10-30 09:15:27	2025-10-30 09:15:27	\N	\N	04 INE.PDF	55	\N	4	\N
45277	employee_doc_6903810f66081.PDF	3070	2025-10-30 09:15:27	2025-10-30 09:15:27	\N	\N	01 SOLICITUD DE EMPLEO .PDF	55	\N	1	\N
45278	employee_doc_6903810f66ab7.PDF	3070	2025-10-30 09:15:27	2025-10-30 09:15:27	\N	\N	05 CONSTANCIA DE SITUACION FISCAL.PDF	55	\N	5	\N
45279	employee_doc_6903810f67359.PDF	3070	2025-10-30 09:15:27	2025-10-30 09:15:27	\N	\N	06 CURP.PDF	55	\N	6	\N
45280	employee_doc_6903810f67be9.PDF	3070	2025-10-30 09:15:27	2025-10-30 09:15:27	\N	\N	07 HOJA DE ASIGNACION DE NUMERO DE SEGURIDAD SOCIAL.PDF	55	\N	7	\N
45281	employee_doc_6903810f687eb.PDF	3070	2025-10-30 09:15:27	2025-10-30 09:15:27	\N	\N	08 COMPROBANTE DE DOMICILIO (1).PDF	55	\N	8	\N
45282	employee_doc_6903810f6ae80.PDF	3070	2025-10-30 09:15:27	2025-10-30 09:15:27	\N	\N	ROSARIO CITHLALY URIAS .PDF	55	\N	\N	\N
45284	employee_doc_6903818a6f605.PDF	3070	2025-10-30 09:17:30	2025-10-30 09:17:30	\N	\N	ROSARIO CITHLALY URIAS Referencia.PDF	55	\N	13	\N
45285	employee_doc_6903818a70009.pdf	3070	2025-10-30 09:17:30	2025-10-30 09:17:30	\N	\N	Rosario Cithlaly Urias Publico.pdf	55	\N	14	\N
45283	employee_doc_6903810f6b591.pdf	3070	2025-10-30 09:15:27	2025-10-30 09:17:30	\N	\N	ROSARIO CITHLALY URIAS  (1).PDF	55	\N	\N	\N
45286	employee_doc_6903829fd2cd8.PDF	3071	2025-10-30 09:22:07	2025-10-30 09:22:07	\N	\N	JUSTIFICANTE MEDICO GABRIELA MUNGIA .PDF	55	\N	\N	\N
45287	employee_doc_690382c215083.PDF	3071	2025-10-30 09:22:42	2025-10-30 09:22:42	\N	\N	EXAMEN TOXICOLOGICO GRM.PDF	55	\N	44	\N
45288	employee_doc_69038368aedb7.PDF	3071	2025-10-30 09:25:28	2025-10-30 09:25:28	\N	\N	16 ESTADO DE CUENTA BANCARIO.PDF	55	\N	16	\N
45289	employee_doc_69038368afc69.PDF	3071	2025-10-30 09:25:28	2025-10-30 09:25:28	\N	\N	ALTA IMSS GABRIELA RODRIGUEZ MUNGUIA.PDF	55	\N	19	\N
45290	employee_doc_69038368b0292.PDF	3071	2025-10-30 09:25:28	2025-10-30 09:25:28	\N	\N	ALTA IMSS RODRIGUEZ MUNGUIA GABRIELA.PDF	55	\N	19	\N
45291	employee_doc_69038368b0864.PDF	3071	2025-10-30 09:25:28	2025-10-30 09:25:28	\N	\N	ALTA IMSS GABRIELA RODRIGUEZ MUNGUIA (1).PDF	55	\N	19	\N
45292	employee_doc_69038368b0dca.PDF	3071	2025-10-30 09:25:28	2025-10-30 09:25:28	\N	\N	04 INE.PDF	55	\N	4	\N
45293	employee_doc_69038368b164d.PDF	3071	2025-10-30 09:25:28	2025-10-30 09:25:28	\N	\N	04 INE  (1).PDF	55	\N	4	\N
45294	employee_doc_69038368b1e2d.PDF	3071	2025-10-30 09:25:28	2025-10-30 09:25:28	\N	\N	03 ACTA DE NACIMIENTO.PDF	55	\N	3	\N
45295	employee_doc_69038368b284b.PDF	3071	2025-10-30 09:25:28	2025-10-30 09:25:28	\N	\N	05 CONSTANCIA DE SITUACION FISCAL.PDF	55	\N	5	\N
45296	employee_doc_69038368b32eb.PDF	3071	2025-10-30 09:25:28	2025-10-30 09:25:28	\N	\N	06 CURP.PDF	55	\N	6	\N
45297	employee_doc_69038368b3aff.PDF	3071	2025-10-30 09:25:28	2025-10-30 09:25:28	\N	\N	08 COMPROBANTE DE DOMICILIO (1).PDF	55	\N	8	\N
45298	employee_doc_69038368b443b.PDF	3071	2025-10-30 09:25:28	2025-10-30 09:25:28	\N	\N	09 COMPROBANTE DE ESTUDIOS.PDF	55	\N	9	\N
45299	employee_doc_69038368b4cf6.PDF	3071	2025-10-30 09:25:28	2025-10-30 09:25:28	\N	\N	14 CARTA DE RECOMENDACION LABORAL.PDF	55	\N	14	\N
45301	employee_doc_6903837c6a873.pdf	3071	2025-10-30 09:25:48	2025-10-30 09:25:48	\N	\N	GABRIELA RODRIGUEZ MUNGUIA personal.pdf	55	\N	13	\N
45300	employee_doc_69038368b5b9f.pdf	3071	2025-10-30 09:25:28	2025-10-30 09:25:48	\N	\N	GABRIELA RODRIGUEZ MUNGUIA.PDF	55	\N	\N	\N
45302	employee_doc_690385d543a96.PDF	3073	2025-10-30 09:35:49	2025-10-30 09:35:49	\N	\N	33 CARTA COMPROMISO DE ENTREGA DE DOCUMENTOS .PDF	55	\N	\N	\N
45303	employee_doc_690385d544819.PDF	3073	2025-10-30 09:35:49	2025-10-30 09:35:49	\N	\N	ANEXO 1 .PDF	55	\N	\N	\N
45304	employee_doc_6903862ca0af3.PDF	3073	2025-10-30 09:37:16	2025-10-30 09:37:16	\N	\N	47 FO CAPA 05.PDF	55	\N	47	\N
45305	employee_doc_69038697d60e3.PDF	3073	2025-10-30 09:39:03	2025-10-30 09:39:03	\N	\N	23 CARTA DE CONFIDENCIALIDAD Y NO DIVULGACION .PDF	55	\N	23	\N
45306	employee_doc_69038697d8684.PDF	3073	2025-10-30 09:39:03	2025-10-30 09:39:03	\N	\N	31 REGLAMENTO DE BUZON DE DENUNCIAS .PDF	55	\N	31	\N
45307	employee_doc_69038697da1ba.PDF	3073	2025-10-30 09:39:03	2025-10-30 09:39:03	\N	\N	32 CONOCIMIENTO DE INGRESOS .PDF	55	\N	32	\N
45308	employee_doc_69038697dbb69.PDF	3073	2025-10-30 09:39:03	2025-10-30 09:39:03	\N	\N	36 CREDENCIAL .PDF	55	\N	36	\N
45310	employee_doc_69038697e2582.PDF	3073	2025-10-30 09:39:03	2025-10-30 09:39:03	\N	\N	21 REGLAMENTO INTERNO .PDF	55	\N	21	\N
45311	employee_doc_690386e425422.PDF	3073	2025-10-30 09:40:20	2025-10-30 09:40:20	\N	\N	06 CURP.PDF	55	\N	6	\N
45312	employee_doc_690386e426253.PDF	3073	2025-10-30 09:40:20	2025-10-30 09:40:20	\N	\N	07 HOJA DE ASIGNACION DE NUMERO DE SEGURIDAD SOCIAL .PDF	55	\N	7	\N
45313	employee_doc_690386e426f42.PDF	3073	2025-10-30 09:40:20	2025-10-30 09:40:20	\N	\N	16 ESTADO DE CUENTA BANCARIO .PDF	55	\N	16	\N
45314	employee_doc_690386e4278aa.PDF	3073	2025-10-30 09:40:20	2025-10-30 09:40:20	\N	\N	04 INE.PDF	55	\N	4	\N
45315	employee_doc_690386e428109.PDF	3073	2025-10-30 09:40:20	2025-10-30 09:40:20	\N	\N	01 SOLICITUD  DE EMPLEO.PDF	55	\N	1	\N
45309	employee_doc_69038697dcf50.pdf	3073	2025-10-30 09:39:03	2025-10-30 09:40:20	\N	\N	20 CONTRATO .PDF	55	\N	20	\N
45316	employee_doc_69038796eb54a.PDF	3074	2025-10-30 09:43:18	2025-10-30 09:43:18	\N	\N	31 REGLAMENTO DE BUZON DE DENUNCIAS .PDF	55	\N	\N	\N
45317	employee_doc_69038796edd57.PDF	3074	2025-10-30 09:43:18	2025-10-30 09:43:18	\N	\N	32 CONOCIMIENTO DE INGRESOS.PDF	55	\N	\N	\N
45318	employee_doc_69038796efa36.PDF	3074	2025-10-30 09:43:18	2025-10-30 09:43:18	\N	\N	36 CREDENCIAL (1).PDF	55	\N	\N	\N
45319	employee_doc_69038796f1d79.PDF	3074	2025-10-30 09:43:18	2025-10-30 09:43:18	\N	\N	16 ESTADO DE CUENTA BANCARIO .PDF	55	\N	\N	\N
45320	employee_doc_69038796f34b5.PDF	3074	2025-10-30 09:43:18	2025-10-30 09:43:18	\N	\N	ANEXO 1 .PDF	55	\N	\N	\N
45321	employee_doc_69038797002bb.PDF	3074	2025-10-30 09:43:19	2025-10-30 09:43:19	\N	\N	ANEXO 1  (1).PDF	55	\N	\N	\N
45322	employee_doc_69038797027b8.PDF	3074	2025-10-30 09:43:19	2025-10-30 09:43:19	\N	\N	33 CARTA COMPROMISO DE ENTREGA DE DOCUMENTOS.PDF	55	\N	\N	\N
45323	employee_doc_6903879703773.PDF	3074	2025-10-30 09:43:19	2025-10-30 09:43:19	\N	\N	33 CARTA COMPROMISO DE ENTREGA DE DOCUMENTOS (1).PDF	55	\N	\N	\N
45324	employee_doc_6903879704411.PDF	3074	2025-10-30 09:43:19	2025-10-30 09:43:19	\N	\N	01 SOLICITUD DE EMPLEO .PDF	55	\N	\N	\N
45325	employee_doc_690387970888c.PDF	3074	2025-10-30 09:43:19	2025-10-30 09:43:19	\N	\N	04 INE  (1).PDF	55	\N	\N	\N
45326	employee_doc_690387970a1a6.PDF	3074	2025-10-30 09:43:19	2025-10-30 09:43:19	\N	\N	06 CURP .PDF	55	\N	\N	\N
45327	employee_doc_690387970b06e.PDF	3074	2025-10-30 09:43:19	2025-10-30 09:43:19	\N	\N	21 REGLAMENTO INTERNO .PDF	55	\N	\N	\N
45328	employee_doc_6903879710374.PDF	3074	2025-10-30 09:43:19	2025-10-30 09:43:19	\N	\N	23 CARTA DE CONFIDENCIALIDAD Y NO DIVULGACION .PDF	55	\N	\N	\N
45329	employee_doc_690387d826c34.PDF	3074	2025-10-30 09:44:24	2025-10-30 09:44:24	\N	\N	47 FO CAPA 05  (1).PDF	55	\N	47	\N
45330	employee_doc_690387d827bbd.PDF	3074	2025-10-30 09:44:24	2025-10-30 09:44:24	\N	\N	47. ONBOARDING POLÍTICA ANTIDROGAS JORGE LUIS PÉREZ SALAS.PDF	55	\N	47	\N
45331	employee_doc_690387d82839d.PDF	3074	2025-10-30 09:44:24	2025-10-30 09:44:24	\N	\N	26. EXAMEN PSICOMÉTRICO JORGE LUIS PÉREZ SALAS .PDF	55	\N	26	\N
45332	employee_doc_690387d828ede.PDF	3074	2025-10-30 09:44:24	2025-10-30 09:44:24	\N	\N	47 FO CAPA 05 .PDF	55	\N	47	\N
45333	employee_doc_690388560602b.PDF	3074	2025-10-30 09:46:30	2025-10-30 09:46:30	\N	\N	23 CARTA DE CONFIDENCIALIDAD Y NO DIVULGACION .PDF	55	\N	23	\N
45334	employee_doc_69038856074d7.PDF	3074	2025-10-30 09:46:30	2025-10-30 09:46:30	\N	\N	24. ESTUDIO SOCIOECONÓMICO JORGE LUIS PÉREZ SALAS  (1).PDF	55	\N	24	\N
45335	employee_doc_690388560898a.PDF	3074	2025-10-30 09:46:30	2025-10-30 09:46:30	\N	\N	31 REGLAMENTO DE BUZON DE DENUNCIAS .PDF	55	\N	31	\N
45336	employee_doc_690388560a175.PDF	3074	2025-10-30 09:46:30	2025-10-30 09:46:30	\N	\N	32 CONOCIMIENTO DE INGRESOS.PDF	55	\N	32	\N
45337	employee_doc_690388560aad0.PDF	3074	2025-10-30 09:46:30	2025-10-30 09:46:30	\N	\N	36 CREDENCIAL (1).PDF	55	\N	36	\N
45339	employee_doc_69038856109c6.PDF	3074	2025-10-30 09:46:30	2025-10-30 09:46:30	\N	\N	21 REGLAMENTO INTERNO .PDF	55	\N	21	\N
45340	employee_doc_690388ad64375.PDF	3074	2025-10-30 09:47:57	2025-10-30 09:47:57	\N	\N	04 INE  (1).PDF	55	\N	4	\N
45341	employee_doc_690388ad651d6.PDF	3074	2025-10-30 09:47:57	2025-10-30 09:47:57	\N	\N	06 CURP .PDF	55	\N	6	\N
45342	employee_doc_690388ad65d86.PDF	3074	2025-10-30 09:47:57	2025-10-30 09:47:57	\N	\N	16 ESTADO DE CUENTA BANCARIO .PDF	55	\N	16	\N
45343	employee_doc_690388ad66a10.PDF	3074	2025-10-30 09:47:57	2025-10-30 09:47:57	\N	\N	01 SOLICITUD DE EMPLEO .PDF	55	\N	1	\N
45338	employee_doc_690388560b33b.pdf	3074	2025-10-30 09:46:30	2025-10-30 09:47:57	\N	\N	20 CONTRATO .PDF	55	\N	20	\N
45346	employee_doc_690389cc35106.PDF	3075	2025-10-30 09:52:44	2025-10-30 09:52:44	\N	\N	04 INE  (1).PDF	55	\N	4	\N
45347	employee_doc_690389cc35c77.PDF	3075	2025-10-30 09:52:44	2025-10-30 09:52:44	\N	\N	03 ACTA DE NACIMIENTO .PDF	55	\N	3	\N
45348	employee_doc_690389cc36baf.PDF	3075	2025-10-30 09:52:44	2025-10-30 09:52:44	\N	\N	06 CURP .PDF	55	\N	6	\N
45349	employee_doc_690389cc3748a.PDF	3075	2025-10-30 09:52:44	2025-10-30 09:52:44	\N	\N	09 ACTA DE NACIMIENTO .PDF	55	\N	3	\N
45350	employee_doc_690389cc37eda.PDF	3075	2025-10-30 09:52:44	2025-10-30 09:52:44	\N	\N	JOSE MANUEL BUSTILLOS RUBI.PDF	55	\N	\N	\N
45351	employee_doc_690389cc384ad.PDF	3075	2025-10-30 09:52:44	2025-10-30 09:52:44	\N	\N	JOSÉ MANUEL BUSTILLOS RUBÍ.PDF	55	\N	\N	\N
45352	employee_doc_690389cc38a68.PDF	3075	2025-10-30 09:52:44	2025-10-30 09:52:44	\N	\N	JOSÉ MANUEL BUSTILLOS RUBI.PDF	55	\N	\N	\N
45353	employee_doc_69038a044e2c6.PDF	3075	2025-10-30 09:53:40	2025-10-30 09:53:40	\N	\N	JOSÉ MANUEL BUSTILLOS RUBÍ Personal.PDF	55	\N	13	\N
45354	employee_doc_69038a044ece2.PDF	3075	2025-10-30 09:53:40	2025-10-30 09:53:40	\N	\N	JOSÉ MANUEL BUSTILLOS RUBI Laboral.PDF	55	\N	14	\N
45355	employee_doc_69038a044f3d4.PDF	3075	2025-10-30 09:53:40	2025-10-30 09:53:40	\N	\N	JOSE MANUEL BUSTILLOS RUBI Personal.PDF	55	\N	13	\N
45344	employee_doc_690389cc33a93.pdf	3075	2025-10-30 09:52:44	2025-10-30 09:53:40	\N	\N	16 COMPROBANTE DE CUENTA BANCARIA.PDF	55	\N	16	\N
45345	employee_doc_690389cc348f9.pdf	3075	2025-10-30 09:52:44	2025-10-30 09:53:40	\N	\N	16 COMPROBANTE DE CUENTA BANCARIA .PDF	55	\N	16	\N
45356	employee_doc_69038b1763a50.PDF	3076	2025-10-30 09:58:15	2025-10-30 09:58:15	\N	\N	CARTA DE RECOMENDACIÓN PERSONAL.PDF	55	\N	13	\N
45357	employee_doc_69038b17648b8.pdf	3076	2025-10-30 09:58:15	2025-10-30 09:58:15	\N	\N	16 COMPROBANTE DE CUENTA BANCARIA.pdf	55	\N	16	\N
45358	employee_doc_69038b17656ad.PDF	3076	2025-10-30 09:58:15	2025-10-30 09:58:15	\N	\N	ALTA IMSS ALBERTO GUTIERREZ JULIO.PDF	55	\N	19	\N
45359	employee_doc_69038b1765d42.pdf	3076	2025-10-30 09:58:15	2025-10-30 09:58:15	\N	\N	ALTA IMSS ALBERTO GUTIERREZ JULIO (1).pdf	55	\N	19	\N
45360	employee_doc_69038b176641f.pdf	3076	2025-10-30 09:58:15	2025-10-30 09:58:15	\N	\N	20 CONTRATO.pdf	55	\N	\N	\N
45361	employee_doc_69038b1767d1f.PDF	3076	2025-10-30 09:58:15	2025-10-30 09:58:15	\N	\N	20 CONTRATO ALBERTO GUTIERREZ.PDF	55	\N	20	\N
45362	employee_doc_69038b176a01c.PDF	3076	2025-10-30 09:58:15	2025-10-30 09:58:15	\N	\N	04 INE  (1).PDF	55	\N	4	\N
45363	employee_doc_69038b176a840.PDF	3076	2025-10-30 09:58:15	2025-10-30 09:58:15	\N	\N	03 ACTA DE NACIMIENTO .PDF	55	\N	3	\N
45364	employee_doc_69038b176b236.PDF	3076	2025-10-30 09:58:15	2025-10-30 09:58:15	\N	\N	05 CONSTANCIA DE SITUACION FISCAL .PDF	55	\N	5	\N
45365	employee_doc_69038b176bd26.PDF	3076	2025-10-30 09:58:15	2025-10-30 09:58:15	\N	\N	06 CURP .PDF	55	\N	6	\N
45366	employee_doc_69038b176c728.PDF	3076	2025-10-30 09:58:15	2025-10-30 09:58:15	\N	\N	07 HOJA DE ASIGNACION DE NUMERO DE SEGURIDAD SOCIAL .PDF	55	\N	7	\N
45367	employee_doc_69038b176d035.PDF	3076	2025-10-30 09:58:15	2025-10-30 09:58:15	\N	\N	08 COMPROBANTE DE DOMICILIO (1).PDF	55	\N	8	\N
45368	employee_doc_69038b176d88a.PDF	3076	2025-10-30 09:58:15	2025-10-30 09:58:15	\N	\N	09 COMPROBANTE DE ESTUDIOS .PDF	55	\N	9	\N
45369	employee_doc_690e5650bc0a4.PDF	3077	2025-11-07 14:28:00	2025-11-07 14:28:00	\N	\N	16 COMPROBANTE DE CUENTA BANCARIA.PDF	55	\N	\N	\N
45370	employee_doc_690e56fa83c9e.PDF	3077	2025-11-07 14:30:50	2025-11-07 14:30:50	\N	\N	06 CURP .PDF	55	\N	6	\N
45371	employee_doc_690e56fa84a87.PDF	3077	2025-11-07 14:30:50	2025-11-07 14:30:50	\N	\N	07 HOJA DE ASIGNACION DE NUMERO DE SEGURIDAD SOCIAL .PDF	55	\N	7	\N
45372	employee_doc_690e56fa85440.PDF	3077	2025-11-07 14:30:50	2025-11-07 14:30:50	\N	\N	08 COMPROBANTE DE DOMICILIO (1).PDF	55	\N	8	\N
45373	employee_doc_690e56fa85dba.PDF	3077	2025-11-07 14:30:50	2025-11-07 14:30:50	\N	\N	09 COMPROBANTE DE ESTUDIOS .PDF	55	\N	9	\N
45374	employee_doc_690e56fa86701.PDF	3077	2025-11-07 14:30:50	2025-11-07 14:30:50	\N	\N	ALAN IVAN AYALA MONTOYA.PDF	55	\N	13	\N
45375	employee_doc_690e56fa86d91.pdf	3077	2025-11-07 14:30:50	2025-11-07 14:30:50	\N	\N	Alan Iván Ayala Montoya .pdf	55	\N	14	\N
45376	employee_doc_690e56fa873d9.PDF	3077	2025-11-07 14:30:50	2025-11-07 14:30:50	\N	\N	16 COMPROBANTE DE CUENTA BANCARIA.PDF	55	\N	16	\N
45377	employee_doc_690e56fa879e4.PDF	3077	2025-11-07 14:30:50	2025-11-07 14:30:50	\N	\N	03 ACTA DE NACIMIENTO .PDF	55	\N	3	\N
45378	employee_doc_690e56fa88224.PDF	3077	2025-11-07 14:30:50	2025-11-07 14:30:50	\N	\N	05 CONSTANCIA DE SITUCION FISCAL .PDF	55	\N	5	\N
45379	employee_doc_690e56fa88a20.PDF	3077	2025-11-07 14:30:50	2025-11-07 14:30:50	\N	\N	04 INE  (1).PDF	55	\N	4	\N
45380	employee_doc_690e5764e8486.PDF	3078	2025-11-07 14:32:36	2025-11-07 14:32:36	\N	\N	IDENTIFICACION PERSONAL.PDF	55	\N	\N	\N
45381	employee_doc_690e5764e9705.PDF	3078	2025-11-07 14:32:36	2025-11-07 14:32:36	\N	\N	33 CARTA COMPROMISO A ENTREGA DE DOCUMENTOS.PDF	55	\N	\N	\N
45382	employee_doc_690e5764ea18a.PDF	3078	2025-11-07 14:32:36	2025-11-07 14:32:36	\N	\N	ANEXO 1 .PDF	55	\N	\N	\N
45383	employee_doc_690e578986f13.PDF	3078	2025-11-07 14:33:13	2025-11-07 14:33:13	\N	\N	26. EXAMEN PSICOMÉTRICO ILIANY REYES RUIZ.PDF	55	\N	26	\N
45384	employee_doc_690e6c322aec7.PDF	3078	2025-11-07 16:01:22	2025-11-07 16:01:22	\N	\N	47. ONBOARDING POLÍTICA ANTIDROGAS ILIANY REYES .PDF	55	\N	47	\N
45385	employee_doc_690e6c322bd02.PDF	3078	2025-11-07 16:01:22	2025-11-07 16:01:22	\N	\N	47 FO CAPA 05.PDF	55	\N	47	\N
45386	employee_doc_690e6dd9a6f1c.PDF	3078	2025-11-07 16:08:25	2025-11-07 16:08:25	\N	\N	21 REGLAMENTO INTERNO DE TRABAJO .PDF	55	\N	21	\N
45387	employee_doc_690e6dd9a7c9d.PDF	3078	2025-11-07 16:08:25	2025-11-07 16:08:25	\N	\N	23 CARTA COMPROMISO DE CONFIDENCIALIDD Y NO DIVULGACION .PDF	55	\N	23	\N
45388	employee_doc_690e6dd9a855e.PDF	3078	2025-11-07 16:08:25	2025-11-07 16:08:25	\N	\N	24. ESTUDIO SOCIOECONÓMICO ILIANY REYES.PDF	55	\N	24	\N
45389	employee_doc_690e6dd9a8f78.PDF	3078	2025-11-07 16:08:25	2025-11-07 16:08:25	\N	\N	31 REGLAMENTO BUZON DE DENUCIAS .PDF	55	\N	31	\N
45390	employee_doc_690e6dd9a9727.PDF	3078	2025-11-07 16:08:25	2025-11-07 16:08:25	\N	\N	32 CONOCIMIENTO DE INGRESOS .PDF	55	\N	32	\N
45391	employee_doc_690e6dd9a9ef3.PDF	3078	2025-11-07 16:08:25	2025-11-07 16:08:25	\N	\N	36 CREDENCIAL.PDF	55	\N	36	\N
45393	employee_doc_690e6dff0bb4b.PDF	3078	2025-11-07 16:09:03	2025-11-07 16:09:03	\N	\N	01 SOLICITUD DE EMPLEO .PDF	55	\N	1	\N
45392	employee_doc_690e6dd9aa71b.pdf	3078	2025-11-07 16:08:25	2025-11-07 16:09:03	\N	\N	20 CONTRATO ILIANY REYES.PDF	55	\N	20	\N
45394	employee_doc_690e6eabe3d7a.PDF	3079	2025-11-07 16:11:55	2025-11-07 16:11:55	\N	\N	33 CARTA  COMPPROMISO DE ENTREGA DE DOCUMENTOS .PDF	55	\N	\N	\N
45395	employee_doc_690e6eabe4c32.PDF	3079	2025-11-07 16:11:55	2025-11-07 16:11:55	\N	\N	ANEXO 1.PDF	55	\N	\N	\N
45396	employee_doc_690e6ecdecc84.PDF	3079	2025-11-07 16:12:29	2025-11-07 16:12:29	\N	\N	47 FO CAPA 05 .PDF	55	\N	47	\N
45397	employee_doc_690e6f3fe3533.PDF	3079	2025-11-07 16:14:23	2025-11-07 16:14:23	\N	\N	23 CARTA DE CONFIDENCIALIDAD Y NO DIVULGACION .PDF	55	\N	23	\N
45398	employee_doc_690e6f3fe422a.PDF	3079	2025-11-07 16:14:23	2025-11-07 16:14:23	\N	\N	31 REGLAMENTO DE BUZON DE DENUNCIAS .PDF	55	\N	31	\N
45399	employee_doc_690e6f3fe4c07.PDF	3079	2025-11-07 16:14:23	2025-11-07 16:14:23	\N	\N	32 CONOCIMIENTO DE INGRESOS .PDF	55	\N	32	\N
45400	employee_doc_690e6f3fe543a.PDF	3079	2025-11-07 16:14:23	2025-11-07 16:14:23	\N	\N	36 CREDENCIAL .PDF	55	\N	36	\N
45402	employee_doc_690e6f3fe85d7.PDF	3079	2025-11-07 16:14:23	2025-11-07 16:14:23	\N	\N	21 REGLAMENTO INTERNO .PDF	55	\N	21	\N
45403	employee_doc_690e6fc9ba48b.PDF	3079	2025-11-07 16:16:41	2025-11-07 16:16:41	\N	\N	07 HOJA DE ASIGNACION DE NUMERO DE SEGURIDAD SOCIAL .PDF	55	\N	7	\N
45404	employee_doc_690e6fc9bb303.PDF	3079	2025-11-07 16:16:41	2025-11-07 16:16:41	\N	\N	01 SOLICITUD DE EMPLEO.PDF	55	\N	1	\N
45405	employee_doc_690e6fc9bc48c.PDF	3079	2025-11-07 16:16:41	2025-11-07 16:16:41	\N	\N	06 CURP.PDF	55	\N	6	\N
45401	employee_doc_690e6f3fe5cd6.pdf	3079	2025-11-07 16:14:23	2025-11-07 16:16:41	\N	\N	20 CONTRATO.PDF	55	\N	20	\N
45406	employee_doc_690e70f11d9e4.pdf	3080	2025-11-07 16:21:37	2025-11-07 16:21:37	\N	\N	16 COMPROBANTE DE CUENTA BANCARIA.pdf	55	\N	16	\N
45407	employee_doc_690e70f11e70b.pdf	3080	2025-11-07 16:21:37	2025-11-07 16:21:37	\N	\N	04 INE.pdf	55	\N	4	\N
45408	employee_doc_690e70f11ef49.pdf	3080	2025-11-07 16:21:37	2025-11-07 16:21:37	\N	\N	03 ACTA DE NACIMIENTO .pdf	55	\N	3	\N
45409	employee_doc_690e70f11f787.pdf	3080	2025-11-07 16:21:37	2025-11-07 16:21:37	\N	\N	05 CEDULA DE IDENTIFICACION FISCAL .pdf	55	\N	5	\N
45410	employee_doc_690e70f11ff33.pdf	3080	2025-11-07 16:21:37	2025-11-07 16:21:37	\N	\N	06 CURP.pdf	55	\N	6	\N
45411	employee_doc_690e70f120793.pdf	3080	2025-11-07 16:21:37	2025-11-07 16:21:37	\N	\N	08 COMPROBANTE DE DOMICILIO (1).pdf	55	\N	8	\N
45412	employee_doc_690e71cc47240.PDF	3082	2025-11-07 16:25:16	2025-11-07 16:25:16	\N	\N	33 CARTA COMPROMISO DE ENTREGA DE DOCUMENTOS.PDF	55	\N	\N	\N
45413	employee_doc_690e71cc482e2.PDF	3082	2025-11-07 16:25:16	2025-11-07 16:25:16	\N	\N	ANEXO 2DA HOJA .PDF	55	\N	\N	\N
45414	employee_doc_690e71cc48d24.PDF	3082	2025-11-07 16:25:16	2025-11-07 16:25:16	\N	\N	PREGUNTAS PARA ENTREVISTA .PDF	55	\N	\N	\N
45415	employee_doc_690e723312fe4.PDF	3082	2025-11-07 16:26:59	2025-11-07 16:26:59	\N	\N	36 CREDENCIAL .PDF	55	\N	36	\N
45416	employee_doc_690e723313c49.PDF	3082	2025-11-07 16:26:59	2025-11-07 16:26:59	\N	\N	20 CONTRATO .PDF	55	\N	20	\N
45417	employee_doc_690e7233166fc.PDF	3082	2025-11-07 16:26:59	2025-11-07 16:26:59	\N	\N	21 REGLAMENTO INTERNO .PDF	55	\N	21	\N
45418	employee_doc_690e723317221.PDF	3082	2025-11-07 16:26:59	2025-11-07 16:26:59	\N	\N	23 CARTA DE CONFIDENCIALIDAD Y NO DIVULGACION .PDF	55	\N	23	\N
45419	employee_doc_690e723317c1d.PDF	3082	2025-11-07 16:26:59	2025-11-07 16:26:59	\N	\N	24. ESTUDIO SOCIOECONÓMICO SILVIA AGUILAR  (1).PDF	55	\N	24	\N
45420	employee_doc_690e723318a3b.PDF	3082	2025-11-07 16:26:59	2025-11-07 16:26:59	\N	\N	32 CONOCIMIENTO DE INGRESOS.PDF	55	\N	32	\N
45421	employee_doc_690e72c18e4d2.PDF	3082	2025-11-07 16:29:21	2025-11-07 16:29:21	\N	\N	16 ESTADO DE CUENTA BANCARIO .PDF	55	\N	16	\N
45422	employee_doc_690e72c18f562.PDF	3082	2025-11-07 16:29:21	2025-11-07 16:29:21	\N	\N	01 SOLICITUD DE EMPLEO .PDF	55	\N	1	\N
45423	employee_doc_690e72c190470.PDF	3082	2025-11-07 16:29:21	2025-11-07 16:29:21	\N	\N	03 ACTA DE NACIMIENTO .PDF	55	\N	3	\N
45424	employee_doc_690e72c190df8.PDF	3082	2025-11-07 16:29:21	2025-11-07 16:29:21	\N	\N	05 CONSTANCIA DE SEGURIDAD SOCIAL .PDF	55	\N	7	\N
45425	employee_doc_690e72c191659.PDF	3082	2025-11-07 16:29:21	2025-11-07 16:29:21	\N	\N	06 CURP .PDF	55	\N	6	\N
45426	employee_doc_690e72c191edc.PDF	3082	2025-11-07 16:29:21	2025-11-07 16:29:21	\N	\N	07 HOJA DE ASIGNACION DE NUMERO DE SEGURIDAD SOCIAL .PDF	55	\N	7	\N
45427	employee_doc_690e72c1926ab.PDF	3082	2025-11-07 16:29:21	2025-11-07 16:29:21	\N	\N	08 COMPROBANTE DE DOMICILIO  (1).PDF	55	\N	8	\N
45428	employee_doc_690e72c192fca.PDF	3082	2025-11-07 16:29:21	2025-11-07 16:29:21	\N	\N	09 COMPROBANTE DE ESTUDIOS .PDF	55	\N	9	\N
45429	employee_doc_690e72c193805.PDF	3082	2025-11-07 16:29:21	2025-11-07 16:29:21	\N	\N	14 CARTA DE RECOMENDACION LABORAL.PDF	55	\N	14	\N
45430	employee_doc_690e72c194057.PDF	3082	2025-11-07 16:29:21	2025-11-07 16:29:21	\N	\N	14 CARTA DE REFERENCIA PERSONAL .PDF	55	\N	13	\N
45431	employee_doc_690e7331bd3a4.PDF	3084	2025-11-07 16:31:13	2025-11-07 16:31:13	\N	\N	ANEXO 1.PDF	55	\N	\N	\N
45432	employee_doc_690e7331be1c2.PDF	3084	2025-11-07 16:31:13	2025-11-07 16:31:13	\N	\N	06 CURP.PDF	55	\N	\N	\N
45433	employee_doc_690e7331beb7e.PDF	3084	2025-11-07 16:31:13	2025-11-07 16:31:13	\N	\N	33 CARTA COMPROMISO DE ENTREGA DE DOCUMENTO.PDF	55	\N	\N	\N
45434	employee_doc_690e739eee0b1.PDF	3084	2025-11-07 16:33:02	2025-11-07 16:33:02	\N	\N	08 COMPROBANTE DE DOMICILIO (1).PDF	55	\N	8	\N
45435	employee_doc_690e739eeed61.PDF	3084	2025-11-07 16:33:02	2025-11-07 16:33:02	\N	\N	47 CAPACITACION ONBOARDING.PDF	55	\N	47	\N
45436	employee_doc_690e739eef5ae.PDF	3084	2025-11-07 16:33:02	2025-11-07 16:33:02	\N	\N	21 REGLAMENTO INTERNO DE TRABAJO.PDF	55	\N	21	\N
45437	employee_doc_690e739ef0027.PDF	3084	2025-11-07 16:33:02	2025-11-07 16:33:02	\N	\N	23 CARTA DE CONFIDENCIALIDAD Y NO DIVULGACION.PDF	55	\N	23	\N
45438	employee_doc_690e739ef083b.PDF	3084	2025-11-07 16:33:02	2025-11-07 16:33:02	\N	\N	32 CONOCIMIENTO DE INGRESOS.PDF	55	\N	32	\N
45439	employee_doc_690e739ef0f0f.PDF	3084	2025-11-07 16:33:02	2025-11-07 16:33:02	\N	\N	36 CREDENCIAL.PDF	55	\N	36	\N
45440	employee_doc_690e739ef15ca.PDF	3084	2025-11-07 16:33:02	2025-11-07 16:33:02	\N	\N	01 SOLICITUD DE EMPLEO.PDF	55	\N	1	\N
45441	employee_doc_690e739ef1f3b.PDF	3084	2025-11-07 16:33:02	2025-11-07 16:33:02	\N	\N	03 ACTA DE NACIMIENTO.PDF	55	\N	3	\N
45442	employee_doc_690e739ef276b.pdf	3084	2025-11-07 16:33:02	2025-11-07 16:33:02	\N	\N	06 CURP.pdf	55	\N	6	\N
45445	employee_doc_690e7529ba992.pdf	3086	2025-11-07 16:39:37	2025-11-07 16:39:37	\N	\N	03 ACTA DE NACIMIENTO .pdf	55	\N	3	\N
45446	employee_doc_690e7529bc15f.pdf	3086	2025-11-07 16:39:37	2025-11-07 16:39:37	\N	\N	05 CONSTANCIA DE SITUACION FISCAL.pdf	55	\N	5	\N
45447	employee_doc_690e7529bcbd9.pdf	3086	2025-11-07 16:39:37	2025-11-07 16:39:37	\N	\N	06 CURP.pdf	55	\N	6	\N
45448	employee_doc_690e7529be484.pdf	3086	2025-11-07 16:39:37	2025-11-07 16:39:37	\N	\N	07 IMSS.pdf	55	\N	7	\N
45449	employee_doc_690e7529bf4ce.pdf	3086	2025-11-07 16:39:37	2025-11-07 16:39:37	\N	\N	09 COMPROBANTE DE ESTUDIOS .pdf	55	\N	9	\N
45450	employee_doc_690e7529c02e7.pdf	3086	2025-11-07 16:39:37	2025-11-07 16:39:37	\N	\N	47 FO CAPA 05 .pdf	55	\N	47	\N
45451	employee_doc_690e7529c1553.pdf	3086	2025-11-07 16:39:37	2025-11-07 16:39:37	\N	\N	21 REGLAMENTO INTERNO DE TRABAJO .pdf	55	\N	21	\N
45452	employee_doc_690e7529c1ef4.pdf	3086	2025-11-07 16:39:37	2025-11-07 16:39:37	\N	\N	23 CARTA COMPROMISO DE CONFIDENCIALIDAD Y NO DIVULGACION .pdf	55	\N	23	\N
45453	employee_doc_690e7529c26af.pdf	3086	2025-11-07 16:39:37	2025-11-07 16:39:37	\N	\N	31 REGLAMENTO DE BUZON DE DENUNCIAS .pdf	55	\N	31	\N
45454	employee_doc_690e7529c2e53.pdf	3086	2025-11-07 16:39:37	2025-11-07 16:39:37	\N	\N	32 CONOCIMIENTO DE INGRESOS PARA COLABORADORES .pdf	55	\N	32	\N
45455	employee_doc_690e7529c35e2.pdf	3086	2025-11-07 16:39:37	2025-11-07 16:39:37	\N	\N	36 CREDENCIAL .pdf	55	\N	36	\N
45456	employee_doc_690e7529c4020.pdf	3086	2025-11-07 16:39:37	2025-11-07 16:39:37	\N	\N	01 SOLICITUD DE EMPLEO .pdf	55	\N	1	\N
45457	employee_doc_690e7529c4fbd.pdf	3086	2025-11-07 16:39:37	2025-11-07 16:39:37	\N	\N	04 INE  (1).pdf	55	\N	4	\N
45443	employee_doc_690e748321b41.pdf	3086	2025-11-07 16:36:51	2025-11-07 16:39:37	\N	\N	33 CARTA COMPROMISO A ENTREGA DE DOCUMENTOS .PDF	55	\N	\N	\N
45444	employee_doc_690e7483226bf.pdf	3086	2025-11-07 16:36:51	2025-11-07 16:39:37	\N	\N	ANEXO 1 .PDF	55	\N	\N	\N
45458	employee_doc_690e75d3149db.PDF	3087	2025-11-07 16:42:27	2025-11-07 16:42:27	\N	\N	ANEXO 1 .PDF	55	\N	\N	\N
45459	employee_doc_690e75d3157bc.PDF	3087	2025-11-07 16:42:27	2025-11-07 16:42:27	\N	\N	33 CARTA COMPROMISO A ENTREGA DE DOCUMENTOS .PDF	55	\N	\N	\N
45460	employee_doc_690e75d316002.PDF	3087	2025-11-07 16:42:27	2025-11-07 16:42:27	\N	\N	PREGUNTAS PARA ENTREVISTA .PDF	55	\N	\N	\N
45461	employee_doc_690e76359c846.PDF	3087	2025-11-07 16:44:05	2025-11-07 16:44:05	\N	\N	47 FO CAPA 05 .PDF	55	\N	47	\N
45462	employee_doc_690e76359d3cf.PDF	3087	2025-11-07 16:44:05	2025-11-07 16:44:05	\N	\N	23 CARTA DE CONFIDECIALIDAD Y NO DIVULGACION .PDF	55	\N	23	\N
45463	employee_doc_690e76359db25.PDF	3087	2025-11-07 16:44:05	2025-11-07 16:44:05	\N	\N	31 REGLAMENTO DE BUZON DE DENUNCIAS .PDF	55	\N	31	\N
45464	employee_doc_690e76359e2cc.PDF	3087	2025-11-07 16:44:05	2025-11-07 16:44:05	\N	\N	32 CARTA DE CONOCIMIENTO DE INGRESOS .PDF	55	\N	32	\N
45465	employee_doc_690e76359ea25.PDF	3087	2025-11-07 16:44:05	2025-11-07 16:44:05	\N	\N	36 CREDENCIAL .PDF	55	\N	36	\N
45466	employee_doc_690e76359f146.PDF	3087	2025-11-07 16:44:05	2025-11-07 16:44:05	\N	\N	20 CONTRATO JOSSELIN MARGARITA ZABALA.PDF	55	\N	20	\N
45467	employee_doc_690e7635a0944.PDF	3087	2025-11-07 16:44:05	2025-11-07 16:44:05	\N	\N	21 REGLAMENTO INTERNO DE TRABAJO .PDF	55	\N	21	\N
45468	employee_doc_690e76a02380f.PDF	3087	2025-11-07 16:45:52	2025-11-07 16:45:52	\N	\N	04 INE.PDF	55	\N	4	\N
45469	employee_doc_690e76a02473a.PDF	3087	2025-11-07 16:45:52	2025-11-07 16:45:52	\N	\N	03 ACTA DE NACIMIENTO .PDF	55	\N	3	\N
45470	employee_doc_690e76a0250b9.PDF	3087	2025-11-07 16:45:52	2025-11-07 16:45:52	\N	\N	05 CONTANCIA DE SITUACION FISCAL .PDF	55	\N	5	\N
45471	employee_doc_690e76a0259a3.PDF	3087	2025-11-07 16:45:52	2025-11-07 16:45:52	\N	\N	06 CURP .PDF	55	\N	6	\N
45472	employee_doc_690e76a026382.PDF	3087	2025-11-07 16:45:52	2025-11-07 16:45:52	\N	\N	07 IMSS.PDF	55	\N	7	\N
45473	employee_doc_690e76a026d37.PDF	3087	2025-11-07 16:45:52	2025-11-07 16:45:52	\N	\N	08 COMPROBANTE DE DOMICILIO  (1).PDF	55	\N	8	\N
45474	employee_doc_690e76a027520.PDF	3087	2025-11-07 16:45:52	2025-11-07 16:45:52	\N	\N	09 COMPROBANTE DE ESTUDIOS .PDF	55	\N	9	\N
45475	employee_doc_690e76a027c7d.pdf	3087	2025-11-07 16:45:52	2025-11-07 16:45:52	\N	\N	16 COMPROBANTE DE CUENTA BANCARIA JOSSELIN MARGARITA.pdf	55	\N	16	\N
45476	employee_doc_690e76a028393.PDF	3087	2025-11-07 16:45:52	2025-11-07 16:45:52	\N	\N	01 SOLICITUD DE EMPLEO .PDF	55	\N	1	\N
45477	employee_doc_6911fdb7b94d4.PDF	3088	2025-11-10 08:59:03	2025-11-10 08:59:03	\N	\N	07 HOJA DE ASIGNACION DE NUMERO DE SEGURIDAD SOCIAL.PDF	55	\N	\N	\N
45478	employee_doc_6911fdb7ba6f3.PDF	3088	2025-11-10 08:59:03	2025-11-10 08:59:03	\N	\N	FINIQUITO LINDA PATRICIA HERRERA ROMERO.PDF	55	\N	\N	\N
45479	employee_doc_6911fe36d154a.PDF	3088	2025-11-10 09:01:10	2025-11-10 09:01:10	\N	\N	20 CONTRATO LINDA PATRICIA HERRERA ROMERO.PDF	55	\N	20	\N
45480	employee_doc_6911fe36d375e.PDF	3088	2025-11-10 09:01:10	2025-11-10 09:01:10	\N	\N	51 RENUNCIA LINDA PATRICIA HERRERA .PDF	55	\N	51	\N
45481	employee_doc_6911fe36d3e72.PDF	3088	2025-11-10 09:01:10	2025-11-10 09:01:10	\N	\N	FINIQUITO LINDA PATRICIA HERRERA ROMERO.PDF	55	\N	52	\N
45482	employee_doc_6911fe36d43e5.PDF	3088	2025-11-10 09:01:10	2025-11-10 09:01:10	\N	\N	EXAMEN TOXICOLOGICO LPHR.PDF	55	\N	25	\N
45483	employee_doc_6911ff271fd3e.PDF	3088	2025-11-10 09:05:11	2025-11-10 09:05:11	\N	\N	06 CURP.PDF	55	\N	6	\N
45484	employee_doc_6911ff2720f4d.PDF	3088	2025-11-10 09:05:11	2025-11-10 09:05:11	\N	\N	07 IMSS.PDF	55	\N	7	\N
45485	employee_doc_6911ff2721986.PDF	3088	2025-11-10 09:05:11	2025-11-10 09:05:11	\N	\N	08 COMPROBANTE DE DOMICILIO (1).PDF	55	\N	8	\N
45486	employee_doc_6911ff27224f0.PDF	3088	2025-11-10 09:05:11	2025-11-10 09:05:11	\N	\N	LINDA PATRICIA HERRERA ROMERO.PDF	55	\N	13	\N
45487	employee_doc_6911ff2722c33.PDF	3088	2025-11-10 09:05:11	2025-11-10 09:05:11	\N	\N	14 CARTA DE RECOMENDACION LABORAL.PDF	55	\N	14	\N
45488	employee_doc_6911ff272349c.PDF	3088	2025-11-10 09:05:11	2025-11-10 09:05:11	\N	\N	14 CARTA DE RECOMENDACION LABORAL .PDF	55	\N	14	\N
45489	employee_doc_6911ff2723d0d.JPG	3088	2025-11-10 09:05:11	2025-11-10 09:05:11	\N	\N	16 COMPROBANTE DE CUENTA BANCARIA .JPG	55	\N	16	\N
45490	employee_doc_6911ff27243aa.PDF	3088	2025-11-10 09:05:11	2025-11-10 09:05:11	\N	\N	16 COMPROBANTE DE CUENTA BANCARIA.PDF	55	\N	16	\N
45491	employee_doc_6911ff2724b11.PDF	3088	2025-11-10 09:05:11	2025-11-10 09:05:11	\N	\N	ALTA IMSS LINDA PATRICIA HERRERA ROMERO.PDF	55	\N	19	\N
45492	employee_doc_6911ff272533c.pdf	3088	2025-11-10 09:05:11	2025-11-10 09:05:11	\N	\N	ALTA IMSS LINDA PATRICIA HERRERA ROMERO (1).pdf	55	\N	19	\N
45493	employee_doc_6911ff27259dc.PDF	3088	2025-11-10 09:05:11	2025-11-10 09:05:11	\N	\N	05 CONSTANCIA DE SITUACION FISCAL .PDF	55	\N	5	\N
45494	employee_doc_691205f267768.PDF	3090	2025-11-10 09:34:10	2025-11-10 09:34:10	\N	\N	CARTA CONOCIMIENTOS DE INGRESO.PDF	55	\N	\N	\N
45495	employee_doc_691205f2684b2.PDF	3090	2025-11-10 09:34:10	2025-11-10 09:34:10	\N	\N	INE (1).PDF	55	\N	\N	\N
45496	employee_doc_691205f268d3d.PDF	3090	2025-11-10 09:34:10	2025-11-10 09:34:10	\N	\N	ACTA DE NACIMIENTO.PDF	55	\N	\N	\N
45497	employee_doc_691205f269677.PDF	3090	2025-11-10 09:34:10	2025-11-10 09:34:10	\N	\N	USO Y RESGUARDO DE CREDENCIAL Y UNIFORME.PDF	55	\N	\N	\N
45498	employee_doc_691205f269e65.PDF	3090	2025-11-10 09:34:10	2025-11-10 09:34:10	\N	\N	ALTA DE IMSS.PDF	55	\N	\N	\N
45499	employee_doc_691205f26a5e0.PDF	3090	2025-11-10 09:34:10	2025-11-10 09:34:10	\N	\N	CARTA COMPROMISO YESENIA COTERO.PDF	55	\N	\N	\N
45500	employee_doc_691205f26ad9f.PDF	3090	2025-11-10 09:34:10	2025-11-10 09:34:10	\N	\N	VALE DE UNIFORMES.PDF	55	\N	\N	\N
45501	employee_doc_691205f26b5df.PDF	3090	2025-11-10 09:34:10	2025-11-10 09:34:10	\N	\N	REGLAMENTO PARA EL USO DE BUZON.PDF	55	\N	\N	\N
45502	employee_doc_691205f26be85.PDF	3090	2025-11-10 09:34:10	2025-11-10 09:34:10	\N	\N	PRUEBA PSICOMETRICA.PDF	55	\N	\N	\N
45503	employee_doc_691205f26c78a.PDF	3090	2025-11-10 09:34:10	2025-11-10 09:34:10	\N	\N	CARTA DE COMPROMISO ENTREGA DE DOCUMENTOS.PDF	55	\N	\N	\N
45504	employee_doc_6912065a8918e.PDF	3090	2025-11-10 09:35:54	2025-11-10 09:35:54	\N	\N	CAJA DE AHORRO.PDF	55	\N	29	\N
45505	employee_doc_6912065a89d2d.PDF	3090	2025-11-10 09:35:54	2025-11-10 09:35:54	\N	\N	PSICOMETRICO YESENIA COTERO JIMENEZ .PDF	55	\N	26	\N
45506	employee_doc_6912065a8a76e.PDF	3090	2025-11-10 09:35:54	2025-11-10 09:35:54	\N	\N	CARTA DE CONFIDENCIALIDAD Y NO DIVULGACION.PDF	55	\N	23	\N
45507	employee_doc_6912065a8ae73.PDF	3090	2025-11-10 09:35:54	2025-11-10 09:35:54	\N	\N	CONFIDENCIALIDAD YESENIA COTERO JIMENEZ .PDF	55	\N	23	\N
45508	employee_doc_6912065a8b570.PDF	3090	2025-11-10 09:35:54	2025-11-10 09:35:54	\N	\N	ESTUDIO SOCIOECONOMICO.PDF	55	\N	24	\N
45509	employee_doc_6912065a8bda6.PDF	3090	2025-11-10 09:35:54	2025-11-10 09:35:54	\N	\N	SOCIOECONOMICO YESENIA COTERO JIMENEZ .PDF	55	\N	24	\N
45510	employee_doc_69120737ea1c7.PDF	3090	2025-11-10 09:39:35	2025-11-10 09:39:35	\N	\N	CURP_COJY940114MOCTMS07.PDF	55	\N	6	\N
45511	employee_doc_69120737eaf2c.PDF	3090	2025-11-10 09:39:35	2025-11-10 09:39:35	\N	\N	06 CURP_KS-1487.PDF	55	\N	6	\N
45512	employee_doc_69120737eb736.PDF	3090	2025-11-10 09:39:35	2025-11-10 09:39:35	\N	\N	NO. DE SEGURIDAD SOCIAL.PDF	55	\N	7	\N
45513	employee_doc_69120737ec715.PDF	3090	2025-11-10 09:39:35	2025-11-10 09:39:35	\N	\N	COMPROBANTE DE ESTUDIOS.PDF	55	\N	9	\N
45514	employee_doc_69120737ece8f.PDF	3090	2025-11-10 09:39:35	2025-11-10 09:39:35	\N	\N	CARTA DE RECOMENDACIÓN PERSONAL.PDF	55	\N	30	\N
45515	employee_doc_69120737ed582.PDF	3090	2025-11-10 09:39:35	2025-11-10 09:39:35	\N	\N	CARTA DE ANTECEDENTES NO  PENALES.PDF	55	\N	15	\N
45516	employee_doc_69120737edd57.PDF	3090	2025-11-10 09:39:35	2025-11-10 09:39:35	\N	\N	VIGENCIA YESENIA COTERO.PDF	55	\N	7	\N
45517	employee_doc_69120737ee40b.PDF	3090	2025-11-10 09:39:35	2025-11-10 09:39:35	\N	\N	SOLICITUD DE EMPLEO.PDF	55	\N	1	\N
45518	employee_doc_69120737eecf5.PDF	3090	2025-11-10 09:39:35	2025-11-10 09:39:35	\N	\N	SOLICITUD YESENIA COTERO JIMENEZ .PDF	55	\N	1	\N
45519	employee_doc_69120737ef83d.PDF	3090	2025-11-10 09:39:35	2025-11-10 09:39:35	\N	\N	CV.PDF	55	\N	2	\N
45520	employee_doc_69120737efea9.JPG	3090	2025-11-10 09:39:35	2025-11-10 09:39:35	\N	\N	04. INE.JPG	55	\N	4	\N
45521	employee_doc_69120737f061c.PDF	3090	2025-11-10 09:39:35	2025-11-10 09:39:35	\N	\N	INE YESENIA COTERO JIMENEZ .PDF	55	\N	4	\N
45522	employee_doc_69120737f0d99.JPG	3090	2025-11-10 09:39:35	2025-11-10 09:39:35	\N	\N	03. ACTA DE NACIMIENTO.JPG	55	\N	3	\N
45523	employee_doc_69120737f1657.PDF	3090	2025-11-10 09:39:35	2025-11-10 09:39:35	\N	\N	ACTA YESENIA COTERO JIMENEZ .PDF	55	\N	53	\N
45524	employee_doc_69120737f1f59.PDF	3090	2025-11-10 09:39:35	2025-11-10 09:39:35	\N	\N	CSF.PDF	55	\N	5	\N
45525	employee_doc_69120737f2637.PDF	3090	2025-11-10 09:39:35	2025-11-10 09:39:35	\N	\N	CSF YESENIA COTERO JIMENEZ .PDF	55	\N	5	\N
\.


--
-- Data for Name: employee_office_zone; Type: TABLE DATA; Schema: public; Owner: alfabravo_user
--

COPY public.employee_office_zone (id, zone_id, office_id, created_at, updated_at, deleted_at, employee_id, type) FROM stdin;
\.


--
-- Data for Name: employee_request; Type: TABLE DATA; Schema: public; Owner: alfabravo_user
--

COPY public.employee_request (id, type, employee_id, created_at, updated_at, deleted_at, starting_period, ending_period, reazon, employee_requested_to) FROM stdin;
\.


--
-- Data for Name: employee_salary; Type: TABLE DATA; Schema: public; Owner: alfabravo_user
--

COPY public.employee_salary (id, employee_id, external, aspel, created_at, updated_at) FROM stdin;
\.


--
-- Data for Name: employee_security_secretary; Type: TABLE DATA; Schema: public; Owner: alfabravo_user
--

COPY public.employee_security_secretary (id, enterprise_id, up_ssp_date, assign_date, status_id, original_letter, validation_letter, attachment, created_at, deleted_at, updated_at, employee_id, user_id, antecentes_penales, antecentes_penales_file, cip, ss_adate_estatal, estado_id, rnsp, rnsp_file, cip_file) FROM stdin;
57	9	\N	\N	\N	f	f	\N	2025-09-23 10:25:41	\N	2025-10-22 15:55:01	3056	55	f	\N	f	\N	8	f	\N	\N
\.


--
-- Data for Name: employee_security_secretary_status; Type: TABLE DATA; Schema: public; Owner: alfabravo_user
--

COPY public.employee_security_secretary_status (id, name, created_at, updated_at, deleted_at) FROM stdin;
1	1. CONSULTA DE ANTECEDENTES POLICIALES	\N	\N	\N
2	⁠2. INSCRIPCIÓN EN EL RNSP	\N	\N	\N
3	⁠3. EXPEDICIÓN DE CIP	\N	\N	\N
4	OPINION FAVORABLE	2024-09-17 19:52:08	2024-09-17 19:52:08	\N
5	ARMADO	2024-09-17 20:13:21	2024-09-17 20:13:21	\N
\.


--
-- Data for Name: employee_social_study; Type: TABLE DATA; Schema: public; Owner: alfabravo_user
--

COPY public.employee_social_study (id, employee_id, data, files, created_at, updated_at, deleted_at, user_id) FROM stdin;
\.


--
-- Data for Name: employee_status; Type: TABLE DATA; Schema: public; Owner: alfabravo_user
--

COPY public.employee_status (id, name, code, created_at, updated_at, deleted_at, show_summary, color) FROM stdin;
1	ESTADO1	CODIGO2	2021-09-24 14:13:11	2021-09-24 14:13:36	2021-09-24 14:13:36	f	\N
6	BAJA DE LA EMPRESA	BJ	2021-09-27 15:48:52	2021-12-20 10:37:53	\N	t	#FB0001
17	VACANTE	VAC	2021-12-20 10:52:19	2021-12-20 10:52:19	\N	f	#92D050
7	DISPONIBLE	DIS	2021-09-27 15:49:00	2021-12-29 10:19:39	\N	t	#198E0D
11	RUTA	RUT	2021-12-20 10:50:55	2021-12-29 10:20:10	\N	t	#92D050
18	CAPACITACION	CAP	2022-01-25 19:28:48	2022-01-25 19:28:48	\N	t	#7171F1
20	TRASLADO	TR	2022-02-16 17:51:53	2022-02-16 17:51:53	\N	f	#8BCECB
22	DISPONIBLE1	DISP1	2022-03-09 10:16:29	2022-03-09 11:08:24	2022-03-09 11:08:24	f	#92D050
21	ASISTENCIA AUTOMATICA	AUT	2022-03-09 10:13:19	2022-03-15 07:43:45	\N	f	#50D09F
9	PERMISO SIN GOCE DE SUELDO	PG	2021-12-20 10:50:17	2022-12-07 11:03:23	\N	t	#9DB2CE
2	DESCANSO	D	2021-09-27 15:47:35	2022-12-07 11:17:05	\N	t	#269EDB
8	PERMISO POR TIEMPO	PXT	2021-12-20 10:49:54	2022-12-07 11:17:20	\N	t	#23AAA4
12	SERVICIO	SERV	2021-12-20 10:51:07	2022-12-07 11:17:33	\N	t	#ACC691
3	FALTA	F	2021-09-27 15:48:25	2022-12-07 11:17:48	\N	t	#C65E5F
4	INCAPACIDAD	INC	2021-09-27 15:48:34	2022-12-12 16:02:06	\N	t	#2CE5E5
13	TURNO DE 12 HORAS	S	2021-12-20 10:51:24	2022-12-12 16:47:38	\N	t	#EFC1E2
10	RETARDOS	RT	2021-12-20 10:50:34	2022-12-12 17:12:09	\N	f	#929488
5	ENFERMEDAD	E	2021-09-27 15:48:45	2022-12-12 17:24:07	\N	t	#77D3F1
15	TURNO EXTRA	TX12	2021-12-20 10:51:53	2022-12-12 17:37:36	\N	t	#866A76
23	ASISTENCIA	AS	2022-11-09 10:02:44	2022-12-16 16:05:03	\N	t	#3ADF13
14	TURNO DE 24 HORAS	SS	2021-12-20 10:51:37	2022-12-16 16:07:22	\N	t	#EBC6A4
24	TURNO EXTRA 24	TX24	2022-11-09 10:07:37	2022-12-29 12:23:27	\N	t	#CC47CC
25	CHECADOR	CHK	2023-06-22 08:20:17	2023-06-22 08:20:17	\N	t	#1139FA
16	VACACIONES	VA	2021-12-20 10:52:10	2023-10-27 09:18:37	\N	t	#AD4ADF
19	RETORNO A BASE	RB	2022-02-16 17:50:38	2024-01-18 09:02:30	\N	t	#89E9B6
26	PRESTAMO 12HRS	P12	2024-04-01 17:21:13	2024-04-01 17:21:55	\N	t	#252222
27	PRESTAMO 24	P24	2024-04-01 17:23:06	2024-04-01 17:23:06	\N	t	#802E2E
28	PRESTAMO TURNO EXTRA12	PTEX12	2024-04-01 17:24:16	2024-04-01 17:24:16	\N	f	#897D7D
29	PRESTAMO TURNO EXTRA24	PTEX24	2024-04-01 17:25:07	2025-03-14 08:12:20	\N	t	#281995
30	SIN REGISTRO	SR	2025-04-29 14:04:48	2025-04-29 14:04:48	\N	t	#A4A4A4
\.


--
-- Data for Name: employee_status_day; Type: TABLE DATA; Schema: public; Owner: alfabravo_user
--

COPY public.employee_status_day (id, employee_id, employee_status_id, user_id, notes, register_date, created_at, updated_at, deleted_at, assistance, elementtype, elementtype_id, client_id, client_extra_id) FROM stdin;
324793	3063	6	\N	\N	2025-07-15 14:32:24	2025-11-12 14:32:24	2025-11-12 14:32:24	\N	f	employee	3063	\N	\N
\.


--
-- Data for Name: employee_terms; Type: TABLE DATA; Schema: public; Owner: alfabravo_user
--

COPY public.employee_terms (id, terms_id, employee_id, created_at, updated_at) FROM stdin;
\.


--
-- Data for Name: employee_type; Type: TABLE DATA; Schema: public; Owner: alfabravo_user
--

COPY public.employee_type (id, name, description, created_at, updated_at, deleted_at) FROM stdin;
3	ASALARIADO	\N	2021-01-25 11:19:35	2021-01-25 11:28:31	\N
4	ASIMILADO A HONORARIOS	\N	2021-01-25 11:21:46	2021-01-25 11:28:52	\N
7	EFECTIVO	\N	2021-01-25 11:22:52	2021-01-25 11:29:08	\N
5	HONORARIOS	\N	2021-01-25 11:22:28	2021-01-25 11:29:22	\N
6	ESCOLTA ARMADO	\N	2021-01-25 11:22:40	2021-01-25 11:29:32	2021-01-25 11:29:32
1	MECANICO	\N	2020-12-21 12:19:19	2021-01-25 11:29:39	2021-01-25 11:29:39
2	SISTEMAS	\N	2021-01-25 11:18:53	2021-01-25 11:29:44	2021-01-25 11:29:44
9	EVENTUAL	\N	2022-01-19 10:47:05	2022-01-19 10:47:05	\N
10	CUSAEM R3	\N	2022-02-15 15:09:04	2022-02-15 15:09:18	\N
11	CUSAEM R21	\N	2022-02-15 15:09:28	2022-02-15 15:09:28	\N
12	CUSAEM R60	\N	2022-02-15 15:09:37	2022-02-15 15:09:37	\N
\.


--
-- Data for Name: employee_ubication; Type: TABLE DATA; Schema: public; Owner: alfabravo_user
--

COPY public.employee_ubication (id_employee_ubication, id_employee, ubication_id, created_at, updated_at, client_id, salary, schedule, productivity_salary, phone, start_working_date, end_working_date, employee_type_id, enterprise_id, work_position_id, emails, user_id, is_imss, imss_date, is_armed, discharge_reason_id, discharge_description, payroll_software_id, payroll_number, employee_number, payroll_type, personal_type, area_id, guard_type_id, support_service_id, direction_id, new_area_id, new_work_position_id, imss_date_discharge) FROM stdin;
14369	3055	16	2025-09-23 10:10:06	2025-09-23 10:10:06	285	1951.6	\N	1040.2	\N	2025-06-04	\N	3	9	\N	[]	48	t	\N	\N	\N	\N	\N	\N	1	3	\N	\N	\N	\N	3	14	100	\N
14370	3056	16	2025-09-23 10:10:20	2025-09-23 10:22:48	285	1951.6	\N	1040.2	\N	2025-06-04	2025-09-23	3	9	\N	[]	48	t	\N	\N	\N	\N	\N	\N	2	3	\N	\N	\N	\N	3	14	100	\N
14371	3056	16	2025-09-23 10:22:48	2025-09-23 10:22:48	285	1951.6	\N	1040.2	\N	2025-04-25	\N	3	9	\N	[]	48	t	2025-06-04	\N	\N	\N	\N	\N	2	3	\N	\N	\N	\N	3	14	100	\N
14372	3057	16	2025-09-23 10:37:06	2025-09-23 10:37:06	285	1951.6	\N	1040.2	\N	2024-06-10	\N	3	9	\N	[]	48	t	2025-09-04	\N	\N	\N	\N	4/06/2025	3	3	\N	\N	\N	\N	3	14	103	\N
14373	3058	16	2025-09-23 11:26:36	2025-09-23 11:26:36	285	\N	\N	\N	\N	2025-08-17	\N	3	9	\N	[]	48	t	2024-08-12	\N	\N	\N	\N	\N	4	3	\N	\N	\N	\N	3	14	105	\N
14374	3059	16	2025-09-23 14:03:47	2025-09-23 14:03:47	285	1854	\N	1646	\N	2024-07-29	\N	3	9	\N	[]	48	\N	\N	\N	\N	\N	\N	\N	5	3	\N	\N	\N	\N	3	14	122	\N
14375	3060	14	2025-10-16 14:14:49	2025-10-16 14:14:49	288	\N	\N	\N	\N	2025-06-25	\N	3	9	\N	[]	48	\N	\N	\N	\N	\N	\N	\N	6	1	\N	\N	\N	\N	3	14	102	\N
14376	3061	3	2025-10-17 15:58:49	2025-10-17 15:58:49	287	\N	\N	\N	5534765518	2021-01-01	\N	3	9	\N	["IRVING.RIOS@GRUPOINFOS.MX"]	55	t	2023-09-01	\N	\N	\N	\N	\N	7	1	\N	\N	\N	\N	2	23	66	\N
14377	3062	3	2025-10-17 16:12:03	2025-10-17 16:12:03	287	\N	\N	\N	5549278740	2021-05-01	\N	3	9	\N	[]	55	t	2023-07-21	\N	\N	\N	\N	\N	8	1	\N	\N	\N	\N	2	23	66	\N
14379	3064	30	2025-10-17 17:03:54	2025-10-17 17:03:54	287	\N	\N	\N	\N	2024-03-25	\N	3	9	\N	[]	55	\N	\N	\N	\N	\N	\N	\N	10	1	\N	\N	\N	\N	3	17	77	\N
14380	3065	16	2025-10-17 17:25:49	2025-10-17 17:25:49	287	\N	\N	\N	\N	2024-07-16	\N	3	9	\N	[]	55	t	2025-06-04	\N	\N	\N	\N	\N	11	3	\N	\N	\N	\N	3	14	113	\N
14381	3066	16	2025-10-17 17:37:50	2025-10-17 17:37:50	287	\N	\N	\N	\N	2024-07-15	\N	3	9	\N	["ANGELICANMD76@GMAIL.COM"]	55	t	2025-06-04	\N	\N	\N	\N	\N	12	3	\N	\N	\N	\N	3	14	113	\N
14382	3067	16	2025-10-17 17:47:45	2025-10-17 17:47:45	287	\N	\N	\N	\N	2025-04-08	\N	3	9	\N	[]	55	t	2025-10-08	\N	\N	\N	\N	\N	13	3	\N	\N	\N	\N	3	14	113	\N
14384	3069	16	2025-10-17 18:24:02	2025-10-17 18:24:02	287	\N	\N	\N	\N	2025-03-11	\N	3	9	\N	[]	55	t	2025-10-08	\N	\N	\N	\N	\N	15	3	\N	\N	\N	\N	3	14	112	\N
14383	3068	16	2025-10-17 18:14:06	2025-10-17 18:25:15	287	\N	\N	\N	\N	2025-10-04	2025-10-17	3	9	\N	[]	55	t	2024-08-12	\N	\N	\N	\N	\N	14	1	\N	\N	\N	\N	3	14	113	\N
14385	3068	16	2025-10-17 18:25:15	2025-10-17 18:25:15	287	0	\N	\N	\N	2025-10-04	\N	3	9	\N	[]	55	t	2024-08-12	\N	\N	\N	\N	\N	14	3	\N	\N	\N	\N	3	14	113	\N
14387	3071	16	2025-10-17 18:46:17	2025-10-17 18:46:17	287	\N	\N	\N	\N	2025-04-24	\N	3	9	\N	[]	55	t	2025-06-11	\N	\N	\N	\N	\N	17	3	\N	\N	\N	\N	3	14	113	\N
14386	3070	16	2025-10-17 18:41:26	2025-10-17 18:46:43	287	\N	\N	\N	\N	2025-04-22	2025-10-17	3	9	\N	[]	55	t	2025-06-11	\N	\N	\N	\N	\N	16	1	\N	\N	\N	\N	3	14	113	\N
14388	3070	16	2025-10-17 18:46:43	2025-10-17 18:46:43	287	0	\N	\N	\N	2025-04-22	\N	3	9	\N	[]	55	t	2025-06-11	\N	\N	\N	\N	\N	16	3	\N	\N	\N	\N	3	14	113	\N
14389	3072	3	2025-10-17 18:52:40	2025-10-17 18:52:40	287	\N	\N	\N	\N	2025-06-17	\N	3	9	\N	[]	55	\N	\N	\N	\N	\N	\N	\N	18	1	\N	\N	\N	\N	3	26	31	\N
14390	3073	14	2025-10-20 09:51:00	2025-10-20 09:51:00	288	\N	\N	\N	\N	2025-06-25	\N	3	9	\N	[]	55	\N	\N	\N	\N	\N	\N	\N	19	1	\N	\N	\N	\N	3	14	102	\N
14391	3074	14	2025-10-20 10:02:36	2025-10-20 10:02:36	288	\N	\N	\N	\N	2025-06-25	\N	3	9	\N	[]	55	\N	\N	\N	\N	\N	\N	\N	20	1	\N	\N	\N	\N	3	14	102	\N
14393	3076	16	2025-10-20 11:04:10	2025-10-20 11:04:10	287	\N	\N	\N	\N	2025-08-08	\N	3	9	\N	[]	55	t	2025-10-08	\N	\N	\N	\N	\N	22	3	\N	\N	\N	\N	3	14	113	\N
14392	3075	16	2025-10-20 10:57:31	2025-10-20 11:05:19	287	\N	\N	\N	\N	2025-07-16	2025-10-20	3	9	\N	[]	55	\N	\N	\N	\N	\N	\N	\N	21	1	\N	\N	\N	\N	3	14	113	\N
14394	3075	16	2025-10-20 11:05:19	2025-10-20 11:05:19	287	0	\N	\N	\N	2025-07-16	\N	3	9	\N	[]	55	\N	\N	\N	\N	\N	\N	\N	21	3	\N	\N	\N	\N	3	14	113	\N
14395	3077	16	2025-10-20 11:09:55	2025-10-20 11:09:55	287	\N	\N	\N	\N	2025-08-07	\N	3	9	\N	[]	55	\N	\N	\N	\N	\N	\N	\N	23	3	\N	\N	\N	\N	3	14	113	\N
14396	3078	3	2025-10-20 11:19:05	2025-10-20 11:19:05	287	\N	\N	\N	\N	2025-07-31	\N	3	9	\N	[]	55	\N	\N	\N	\N	\N	\N	\N	24	1	\N	\N	\N	\N	3	14	123	\N
14397	3079	12	2025-10-20 11:29:02	2025-10-20 11:29:02	287	\N	\N	\N	\N	2025-06-25	\N	3	9	\N	[]	55	\N	\N	\N	\N	\N	\N	\N	25	1	\N	\N	\N	\N	3	14	102	\N
14398	3080	16	2025-10-20 11:37:49	2025-10-20 11:37:49	287	\N	\N	\N	\N	2025-09-14	\N	3	9	\N	[]	55	\N	\N	\N	\N	\N	\N	\N	26	3	\N	\N	\N	\N	3	14	113	\N
14399	3081	16	2025-10-20 11:46:49	2025-10-20 11:46:49	287	\N	\N	\N	\N	2025-09-16	\N	3	9	\N	[]	55	\N	\N	\N	\N	\N	\N	\N	27	3	\N	\N	\N	\N	3	14	113	\N
14400	3082	16	2025-10-20 11:51:58	2025-10-20 11:51:58	287	\N	\N	\N	\N	2025-09-22	\N	3	9	\N	[]	55	\N	\N	\N	\N	\N	\N	\N	28	3	\N	\N	\N	\N	3	14	113	\N
14401	3083	16	2025-10-20 11:57:34	2025-10-20 11:57:34	287	\N	\N	\N	\N	2025-09-27	\N	3	9	\N	[]	55	\N	\N	\N	\N	\N	\N	\N	29	3	\N	\N	\N	\N	3	14	113	\N
14402	3084	16	2025-10-20 12:05:41	2025-10-20 12:05:41	287	\N	\N	\N	\N	2025-10-01	\N	3	9	\N	[]	55	\N	\N	\N	\N	\N	\N	\N	30	3	\N	\N	\N	\N	3	14	113	\N
14403	3085	16	2025-10-20 12:10:19	2025-10-20 12:10:19	287	\N	\N	\N	\N	2025-10-06	\N	3	9	\N	[]	55	\N	\N	\N	\N	\N	\N	\N	31	3	\N	\N	\N	\N	3	14	113	\N
14404	3086	16	2025-10-20 12:14:41	2025-10-20 12:14:41	287	\N	\N	\N	\N	2025-10-14	\N	3	9	\N	[]	55	\N	\N	\N	\N	\N	\N	\N	32	3	\N	\N	\N	\N	3	14	113	\N
14405	3087	16	2025-10-20 12:18:59	2025-10-20 12:18:59	287	\N	\N	\N	\N	2025-10-16	\N	3	9	\N	[]	55	\N	\N	\N	\N	\N	\N	\N	33	3	\N	\N	\N	\N	3	14	113	\N
14406	3088	16	2025-11-10 08:56:11	2025-11-10 08:56:11	287	\N	\N	\N	\N	2025-07-14	\N	3	9	\N	[]	55	t	2025-09-24	\N	\N	\N	\N	\N	34	3	\N	\N	\N	\N	3	13	114	\N
14407	3089	16	2025-11-10 09:17:03	2025-11-10 09:17:03	287	\N	\N	\N	\N	2025-11-06	\N	3	9	\N	[]	55	\N	\N	\N	\N	\N	\N	\N	35	3	\N	\N	\N	\N	3	14	113	\N
14408	3090	16	2025-11-10 09:28:17	2025-11-10 09:28:17	287	\N	\N	\N	\N	2025-10-17	\N	3	9	\N	[]	55	\N	\N	\N	\N	\N	\N	\N	36	3	\N	\N	\N	\N	3	14	113	\N
14378	3063	9	2025-10-17 16:24:14	2025-11-12 14:32:24	287	\N	\N	\N	\N	2022-04-28	2025-07-15	3	9	\N	[]	55	\N	\N	\N	1	\N	\N	\N	9	1	\N	\N	\N	\N	3	26	130	\N
\.


--
-- Data for Name: employee_weapon_registry; Type: TABLE DATA; Schema: public; Owner: alfabravo_user
--

COPY public.employee_weapon_registry (id, weapon_model_id, weapon_type_id, weapon_caliber_id, weapon_autority_id, enrollment, registration_folio, due_date, created_at, updated_at, deleted_at, employee_id) FROM stdin;
\.


--
-- Data for Name: enterprise; Type: TABLE DATA; Schema: public; Owner: alfabravo_user
--

COPY public.enterprise (id, name, description, created_at, updated_at, deleted_at, prefix, desactivated, ssp) FROM stdin;
9	ALFA BRAVO SEGURIDAD PRIVADA S.A. DE C.V.		2023-01-02 11:27:56	2024-09-20 09:20:42	\N	AB	\N	t
3	INSTITUTO NACIONAL PARA LA FORMACION EN SEGURIDAD		2021-01-27 16:08:37	2024-01-25 21:11:44	2025-08-26 11:02:25	INF	\N	\N
8	AFM	AMPARO FLORES	2021-12-14 12:08:01	2024-01-25 21:11:10	2025-08-26 11:02:25	AF	\N	\N
12	CARLOS ELIAS CUEVAS	CARLOS ELIAS CUEVAS	2023-10-07 14:02:26	2024-01-25 21:11:22	2025-08-26 11:02:25	CEC	\N	\N
13	JOKER		2024-01-25 21:14:58	2024-01-29 11:02:25	2025-08-26 11:02:25	JK	\N	\N
14	INFOS	GRUPO INFOS	2024-04-23 12:38:22	2024-04-23 12:38:49	2025-08-26 11:02:25	INFOS	\N	\N
7	SURETE MÉXICO		2021-11-10 18:44:10	2024-07-26 14:22:31	2025-08-26 11:02:25	ST	t	\N
1	KUAKTUS SEGURIDAD PRIVADA, S.A. DE C.V.		2021-01-27 16:08:23	2024-09-17 14:13:20	2025-08-26 11:02:25	KS	\N	t
6	MAKA DEFENSA, S.A. DE C.V.		2021-10-29 14:01:30	2024-09-17 14:13:30	2025-08-26 11:02:25	MK	\N	t
4	CASA BARRGAM S DE RL		2021-02-19 12:04:04	2024-09-20 14:39:17	2025-08-26 11:02:25	CB	\N	\N
2	SECURIRENT S.A. DE C.V.		2021-01-27 16:08:32	2024-09-25 11:02:02	2025-08-26 11:02:25	SR	\N	\N
10	INTERVENTION		2023-06-03 12:27:33	2024-09-25 11:03:23	2025-08-26 11:02:25	INT	\N	\N
11	TEPETLIXPA		2023-09-28 13:38:12	2024-09-25 12:26:02	2025-08-26 11:02:25	TEPE	\N	\N
15	KA SEGURIDAD PRIVADA S.A. DE C.V.		2025-01-22 18:36:30	2025-01-22 18:36:30	2025-08-26 11:02:25	KA	\N	\N
\.


--
-- Data for Name: enterprise_document_category; Type: TABLE DATA; Schema: public; Owner: alfabravo_user
--

COPY public.enterprise_document_category (id, name, description, created_at, updated_at, deleted_at) FROM stdin;
1	COMPROBANTES DE DOMICILIO	\N	2024-12-03 15:39:40	2024-12-03 15:39:40	\N
3	ACTA CONSTITUTIVA	\N	2024-12-09 15:43:10	2024-12-09 15:43:10	\N
4	PODERES	\N	2024-12-16 15:55:57	2024-12-16 15:55:57	\N
2	CONSTANCIA DE SITUACIÓN FISCAL	\N	2024-12-09 15:42:16	2025-01-17 15:16:44	\N
5	IDENTIFICACIONES	\N	2025-01-28 15:19:53	2025-07-21 20:49:33	\N
6	PERMISOS FEDERALES	\N	2025-07-21 20:49:54	2025-07-21 20:49:54	\N
7	INFORMACION FISCAL	\N	2025-07-22 22:24:36	2025-07-22 22:24:36	\N
\.


--
-- Data for Name: enterprise_file_share_user; Type: TABLE DATA; Schema: public; Owner: alfabravo_user
--

COPY public.enterprise_file_share_user (id, user_id, file_id, created_at, updated_at, deleted_at, user_by, until) FROM stdin;
2	98	34	2025-05-14 15:03:48	2025-05-14 15:03:56	\N	43	2025-07-31 15:03:56
\.


--
-- Data for Name: enterprise_file_type; Type: TABLE DATA; Schema: public; Owner: alfabravo_user
--

COPY public.enterprise_file_type (id, name, description, created_at, updated_at, deleted_at, module, is_required, is_public, document_category_id, nname, "position", no_document, modules) FROM stdin;
5	REPSE	El REPSE, o Registro de Prestadoras de Servicios Especializados y Obras Especializadas, es un mecanismo de la Secretaría del Trabajo y Previsión Social (STPS) en México para regular la subcontratación laboral y proteger los derechos de los trabajadores.	2025-07-22 19:24:55	2025-07-22 19:24:55	\N	\N	\N	\N	6	\N	\N	\N	\N
6	RFC	El RFC (Registro Federal de Contribuyentes) es un código alfanumérico utilizado por el gobierno para identificar a las personas físicas y morales.	2025-07-22 22:28:11	2025-07-22 22:28:11	\N	\N	\N	\N	7	\N	\N	\N	\N
2	CONSTANCIA DE SITUACIÓN FISCAL	-La Constancia de Situación Fiscal (CSF) es un documento que expide el Servicio de Administración Tributaria (SAT) con la información fiscal de cada contribuyente, lo cual permite verificar que la persona esté inscrita en el Registro Federal de Contribuyentes.	2024-12-09 15:42:43	2025-07-22 22:31:41	\N	\N	\N	\N	2	\N	\N	\N	\N
1	COMPROBANTE DE DOMICILIO	Especifica los documentos que se aceptan como comprobante de domicilio para trámites fiscales ante el Servicio de Administración Tributaria (SAT) en México	2024-12-03 15:40:49	2025-07-22 22:34:40	\N	\N	\N	\N	1	\N	\N	\N	\N
4	IDENTIFICACION	La identificación se materializa a través de documentos oficiales que acreditan la identidad de una persona.	2025-07-21 20:50:16	2025-07-22 22:36:59	\N	\N	\N	\N	5	\N	\N	\N	\N
3	ACTA CONSTITUTIVA	Documento legal obligatorio (según las leyes mexicanas), con el que toda empresa o asociación (con o sin fines de lucro) debe contar para comenzar a operar, e	2024-12-09 15:43:42	2025-07-22 22:39:21	\N	\N	\N	\N	3	\N	\N	\N	\N
7	PODERES	\N	2025-07-23 06:53:49	2025-07-23 06:53:49	\N	\N	\N	\N	4	\N	\N	\N	\N
\.


--
-- Data for Name: enterprise_files; Type: TABLE DATA; Schema: public; Owner: alfabravo_user
--

COPY public.enterprise_files (files_id, filename, enterprise_id, created_at, updated_at, file_type_id, expiration_date, document_name) FROM stdin;
32	enterprise_doc_672cf304bf731.pdf	9	2024-11-07 11:04:04	2024-11-07 11:04:04	\N	\N	ASP1910169B7-constancia-situacion-fiscal.pdf
31	enterprise_doc_672cf304bd776.pdf	9	2024-11-07 11:04:04	2024-11-07 17:21:20	122	\N	ASP1910169B7-opinión-de-cumplimiento.pdf
33	enterprise_doc_67994a8d5e3a0.pdf	1	2025-01-28 15:22:21	2025-07-23 08:33:35	2	2025-01-31 08:33:35	CSF KUAKTUS ENERO 2025.PDF
35	enterprise_doc_6880f28bc35a0.pdf	1	2025-07-23 08:32:43	2025-07-23 08:33:35	5	2026-10-18 08:33:35	REPSE KUAKTUS SEGURIDAD PRIVADA RENOVACION.PDF
26	enterprise_doc_648a1e0a442bb.xlsx	1	2023-06-14 14:07:38	2025-07-14 13:40:08	\N	\N	10. TMXF035  CUESTIONARIO DE SEGURIDAD PROVEEDORES IN-HOUSE.XLSX
28	enterprise_doc_648a1e0a4547c.pdf	1	2023-06-14 14:07:38	2025-07-14 13:40:08	\N	\N	12. POLITICA PARA PROVEEDORES DE SERVICIO.PDF
30	enterprise_doc_648a1e0a465df.xlsx	1	2023-06-14 14:07:38	2025-07-14 13:40:08	\N	\N	14. TMXF035- PROVEEDOR APROBADO.XLSX
20	enterprise_doc_648a1e0a41885.pdf	1	2023-06-14 14:07:38	2025-07-14 13:40:08	\N	\N	4. AVISO DE CUMPLIMIENTO DE OBLIGACIONES FISCALES SAT.PDF
23	enterprise_doc_648a1e0a431bd.pdf	1	2023-06-14 14:07:38	2025-07-14 13:40:08	\N	\N	7. ESTADO DE CUENTA BANCARIO SANTANDER-KUAKTUS.PDF
24	enterprise_doc_648a1e0a4373d.pdf	1	2023-06-14 14:07:38	2025-07-14 13:40:08	\N	\N	8. FOTOGRAFIA DE DOMICILIO KUAKTUS Q ROO.PDF
25	enterprise_doc_648a1e0a43c87.pdf	1	2023-06-14 14:07:38	2025-07-14 13:40:08	\N	\N	9. PERMISO VIGENTE 232-2020 AR KUAKTUS SEGURIDAD PRIVADA, S.A. DE C.V.  20-12-2023.PDF
27	enterprise_doc_648a1e0a44e9c.docx	1	2023-06-14 14:07:38	2025-07-14 13:40:08	\N	\N	11. CONTRATO 2022 TRANSMEX - KUAKTUS S.A. DE C.V.DOCX
29	enterprise_doc_648a1e0a45ba6.pdf	1	2023-06-14 14:07:38	2025-07-14 13:40:08	\N	\N	13. FOTOGRAFIAS DE INSTALACIONES KUAKTUS.PDF
21	enterprise_doc_648a1e0a41ea0.pdf	1	2023-06-14 14:07:38	2025-07-21 21:03:55	4	\N	5. IDENTIFICACIÓN REPRESENTANTE LEGAL KUAKTUS.PDF
17	enterprise_doc_648a1e0a3eccf.pdf	1	2023-06-14 14:07:38	2025-07-21 21:03:55	3	\N	1. ACTA CONSTITUTIVA KUAKTUS 75296.PDF
19	enterprise_doc_648a1e0a412a4.pdf	1	2023-06-14 14:07:38	2025-07-21 21:03:55	2	\N	3. CONSTANCIA DE SITUACION FISCAL.PDF
22	enterprise_doc_648a1e0a42b8b.pdf	1	2023-06-14 14:07:38	2025-07-21 21:03:55	1	\N	6. COMPROBANTE DE DOMICILIO MAYO-2023.PDF
18	enterprise_doc_648a1e0a405c9.pdf	1	2023-06-14 14:07:38	2025-07-23 06:54:40	7	\N	2. PODR GENERAL PLEITOS Y COBRANZA KUAKTUS 25750.PDF
34	enterprise_doc_682501a4bb56d.pdf	1	2025-05-14 14:48:36	2025-07-23 08:33:35	2	2025-07-31 08:33:35	CSF KUAKTUS SEGURIDAD PRIVADA 140425.PDF
\.


--
-- Data for Name: enterprise_product; Type: TABLE DATA; Schema: public; Owner: alfabravo_user
--

COPY public.enterprise_product (id, product_id, enterprise_id, created_at, updated_at, deleted_at) FROM stdin;
1	2	9	2024-09-20 09:20:42	2024-09-20 09:20:42	\N
2	10	9	2024-09-20 09:20:42	2024-09-20 09:20:42	\N
3	6	9	2024-09-20 09:20:42	2024-09-20 09:20:42	\N
4	3	9	2024-09-20 09:20:42	2024-09-20 09:20:42	\N
\.


--
-- Data for Name: exam; Type: TABLE DATA; Schema: public; Owner: alfabravo_user
--

COPY public.exam (id, name, description, created_at, updated_at, deleted_at) FROM stdin;
1	PRUEBA 1		2023-04-13 11:22:20	2023-04-13 11:22:20	\N
\.


--
-- Data for Name: exp_dates; Type: TABLE DATA; Schema: public; Owner: alfabravo_user
--

COPY public.exp_dates (id, exp_recursive_id, date, amount_plan, status, created_at, updated_at) FROM stdin;
1	1	2024-01-31 00:00:00	20	5	2023-10-31 10:57:03	2023-10-31 10:57:03
2	1	2024-05-01 00:00:00	20	5	2023-10-31 10:57:03	2023-10-31 10:57:03
3	1	2024-08-01 00:00:00	20	5	2023-10-31 10:57:03	2023-10-31 10:57:03
4	2	2023-12-15 00:00:00	18.5	5	2023-10-31 13:32:24	2023-10-31 13:32:24
5	2	2024-01-15 00:00:00	18.5	5	2023-10-31 13:32:24	2023-10-31 13:32:24
6	2	2024-02-15 00:00:00	18.5	5	2023-10-31 13:32:24	2023-10-31 13:32:24
7	2	2024-03-15 00:00:00	18.5	5	2023-10-31 13:32:24	2023-10-31 13:32:24
8	2	2024-04-15 00:00:00	18.5	5	2023-10-31 13:32:24	2023-10-31 13:32:24
9	2	2024-05-15 00:00:00	18.5	5	2023-10-31 13:32:24	2023-10-31 13:32:24
10	2	2024-06-14 00:00:00	18.5	5	2023-10-31 13:32:24	2023-10-31 13:32:24
11	2	2024-07-15 00:00:00	18.5	5	2023-10-31 13:32:24	2023-10-31 13:32:24
12	2	2024-08-15 00:00:00	18.5	5	2023-10-31 13:32:24	2023-10-31 13:32:24
13	2	2024-09-13 00:00:00	18.5	5	2023-10-31 13:32:24	2023-10-31 13:32:24
14	2	2024-10-15 00:00:00	18.5	5	2023-10-31 13:32:24	2023-10-31 13:32:24
\.


--
-- Data for Name: exp_pedido; Type: TABLE DATA; Schema: public; Owner: alfabravo_user
--

COPY public.exp_pedido (id, exp_request_id, itemable_id, itemable_type, provider_id, count, sales_order_unit_measure_id, unit_cost, iva, total_cost, created_at, updated_at) FROM stdin;
\.


--
-- Data for Name: exp_recursive; Type: TABLE DATA; Schema: public; Owner: alfabravo_user
--

COPY public.exp_recursive (id, months, weeks, days, specificday, details, created_at, updated_at, element_type, element_id, days_to_alert, pay_back_debts, name) FROM stdin;
1	3	-1	-1	-1	Oficina	2023-10-31 10:57:03	2023-10-31 10:57:03	AlmCategories	40	\N	\N	\N
2	1	3a	-1	-1	\N	2023-10-31 13:32:24	2023-10-31 13:32:24	AlmCategories	41	\N	\N	\N
\.


--
-- Data for Name: exp_rent_service; Type: TABLE DATA; Schema: public; Owner: alfabravo_user
--

COPY public.exp_rent_service (id, category, name, description, exp_recursive, created_at, updated_at, deleted_at) FROM stdin;
1	RENTAS	BODEGAS	RENTA DE BODEGAS	f	\N	\N	\N
2	RENTAS	TIENDAS	RENTA DE TIENDAS	f	\N	\N	\N
3	RENTAS	OFICINAS	RENTA DE OFICINAS	f	\N	\N	\N
4	SERVICIOS	AGUA	AGUA	f	\N	\N	\N
5	SERVICIOS	GAS	GAS	f	\N	\N	\N
6	SERVICIOS	ELECTRICIDAD	ELECTRICIDAD	f	\N	\N	\N
\.


--
-- Data for Name: exp_request; Type: TABLE DATA; Schema: public; Owner: alfabravo_user
--

COPY public.exp_request (id, enterprise_prefix, enterprise_folio, date, requesterable_id, requesterable_type, concept, user_id, enterprise_id, status, created_at, updated_at) FROM stdin;
\.


--
-- Data for Name: expenses; Type: TABLE DATA; Schema: public; Owner: alfabravo_user
--

COPY public.expenses (id, name, description, created_at, updated_at, deleted_at, module) FROM stdin;
3	INFRACCIONES	EN ESTA CAMPO SE INGRESAN EL PAGO DE INFRACCIONES QUE LA UNIDAD TENGA YA SEA LOCALES O FEDERALES Y QUE FUERON PAGADOS POR LA EMPRESA	2021-02-01 17:15:14	2021-02-01 17:15:14	\N	\N
5	ALTA DE PLACAS	ALTA DE PLACAS POR UNIDAD NUEVA O CAMBIO DE PROPIETARIO	2021-02-04 19:17:30	2022-01-04 18:53:39	\N	vehicle
6	BAJA DE PLACAS	VENTA DE UNIDAD, SINIESTRO	2021-02-04 19:18:16	2022-01-04 18:53:49	\N	vehicle
9	CAMBIO DE PROPIETARIO	TRAMITE DE CAMBIO DE PROPIETARIO	2021-02-10 21:01:30	2022-01-04 18:53:58	\N	vehicle
12	DEDUCIBLES DE SEGUROS	EL DEDUCIBLE ES LA CANTIDAD DE DINERO QUE SE PAGA A LA ASEGURADORA EN CASO DE SUFRIR UN ACCIDENTE O UNA PÉRDIDA.	2021-03-22 19:11:10	2022-01-04 18:54:12	\N	vehicle
13	GESTORÍA	HONORARIOS DEL GESTOR	2021-05-26 08:53:01	2022-01-04 18:54:25	\N	vehicle
2	VERIFICACIÓN VEHICULAR	LA VERIFICACIÓN VEHICULAR ES OBLIGATORIA EN LOS SIGUIENTES ESTADOS CIUDAD DE MÉXICO, ESTADO DE MÉXICO, HIDALGO, MORELOS, PUEBLA, TLAXCALA, QUERÉTARO, JALISCO, BAJA CALIFORNIA, COAHUILA, CHIHUAHUA, GUANAJUATO, OAXACA, VERACRUZ, MICHOACÁN Y YUCATÁN	2021-02-01 17:12:50	2022-01-04 18:54:34	\N	vehicle
7	REPOSICIÓN DE TARJETA DE CIRCULACIÓN	PERDIDA O MAL ESTADO DE LA MISMA	2021-02-04 19:19:04	2022-01-04 18:54:43	\N	vehicle
8	RENOVACIÓN DE TARJETA DE CIRCULACIÓN	SE REALIZA CADA TRES AÑOS EN LA CDMX, ES NECESARIO VERIFICAR LA FRECUENCIA EN LAS OTRAS ENTIDADES FEDERATIVA	2021-02-04 19:20:24	2022-01-04 18:54:53	\N	vehicle
4	PAGO DE RENTA	LAS RENTAS PUEDEN SER: DIARIAS, SEMANALES O MENSUALES	2021-02-01 17:18:38	2022-01-04 18:55:14	\N	vehicle
1	TENENCIA	PAGO DE TENENCIA	2021-02-01 16:08:29	2022-01-04 18:55:43	\N	vehicle
11	PÓLIZA DE SEGURO	PAGO DE LA PRIMA DEL SEGURO DE LA UNIDAD	2021-03-22 19:09:08	2022-01-04 18:55:51	\N	vehicle
15	CASETAS	CASETAS TAG	2022-01-04 18:59:19	2022-01-04 18:59:19	\N	\N
16	RETENES	RETENES Y CASETAS TOMADAS	2022-01-04 18:59:53	2022-01-04 18:59:53	\N	\N
17	PENSION AUTOMOTRIZ	PENSIONES Y ESTACIONAMIENTOS	2022-01-04 19:01:00	2022-01-04 19:01:00	\N	\N
18	REGADERAS	REGADERAS DE USO PERSONAL	2022-01-04 19:01:43	2022-01-04 19:01:43	\N	\N
19	VULCANIZADO	REPARACION DE LLANTAS Y RINES	2022-01-04 19:02:44	2022-01-04 19:02:44	\N	\N
20	HOSPEDAJE	HOTELES Y PENSIONES	2022-01-04 19:03:59	2022-01-04 19:03:59	\N	\N
21	CORTESÍAS	APOYO GN Y PFP	2022-04-04 12:03:49	2022-04-04 12:03:49	\N	operations
14	COMBUSTIBLE	GASOLINA	2022-01-04 18:53:30	2022-04-04 12:05:41	\N	\N
22	REEMBOLSO EFECTIVO	REEMBOLSO DE EFECTIVO DISPERSADO	2022-11-09 17:42:02	2022-11-09 17:42:02	\N	operations
23	SALARIO	SALARIO DE LOS EMPLEADOS	2023-09-13 09:27:19	2023-09-13 09:27:19	\N	operations
24	RECURSOS ASIGNADOS	RECURSOS MATERIALES ASIGNADOS AL SERVICIO	2023-09-13 09:27:19	2023-09-13 09:27:19	\N	operations
25	RECURSOS ASIGNADOS A EMPLEADOS	RECURSOS MATERIALES ASIGNADOS A LOS EMPLEADOS del SERVICIO	2023-09-13 09:27:19	2023-09-13 09:27:19	\N	operations
\.


--
-- Data for Name: external_service_provider; Type: TABLE DATA; Schema: public; Owner: alfabravo_user
--

COPY public.external_service_provider (id, name, created_at, updated_at, deleted_at) FROM stdin;
\.


--
-- Data for Name: external_service_provider_type; Type: TABLE DATA; Schema: public; Owner: alfabravo_user
--

COPY public.external_service_provider_type (id, external_service_provider_id, external_service_type_id, created_at, updated_at, deleted_at) FROM stdin;
\.


--
-- Data for Name: external_service_type; Type: TABLE DATA; Schema: public; Owner: alfabravo_user
--

COPY public.external_service_type (id, name, created_at, updated_at, deleted_at) FROM stdin;
\.


--
-- Data for Name: failed_jobs; Type: TABLE DATA; Schema: public; Owner: alfabravo_user
--

COPY public.failed_jobs (id, uuid, connection, queue, payload, exception, failed_at) FROM stdin;
\.


--
-- Data for Name: file_type; Type: TABLE DATA; Schema: public; Owner: alfabravo_user
--

COPY public.file_type (id, name, description, created_at, updated_at, deleted_at, module, is_required, is_public, document_category_id, nname, "position", no_document, modules) FROM stdin;
1	Contrato	\N	2021-08-18 12:21:39	2021-08-18 12:21:39	\N	employee	\N	\N	\N	\N	\N	\N	\N
6	Curriculum Vitae	\N	2021-08-18 12:21:39	2021-08-18 12:21:39	\N	employee	\N	\N	\N	\N	\N	\N	\N
8	Constancia de Situación Fiscal	\N	2021-08-18 12:21:39	2021-08-18 12:21:39	\N	employee	\N	\N	\N	\N	\N	\N	\N
17	Comprobante Cuenta Bancaria	\N	2021-08-18 12:21:39	2021-08-18 12:21:39	\N	employee	\N	\N	\N	\N	\N	\N	\N
19	COVID	\N	2021-08-18 12:21:39	2021-08-18 12:21:39	\N	employee	\N	\N	\N	\N	\N	\N	\N
20	Infonavit	\N	2021-08-18 12:21:39	2021-08-18 12:21:39	\N	employee	\N	\N	\N	\N	\N	\N	\N
21	Fonacot	\N	2021-08-18 12:21:39	2021-08-18 12:21:39	\N	employee	\N	\N	\N	\N	\N	\N	\N
22	Otros	\N	2021-08-18 12:21:39	2021-08-18 12:21:39	\N	\N	\N	\N	\N	\N	\N	\N	\N
24	Reglamento de Buzón de Denuncias	\N	2021-11-03 19:03:39	2021-11-03 19:03:39	\N	employee	\N	\N	\N	\N	\N	\N	\N
26	Carta Responsiva Obligaciones Fiscales	\N	2021-11-03 19:04:17	2021-11-03 19:04:17	\N	employee	\N	\N	\N	\N	\N	\N	\N
27	Aviso de Privacidad	\N	2021-11-03 19:04:36	2021-11-03 19:04:36	\N	\N	\N	\N	\N	\N	\N	\N	\N
30	Transferencia IMSS	Pago Transferencia IMSS	2021-11-16 16:50:18	2021-11-16 16:50:18	\N	payroll	\N	\N	\N	\N	\N	\N	\N
31	Cheque IMSS	Pago IMSS vía cheque	2021-11-16 16:50:48	2021-11-16 16:50:48	\N	payroll	\N	\N	\N	\N	\N	\N	\N
32	Recibo NOI PDF	Recibo de Nómina NOI en PDF	2021-11-16 16:52:22	2021-11-16 16:52:22	\N	payroll	\N	\N	\N	\N	\N	\N	\N
33	Recibo NOI XML	Recibo NOI en XML	2021-11-16 16:52:45	2021-11-16 16:53:00	\N	payroll	\N	\N	\N	\N	\N	\N	\N
34	ATP Transferencia	Transferencia del complemento de la nómina por fuera	2021-11-16 16:54:15	2021-12-03 13:55:31	\N	payroll	\N	\N	\N	\N	\N	\N	\N
35	Pago IMSS Rechazado	Comprobantes de Pagos IMSS rechazados por el banco	2021-12-03 13:56:30	2021-12-03 13:56:30	\N	payroll	\N	\N	\N	\N	\N	\N	\N
36	ATP Efectivo	Pago Efectivo Complemento	2021-12-03 13:57:06	2021-12-03 13:57:37	2021-12-03 13:57:37	payroll	\N	\N	\N	\N	\N	\N	\N
29	ATP Efectivo	Comprobante Pago en Efectivo Complemento	2021-11-16 16:46:03	2021-12-03 13:58:07	\N	payroll	\N	\N	\N	\N	\N	\N	\N
37	Diagnostico Psicológico	Diagnostico realizado por el área de reclutamiento por parte del psicólogo asignado	2022-07-07 23:54:11	2022-07-07 23:54:11	\N	employee	f	\N	\N	\N	\N	\N	\N
38	Pruebas Psicológicas	Prueba realizada por el psicólogo asignado por reclutamiento	2022-07-07 23:54:56	2022-07-07 23:54:56	\N	employee	f	\N	\N	\N	\N	\N	\N
39	Prueba de Manejo	Prueba realizada por reclutamiento, este solo se realiza si la vacante se requiere la habilidad de conducción	2022-07-07 23:56:05	2022-07-07 23:56:05	\N	employee	f	\N	\N	\N	\N	\N	\N
40	Carta de Derechos y Obligaciones	Carta donde se explica al empleado lo que se tiene como derecho, así como sus obligaciones	2022-07-07 23:56:50	2022-07-07 23:56:50	\N	employee	f	\N	\N	\N	\N	\N	\N
42	Ficha Personal	Documento que llena el candidato o empleado con sus datos personales	2022-07-07 23:58:02	2022-07-07 23:58:02	\N	employee	f	\N	\N	\N	\N	\N	\N
43	Registro de arma	Registro de arma de una persona, ya sea por una institución de seguridad pública o privada	2022-07-12 16:14:44	2022-07-12 16:14:44	\N	employee	f	\N	\N	\N	\N	\N	\N
45	Documento de Entrevista	Formato de entrevista que se da a los candidatos para un puesto	2022-07-21 16:49:27	2022-07-21 16:49:27	\N	employee	f	\N	\N	\N	\N	\N	\N
46	Oficio de Comisión CUSAEM	\N	2022-08-31 10:52:52	2022-08-31 10:52:52	\N	employee	f	\N	\N	\N	\N	\N	\N
47	Verificación	Comprobante de Verificación Vehícular	2023-03-30 14:19:51	2023-03-30 14:19:51	\N	vehicle	f	\N	\N	\N	\N	\N	\N
48	Acta Constitutiva	\N	2023-06-02 10:15:30	2023-06-02 10:15:30	\N	employee	f	\N	\N	\N	\N	\N	\N
49	Constancia de Situacion Fiscal	\N	2023-06-02 10:34:27	2023-06-02 10:34:27	\N	employee	f	\N	\N	\N	\N	\N	\N
50	Aviso de Cumplimiento de Obligaciones Fiscales	\N	2023-06-02 10:34:51	2023-06-02 10:34:51	\N	employee	f	\N	\N	\N	\N	\N	\N
51	Identificación oficial del representante o apoderado Legal	\N	2023-06-02 10:35:11	2023-06-02 10:35:11	\N	\N	f	\N	\N	\N	\N	\N	\N
52	Estado de Cuenta Bancario	\N	2023-06-02 10:35:31	2023-06-02 10:35:31	\N	employee	f	\N	\N	\N	\N	\N	\N
53	Fotografia del domicilio con numero visible	\N	2023-06-02 10:35:43	2023-06-02 10:35:43	\N	employee	f	\N	\N	\N	\N	\N	\N
55	Cuestionario de seguridad Actualizado	\N	2023-06-02 10:36:08	2023-06-02 10:36:08	\N	\N	f	\N	\N	\N	\N	\N	\N
56	Contrato o Convenio	\N	2023-06-02 10:36:22	2023-06-02 10:36:22	\N	\N	f	\N	\N	\N	\N	\N	\N
57	Politica para Proveedores de Servicio	\N	2023-06-02 10:36:33	2023-06-02 10:36:33	\N	\N	f	\N	\N	\N	\N	\N	\N
58	Visita c/fotografias	\N	2023-06-02 10:36:51	2023-06-02 10:36:51	\N	\N	f	\N	\N	\N	\N	\N	\N
59	Formato del Proveedor Aprobado	\N	2023-06-02 10:37:01	2023-06-02 10:37:01	\N	\N	f	\N	\N	\N	\N	\N	\N
60	Evaluacion del Proveedor e Inspeccion del Producto y/o Servicio	\N	2023-06-02 10:37:14	2023-06-02 10:37:14	\N	\N	f	\N	\N	\N	\N	\N	\N
62	Antidoping	\N	2023-06-02 12:34:37	2023-06-02 16:13:43	\N	employee	f	t	\N	\N	\N	\N	\N
3	Acta de Nacimiento	\N	2021-08-18 12:21:39	2023-06-02 16:15:28	\N	employee	f	t	\N	\N	\N	\N	\N
18	Examen Médico	\N	2021-08-18 12:21:39	2023-06-02 16:16:48	\N	employee	f	t	\N	\N	\N	\N	\N
14	Carta de Referencia Personal	\N	2021-08-18 12:21:39	2023-06-02 16:18:23	\N	employee	f	t	\N	\N	\N	\N	\N
9	IMSS	\N	2021-08-18 12:21:39	2023-06-02 16:18:52	\N	employee	f	t	\N	\N	\N	\N	\N
10	Comprobante de Domicilio	\N	2021-08-18 12:21:39	2023-06-02 16:20:18	\N	employee	f	t	\N	\N	\N	\N	\N
5	Solicitud de Empleo	\N	2021-08-18 12:21:39	2023-06-02 16:21:50	\N	employee	f	t	\N	\N	\N	\N	\N
4	CURP	\N	2021-08-18 12:21:39	2023-06-02 16:22:49	\N	employee	f	t	\N	\N	\N	\N	\N
28	Antecedentes Penales	\N	2021-11-03 19:41:55	2023-06-02 16:25:22	\N	employee	f	t	\N	\N	\N	\N	\N
16	Carta de Antecedentes no penales	\N	2021-08-18 12:21:39	2023-06-02 16:25:39	\N	employee	f	t	\N	\N	\N	\N	\N
64	Poder Notarial	\N	2023-06-02 19:13:37	2023-06-02 19:13:37	\N	\N	f	t	\N	\N	\N	\N	\N
65	TESTIMONIO	\N	2023-06-02 19:13:49	2023-06-02 19:13:49	\N	\N	f	t	\N	\N	\N	\N	\N
66	RFC	\N	2023-06-02 22:57:57	2023-06-02 22:57:57	\N	\N	f	t	\N	\N	\N	\N	\N
11	Comprobante de Estudios	\N	2021-08-18 12:21:39	2023-06-22 17:23:18	\N	employee	f	t	\N	\N	\N	\N	\N
67	REPSE	\N	2023-06-02 23:03:49	2023-06-02 23:03:49	\N	employee	f	t	\N	\N	\N	\N	\N
68	SERVICIOS	\N	2023-06-02 23:04:43	2023-06-02 23:04:43	\N	employee	f	t	\N	\N	\N	\N	\N
54	Licencia, Permiso. Certificado de producto o servicio	\N	2023-06-02 10:35:56	2023-06-02 23:05:48	\N	employee	f	t	\N	\N	\N	\N	\N
7	INE	\N	2021-08-18 12:21:39	2023-06-22 17:29:01	\N	employee	f	t	\N	\N	\N	\N	\N
69	Anticipo de Nómina	\N	2023-09-12 17:03:53	2023-09-12 17:03:53	\N	employee	t	f	\N	\N	\N	\N	\N
70	Caja de Ahorro	\N	2023-09-12 17:04:07	2023-09-12 17:04:07	\N	employee	f	f	\N	\N	\N	\N	\N
71	Vacaciones	\N	2023-09-12 17:04:29	2023-09-12 17:04:29	\N	employee	t	f	\N	\N	\N	\N	\N
72	Vale de Uniforme	\N	2023-09-12 17:04:47	2023-09-12 17:04:47	\N	employee	t	f	\N	\N	\N	\N	\N
73	Incapacidad	\N	2023-09-12 17:05:01	2023-09-12 17:05:01	\N	employee	t	f	\N	\N	\N	\N	\N
74	Pago en Efectivo	\N	2023-09-12 17:05:17	2023-09-12 17:05:17	\N	\N	t	f	\N	\N	\N	\N	\N
75	Boleto de Traslado	\N	2023-09-12 17:05:33	2023-09-12 17:05:33	\N	employee	f	f	\N	\N	\N	\N	\N
77	Finiquito o Liquidación	\N	2023-09-12 17:06:03	2023-09-12 17:06:03	\N	employee	f	f	\N	\N	\N	\N	\N
78	Conocimiento de Ingresos	\N	2023-11-10 12:04:47	2023-11-10 12:04:47	\N	employee	f	f	\N	\N	\N	\N	\N
25	Carta Compromiso de Entrega de Documentos	\N	2021-11-03 19:03:59	2024-04-01 16:33:30	\N	employee	f	f	\N	\N	\N	\N	\N
15	Carta de Recomendación Laboral	\N	2021-08-18 12:21:39	2024-04-01 16:36:08	\N	employee	f	t	\N	\N	\N	\N	\N
13	Cartilla Militar Liberada	\N	2021-08-18 12:21:39	2024-04-01 16:36:40	\N	employee	f	t	\N	\N	\N	\N	\N
2	Licencia de Conducir	\N	2021-08-18 12:21:39	2024-04-01 16:37:01	\N	employee	f	f	\N	\N	\N	\N	\N
12	CIM y Registro de Portación	\N	2021-08-18 12:21:39	2024-04-01 16:37:38	\N	employee	f	f	\N	\N	\N	\N	\N
61	CHECKLIST EXPEDIENTE DE PROVEEDOR TMXF035	\N	2023-06-02 10:37:50	2024-05-27 08:35:44	\N	employee	f	f	\N	\N	\N	\N	\N
63	Estudio socioeconómico	\N	2023-06-02 12:35:39	2024-06-19 08:23:08	\N	employee	t	t	\N	\N	\N	\N	\N
79	Dibujos	\N	2023-11-10 12:04:58	2023-11-10 12:04:58	\N	employee	f	f	\N	\N	\N	\N	\N
44	Resguardo de Credencial y Uniforme	Documento en el que firma el trabajador para resguardar su credencial de empleado	2022-07-12 16:16:27	2023-11-10 12:05:20	\N	employee	f	f	\N	\N	\N	\N	\N
80	Estudio Clínico	\N	2023-11-10 12:05:46	2023-11-10 12:05:46	\N	employee	f	f	\N	\N	\N	\N	\N
81	Alta IMSS	\N	2024-02-21 12:20:31	2024-02-21 12:20:31	\N	employee	f	t	\N	\N	\N	\N	\N
82	Incapacidad IMSS	\N	2024-02-21 12:20:45	2024-02-21 12:20:45	\N	employee	f	f	\N	\N	\N	\N	\N
84	Acta Administrativa	\N	2024-04-01 16:23:38	2024-04-01 16:23:38	\N	employee	f	f	\N	\N	\N	\N	\N
85	Renuncia	\N	2024-04-01 16:24:13	2024-04-01 16:24:13	\N	employee	f	f	\N	\N	\N	\N	\N
86	PERMISOS SIN GOCE DE SUELDO	\N	2024-04-01 16:24:52	2024-04-01 16:24:52	\N	employee	f	f	\N	\N	\N	\N	\N
87	Parte de Novedades	\N	2024-04-01 16:25:20	2024-04-01 16:25:20	\N	employee	f	f	\N	\N	\N	\N	\N
76	Solicitud de Préstamo	\N	2023-09-12 17:05:48	2024-04-01 16:26:26	\N	employee	f	f	\N	\N	\N	\N	\N
41	Carta Confidencialidad y No Divulgación	Carta para empleados sobre confidencialidad	2022-07-07 23:57:29	2024-04-01 16:27:22	\N	employee	t	f	\N	\N	\N	\N	\N
88	CAPACITACIÓN ONBOARDING	\N	2024-04-01 16:28:03	2024-04-01 16:28:03	\N	employee	f	f	\N	\N	\N	\N	\N
89	Termininos y Condiciones Fondo de Ahorro	\N	2024-04-01 16:29:28	2024-04-01 16:29:28	\N	employee	f	f	\N	\N	\N	\N	\N
90	Terminos y Condiciones Caja de Ahorro	\N	2024-04-01 16:30:09	2024-04-01 16:30:09	\N	employee	f	f	\N	\N	\N	\N	\N
91	Examen Psicométrico	\N	2024-04-01 16:31:08	2024-04-01 16:31:08	\N	employee	f	f	\N	\N	\N	\N	\N
92	Fotos Estudio socioeconómico	\N	2024-04-01 16:31:56	2024-04-01 16:31:56	\N	employee	f	f	\N	\N	\N	\N	\N
93	Fonacot	\N	2024-04-01 16:34:04	2024-04-01 16:34:48	2024-04-01 16:34:48	employee	f	f	\N	\N	\N	\N	\N
83	Hoja de Asignación de Número de Seguridad Social	\N	2024-02-21 12:21:27	2024-05-27 08:45:40	\N	employee	f	f	\N	\N	\N	\N	\N
94	TARJETA DE CIRCULACIÓN	Tarjeta de Circulación de la unidad, es necesario agregar la fecha vencimiento en el campo correspondiente	2024-08-16 13:20:32	2024-08-16 13:20:32	\N	vehicle	f	f	\N	\N	\N	1	\N
95	FACTURA AUTOS	\N	2024-08-21 11:54:57	2024-08-21 11:54:57	\N	vehicle	f	f	\N	\N	\N	2	\N
96	TENENCIA AUTOS	\N	2024-08-21 11:56:42	2024-08-21 11:56:42	\N	vehicle	f	f	\N	\N	\N	3	\N
97	CARTA FACTURA	\N	2024-09-05 11:20:04	2024-09-05 11:20:04	\N	vehicle	f	f	\N	\N	\N	4	\N
98	PERMISO PROVISIONAL	\N	2024-09-05 11:22:06	2024-09-05 11:22:06	\N	vehicle	f	f	\N	\N	\N	5	\N
99	POLIZA DE SEGURO	\N	2024-09-05 11:29:02	2024-09-05 11:29:02	\N	vehicle	f	f	\N	\N	\N	6	\N
100	PEDIMENTO ADUANAL	\N	2024-09-05 11:29:26	2024-09-05 11:29:26	\N	vehicle	f	f	\N	\N	\N	7	\N
101	REFRENDO	\N	2024-09-23 13:08:26	2024-09-23 13:08:26	\N	vehicle	f	f	\N	\N	\N	8	\N
102	ALTA DE PLACAS	\N	2024-09-23 13:10:25	2024-09-23 13:10:25	\N	vehicle	f	f	\N	\N	\N	9	\N
103	BAJA DE PLACAS	\N	2024-09-23 13:10:41	2024-09-23 13:10:41	\N	vehicle	f	f	\N	\N	\N	10	\N
104	TÍTULO DE PROPIEDAD (EEUU)	\N	2024-09-23 13:10:58	2024-09-23 13:10:58	\N	vehicle	f	f	\N	\N	\N	11	\N
105	CHECK LIST	\N	2024-09-23 13:11:12	2024-09-23 13:11:12	\N	vehicle	f	f	\N	\N	\N	12	\N
106	CERTIFICADO DE BLINDAJE	\N	2024-09-23 13:11:25	2024-09-23 13:11:25	\N	vehicle	f	f	\N	\N	\N	13	\N
109	ANALISIS DE RIESGO	\N	2024-10-17 22:13:17	2024-10-17 22:13:17	\N	clients	\N	\N	\N	\N	\N	\N	\N
110	AVISO DE INSTALACIÓN	\N	2024-10-17 22:13:39	2024-10-17 22:13:39	\N	clients	\N	\N	\N	\N	\N	\N	\N
111	COTIZACIÓN	\N	2024-10-17 22:13:53	2024-10-17 22:13:53	\N	clients	\N	\N	\N	\N	\N	\N	\N
112	CARPETA OPERATIVA	\N	2024-10-17 22:14:07	2024-10-17 22:14:07	\N	clients	\N	\N	\N	\N	\N	\N	\N
113	VISITA TÉCNICA	\N	2024-10-17 22:14:17	2024-10-17 22:14:17	\N	clients	\N	\N	\N	\N	\N	\N	\N
118	OFICIOS VARIOS	\N	2024-10-17 22:15:36	2024-10-17 22:15:36	\N	clients	\N	\N	\N	\N	\N	\N	\N
120	DOCUMENTOS VARIOS	\N	2024-10-17 22:21:25	2024-10-17 22:21:25	\N	clients	\N	\N	\N	\N	\N	\N	\N
121	ENCUESTA DE SATISFACCIÓN	\N	2024-11-06 22:01:50	2024-11-06 22:01:50	\N	clients	\N	\N	\N	\N	\N	\N	\N
115	ACTA CONSTITUTIVA	\N	2024-10-17 22:14:43	2024-11-08 14:57:48	\N	clients	f	f	\N	\N	\N	\N	a:2:{i:0;s:7:"clients";i:1;s:11:"enterprises";}
114	CONSTANCIA DE SITUACIÓN FISCAL	\N	2024-10-17 22:14:32	2024-11-08 14:58:46	\N	enterprises	f	f	\N	\N	\N	\N	a:2:{i:0;s:7:"clients";i:1;s:11:"enterprises";}
116	PODERES DEL REPRESENTANTE LEGAL	\N	2024-10-17 22:14:59	2024-11-08 14:59:03	\N	clients	f	f	\N	\N	\N	\N	a:2:{i:0;s:7:"clients";i:1;s:11:"enterprises";}
119	CEDULA DE IDENTIFICACIÓN FISCAL	\N	2024-10-17 22:17:10	2024-11-08 14:59:30	\N	clients	f	f	\N	\N	\N	\N	a:2:{i:0;s:7:"clients";i:1;s:11:"enterprises";}
107	COMPROBANTE DE DOMICILIO	\N	2024-10-01 23:22:02	2024-11-08 14:59:45	\N	clients	f	f	\N	\N	\N	\N	a:2:{i:0;s:7:"clients";i:1;s:11:"enterprises";}
108	CONTRATO	\N	2024-10-16 17:07:53	2024-11-08 14:59:58	\N	clients	f	f	\N	\N	\N	\N	a:2:{i:0;s:7:"clients";i:1;s:11:"enterprises";}
117	IDENTIFICACIÓN DEL REPRESENTANTE LEGAL	\N	2024-10-17 22:15:16	2024-11-08 15:00:52	\N	clients	f	f	\N	\N	\N	\N	a:2:{i:0;s:7:"clients";i:1;s:11:"enterprises";}
122	OPINION DE CUMPLIMIENTO	\N	2024-11-07 17:20:39	2024-11-08 15:01:17	\N	\N	f	t	\N	\N	\N	2	a:2:{i:0;s:7:"clients";i:1;s:11:"enterprises";}
\.


--
-- Data for Name: fixed_cost; Type: TABLE DATA; Schema: public; Owner: alfabravo_user
--

COPY public.fixed_cost (id, fixed_cost_category_id, limit_to_pay, periodicity_id, planned_amonut, created_at, updated_at, deleted_at, user_id, enterprise_id, last_status_id, facture, cost_id, description, payment_way, cost_name, provider_to_pay_id, provider_bank_data_id, attachment, payment_account_id, master_id, folio, cid) FROM stdin;
238	4	2024-12-01 11:49:29	3	4500	2024-09-03 11:49:29	2025-01-31 11:02:41	\N	77	6	1	\N	\N		1	RENTA INMUEBLE MONTERREY TRUE CASA 3	248	69	\N	\N	19	MK-00006	24-6
229	4	2024-09-01 13:38:26	3	5500	2024-09-03 11:47:18	2024-10-23 13:38:26	\N	77	6	1	\N	\N	SUBSTITUYE A LA RENTA DE PORTAL DE LAS FLORES 414	5	RENTA INMUEBLE TRUE MANUFACTORY CLAVEL 192	\N	\N	\N	8	2	MK-00003	24-3
212	2	2024-07-17 11:37:40	4	850	2024-09-03 11:37:40	2024-10-23 17:30:55	\N	77	1	1	\N	\N		1	SAGITARIO 69	\N	\N	\N	\N	17	KS-00001	24-1
241	4	2024-09-01 11:51:41	3	5500	2024-09-03 11:51:41	2024-10-23 17:30:55	\N	77	6	1	\N	\N	SIN FACTURA	1	RENTA DE INMUEBLE CASA 1 MEXICALI KINO GAS	250	71	\N	\N	3	MK-00003	24-3
220	4	2024-12-01 11:43:16	3	2500	2024-09-03 11:43:16	2025-01-31 11:02:41	\N	77	1	1	\N	\N	1 DE CADA MES	1	RENTA OFICINA KUAKTUS MORELIA	246	67	\N	\N	16	KS-00006	24-6
242	4	2024-10-01 11:51:41	3	5500	2024-09-03 11:51:41	2024-10-23 17:30:55	\N	77	6	1	\N	\N	SIN FACTURA	1	RENTA DE INMUEBLE CASA 1 MEXICALI KINO GAS	250	71	\N	\N	3	MK-00004	24-4
221	4	2024-07-01 12:22:30	3	2000	2024-09-03 11:45:35	2024-10-22 18:40:54	\N	77	1	1	\N	\N	NO HAY FACTURA	1	RENTA INMMUEBLE MONTERREY	247	68	\N	7	1	KS-00001	24-1
223	4	2024-09-01 13:48:52	3	2000	2024-09-03 11:45:35	2024-10-22 18:40:54	\N	77	1	1	\N	\N	NO HAY FACTURA	1	INMMUEBLE MONTERREY TULIPAN 408	247	68	\N	\N	1	KS-00003	24-3
230	4	2024-10-01 17:03:29	3	11000	2024-09-03 11:47:18	2024-10-23 17:03:29	\N	77	6	1	\N	\N	SUBSTITUYE A LA RENTA DE PORTAL DE LAS FLORES 414, SE PAGA DEPOSITO Y MENSUALIDAD	5	RENTA INMUEBLE TRUE MANUFACTORY CLAVEL 192	255	76	\N	3	2	MK-00004	24-4
233	4	2024-09-01 17:27:40	3	0	2024-09-03 11:49:29	2024-10-23 17:30:55	\N	77	6	1	\N	\N	PRIMERA RENTA EN SEPTIEMBRE	5	INMUEBLE MONTERREY CLAVEL 192	56	87	\N	\N	19	MK-00001	24-1
251	4	2024-07-02 11:56:13	3	3000	2024-09-03 11:56:13	2024-10-23 17:30:55	\N	77	1	1	\N	\N	SIN FACTURA	1	RENTA DE INMUEBLE DURANGO SERVICIO LERDO 3	251	72	\N	\N	5	KS-00001	24-1
252	4	2024-08-02 11:56:13	3	3000	2024-09-03 11:56:13	2024-10-23 17:30:55	\N	77	1	1	\N	\N	SIN FACTURA	1	RENTA DE INMUEBLE DURANGO SERVICIO LERDO 3	251	72	\N	\N	5	KS-00002	24-2
244	4	2024-12-01 11:51:41	3	5500	2024-09-03 11:51:41	2025-01-31 11:02:41	\N	77	6	1	\N	\N	SIN FACTURA	1	RENTA DE INMUEBLE CASA 1 MEXICALI KINO GAS	250	71	\N	\N	3	MK-00006	24-6
217	4	2024-09-01 11:43:16	3	2500	2024-09-03 11:43:16	2024-10-23 17:30:55	\N	77	1	1	\N	\N	1 DE CADA MES	1	RENTA OFICINA KUAKTUS MORELIA	246	67	\N	\N	16	KS-00003	24-3
236	4	2024-10-01 11:49:29	3	4500	2024-09-03 11:49:29	2024-10-23 17:30:55	\N	77	6	1	\N	\N		1	RENTA INMUEBLE MONTERREY TRUE CASA 3	248	69	\N	\N	19	MK-00004	24-4
256	4	2024-12-02 11:56:13	3	3000	2024-09-03 11:56:13	2025-01-31 11:02:41	\N	77	1	1	\N	\N	SIN FACTURA	1	RENTA DE INMUEBLE DURANGO SERVICIO LERDO 3	251	72	\N	\N	5	KS-00006	24-6
239	4	2024-07-01 18:39:19	3	5500	2024-09-03 11:51:41	2024-10-23 17:30:55	\N	77	6	1	\N	\N	SIN FACTURA	5	RENTA DE INMUEBLE CASA 1 MEXICALI KINO GAS	250	71	\N	\N	3	MK-00001	24-1
246	4	2024-08-02 11:54:14	3	100099	2024-09-03 11:54:14	2024-10-23 17:30:55	\N	77	1	1	\N	\N	SI HAY FACTURA A KUAKTUS	4	RENTA DE INMUEBLE CASA HELECHOS	57	96	\N	\N	4	KS-00002	24-2
225	4	2024-11-01 11:45:35	3	2000	2024-09-03 11:45:35	2024-11-24 20:02:05	\N	77	1	1	\N	\N	NO HAY FACTURA	1	RENTA INMMUEBLE MONTERREY	247	68	\N	\N	1	KS-00005	24-5
226	4	2024-12-01 11:45:35	3	2000	2024-09-03 11:45:35	2025-01-31 11:02:41	\N	77	1	1	\N	\N	NO HAY FACTURA	1	RENTA INMMUEBLE MONTERREY	247	68	\N	\N	1	KS-00006	24-6
240	4	2024-08-01 11:51:41	3	5500	2024-09-03 11:51:41	2024-10-23 17:30:55	\N	77	6	1	\N	\N	SIN FACTURA	1	RENTA DE INMUEBLE CASA 1 MEXICALI KINO GAS	250	71	\N	\N	3	MK-00002	24-2
237	4	2024-11-01 11:49:29	3	4500	2024-09-03 11:49:29	2024-11-24 20:02:05	\N	77	6	1	\N	\N		1	RENTA INMUEBLE MONTERREY TRUE CASA 3	248	69	\N	\N	19	MK-00005	24-5
250	4	2024-12-02 11:54:14	3	100099	2024-09-03 11:54:14	2025-01-31 11:02:41	\N	77	1	1	\N	\N	SI HAY FACTURA A KUAKTUS	4	RENTA DE INMUEBLE CASA HELECHOS	57	96	\N	\N	4	KS-00006	24-6
253	4	2024-09-02 11:56:13	3	3000	2024-09-03 11:56:13	2024-10-23 17:30:55	\N	77	1	1	\N	\N	SIN FACTURA	1	RENTA DE INMUEBLE DURANGO SERVICIO LERDO 3	251	72	\N	\N	5	KS-00003	24-3
249	4	2024-11-02 11:54:14	3	100099	2024-09-03 11:54:14	2024-11-24 20:02:05	\N	77	1	1	\N	\N	SI HAY FACTURA A KUAKTUS	4	RENTA DE INMUEBLE CASA HELECHOS	57	96	\N	\N	4	KS-00005	24-5
245	4	2024-07-02 11:54:14	3	100099	2024-09-03 11:54:14	2024-10-23 17:30:55	\N	77	1	1	\N	\N	SI HAY FACTURA A KUAKTUS	4	RENTA DE INMUEBLE CASA HELECHOS	57	96	\N	\N	4	KS-00001	24-1
234	4	\N	3	0	2024-09-03 11:49:29	2024-10-23 17:30:55	\N	77	6	1	\N	\N		\N	INMUEBLE MONTERREY CLAVEL 192	\N	\N	\N	-1	19	MK-00002	24-2
255	4	2024-11-02 11:56:13	3	3000	2024-09-03 11:56:13	2024-11-24 20:02:05	\N	77	1	1	\N	\N	SIN FACTURA	1	RENTA DE INMUEBLE DURANGO SERVICIO LERDO 3	251	72	\N	\N	5	KS-00005	24-5
224	4	2024-10-01 11:45:35	3	2000	2024-09-03 11:45:35	2024-10-22 18:40:54	\N	77	1	1	\N	\N	NO HAY FACTURA	1	RENTA INMMUEBLE MONTERREY	247	68	\N	\N	1	KS-00004	24-4
219	4	2024-11-01 11:43:16	3	2500	2024-09-03 11:43:16	2024-11-24 20:02:05	\N	77	1	1	\N	\N	1 DE CADA MES	1	RENTA OFICINA KUAKTUS MORELIA	246	67	\N	\N	16	KS-00005	24-5
227	4	2024-07-01 12:56:22	3	4500	2024-09-03 11:47:18	2024-10-23 12:56:22	\N	77	6	1	\N	\N		5	INMUEBLE MONTERREY PORTAL DE LAS FLORES 414	248	69	\N	3	2	MK-00001	24-1
248	4	2024-10-02 11:54:14	3	100099	2024-09-03 11:54:14	2024-10-23 17:30:55	\N	77	1	1	\N	\N	SI HAY FACTURA A KUAKTUS	4	RENTA DE INMUEBLE CASA HELECHOS	57	96	\N	\N	4	KS-00004	24-4
216	4	2024-08-15 18:26:20	3	5500	2024-09-03 11:43:16	2024-10-23 18:26:20	\N	77	1	1	\N	\N	SE CARGO ESTE REGISTRO DUPLICADO	1	RENTA OFICINA KUAKTUS MORELIA	246	67	\N	4	16	KS-00002	24-2
243	4	2024-11-01 11:51:41	3	5500	2024-09-03 11:51:41	2024-11-24 20:02:05	\N	77	6	1	\N	\N	SIN FACTURA	1	RENTA DE INMUEBLE CASA 1 MEXICALI KINO GAS	250	71	\N	\N	3	MK-00005	24-5
254	4	2024-10-02 11:56:13	3	3000	2024-09-03 11:56:13	2024-10-23 17:30:55	\N	77	1	1	\N	\N	SIN FACTURA	1	RENTA DE INMUEBLE DURANGO SERVICIO LERDO 3	251	72	\N	\N	5	KS-00004	24-4
232	4	2024-12-01 13:45:15	3	5500	2024-09-03 11:47:18	2025-01-31 11:02:41	\N	77	6	1	\N	\N		1	RENTA INMUEBLE TRUE MANUFACTORY CLAVEL 192	255	76	\N	3	2	MK-00006	24-6
213	2	2024-09-17 11:37:40	4	850	2024-09-03 11:37:40	2024-10-23 17:30:55	\N	77	1	1	\N	\N		1	SAGITARIO 69	\N	\N	\N	\N	17	KS-00002	24-2
247	4	2024-09-02 11:54:14	3	100099	2024-09-03 11:54:14	2024-10-23 17:30:55	\N	77	1	1	\N	\N	SI HAY FACTURA A KUAKTUS	4	RENTA DE INMUEBLE CASA HELECHOS	57	96	\N	\N	4	KS-00003	24-3
215	4	2024-07-15 18:25:23	3	7000	2024-09-03 11:43:16	2024-10-23 17:30:55	\N	77	3	1	\N	\N	DIA 15 DE CADA MES	5	RENTA OFICINA KUAKTUS MORELIA	67	89	\N	2	16	KS-00001	24-1
214	2	2024-11-17 11:37:40	4	850	2024-09-03 11:37:40	2024-11-24 20:02:05	\N	77	1	1	\N	\N		1	SAGITARIO 69	\N	\N	\N	\N	17	KS-00003	24-3
218	4	2024-10-01 11:43:16	3	2500	2024-09-03 11:43:16	2024-10-23 17:30:55	\N	77	1	1	\N	\N	1 DE CADA MES	1	RENTA OFICINA KUAKTUS MORELIA	246	67	\N	\N	16	KS-00004	24-4
235	4	2024-09-01 11:49:29	3	4500	2024-09-03 11:49:29	2024-10-23 17:30:55	\N	77	6	1	\N	\N		1	RENTA INMUEBLE MONTERREY TRUE CASA 3	248	69	\N	\N	19	MK-00003	24-3
222	4	2024-08-01 13:44:33	3	2000	2024-09-03 11:45:35	2024-10-22 18:40:54	\N	77	1	1	\N	\N	NO HAY FACTURA	5	INMMUEBLE MONTERREY TULIPAN 408	247	68	\N	\N	1	KS-00002	24-2
261	4	2024-08-03 12:00:09	3	6000	2024-09-03 12:00:09	2024-10-23 17:30:55	\N	77	6	1	\N	\N	NO SE FACTURA	1	RENTA DE INMUEBLE PUERTO ESCONDIDO	253	74	\N	\N	7	MK-00002	24-2
263	4	2024-10-03 12:00:09	3	6000	2024-09-03 12:00:09	2024-10-23 17:30:55	\N	77	6	1	\N	\N	NO SE FACTURA	1	RENTA DE INMUEBLE PUERTO ESCONDIDO	253	74	\N	\N	7	MK-00004	24-4
298	4	2024-12-08 12:12:50	3	6300	2024-09-03 12:12:50	2025-01-31 11:02:41	\N	77	1	1	\N	\N	NO SE FACTURA	3	INMUEBLES:RENTA MTY SERVICIO EXPRESS CASA 2	255	76	\N	\N	14	KS-00006	24-6
295	4	2024-09-08 12:12:50	3	6300	2024-09-03 12:12:50	2024-10-23 17:30:55	\N	77	1	1	\N	\N	NO SE FACTURA	3	INMUEBLES:RENTA MTY SERVICIO EXPRESS CASA 2	255	76	\N	\N	14	KS-00003	24-3
259	2	2024-11-03 11:58:15	4	1058	2024-09-03 11:58:15	2024-11-24 20:02:05	\N	77	3	1	\N	\N	CFE INFOS MORELIA "VALDEZ CORONA ALEJANDRO" - EFECTIVO- CTA: 203141105068 NO HAY FACTURA	1	CFE INFOS	\N	\N	\N	\N	6	INF-00003	24-3
266	4	2024-07-04 12:01:37	3	12700	2024-09-03 12:01:37	2024-10-23 17:30:55	\N	77	1	1	\N	\N	NO SE FACTURA	1	RENTA DE INMUBLE NUEVO LAREDO	254	75	\N	\N	8	KS-00001	24-1
267	4	2024-08-04 12:01:37	3	12700	2024-09-03 12:01:37	2024-10-23 17:30:55	\N	77	1	1	\N	\N	NO SE FACTURA	1	RENTA DE INMUBLE NUEVO LAREDO	254	75	\N	\N	8	KS-00002	24-2
269	4	2024-10-04 12:01:37	3	12700	2024-09-03 12:01:37	2024-10-23 17:30:55	\N	77	1	1	\N	\N	NO SE FACTURA	1	RENTA DE INMUBLE NUEVO LAREDO	254	75	\N	\N	8	KS-00004	24-4
262	4	2024-09-04 14:20:43	3	6000	2024-09-03 12:00:09	2024-10-23 17:30:55	\N	77	6	1	\N	\N	NO SE FACTURA	1	RENTA DE INMUEBLE PUERTO ESCONDIDO	253	74	\N	\N	7	MK-00003	24-3
275	2	2024-07-06 12:05:41	4	295	2024-09-03 12:05:41	2024-10-23 17:30:55	\N	77	6	1	\N	\N	CFE MONTERREY "GARCIA GOMEZ JORGE ARMANDO" SV VENTURA-CFE- CTA: 414180410952-	1	CFE MTY	\N	\N	\N	\N	10	MK-00001	24-1
272	2	2024-07-04 12:04:20	4	830	2024-09-03 12:04:20	2024-10-23 17:30:55	\N	77	6	1	\N	\N	CFE CIENEGA NVO LEON DAVILA JUAREZ SAMANTHA-CFE- CTA: 414170504975 - NO SE FACTURA	3	CFE CIENEGA NVO LEON	\N	\N	\N	\N	9	MK-00001	24-1
273	2	2024-09-04 12:04:20	4	830	2024-09-03 12:04:20	2024-10-23 17:30:55	\N	77	6	1	\N	\N	CFE CIENEGA NVO LEON DAVILA JUAREZ SAMANTHA-CFE- CTA: 414170504975 - NO SE FACTURA	3	CFE CIENEGA NVO LEON	\N	\N	\N	\N	9	MK-00002	24-2
264	4	2024-11-03 12:00:09	3	6000	2024-09-03 12:00:09	2024-11-24 20:02:05	\N	77	6	1	\N	\N	NO SE FACTURA	1	RENTA DE INMUEBLE PUERTO ESCONDIDO	253	74	\N	\N	7	MK-00005	24-5
268	4	2024-09-04 12:01:37	3	12700	2024-09-03 12:01:37	2024-10-23 17:30:55	\N	77	1	1	\N	\N	NO SE FACTURA	1	RENTA DE INMUBLE NUEVO LAREDO	254	75	\N	\N	8	KS-00003	24-3
276	2	2024-09-06 12:05:41	4	295	2024-09-03 12:05:41	2024-10-23 17:30:55	\N	77	6	1	\N	\N	CFE MONTERREY "GARCIA GOMEZ JORGE ARMANDO" SV VENTURA-CFE- CTA: 414180410952-	1	CFE MTY	\N	\N	\N	\N	10	MK-00002	24-2
291	4	2024-11-08 12:10:46	3	8000	2024-09-03 12:10:46	2024-11-24 20:02:05	\N	77	1	1	\N	\N	NO SE FACTURA	4	INMUEBLES: RENTA NOGALES	60	77	\N	\N	13	KS-00005	24-5
270	4	2024-11-04 12:01:37	3	12700	2024-09-03 12:01:37	2024-11-24 20:02:05	\N	77	1	1	\N	\N	NO SE FACTURA	1	RENTA DE INMUBLE NUEVO LAREDO	254	75	\N	\N	8	KS-00005	24-5
279	2	2024-09-07 12:07:05	4	556	2024-09-03 12:07:05	2024-10-23 17:30:55	\N	77	6	1	\N	\N	CFE CENTENO SANCHEZ TORRES MA GUADALUPE, JOSE ESTRADA-CTA: 986771100263- NO HAY FACTURA	1	CFE BAR	\N	\N	\N	\N	11	MK-00002	24-2
292	4	2024-12-08 12:10:46	3	8000	2024-09-03 12:10:46	2025-01-31 11:02:41	\N	77	1	1	\N	\N	NO SE FACTURA	4	INMUEBLES: RENTA NOGALES	60	77	\N	\N	13	KS-00006	24-6
274	2	2024-11-04 12:04:20	4	830	2024-09-03 12:04:20	2024-11-24 20:02:05	\N	77	6	1	\N	\N	CFE CIENEGA NVO LEON DAVILA JUAREZ SAMANTHA-CFE- CTA: 414170504975 - NO SE FACTURA	3	CFE CIENEGA NVO LEON	\N	\N	\N	\N	9	MK-00003	24-3
283	4	2024-09-08 12:08:33	3	6300	2024-09-03 12:08:33	2024-10-23 17:30:55	\N	77	1	1	\N	\N	INMUEBLES:RENTA MTY SERVICIO EXPRESS CASA 2 \r\nBRENDA ALICIA GARCIA CANTU \r\nBANCOPPEL -CTA: 10432971193\r\nNO FACTURA	1	INMUEBLES:RENTA MTY	\N	\N	\N	\N	12	KS-00003	24-3
284	4	2024-10-08 12:08:33	3	6300	2024-09-03 12:08:33	2024-10-23 17:30:55	\N	77	1	1	\N	\N	INMUEBLES:RENTA MTY SERVICIO EXPRESS CASA 2 \r\nBRENDA ALICIA GARCIA CANTU \r\nBANCOPPEL -CTA: 10432971193\r\nNO FACTURA	1	INMUEBLES:RENTA MTY	\N	\N	\N	\N	12	KS-00004	24-4
277	2	2024-11-06 12:05:41	4	295	2024-09-03 12:05:41	2024-11-24 20:02:05	\N	77	6	1	\N	\N	CFE MONTERREY "GARCIA GOMEZ JORGE ARMANDO" SV VENTURA-CFE- CTA: 414180410952-	1	CFE MTY	\N	\N	\N	\N	10	MK-00003	24-3
278	2	2024-07-07 12:07:05	4	556	2024-09-03 12:07:05	2024-10-23 17:30:55	\N	77	6	1	\N	\N	CFE CENTENO SANCHEZ TORRES MA GUADALUPE, JOSE ESTRADA-CTA: 986771100263- NO HAY FACTURA	1	CFE BAR	\N	\N	\N	\N	11	MK-00001	24-1
265	4	2024-12-03 12:00:09	3	6000	2024-09-03 12:00:09	2025-01-31 11:02:41	\N	77	6	1	\N	\N	NO SE FACTURA	1	RENTA DE INMUEBLE PUERTO ESCONDIDO	253	74	\N	\N	7	MK-00006	24-6
287	4	2024-07-08 12:10:46	3	8000	2024-09-03 12:10:46	2024-10-23 17:30:55	\N	77	1	1	\N	\N	NO SE FACTURA	4	INMUEBLES: RENTA NOGALES	60	77	\N	\N	13	KS-00001	24-1
288	4	2024-08-08 12:10:46	3	8000	2024-09-03 12:10:46	2024-10-23 17:30:55	\N	77	1	1	\N	\N	NO SE FACTURA	4	INMUEBLES: RENTA NOGALES	60	77	\N	\N	13	KS-00002	24-2
290	4	2024-10-08 12:10:46	3	8000	2024-09-03 12:10:46	2024-10-23 17:30:55	\N	77	1	1	\N	\N	NO SE FACTURA	4	INMUEBLES: RENTA NOGALES	60	77	\N	\N	13	KS-00004	24-4
258	2	2024-09-03 11:58:15	4	1058	2024-09-03 11:58:15	2024-10-23 17:30:55	\N	77	3	1	\N	\N	CFE INFOS MORELIA "VALDEZ CORONA ALEJANDRO" - EFECTIVO- CTA: 203141105068 NO HAY FACTURA	1	CFE INFOS	\N	\N	\N	\N	6	INF-00002	24-2
282	4	2024-08-08 12:08:33	3	6300	2024-09-03 12:08:33	2024-10-23 17:30:55	\N	77	1	1	\N	\N	INMUEBLES:RENTA MTY SERVICIO EXPRESS CASA 2 \r\nBRENDA ALICIA GARCIA CANTU \r\nBANCOPPEL -CTA: 10432971193\r\nNO FACTURA	1	INMUEBLES:RENTA MTY	\N	\N	\N	\N	12	KS-00002	24-2
271	4	2024-12-04 12:01:37	3	12700	2024-09-03 12:01:37	2025-01-31 11:02:41	\N	77	1	1	\N	\N	NO SE FACTURA	1	RENTA DE INMUBLE NUEVO LAREDO	254	75	\N	\N	8	KS-00006	24-6
293	4	2024-07-08 12:12:50	3	6300	2024-09-03 12:12:50	2024-10-23 17:30:55	\N	77	1	1	\N	\N	NO SE FACTURA	3	INMUEBLES:RENTA MTY SERVICIO EXPRESS CASA 2	255	76	\N	\N	14	KS-00001	24-1
294	4	2024-08-08 12:12:50	3	6300	2024-09-03 12:12:50	2024-10-23 17:30:55	\N	77	1	1	\N	\N	NO SE FACTURA	3	INMUEBLES:RENTA MTY SERVICIO EXPRESS CASA 2	255	76	\N	\N	14	KS-00002	24-2
296	4	2024-10-08 12:12:50	3	6300	2024-09-03 12:12:50	2024-10-23 17:30:55	\N	77	1	1	\N	\N	NO SE FACTURA	3	INMUEBLES:RENTA MTY SERVICIO EXPRESS CASA 2	255	76	\N	\N	14	KS-00004	24-4
289	4	2024-09-08 12:10:46	3	8000	2024-09-03 12:10:46	2024-10-23 17:30:55	\N	77	1	1	\N	\N	NO SE FACTURA	4	INMUEBLES: RENTA NOGALES	60	77	\N	\N	13	KS-00003	24-3
280	2	2024-11-07 12:07:05	4	556	2024-09-03 12:07:05	2024-11-24 20:02:05	\N	77	6	1	\N	\N	CFE CENTENO SANCHEZ TORRES MA GUADALUPE, JOSE ESTRADA-CTA: 986771100263- NO HAY FACTURA	1	CFE BAR	\N	\N	\N	\N	11	MK-00003	24-3
286	4	2024-12-08 12:08:33	3	6300	2024-09-03 12:08:33	2025-01-31 11:02:41	\N	77	1	1	\N	\N	INMUEBLES:RENTA MTY SERVICIO EXPRESS CASA 2 \r\nBRENDA ALICIA GARCIA CANTU \r\nBANCOPPEL -CTA: 10432971193\r\nNO FACTURA	1	INMUEBLES:RENTA MTY	\N	\N	\N	\N	12	KS-00006	24-6
297	4	2024-11-08 12:12:50	3	6300	2024-09-03 12:12:50	2024-11-24 20:02:05	\N	77	1	1	\N	\N	NO SE FACTURA	3	INMUEBLES:RENTA MTY SERVICIO EXPRESS CASA 2	255	76	\N	\N	14	KS-00005	24-5
257	2	2024-07-03 11:58:15	4	1058	2024-09-03 11:58:15	2024-10-23 17:30:55	\N	77	3	1	\N	\N	CFE INFOS MORELIA "VALDEZ CORONA ALEJANDRO" - EFECTIVO- CTA: 203141105068 NO HAY FACTURA	1	CFE INFOS	\N	\N	\N	\N	6	INF-00001	24-1
260	4	2024-07-03 12:00:09	3	6000	2024-09-03 12:00:09	2024-10-23 17:30:55	\N	77	6	1	\N	\N	NO SE FACTURA	1	RENTA DE INMUEBLE PUERTO ESCONDIDO	253	74	\N	\N	7	MK-00001	24-1
313	4	2024-12-14 12:17:42	2	46500	2024-09-03 12:17:42	2025-01-31 11:02:41	\N	77	6	1	\N	\N		1	JEFATURA DE POLICIA INDUSTRIAL DEL ESTADO DE MÉXICO Y/O CUERPO DE GUARDIAS DE SEGURIDAD INDUSTRIAL, BANCARIA Y COMERCIAL DEL VALLE CUAUTITLÁN TEXCOCO	264	98	\N	\N	18	MK-00009	24-9
304	4	2024-12-08 12:14:38	3	5000	2024-09-03 12:14:38	2025-01-31 11:02:41	\N	77	1	1	\N	\N		4	INMUEBLES: RENTA CASA 2 MEXICALI TRANS MEX	256	78	\N	\N	15	KS-00006	24-6
312	4	2024-11-29 12:17:42	2	46500	2024-09-03 12:17:42	2025-01-31 11:02:41	\N	77	6	1	\N	\N		1	JEFATURA DE POLICIA INDUSTRIAL DEL ESTADO DE MÉXICO Y/O CUERPO DE GUARDIAS DE SEGURIDAD INDUSTRIAL, BANCARIA Y COMERCIAL DEL VALLE CUAUTITLÁN TEXCOCO	264	98	\N	\N	18	MK-00008	24-8
300	4	2024-08-08 12:14:38	3	5000	2024-09-03 12:14:38	2024-10-23 17:30:55	\N	77	1	1	\N	\N		4	INMUEBLES: RENTA CASA 2 MEXICALI TRANS MEX	256	78	\N	\N	15	KS-00002	24-2
301	4	2024-09-08 12:14:38	3	5000	2024-09-03 12:14:38	2024-10-23 17:30:55	\N	77	1	1	\N	\N		4	INMUEBLES: RENTA CASA 2 MEXICALI TRANS MEX	256	78	\N	\N	15	KS-00003	24-3
302	4	2024-10-08 12:14:38	3	5000	2024-09-03 12:14:38	2024-10-23 17:30:55	\N	77	1	1	\N	\N		4	INMUEBLES: RENTA CASA 2 MEXICALI TRANS MEX	256	78	\N	\N	15	KS-00004	24-4
305	4	2024-08-16 12:17:42	2	46500	2024-09-03 12:17:42	2024-10-23 17:30:55	\N	77	6	1	\N	\N		1	JEFATURA DE POLICIA INDUSTRIAL DEL ESTADO DE MÉXICO Y/O CUERPO DE GUARDIAS DE SEGURIDAD INDUSTRIAL, BANCARIA Y COMERCIAL DEL VALLE CUAUTITLÁN TEXCOCO	264	98	\N	\N	18	MK-00001	24-1
306	4	2024-08-31 12:17:42	2	46500	2024-09-03 12:17:42	2024-10-23 17:30:55	\N	77	6	1	\N	\N		1	JEFATURA DE POLICIA INDUSTRIAL DEL ESTADO DE MÉXICO Y/O CUERPO DE GUARDIAS DE SEGURIDAD INDUSTRIAL, BANCARIA Y COMERCIAL DEL VALLE CUAUTITLÁN TEXCOCO	264	98	\N	\N	18	MK-00002	24-2
311	4	2024-11-14 12:17:42	2	46500	2024-09-03 12:17:42	2024-11-24 20:02:05	\N	77	6	1	\N	\N		1	JEFATURA DE POLICIA INDUSTRIAL DEL ESTADO DE MÉXICO Y/O CUERPO DE GUARDIAS DE SEGURIDAD INDUSTRIAL, BANCARIA Y COMERCIAL DEL VALLE CUAUTITLÁN TEXCOCO	264	98	\N	\N	18	MK-00007	24-7
307	4	2024-09-15 12:17:42	2	46500	2024-09-03 12:17:42	2024-10-23 17:30:55	\N	77	6	1	\N	\N		1	JEFATURA DE POLICIA INDUSTRIAL DEL ESTADO DE MÉXICO Y/O CUERPO DE GUARDIAS DE SEGURIDAD INDUSTRIAL, BANCARIA Y COMERCIAL DEL VALLE CUAUTITLÁN TEXCOCO	264	98	\N	\N	18	MK-00003	24-3
308	4	2024-09-30 12:17:42	2	46500	2024-09-03 12:17:42	2024-10-23 17:30:55	\N	77	6	1	\N	\N		1	JEFATURA DE POLICIA INDUSTRIAL DEL ESTADO DE MÉXICO Y/O CUERPO DE GUARDIAS DE SEGURIDAD INDUSTRIAL, BANCARIA Y COMERCIAL DEL VALLE CUAUTITLÁN TEXCOCO	264	98	\N	\N	18	MK-00004	24-4
303	4	2024-11-08 12:14:38	3	5000	2024-09-03 12:14:38	2024-11-24 20:02:05	\N	77	1	1	\N	\N		4	INMUEBLES: RENTA CASA 2 MEXICALI TRANS MEX	256	78	\N	\N	15	KS-00005	24-5
285	4	2024-11-08 12:08:33	3	6300	2024-09-03 12:08:33	2024-11-24 20:02:05	\N	77	1	1	\N	\N	INMUEBLES:RENTA MTY SERVICIO EXPRESS CASA 2 \r\nBRENDA ALICIA GARCIA CANTU \r\nBANCOPPEL -CTA: 10432971193\r\nNO FACTURA	1	INMUEBLES:RENTA MTY	\N	\N	\N	\N	12	KS-00005	24-5
309	4	2024-10-15 12:17:42	2	46500	2024-09-03 12:17:42	2024-10-23 17:30:55	\N	77	6	1	\N	\N		1	JEFATURA DE POLICIA INDUSTRIAL DEL ESTADO DE MÉXICO Y/O CUERPO DE GUARDIAS DE SEGURIDAD INDUSTRIAL, BANCARIA Y COMERCIAL DEL VALLE CUAUTITLÁN TEXCOCO	264	98	\N	\N	18	MK-00005	24-5
231	4	2024-11-01 13:43:52	3	5500	2024-09-03 11:47:18	2024-11-24 20:02:05	\N	77	6	1	\N	\N		1	RENTA INMUEBLE TRUE MANUFACTORY CLAVEL 192	255	76	\N	3	2	MK-00005	24-5
310	4	2024-10-30 12:17:42	2	46500	2024-09-03 12:17:42	2024-11-24 20:02:05	\N	77	6	1	\N	\N		1	JEFATURA DE POLICIA INDUSTRIAL DEL ESTADO DE MÉXICO Y/O CUERPO DE GUARDIAS DE SEGURIDAD INDUSTRIAL, BANCARIA Y COMERCIAL DEL VALLE CUAUTITLÁN TEXCOCO	264	98	\N	\N	18	MK-00006	24-6
314	4	2024-12-29 12:17:42	2	46500	2024-09-03 12:17:42	2025-01-31 11:02:41	\N	77	6	1	\N	\N		1	JEFATURA DE POLICIA INDUSTRIAL DEL ESTADO DE MÉXICO Y/O CUERPO DE GUARDIAS DE SEGURIDAD INDUSTRIAL, BANCARIA Y COMERCIAL DEL VALLE CUAUTITLÁN TEXCOCO	264	98	\N	\N	18	MK-00010	24-10
228	4	2024-08-01 11:47:18	3	4500	2024-09-03 11:47:18	2024-10-22 18:40:54	\N	77	6	1	\N	\N	DAVID ALBERTO MARFIL OROZCO\r\nHSBC\t\r\nCTA: ?\t\r\nCLABE: ?  \r\nTARJETA: 4213-1661-5387-3652\r\nNO HAY FACTURA	1	RENTA INMUEBLE TRUE MANUFACTORY	\N	\N	\N	\N	2	MK-00002	24-2
281	4	2024-07-08 12:08:33	3	6300	2024-09-03 12:08:33	2024-10-23 17:30:55	\N	77	1	1	\N	\N	INMUEBLES:RENTA MTY SERVICIO EXPRESS CASA 2 \r\nBRENDA ALICIA GARCIA CANTU \r\nBANCOPPEL -CTA: 10432971193\r\nNO FACTURA	1	INMUEBLES:RENTA MTY	\N	\N	\N	\N	12	KS-00001	24-1
299	4	2024-07-08 12:14:38	3	5000	2024-09-03 12:14:38	2024-10-23 17:30:55	\N	77	1	1	\N	\N		4	INMUEBLES: RENTA CASA 2 MEXICALI TRANS MEX	256	78	\N	\N	15	KS-00001	24-1
\.


--
-- Data for Name: fixed_cost_bill; Type: TABLE DATA; Schema: public; Owner: alfabravo_user
--

COPY public.fixed_cost_bill (id, amount, resource, fixed_cost_id, user_id, observations, created_at, updated_at, deleted_at, bill_date, config_date_payment, payment_account) FROM stdin;
4	2000	\N	221	53	\N	2024-09-05 12:24:00	2024-09-05 12:24:00	\N	2024-07-03 12:24:00	\N	7
5	2000	\N	222	53	\N	2024-09-05 13:46:41	2024-09-05 13:46:41	\N	2024-08-08 13:46:41	\N	4
6	2225	\N	212	53	SE PAGA POR MEDIO DE EL AREA DE FINANZAS	2024-10-22 18:11:28	2024-10-22 18:11:28	\N	2024-07-27 18:11:28	\N	4
7	134	\N	213	53	PAGADO POR EL AREA DE FINANZAS	2024-10-22 18:17:50	2024-10-22 18:17:50	\N	2024-09-27 18:17:50	\N	4
8	7000	\N	215	53	PAGADO POR AREA DE FINAZAS	2024-10-22 18:26:26	2024-10-22 18:26:26	\N	2024-07-16 18:26:26	\N	2
9	5500	\N	239	53	PAGADO POR AREA DE FINANZAS	2024-10-22 18:42:06	2024-10-22 18:42:06	\N	2024-07-05 18:42:06	\N	3
10	5500	240-factura-gasto-fijo-22.10.24.jpg	240	53	PAGADO POR AREA DE MONTERREY	2024-10-22 19:00:11	2024-10-22 19:00:11	\N	2024-08-14 19:00:11	\N	3
11	5500	241-factura-gasto-fijo-22.10.24.jpg	241	53	PAGADO POR FINANZAS TOLUCA	2024-10-22 19:03:57	2024-10-22 19:03:57	\N	2024-09-03 19:03:57	\N	3
12	5500	242-factura-gasto-fijo-22.10.24.jpg	242	53	PAGADO POR FINANZAS TOLUCA	2024-10-22 19:09:54	2024-10-22 19:09:54	\N	2024-10-04 19:09:54	\N	3
13	5000	\N	299	53	PAGADO POR AREA DE FINANZAS	2024-10-22 19:16:04	2024-10-22 19:16:04	\N	2024-07-08 19:16:04	\N	4
14	4500	\N	227	53	PAGO REALIZADO POR FINANZAS	2024-10-23 12:57:40	2024-10-23 12:57:40	\N	2024-07-02 12:57:40	\N	3
15	4500	228-factura-gasto-fijo-23.10.24.jpg	228	53	PAGADO POR FINANZAS TOLUCA	2024-10-23 13:09:05	2024-10-23 13:09:05	\N	2024-08-14 13:09:05	\N	3
16	100099	\N	245	53	PAGADO POR FINANZAS	2024-10-23 17:47:02	2024-10-23 17:47:02	\N	2024-07-02 17:47:02	\N	3
17	100099	\N	246	53	\N	2024-10-23 17:52:03	2024-10-23 17:52:03	\N	2024-08-02 17:52:03	\N	4
18	100099	\N	247	53	\N	2024-10-23 18:10:34	2024-10-23 18:10:34	\N	2024-09-02 18:10:34	\N	4
19	100099	\N	248	53	\N	2024-10-23 18:11:49	2024-10-23 18:11:49	\N	2024-10-02 18:11:49	\N	4
\.


--
-- Data for Name: fixed_cost_category; Type: TABLE DATA; Schema: public; Owner: alfabravo_user
--

COPY public.fixed_cost_category (id, name, parent_id, description, created_at, updated_at, deleted_at, user_id) FROM stdin;
1	GASTOS FIJOS	\N		2024-07-11 11:16:33	2024-07-11 11:16:33	\N	77
3	AGUA	1	\N	2024-07-11 11:17:25	2024-07-11 11:17:25	\N	77
4	RENTA	1	\N	2024-07-11 11:17:42	2024-07-11 11:17:42	\N	77
5	HONORARIOS	1	\N	2024-07-11 11:17:56	2024-07-11 11:17:56	\N	77
6	SUELDO	1	\N	2024-07-11 11:18:32	2024-07-11 11:18:32	\N	77
7	CELULARES	1	\N	2024-07-11 11:18:48	2024-07-11 11:18:48	\N	77
8	SEGUROS	1	SE PUEDE DEFINIR A LOS SEGUROS COMO HERRAMIENTAS FINANCIERAS QUE PERMITEN PROTEGER ECONÓMICAMENTE DESDE PERTENENCIAS HASTA LA VIDA Y LA SALUD.	2024-07-16 16:56:32	2024-07-16 16:56:32	\N	44
9	GASTOS EN CONTRATACIÓN DE PERSONAL	1	ENGLOBA TODOS LOS GASTOS RELACIONADOS CON LA CONTRATACIÓN DE NUEVOS EMPLEADOS, COSTOS DE AVISOS, REVISIÓN DE ANTECEDENTES, ESTUDIOS SOCIOECONOMICOS, VIAJES, CAPACITACIÓN, INVESTIGACIÓN DE EMPLEADOS, BONOS DE CONTRATACIÓN, COSTOS DE RELOCACIÓN Y COMPLIANCE LEGAL.	2024-07-16 17:02:50	2024-07-16 17:02:50	\N	44
10	GASTOS EN BAJA DE PERSONAL	1	LA EMPRESA DEBE SUFRAGAR EL 75% DEL SALARIO DEL TRABAJADOR DURANTE SU TIEMPO DE BAJA. EN CASO DE TENER CONTRATADA UNA MUTUA PUEDE QUE LE CUBRA LOS PAGOS DE LAS NÓMINAS.	2024-07-16 17:05:08	2024-07-16 17:05:08	\N	44
11	EQUIPO Y TECNOLOGÍA	\N	PARA BRINDAR SERVICIOS DE SEGURIDAD EFICIENTES, LAS EMPRESAS NECESITAN INVERTIR EN EQUIPOS Y TECNOLOGÍA ADECUADOS. ESTO PUEDE INCLUIR CÁMARAS DE VIGILANCIA, SISTEMAS DE ALARMAS, EQUIPOS DE COMUNICACIÓN, Y OTROS DISPOSITIVOS QUE PERMITAN LA SUPERVISIÓN Y PROTECCIÓN EFECTIVA DE LOS CLIENTES.	2024-07-16 17:18:39	2024-07-16 17:18:39	\N	44
12	EQUIPO Y TECNOLOGIA	1	LAS EMPRESAS NECESITAN INVERTIR EN EQUIPOS Y TECNOLOGÍA ADECUADOS. ESTO PUEDE INCLUIR CÁMARAS DE VIGILANCIA, SISTEMAS DE ALARMAS, EQUIPOS DE COMUNICACIÓN, Y OTROS DISPOSITIVOS QUE PERMITAN LA SUPERVISIÓN Y PROTECCIÓN EFECTIVA DE LOS CLIENTES.	2024-07-16 17:21:11	2024-07-16 17:21:11	\N	44
13	TRAMITES LEGALES	1		2024-07-16 17:41:21	2024-07-16 17:41:21	\N	44
14	GASTOS FISCALES	1	EL GASTO FISCAL ES AQUEL COSTE DE OPORTUNIDAD QUE TIENE NUESTRO GOBIERNO AL OFRECER DETERMINADOS BENEFICIOS TRIBUTARIOS A LOS CONTRIBUYENTES, COMO DEDUCCIONES FISCALES, REDUCCIONES EN TIPOS IMPOSITIVOS O EXENCIONES.	2024-07-16 17:45:52	2024-07-16 17:45:52	\N	44
15	GASTOS ADMINISTRATIVOS	1	SON AQUELLOS GASTOS QUE SE REALIZAN PARA MANTENER Y ADMINISTRAR SUS OPERACIONES DIARIAS. ESTOS GASTOS NO ESTÁN DIRECTAMENTE RELACIONADOS CON LA PRODUCCIÓN O VENTA DE BIENES Y SERVICIOS, SINO MÁS BIEN CON EL FUNCIONAMIENTO INTERNO Y LA GESTIÓN DE LA EMPRESA.	2024-07-16 17:49:26	2024-07-16 17:49:26	\N	44
2	SERVICIO DE ENERGIA ELECTRICA	1		2024-07-11 11:17:09	2024-07-24 07:56:37	\N	77
16	VEHICULOS	1	\N	2024-07-30 10:05:15	2024-07-30 10:05:15	\N	48
17	IMPUESTOS	1	\N	2024-09-03 14:53:23	2024-09-03 14:53:23	\N	53
\.


--
-- Data for Name: fixed_cost_payment; Type: TABLE DATA; Schema: public; Owner: alfabravo_user
--

COPY public.fixed_cost_payment (id, fixed_cost_id, amount_paid, attachments, user_id, date_payment, created_at, updated_at, deleted_at, status_id, fixed_cost_bill_id, config_date_payment, payment_account) FROM stdin;
3	221	2000	recibo-pago-gasto-1725560999.jpg	53	2024-07-03 12:29:59	2024-09-05 12:29:59	2024-09-05 12:29:59	\N	1	4	\N	7
4	222	2000	recibo-pago-gasto-1725565649.jpg	53	2024-08-08 13:47:29	2024-09-05 13:47:29	2024-09-05 13:47:29	\N	1	5	\N	4
5	212	2225	\N	53	2024-07-27 18:18:51	2024-10-22 18:18:51	2024-10-22 18:18:51	\N	1	6	\N	4
6	213	134	\N	53	2024-09-27 18:19:38	2024-10-22 18:19:38	2024-10-22 18:19:38	\N	1	7	\N	4
7	215	7000	\N	53	2024-07-16 18:27:13	2024-10-22 18:27:13	2024-10-22 18:27:13	\N	1	8	\N	2
8	239	5500	\N	53	2024-07-05 18:42:31	2024-10-22 18:42:31	2024-10-22 18:42:31	\N	1	9	\N	3
9	240	5500	recibo-pago-gasto-1729645280.jpg	53	2024-08-14 19:01:20	2024-10-22 19:01:20	2024-10-22 19:01:20	\N	1	10	\N	3
10	241	5500	recibo-pago-gasto-1729645469.jpg	53	2024-09-03 19:04:29	2024-10-22 19:04:29	2024-10-22 19:04:29	\N	1	11	\N	3
11	242	5500	recibo-pago-gasto-1729645824.jpg	53	2024-10-04 19:10:24	2024-10-22 19:10:24	2024-10-22 19:10:24	\N	1	12	\N	3
12	299	5000	\N	53	2024-07-08 19:16:30	2024-10-22 19:16:30	2024-10-22 19:16:30	\N	1	13	\N	4
13	227	4500	\N	53	2024-07-02 12:58:13	2024-10-23 12:58:13	2024-10-23 12:58:13	\N	1	14	\N	3
14	228	4500	recibo-pago-gasto-1729710622.jpg	53	2024-08-14 13:10:22	2024-10-23 13:10:22	2024-10-23 13:10:22	\N	1	15	\N	3
15	245	100099	\N	53	2024-07-02 17:51:16	2024-10-23 17:51:16	2024-10-23 17:51:16	\N	1	16	\N	4
16	246	100099	\N	53	2024-08-02 17:52:32	2024-10-23 17:52:32	2024-10-23 17:52:32	\N	1	17	\N	4
17	247	100099	\N	53	2024-09-02 18:11:17	2024-10-23 18:11:17	2024-10-23 18:11:17	\N	1	18	\N	4
18	248	100099	\N	53	2024-10-02 18:12:13	2024-10-23 18:12:13	2024-10-23 18:12:13	\N	1	19	\N	4
\.


--
-- Data for Name: fixed_cost_payment_way; Type: TABLE DATA; Schema: public; Owner: alfabravo_user
--

COPY public.fixed_cost_payment_way (id, type, amount_to_pay, fixed_cost_payment_id, created_at, updated_at, deleted_at, cash_paid, fixed_cost_bill_id) FROM stdin;
2	5	6000	\N	2024-09-03 14:23:12	2024-09-03 14:23:12	\N	\N	2
3	2	1058	\N	2024-09-03 14:36:18	2024-09-03 14:36:18	\N	\N	3
4	2	1058	\N	2024-09-03 14:36:18	2024-09-03 14:36:18	\N	\N	3
6	5	2000	\N	2024-09-05 12:24:00	2024-09-05 12:24:00	\N	\N	4
7	5	2000	3	2024-09-05 12:29:59	2024-09-05 12:29:59	\N	\N	\N
8	4	2000	\N	2024-09-05 13:46:41	2024-09-05 13:46:41	\N	\N	5
9	4	2000	4	2024-09-05 13:47:29	2024-09-05 13:47:29	\N	\N	\N
10	1	2225	\N	2024-10-22 18:11:28	2024-10-22 18:11:28	\N	\N	6
11	1	134	\N	2024-10-22 18:17:50	2024-10-22 18:17:50	\N	\N	7
12	1	2225	5	2024-10-22 18:18:51	2024-10-22 18:18:51	\N	\N	\N
13	1	134	6	2024-10-22 18:19:38	2024-10-22 18:19:38	\N	\N	\N
14	5	7000	\N	2024-10-22 18:26:26	2024-10-22 18:26:26	\N	\N	8
15	5	7000	7	2024-10-22 18:27:13	2024-10-22 18:27:13	\N	\N	\N
16	5	5500	\N	2024-10-22 18:42:06	2024-10-22 18:42:06	\N	\N	9
17	5	5500	8	2024-10-22 18:42:31	2024-10-22 18:42:31	\N	\N	\N
18	4	5500	\N	2024-10-22 19:00:11	2024-10-22 19:00:11	\N	\N	10
19	4	5500	9	2024-10-22 19:01:20	2024-10-22 19:01:20	\N	\N	\N
20	5	5500	\N	2024-10-22 19:03:57	2024-10-22 19:03:57	\N	\N	11
21	5	5500	10	2024-10-22 19:04:30	2024-10-22 19:04:30	\N	\N	\N
22	5	5500	\N	2024-10-22 19:09:54	2024-10-22 19:09:54	\N	\N	12
23	5	5500	11	2024-10-22 19:10:24	2024-10-22 19:10:24	\N	\N	\N
24	5	5000	\N	2024-10-22 19:16:04	2024-10-22 19:16:04	\N	\N	13
25	5	5000	12	2024-10-22 19:16:30	2024-10-22 19:16:30	\N	\N	\N
26	5	4500	\N	2024-10-23 12:57:40	2024-10-23 12:57:40	\N	\N	14
27	5	4500	13	2024-10-23 12:58:13	2024-10-23 12:58:13	\N	\N	\N
28	5	4500	\N	2024-10-23 13:09:05	2024-10-23 13:09:05	\N	\N	15
29	5	4500	14	2024-10-23 13:10:22	2024-10-23 13:10:22	\N	\N	\N
30	5	100099	\N	2024-10-23 17:47:02	2024-10-23 17:47:02	\N	\N	16
31	5	100099	\N	2024-10-23 17:47:02	2024-10-23 17:47:02	\N	\N	16
32	5	100099	15	2024-10-23 17:51:16	2024-10-23 17:51:16	\N	\N	\N
33	5	100099	\N	2024-10-23 17:52:03	2024-10-23 17:52:03	\N	\N	17
34	5	100099	16	2024-10-23 17:52:32	2024-10-23 17:52:32	\N	\N	\N
35	5	100099	\N	2024-10-23 18:10:34	2024-10-23 18:10:34	\N	\N	18
36	5	100099	17	2024-10-23 18:11:17	2024-10-23 18:11:17	\N	\N	\N
37	5	100099	\N	2024-10-23 18:11:49	2024-10-23 18:11:49	\N	\N	19
38	5	100099	18	2024-10-23 18:12:13	2024-10-23 18:12:13	\N	\N	\N
\.


--
-- Data for Name: fixed_cost_planned_amount; Type: TABLE DATA; Schema: public; Owner: alfabravo_user
--

COPY public.fixed_cost_planned_amount (id, amount, fixed_cost_id, user_id, created_at, updated_at, deleted_at) FROM stdin;
1	900	258	77	2024-09-03 14:32:39	2024-09-03 14:32:39	\N
\.


--
-- Data for Name: format; Type: TABLE DATA; Schema: public; Owner: alfabravo_user
--

COPY public.format (id, title, version, content, current, created_at, updated_at, type_format, desactivated) FROM stdin;
\.


--
-- Data for Name: format_variable; Type: TABLE DATA; Schema: public; Owner: alfabravo_user
--

COPY public.format_variable (id, name, description, value, variable, type, created_at, updated_at) FROM stdin;
5	APELLIDO EMPLEADO		personal.last_name	apellido_empleado	EMPLOYEE	2021-08-13 06:53:32	2021-08-13 06:53:32
4	NOMBRE EMPLEADO		personal.name	nombre_empleado	EMPLOYEE	2021-08-12 13:32:16	2021-08-13 06:57:44
7	RFC EMPLEADO		personal.rfc	rfc_empleado	EMPLOYEE	2021-08-13 06:58:25	2021-08-13 06:58:25
8	CURP EMPLEADO		personal.curp	curp_empleado	EMPLOYEE	2021-08-13 06:58:55	2021-08-13 06:58:55
14	NSS EMPLEADO		personal.imss	nss_empleado	EMPLOYEE	2021-08-13 07:05:36	2021-08-13 07:17:28
10	DIRECCIÓN EMPLEADO		personal.direccion.address	direccion_empleado	EMPLOYEE	2021-08-13 07:02:03	2021-08-13 07:22:58
11	CIUDAD EMPLEADO		personal.direccion.city.name	ciudad_empleado	EMPLOYEE	2021-08-13 07:02:52	2021-08-13 07:23:47
13	CODIGO POSTAL EMPLEADO		personal.direccion.cp	codigo_postal_empleado	EMPLOYEE	2021-08-13 07:04:16	2021-08-13 07:23:56
9	ESTADO CIVIL EMPLEADO		personal.marital_status.name	estado_civil_empleado	EMPLOYEE	2021-08-13 07:00:54	2021-08-13 07:26:03
15	PUESTO EMPLEADO		last_ubication.get.first.work_position.name	puesto_empleado	EMPLOYEE	2021-08-13 07:08:47	2021-08-13 07:36:11
12	ESTADO EMPLEADO		personal.direccion.state.name	estado_empleado	EMPLOYEE	2021-08-13 07:03:37	2021-08-13 07:38:50
16	LUGAR NACIMIENTO EMPLEADO		personal.birthplace	lugar_nacimiento_empleado	EMPLOYEE	2021-08-13 07:39:47	2021-08-13 07:39:47
6	FECHA DE NACIMIENTO EMPLEADO		personal.get_birthdate_str	fecha_nacimiento_empleado	EMPLOYEE	2021-08-13 06:57:30	2021-08-13 07:44:28
17	NACIONALIDAD EMPLEADO		personal.citizenship.gentilicio_nac	nacionalidad_empleado	EMPLOYEE	2021-08-13 07:50:41	2021-08-13 09:48:21
20	TIPO VIGENCIA		select,Determinado|Indeterminado	tipo_vigencia	FORM	2021-08-18 14:42:26	2021-08-18 14:46:09
18	VIGENCIA FECHA		date_range	vigencia_fechas	FORM	2021-08-18 14:21:01	2021-08-18 14:58:07
22	VIGENCIA		vigencia	vigencia	FORM	2021-08-19 08:57:29	2021-08-19 08:57:29
21	FECHA FIRMA		date_now	fecha_firma	STATIC	2021-08-18 15:56:15	2021-08-19 09:38:39
3	APELLIDO PATERNO		personal.middle_name	apellido_paterno	EMPLOYEE	2021-09-06 19:28:08	2021-09-06 19:28:46
19	FECHA IMSS EMPLEADO		last_ubication.get.first.imss_date	fecha_imss_empleado	EMPLOYEE	2022-01-13 15:44:11	2022-01-13 15:44:11
26	PERSONA APELLIDO MATERNO		last_name	personal_apellido	PERSONAL	2021-08-13 06:53:32	2021-08-13 06:53:32
27	PERSONA NOMBRE		name	personal_nombre	PERSONAL	2021-08-12 13:32:16	2021-08-13 06:57:44
28	PERSONA RFC 		rfc	personal_rfc	PERSONAL	2021-08-13 06:58:25	2021-08-13 06:58:25
29	PERSONA CURP		curp	personal_curp	PERSONAL	2021-08-13 06:58:55	2021-08-13 06:58:55
30	PERSONA NSS		imss	personal_nss	PERSONAL	2021-08-13 07:05:36	2021-08-13 07:17:28
31	PERSONA DIRECCIÓN		direccion.address	personal_direccion	PERSONAL	2021-08-13 07:02:03	2021-08-13 07:22:58
32	PERSONA CIUDAD		direccion.city.name	personal_ciudad	PERSONAL	2021-08-13 07:02:52	2021-08-13 07:23:47
33	PERSONA CODIGO POSTAL		direccion.cp	personal_codigo_postal	PERSONAL	2021-08-13 07:04:16	2021-08-13 07:23:56
34	PERSONA ESTADO CIVIL		marital_status.name	personal_estado_civil	PERSONAL	2021-08-13 07:00:54	2021-08-13 07:26:03
35	PERSONA LUGAR NACIMIENTO		birthplace	personal_lugar_nacimiento	PERSONAL	2021-08-13 07:39:47	2021-08-13 07:39:47
36	PERSONA FECHA DE NACIMIENTO		get_birthdate_str	personal_fecha_nacimiento	PERSONAL	2021-08-13 06:57:30	2021-08-13 07:44:28
37	PERSONA NACIONALIDAD		citizenship.gentilicio_nac	personal_nacionalidad	PERSONAL	2021-08-13 07:50:41	2021-08-13 09:48:21
38	PERSONA ESCOLARIDAD		scholarship.name	personal_escolaridad	PERSONAL	2021-08-13 07:50:41	2021-08-13 09:48:21
39	FECHA INICIO CONTRATO		last_ubication.get.first.start_working_date	fecha_inicio_contrato	EMPLOYEE	2023-08-25 08:20:55	2023-12-09 09:58:43
40	BENEFICIARIO		personal.beneficiary_name	beneficiario	EMPLOYEE	2024-02-12 13:29:46	2024-02-12 13:29:46
41	SEXO EMPLEADO		personal.get_sexo	sexo	EMPLOYEE	2024-12-11 07:41:36	2024-12-11 10:30:54
42	EDAD EMPLEADO		personal.get_age	edad	EMPLOYEE	2024-12-11 10:36:18	2024-12-11 10:36:18
2	NOMBRE COMPLETO EMPLEADO		personal.getFullName	nombre_completo_empleado	EMPLOYEE	2021-09-06 19:19:02	2024-12-11 10:37:13
43	CORREO EMPLEADO		personal.emails	correo_empleado	EMPLOYEE	2025-06-05 07:27:35	2025-06-05 07:27:35
44	ESCOLARIDAD		personal.scolarship.name	escolaridad	EMPLOYEE	2025-07-18 07:45:20	2025-07-18 07:45:20
45	PESO		personal.weight	peso	EMPLOYEE	2025-07-18 07:45:59	2025-07-18 07:45:59
47	TELEFONO MOVIL		personal.phones	telefono_movil	EMPLOYEE	2025-07-18 07:49:24	2025-07-18 07:49:24
48	TIPO DE SANGRE		personal.blood_type	tipo_sangre	EMPLOYEE	2025-07-18 07:52:12	2025-07-18 07:52:12
49	TELEFONO		personal.fixed_phone	telefono	EMPLOYEE	2025-07-18 07:52:44	2025-07-18 07:52:44
50	ALERGIAS		personal.getAllergiesStr	alergias	EMPLOYEE	2025-07-18 18:55:46	2025-07-18 18:55:46
51	ENFERMEDADES		personal.getSicknessStr	enfermedades	EMPLOYEE	2025-07-18 18:56:09	2025-07-18 18:56:09
52	CONTACTO EMERGENCIA		personal.getEmergencyContact	contacto_emergencia	EMPLOYEE	2025-07-18 18:56:37	2025-07-18 18:56:37
46	TALLA		personal.height	talla	EMPLOYEE	2025-07-18 07:46:19	2025-07-18 18:57:36
53	IDIOMAS HABLADO		personal.getSpokenLanguagesStr	idiomas_hablados	EMPLOYEE	2025-07-18 18:58:12	2025-07-18 18:58:12
54	NÚMERO EMPLEADO		personal.getEmployeeNumber	numero_empleado	EMPLOYEE	2025-07-18 19:06:31	2025-07-18 19:06:31
55	FOTO EMPLEADO		personal.getPhoto	foto_empleado	EMPLOYEE	2025-07-20 09:11:42	2025-07-20 09:11:42
\.


--
-- Data for Name: fuel_type; Type: TABLE DATA; Schema: public; Owner: alfabravo_user
--

COPY public.fuel_type (id, name, created_at, updated_at, deleted_at) FROM stdin;
1	Gasolina	2020-12-15 14:51:49	2020-12-15 14:51:49	\N
2	Diesel	2020-12-15 14:51:59	2020-12-15 14:51:59	\N
4	Híbrido	2021-01-18 11:25:08	2021-01-18 11:25:08	\N
5	Eléctrico	2021-01-18 11:25:18	2021-01-18 11:25:18	\N
\.


--
-- Data for Name: gps; Type: TABLE DATA; Schema: public; Owner: alfabravo_user
--

COPY public.gps (id, sim_number, cell_number, imei, company, created_at, updated_at, deleted_at, name) FROM stdin;
\.


--
-- Data for Name: group_taxes; Type: TABLE DATA; Schema: public; Owner: alfabravo_user
--

COPY public.group_taxes (id, name, number, created_at, updated_at) FROM stdin;
1	Vacunas	50	2020-11-20 13:32:25	2020-11-20 13:36:25
\.


--
-- Data for Name: guard_type; Type: TABLE DATA; Schema: public; Owner: alfabravo_user
--

COPY public.guard_type (id, name, description, created_at, updated_at) FROM stdin;
\.


--
-- Data for Name: holiday_day; Type: TABLE DATA; Schema: public; Owner: alfabravo_user
--

COPY public.holiday_day (id, day, label, description, created_at, updated_at, deleted_at) FROM stdin;
\.


--
-- Data for Name: inc_dates; Type: TABLE DATA; Schema: public; Owner: alfabravo_user
--

COPY public.inc_dates (id, date, amount_plan, infos_service_id, created_at, updated_at, client_conditions_id, status) FROM stdin;
\.


--
-- Data for Name: inc_debts; Type: TABLE DATA; Schema: public; Owner: alfabravo_user
--

COPY public.inc_debts (id, assignedtoable_type, assignedtoable_id, amount_plan, amount_real, estimated_date, payment_date, created_at, updated_at, inc_sales_notes_id) FROM stdin;
\.


--
-- Data for Name: inc_sales_notes; Type: TABLE DATA; Schema: public; Owner: alfabravo_user
--

COPY public.inc_sales_notes (id, assignedtoable_type, assignedtoable_id, enterprise_prefix, enterprise_folio, amount_plan, amount_real, estimated_date, payment_date, details, status, created_at, updated_at) FROM stdin;
\.


--
-- Data for Name: incidence; Type: TABLE DATA; Schema: public; Owner: alfabravo_user
--

COPY public.incidence (id, title, description, created_at, updated_at, deleted_at, color) FROM stdin;
\.


--
-- Data for Name: incident_type; Type: TABLE DATA; Schema: public; Owner: alfabravo_user
--

COPY public.incident_type (id, name, description, created_at, updated_at, deleted_at) FROM stdin;
2	Detenciones en recorrido	\N	2021-01-25 11:18:14	2021-01-25 11:18:14	\N
1	Durante la ruta	\N	2021-01-25 11:17:49	2021-01-25 11:17:49	\N
3	Seguimiento	\N	2021-01-25 11:18:23	2021-01-25 11:18:23	\N
4	Intentos de Robo	\N	2021-01-25 18:48:08	2021-01-25 18:48:08	\N
5	Apoyos	\N	2021-01-25 18:50:24	2021-01-25 18:50:24	\N
6	Accidentes	\N	2021-01-25 19:15:42	2021-01-25 19:15:42	\N
8	Robo	\N	2022-11-18 11:33:47	2022-11-18 11:33:47	\N
\.


--
-- Data for Name: incomes; Type: TABLE DATA; Schema: public; Owner: alfabravo_user
--

COPY public.incomes (id, assignedtoable_id, assignedtoable_type, date, amount_plan, amount_real, payment_type, details, filename, payment_sender, payment_received, created_at, updated_at, status, enterprise_prefix, enterprise_folio, inc_sales_notes_id) FROM stdin;
\.


--
-- Data for Name: infos_cobranzas; Type: TABLE DATA; Schema: public; Owner: alfabravo_user
--

COPY public.infos_cobranzas (id, facture_to_id, rfc, uso_cfdi, fiscal_address, colony, municipality_id, state_id, cp, telephone, facture_legend, payment_conditions, facture_delivery, facture_contact, facture_reception_days, facture_payment_day, observations, periodicity, amount, created_at, updated_at, deleted_at, user_id, service_id, service_model) FROM stdin;
\.


--
-- Data for Name: infos_cobranzas_files; Type: TABLE DATA; Schema: public; Owner: alfabravo_user
--

COPY public.infos_cobranzas_files (files_id, filename, cobranzas_id, created_at, updated_at, deleted_at, file_type_id, expiration_date, document_name, user_id) FROM stdin;
\.


--
-- Data for Name: infos_intramuros_budget; Type: TABLE DATA; Schema: public; Owner: alfabravo_user
--

COPY public.infos_intramuros_budget (id, infos_service_id, created_at, updated_at, amount, status, description, resource_id, expenses_id, status_date) FROM stdin;
\.


--
-- Data for Name: infos_intramuros_employee; Type: TABLE DATA; Schema: public; Owner: alfabravo_user
--

COPY public.infos_intramuros_employee (id, infos_service_id, created_at, updated_at, employee_id, employee_ubication_id, status, description, status_date, intramuro_element_id) FROM stdin;
\.


--
-- Data for Name: infos_intramuros_expense; Type: TABLE DATA; Schema: public; Owner: alfabravo_user
--

COPY public.infos_intramuros_expense (id, infos_service_id, infos_service_vehicle_id, infos_service_employee_id, expenses_id, resource_type_id, amount, created_at, updated_at, notes, register_date, expense_photo, infos_service_resource_id, alm_movement_id) FROM stdin;
\.


--
-- Data for Name: infos_intramuros_resource; Type: TABLE DATA; Schema: public; Owner: alfabravo_user
--

COPY public.infos_intramuros_resource (id, infos_service_id, created_at, updated_at, amount, status, infos_service_employee_id, description, resource_id, resource_element_id, status_date) FROM stdin;
2	31	2024-01-18 13:35:39	2024-01-18 13:35:39	1	1	\N	\N	9	\N	2024-01-18 13:35:39
3	31	2024-01-18 13:35:47	2024-01-18 13:35:47	1	1	\N	\N	9	\N	2024-01-18 13:35:47
4	31	2024-01-18 13:36:18	2024-01-18 13:36:18	1	1	\N	\N	33	\N	2024-01-18 13:36:18
5	32	2024-01-22 11:41:45	2024-01-22 11:41:45	1	1	\N	\N	7	\N	2024-01-22 11:41:45
6	34	2024-01-22 17:12:18	2024-01-22 17:12:18	1	1	\N	\N	32	\N	2024-01-22 17:12:18
7	36	2024-01-28 13:37:17	2024-01-28 13:39:43	1	1	\N	\N	264	radio kenweood	2024-01-28 13:37:17
\.


--
-- Data for Name: infos_intramuros_service; Type: TABLE DATA; Schema: public; Owner: alfabravo_user
--

COPY public.infos_intramuros_service (id, status, id_client, units, guards, armored, no_armored, turn_types_id, men, women, place, place_time, service_time, duration, created_at, updated_at, deleted_at, cancelled_by, client_service_number, client_service_name, observations, service_ubication, locked_to, considerations, service_number_element, id_enterprise, mount, responsible, config_guards, config_cans, units_descriptions, config_resources, config_host, region_id, enterprise_id, initial_cost, mensual_cost, quoter_id, vehicle_mensual_cost, vehicle_cost) FROM stdin;
1	1	\N	\N	\N	\N	\N	\N	\N	\N	\N	\N	\N	\N	2023-06-16 13:48:18	2023-06-16 13:48:18	\N	\N	\N	\N	\N	\N	\N	\N	\N	\N	\N	\N	\N	\N	\N	\N	\N	\N	\N	\N	\N	\N	\N	\N
2	1	\N	\N	\N	\N	\N	\N	\N	\N	\N	\N	\N	\N	2023-06-16 17:24:03	2023-06-16 17:24:03	\N	\N	\N	\N	\N	\N	\N	\N	\N	\N	\N	\N	\N	\N	\N	\N	\N	\N	\N	\N	\N	\N	\N	\N
4	1	\N	\N	\N	\N	\N	\N	\N	\N	\N	\N	\N	\N	2023-08-14 15:56:56	2023-08-14 15:56:56	\N	\N	\N	\N	\N	\N	\N	\N	\N	\N	\N	\N	\N	\N	\N	\N	\N	\N	\N	\N	\N	\N	\N	\N
5	1	\N	\N	\N	\N	\N	\N	\N	\N	\N	\N	\N	\N	2023-08-15 10:40:35	2023-08-15 10:40:35	\N	\N	\N	\N	\N	\N	\N	\N	\N	\N	\N	\N	\N	\N	\N	\N	\N	\N	\N	\N	\N	\N	\N	\N
6	1	\N	\N	\N	\N	\N	\N	\N	\N	\N	\N	\N	\N	2023-08-15 10:41:49	2023-08-15 10:41:49	\N	\N	\N	\N	\N	\N	\N	\N	\N	\N	\N	\N	\N	\N	\N	\N	\N	\N	\N	\N	\N	\N	\N	\N
7	1	\N	\N	\N	\N	\N	\N	\N	\N	\N	\N	\N	\N	2023-08-15 11:24:23	2023-08-15 11:24:23	\N	\N	\N	\N	\N	\N	\N	\N	\N	\N	\N	\N	\N	\N	\N	\N	\N	\N	\N	\N	\N	\N	\N	\N
8	1	\N	\N	\N	\N	\N	\N	\N	\N	\N	\N	\N	\N	2023-08-15 11:30:45	2023-08-15 11:30:45	\N	\N	\N	\N	\N	\N	\N	\N	\N	\N	\N	\N	\N	\N	\N	\N	\N	\N	\N	\N	\N	\N	\N	\N
9	1	\N	\N	\N	\N	\N	\N	\N	\N	\N	\N	\N	\N	2023-08-15 12:05:00	2023-08-15 12:05:00	\N	\N	\N	\N	\N	\N	\N	\N	\N	\N	\N	\N	\N	\N	\N	\N	\N	\N	\N	\N	\N	\N	\N	\N
10	1	\N	\N	\N	\N	\N	\N	\N	\N	\N	\N	\N	\N	2023-08-15 16:49:15	2023-08-15 16:49:15	\N	\N	\N	\N	\N	\N	\N	\N	\N	\N	\N	\N	\N	\N	\N	\N	\N	\N	\N	\N	\N	\N	\N	\N
11	1	\N	\N	\N	\N	\N	\N	\N	\N	\N	\N	\N	\N	2023-08-15 17:07:47	2023-08-15 17:07:47	\N	\N	\N	\N	\N	\N	\N	\N	\N	\N	\N	\N	\N	\N	\N	\N	\N	\N	\N	\N	\N	\N	\N	\N
12	1	\N	\N	\N	\N	\N	\N	\N	\N	\N	\N	\N	\N	2023-08-15 18:01:21	2023-08-15 18:01:21	\N	\N	\N	\N	\N	\N	\N	\N	\N	\N	\N	\N	\N	\N	\N	\N	\N	\N	\N	\N	\N	\N	\N	\N
13	1	\N	\N	\N	\N	\N	\N	\N	\N	\N	\N	\N	\N	2023-08-16 08:53:16	2023-08-16 08:53:16	\N	\N	\N	\N	\N	\N	\N	\N	\N	\N	\N	\N	\N	\N	\N	\N	\N	\N	\N	\N	\N	\N	\N	\N
14	1	\N	\N	\N	\N	\N	\N	\N	\N	\N	\N	\N	\N	2023-08-16 12:43:05	2023-08-16 12:43:05	\N	\N	\N	\N	\N	\N	\N	\N	\N	\N	\N	\N	\N	\N	\N	\N	\N	\N	\N	\N	\N	\N	\N	\N
15	1	\N	\N	\N	\N	\N	\N	\N	\N	\N	\N	\N	\N	2023-08-16 13:31:23	2023-08-16 13:31:23	\N	\N	\N	\N	\N	\N	\N	\N	\N	\N	\N	\N	\N	\N	\N	\N	\N	\N	\N	\N	\N	\N	\N	\N
16	1	\N	\N	\N	\N	\N	\N	\N	\N	\N	\N	\N	\N	2023-08-18 08:42:08	2023-08-18 08:42:08	\N	\N	\N	\N	\N	\N	\N	\N	\N	\N	\N	\N	\N	\N	\N	\N	\N	\N	\N	\N	\N	\N	\N	\N
17	1	\N	\N	\N	\N	\N	\N	\N	\N	\N	\N	\N	\N	2023-08-21 09:16:34	2023-08-21 09:16:34	\N	\N	\N	\N	\N	\N	\N	\N	\N	\N	\N	\N	\N	\N	\N	\N	\N	\N	\N	\N	\N	\N	\N	\N
18	1	\N	\N	\N	\N	\N	\N	\N	\N	\N	\N	\N	\N	2023-09-04 08:36:22	2023-09-04 08:36:22	\N	\N	\N	\N	\N	\N	\N	\N	\N	\N	\N	\N	\N	\N	\N	\N	\N	\N	\N	\N	\N	\N	\N	\N
19	1	\N	\N	\N	\N	\N	\N	\N	\N	\N	\N	\N	\N	2023-09-11 16:37:53	2023-09-11 16:37:53	\N	\N	\N	\N	\N	\N	\N	\N	\N	\N	\N	\N	\N	\N	\N	\N	\N	\N	\N	\N	\N	\N	\N	\N
20	1	\N	\N	\N	\N	\N	\N	\N	\N	\N	\N	\N	\N	2023-09-12 10:42:03	2023-09-12 10:42:03	\N	\N	\N	\N	\N	\N	\N	\N	\N	\N	\N	\N	\N	\N	\N	\N	\N	\N	\N	\N	\N	\N	\N	\N
21	1	\N	\N	\N	\N	\N	\N	\N	\N	\N	\N	\N	\N	2023-09-23 12:24:38	2023-09-23 12:24:38	\N	\N	\N	\N	\N	\N	\N	\N	\N	\N	\N	\N	\N	\N	\N	\N	\N	\N	\N	\N	\N	\N	\N	\N
22	1	\N	\N	\N	\N	\N	\N	\N	\N	\N	\N	\N	\N	2023-09-27 17:46:21	2023-09-27 17:46:21	\N	\N	\N	\N	\N	\N	\N	\N	\N	\N	\N	\N	\N	\N	\N	\N	\N	\N	\N	\N	\N	\N	\N	\N
23	1	\N	\N	\N	\N	\N	\N	\N	\N	\N	\N	\N	\N	2023-10-06 14:10:49	2023-10-06 14:10:49	\N	\N	\N	\N	\N	\N	\N	\N	\N	\N	\N	\N	\N	\N	\N	\N	\N	\N	\N	\N	\N	\N	\N	\N
24	1	\N	\N	\N	\N	\N	\N	\N	\N	\N	\N	\N	\N	2023-10-06 14:11:47	2023-10-06 14:11:47	\N	\N	\N	\N	\N	\N	\N	\N	\N	\N	\N	\N	\N	\N	\N	\N	\N	\N	\N	\N	\N	\N	\N	\N
25	1	\N	\N	\N	\N	\N	\N	\N	\N	\N	\N	\N	\N	2023-10-16 09:05:42	2023-10-16 09:05:42	\N	\N	\N	\N	\N	\N	\N	\N	\N	\N	\N	\N	\N	\N	\N	\N	\N	\N	\N	\N	\N	\N	\N	\N
26	1	\N	\N	\N	\N	\N	\N	\N	\N	\N	\N	\N	\N	2023-10-16 11:38:55	2023-10-16 11:38:55	\N	\N	\N	\N	\N	\N	\N	\N	\N	\N	\N	\N	\N	\N	\N	\N	\N	\N	\N	\N	\N	\N	\N	\N
27	1	\N	\N	\N	\N	\N	\N	\N	\N	\N	\N	\N	\N	2023-12-04 18:22:46	2023-12-04 18:22:46	\N	\N	\N	\N	\N	\N	\N	\N	\N	\N	\N	\N	\N	\N	\N	\N	\N	\N	\N	\N	\N	\N	\N	\N
28	1	\N	\N	\N	\N	\N	\N	\N	\N	\N	\N	\N	\N	2023-12-05 19:14:03	2023-12-05 19:14:03	\N	\N	\N	\N	\N	\N	\N	\N	\N	\N	\N	\N	\N	\N	\N	\N	\N	\N	\N	\N	\N	\N	\N	\N
29	1	\N	\N	\N	\N	\N	\N	\N	\N	\N	\N	\N	\N	2023-12-19 18:01:27	2023-12-19 18:01:27	\N	\N	\N	\N	\N	\N	\N	\N	\N	\N	\N	\N	\N	\N	\N	\N	\N	\N	\N	\N	\N	\N	\N	\N
30	1	\N	\N	\N	\N	\N	\N	\N	\N	\N	\N	\N	\N	2023-12-19 18:01:48	2023-12-19 18:01:48	\N	\N	\N	\N	\N	\N	\N	\N	\N	\N	\N	\N	\N	\N	\N	\N	\N	\N	\N	\N	\N	\N	\N	\N
31	1	\N	\N	\N	\N	\N	\N	\N	\N	\N	\N	\N	\N	2024-01-18 13:31:26	2024-01-18 13:31:26	\N	\N	\N	\N	\N	\N	\N	\N	\N	\N	\N	\N	\N	\N	\N	\N	\N	\N	\N	\N	\N	\N	\N	\N
32	1	\N	\N	\N	\N	\N	\N	\N	\N	\N	\N	\N	\N	2024-01-22 11:38:55	2024-01-22 11:38:55	\N	\N	\N	\N	\N	\N	\N	\N	\N	\N	\N	\N	\N	\N	\N	\N	\N	\N	\N	\N	\N	\N	\N	\N
33	1	\N	\N	\N	\N	\N	\N	\N	\N	\N	\N	\N	\N	2024-01-22 11:46:02	2024-01-22 11:46:02	\N	\N	\N	\N	\N	\N	\N	\N	\N	\N	\N	\N	\N	\N	\N	\N	\N	\N	\N	\N	\N	\N	\N	\N
34	1	\N	\N	\N	\N	\N	\N	\N	\N	\N	\N	\N	\N	2024-01-22 15:44:02	2024-01-22 15:44:02	\N	\N	\N	\N	\N	\N	\N	\N	\N	\N	\N	\N	\N	\N	\N	\N	\N	\N	\N	\N	\N	\N	\N	\N
35	1	\N	\N	\N	\N	\N	\N	\N	\N	\N	\N	\N	\N	2024-01-28 12:35:48	2024-01-28 12:35:48	\N	\N	\N	\N	\N	\N	\N	\N	\N	\N	\N	\N	\N	\N	\N	\N	\N	\N	\N	\N	\N	\N	\N	\N
36	1	\N	\N	\N	\N	\N	\N	\N	\N	\N	\N	\N	\N	2024-01-28 13:25:00	2024-01-28 13:25:00	\N	\N	\N	\N	\N	\N	\N	\N	\N	\N	\N	\N	\N	\N	\N	\N	\N	\N	\N	\N	\N	\N	\N	\N
37	1	\N	\N	\N	\N	\N	\N	\N	\N	\N	\N	\N	\N	2024-01-28 13:59:11	2024-01-28 13:59:11	\N	\N	\N	\N	\N	\N	\N	\N	\N	\N	\N	\N	\N	\N	\N	\N	\N	\N	\N	\N	\N	\N	\N	\N
38	1	\N	\N	\N	\N	\N	\N	\N	\N	\N	\N	\N	\N	2024-01-31 11:11:18	2024-01-31 11:11:18	\N	\N	\N	\N	\N	\N	\N	\N	\N	\N	\N	\N	\N	\N	\N	\N	\N	\N	\N	\N	\N	\N	\N	\N
39	1	\N	\N	\N	\N	\N	\N	\N	\N	\N	\N	\N	\N	2024-01-31 11:25:16	2024-01-31 11:25:16	\N	\N	\N	\N	\N	\N	\N	\N	\N	\N	\N	\N	\N	\N	\N	\N	\N	\N	\N	\N	\N	\N	\N	\N
40	1	\N	\N	\N	\N	\N	\N	\N	\N	\N	\N	\N	\N	2024-02-03 19:08:57	2024-02-03 19:08:57	\N	\N	\N	\N	\N	\N	\N	\N	\N	\N	\N	\N	\N	\N	\N	\N	\N	\N	\N	\N	\N	\N	\N	\N
41	1	\N	\N	\N	\N	\N	\N	\N	\N	\N	\N	\N	\N	2024-02-03 20:24:35	2024-02-03 20:24:35	\N	\N	\N	\N	\N	\N	\N	\N	\N	\N	\N	\N	\N	\N	\N	\N	\N	\N	\N	\N	\N	\N	\N	\N
42	1	\N	\N	\N	\N	\N	\N	\N	\N	\N	\N	\N	\N	2024-02-03 20:25:21	2024-02-03 20:25:21	\N	\N	\N	\N	\N	\N	\N	\N	\N	\N	\N	\N	\N	\N	\N	\N	\N	\N	\N	\N	\N	\N	\N	\N
43	1	\N	\N	\N	\N	\N	\N	\N	\N	\N	\N	\N	\N	2024-02-06 12:14:46	2024-02-06 12:14:46	\N	\N	\N	\N	\N	\N	\N	\N	\N	\N	\N	\N	\N	\N	\N	\N	\N	\N	\N	\N	\N	\N	\N	\N
44	1	\N	\N	\N	\N	\N	\N	\N	\N	\N	\N	\N	\N	2024-04-22 10:33:51	2024-04-22 10:33:51	\N	\N	\N	\N	\N	\N	\N	\N	\N	\N	\N	\N	\N	\N	\N	\N	\N	\N	\N	\N	\N	\N	\N	\N
45	1	\N	\N	\N	\N	\N	\N	\N	\N	\N	\N	\N	\N	2024-07-12 12:38:00	2024-07-12 12:38:00	\N	\N	\N	\N	\N	\N	\N	\N	\N	\N	\N	\N	\N	\N	\N	\N	\N	\N	\N	\N	\N	\N	\N	\N
46	1	\N	\N	\N	\N	\N	\N	\N	\N	\N	\N	\N	\N	2024-07-12 12:42:31	2024-07-12 12:42:31	\N	\N	\N	\N	\N	\N	\N	\N	\N	\N	\N	\N	\N	\N	\N	\N	\N	\N	\N	\N	\N	\N	\N	\N
47	1	\N	\N	\N	\N	\N	\N	\N	\N	\N	\N	\N	\N	2024-07-16 20:41:23	2024-07-16 20:41:23	\N	\N	\N	\N	\N	\N	\N	\N	\N	\N	\N	\N	\N	\N	\N	\N	\N	\N	\N	\N	\N	\N	\N	\N
48	1	\N	\N	\N	\N	\N	\N	\N	\N	\N	\N	\N	\N	2024-07-17 13:35:40	2024-07-17 13:35:40	\N	\N	\N	\N	\N	\N	\N	\N	\N	\N	\N	\N	\N	\N	\N	\N	\N	\N	\N	\N	\N	\N	\N	\N
49	1	\N	\N	\N	\N	\N	\N	\N	\N	\N	\N	\N	\N	2024-07-18 19:18:19	2024-07-18 19:18:19	\N	\N	\N	\N	\N	\N	\N	\N	\N	\N	\N	\N	\N	\N	\N	\N	\N	\N	\N	\N	\N	\N	\N	\N
55	1	\N	\N	\N	\N	\N	\N	\N	\N	\N	\N	\N	\N	2024-10-03 09:49:46	2024-10-03 09:49:46	\N	\N	\N	\N	\N	\N	\N	\N	\N	\N	\N	\N	\N	\N	\N	\N	\N	\N	\N	\N	\N	\N	\N	\N
51	1	\N	\N	\N	\N	\N	\N	\N	\N	\N	\N	\N	\N	2024-08-12 14:24:14	2024-08-12 14:24:14	\N	\N	\N	\N	\N	\N	\N	\N	\N	\N	\N	\N	\N	\N	\N	\N	\N	\N	\N	\N	\N	\N	\N	\N
52	1	\N	\N	\N	\N	\N	\N	\N	\N	\N	\N	\N	\N	2024-08-15 14:26:08	2024-08-15 14:26:08	\N	\N	\N	\N	\N	\N	\N	\N	\N	\N	\N	\N	\N	\N	\N	\N	\N	\N	\N	\N	\N	\N	\N	\N
53	1	\N	\N	\N	\N	\N	\N	\N	\N	\N	\N	\N	\N	2024-08-28 16:58:47	2024-08-28 16:58:47	\N	\N	\N	\N	\N	\N	\N	\N	\N	\N	\N	\N	\N	\N	\N	\N	\N	\N	\N	\N	\N	\N	\N	\N
54	1	\N	\N	\N	\N	\N	\N	\N	\N	\N	\N	\N	\N	2024-09-25 11:52:46	2024-09-25 11:52:46	\N	\N	\N	\N	\N	\N	\N	\N	\N	\N	\N	\N	\N	\N	\N	\N	\N	\N	\N	\N	\N	\N	\N	\N
56	1	\N	\N	\N	\N	\N	\N	\N	\N	\N	\N	\N	\N	2024-10-03 09:49:46	2024-10-03 09:49:46	\N	\N	\N	\N	\N	\N	\N	\N	\N	\N	\N	\N	\N	\N	\N	\N	\N	\N	\N	\N	\N	\N	\N	\N
57	1	\N	\N	\N	\N	\N	\N	\N	\N	\N	\N	\N	\N	2024-10-22 13:39:59	2024-10-22 13:39:59	\N	\N	\N	\N	\N	\N	\N	\N	\N	\N	\N	\N	\N	\N	\N	\N	\N	\N	\N	\N	\N	\N	\N	\N
58	1	\N	\N	\N	\N	\N	\N	\N	\N	\N	\N	\N	\N	2025-05-06 10:04:37	2025-05-06 10:04:37	\N	\N	\N	\N	\N	\N	\N	\N	\N	\N	\N	\N	\N	\N	\N	\N	\N	\N	\N	\N	\N	\N	\N	\N
59	1	\N	\N	\N	\N	\N	\N	\N	\N	\N	\N	\N	\N	2025-05-06 10:18:49	2025-05-06 10:18:49	\N	\N	\N	\N	\N	\N	\N	\N	\N	\N	\N	\N	\N	\N	\N	\N	\N	\N	\N	\N	\N	\N	\N	\N
60	1	\N	\N	\N	\N	\N	\N	\N	\N	\N	\N	\N	\N	2025-06-11 11:30:18	2025-06-11 11:30:18	\N	\N	\N	\N	\N	\N	\N	\N	\N	\N	\N	\N	\N	\N	\N	\N	\N	\N	\N	\N	\N	\N	\N	\N
61	1	\N	\N	\N	\N	\N	\N	\N	\N	\N	\N	\N	\N	2025-06-11 11:31:01	2025-06-11 11:31:01	\N	\N	\N	\N	\N	\N	\N	\N	\N	\N	\N	\N	\N	\N	\N	\N	\N	\N	\N	\N	\N	\N	\N	\N
62	1	\N	\N	\N	\N	\N	\N	\N	\N	\N	\N	\N	\N	2025-07-29 14:52:56	2025-07-29 14:52:56	\N	\N	\N	\N	\N	\N	\N	\N	\N	\N	\N	\N	\N	\N	\N	\N	\N	\N	\N	\N	\N	\N	\N	\N
63	1	\N	\N	\N	\N	\N	\N	\N	\N	\N	\N	\N	\N	2025-10-09 16:06:21	2025-10-09 16:06:21	\N	\N	\N	\N	\N	\N	\N	\N	\N	\N	\N	\N	\N	\N	\N	\N	\N	\N	\N	\N	\N	1	\N	\N
\.


--
-- Data for Name: infos_intramuros_service_element; Type: TABLE DATA; Schema: public; Owner: alfabravo_user
--

COPY public.infos_intramuros_service_element (id, nro_elements, armored, no_armored, men, women, required_personal, observations, work_shift_id, service_schedule, service_time, created_at, updated_at, deleted_at, infos_intramuros_service_id, title) FROM stdin;
\.


--
-- Data for Name: infos_intramuros_vehicle; Type: TABLE DATA; Schema: public; Owner: alfabravo_user
--

COPY public.infos_intramuros_vehicle (id, infos_service_id, created_at, updated_at, unit, status, vehicle_id, description, total_mileage, status_date) FROM stdin;
\.


--
-- Data for Name: infos_service; Type: TABLE DATA; Schema: public; Owner: alfabravo_user
--

COPY public.infos_service (id, id_service_type, status, id_client, units, place, place_time, service_time, duration, created_at, updated_at, deleted_at, cancelled_by, total_mileage, total_lineal_mileage, client_service_number, client_service_name, considerations, observations, service_time_end, locked_to, wapp_group) FROM stdin;
\.


--
-- Data for Name: infos_service_budget; Type: TABLE DATA; Schema: public; Owner: alfabravo_user
--

COPY public.infos_service_budget (id, infos_service_id, created_at, updated_at, amount, status, description, resource_id, expenses_id, status_date) FROM stdin;
\.


--
-- Data for Name: infos_service_carrier; Type: TABLE DATA; Schema: public; Owner: alfabravo_user
--

COPY public.infos_service_carrier (id, infos_service_id, created_at, updated_at, status, brand_id, transport_company_id, plates, driver, phone, description, status_date) FROM stdin;
\.


--
-- Data for Name: infos_service_employee; Type: TABLE DATA; Schema: public; Owner: alfabravo_user
--

COPY public.infos_service_employee (id, infos_service_id, route_id, created_at, updated_at, employee_id, unit, employee_ubication_id, status, service_rol_id, description, status_date, service_type_id, vehicle_service_route_id) FROM stdin;
\.


--
-- Data for Name: infos_service_events; Type: TABLE DATA; Schema: public; Owner: alfabravo_user
--

COPY public.infos_service_events (id, infos_service_id, infos_service_vehicle_id, infos_service_employee_id, incident_type_id, created_at, updated_at, event_notes, event_date) FROM stdin;
\.


--
-- Data for Name: infos_service_events_files; Type: TABLE DATA; Schema: public; Owner: alfabravo_user
--

COPY public.infos_service_events_files (id, filename, infos_service_events_id, created_at, updated_at, document_name) FROM stdin;
742	event_file_638249ee2adec.jpeg	\N	2022-11-26 11:16:30	2022-11-26 11:16:30	RUTA 14 FER GDL-VALL 2 25 NOV 3.jpg
74	event_file_6287d8e0a6e40.jpeg	\N	2022-05-20 13:07:28	2022-05-20 13:07:28	aa554f34-f68d-49ba-885c-05268df59cd8.jpg
7	event_file_6287b45a2d1c4.jpeg	\N	2022-05-20 10:31:38	2022-05-20 10:31:38	WhatsApp Image 2022-05-16 at 8.28.47 AM.jpeg
8	event_file_6287b460dc1d2.jpeg	\N	2022-05-20 10:31:44	2022-05-20 10:31:44	WhatsApp Image 2022-05-16 at 8.32.50 AM.jpeg
9	event_file_6287b4633cff0.jpeg	\N	2022-05-20 10:31:47	2022-05-20 10:31:47	WhatsApp Image 2022-05-16 at 8.35.02 AM.jpeg
10	event_file_6287b46704185.jpeg	\N	2022-05-20 10:31:51	2022-05-20 10:31:51	WhatsApp Image 2022-05-16 at 8.43.07 AM.jpeg
11	event_file_6287b4764d898.jpeg	\N	2022-05-20 10:32:06	2022-05-20 10:32:06	WhatsApp Image 2022-05-16 at 10.55.46 AM.jpeg
12	event_file_6287b4782e78e.jpeg	\N	2022-05-20 10:32:08	2022-05-20 10:32:08	WhatsApp Image 2022-05-16 at 10.56.09 AM.jpeg
13	event_file_6287b47ac5d34.jpeg	\N	2022-05-20 10:32:10	2022-05-20 10:32:10	WhatsApp Image 2022-05-16 at 10.56.23 AM.jpeg
14	event_file_6287b47e5a40c.jpeg	\N	2022-05-20 10:32:14	2022-05-20 10:32:14	WhatsApp Image 2022-05-16 at 10.57.10 AM.jpeg
15	event_file_6287b480eb33f.jpeg	\N	2022-05-20 10:32:16	2022-05-20 10:32:16	WhatsApp Image 2022-05-16 at 10.57.10 AM (1).jpeg
16	event_file_6287b4d1d954c.jpeg	\N	2022-05-20 10:33:37	2022-05-20 10:33:37	WhatsApp Image 2022-05-16 at 2.50.41 PM.jpeg
17	event_file_6287b4d2ae32b.jpeg	\N	2022-05-20 10:33:38	2022-05-20 10:33:38	WhatsApp Image 2022-05-16 at 2.50.41 PM (1).jpeg
18	event_file_6287b4d56aa66.jpeg	\N	2022-05-20 10:33:41	2022-05-20 10:33:41	WhatsApp Image 2022-05-16 at 2.39.50 PM.jpeg
19	event_file_6287b4d64cffc.jpeg	\N	2022-05-20 10:33:42	2022-05-20 10:33:42	WhatsApp Image 2022-05-16 at 2.12.52 PM.jpeg
20	event_file_6287b4dacaea0.jpeg	\N	2022-05-20 10:33:46	2022-05-20 10:33:46	WhatsApp Image 2022-05-16 at 3.08.56 PM.jpeg
21	event_file_6287b4debc362.jpeg	\N	2022-05-20 10:33:50	2022-05-20 10:33:50	WhatsApp Image 2022-05-16 at 3.16.17 PM.jpeg
22	event_file_6287b4e071006.jpeg	\N	2022-05-20 10:33:52	2022-05-20 10:33:52	WhatsApp Image 2022-05-16 at 4.03.26 PM (1).jpeg
23	event_file_6287b4f2e8141.jpeg	\N	2022-05-20 10:34:10	2022-05-20 10:34:10	WhatsApp Image 2022-05-16 at 4.01.45 PM.jpeg
24	event_file_6287b543ad742.jpeg	\N	2022-05-20 10:35:31	2022-05-20 10:35:31	WhatsApp Image 2022-05-16 at 4.10.50 PM.jpeg
25	event_file_6287b5456120a.jpeg	\N	2022-05-20 10:35:33	2022-05-20 10:35:33	WhatsApp Image 2022-05-16 at 4.11.54 PM.jpeg
26	event_file_6287b5ba357a6.png	\N	2022-05-20 10:37:30	2022-05-20 10:37:30	Ubicación Medina posterior al robo.png
27	event_file_6287b5fb3673e.jpeg	\N	2022-05-20 10:38:35	2022-05-20 10:38:35	Posible lo retornaran al turicate posible.jpeg
28	event_file_6287b5fc91694.jpeg	\N	2022-05-20 10:38:36	2022-05-20 10:38:36	RUTA PROBABLE AL RETORNAR EL TRANSPORTE.jpeg
29	event_file_6287b63dc749d.jpeg	\N	2022-05-20 10:39:41	2022-05-20 10:39:41	WhatsApp Image 2022-05-16 at 5.22.56 PM.jpeg
30	event_file_6287b6406236c.jpeg	\N	2022-05-20 10:39:44	2022-05-20 10:39:44	WhatsApp Image 2022-05-16 at 5.23.00 PM.jpeg
31	event_file_6287b641e1d24.jpeg	\N	2022-05-20 10:39:45	2022-05-20 10:39:45	WhatsApp Image 2022-05-16 at 5.24.52 PM.jpeg
32	event_file_6287b6497d493.jpeg	\N	2022-05-20 10:39:53	2022-05-20 10:39:53	WhatsApp Image 2022-05-16 at 5.24.52 PM (1).jpeg
33	event_file_6287b64c784b7.jpeg	\N	2022-05-20 10:39:56	2022-05-20 10:39:56	WhatsApp Image 2022-05-16 at 5.24.53 PM.jpeg
34	event_file_6287b67d5f14c.jpeg	\N	2022-05-20 10:40:45	2022-05-20 10:40:45	WhatsApp Image 2022-05-16 at 5.45.40 PM.jpeg
35	event_file_6287b67f20f69.jpeg	\N	2022-05-20 10:40:47	2022-05-20 10:40:47	WhatsApp Image 2022-05-16 at 5.45.40 PM (1).jpeg
36	event_file_6287b6811f2f8.jpeg	\N	2022-05-20 10:40:49	2022-05-20 10:40:49	WhatsApp Image 2022-05-16 at 5.45.40 PM (2).jpeg
37	event_file_6287b7378c3f2.jpeg	\N	2022-05-20 10:43:51	2022-05-20 10:43:51	WhatsApp Image 2022-05-16 at 5.59.15 PM.jpeg
38	event_file_6287b73a48a06.jpeg	\N	2022-05-20 10:43:54	2022-05-20 10:43:54	WhatsApp Image 2022-05-16 at 5.59.28 PM.jpeg
39	event_file_6287b73c3086d.jpeg	\N	2022-05-20 10:43:56	2022-05-20 10:43:56	WhatsApp Image 2022-05-16 at 5.59.44 PM.jpeg
40	event_file_6287b73e7e045.jpeg	\N	2022-05-20 10:43:58	2022-05-20 10:43:58	WhatsApp Image 2022-05-16 at 6.01.18 PM.jpeg
41	event_file_6287b74095c1b.jpeg	\N	2022-05-20 10:44:00	2022-05-20 10:44:00	WhatsApp Image 2022-05-16 at 6.07.22 PM.jpeg
42	event_file_6287b7438a8b3.jpeg	\N	2022-05-20 10:44:03	2022-05-20 10:44:03	WhatsApp Image 2022-05-16 at 6.07.38 PM.jpeg
43	event_file_6287b745c045d.jpeg	\N	2022-05-20 10:44:05	2022-05-20 10:44:05	WhatsApp Image 2022-05-16 at 6.44.06 PM.jpeg
44	event_file_6287b747aefce.jpeg	\N	2022-05-20 10:44:07	2022-05-20 10:44:07	WhatsApp Image 2022-05-16 at 6.44.28 PM.jpeg
45	event_file_6287b749bd938.jpeg	\N	2022-05-20 10:44:09	2022-05-20 10:44:09	WhatsApp Image 2022-05-16 at 7.16.35 PM.jpeg
46	event_file_6287b74d6734b.jpeg	\N	2022-05-20 10:44:13	2022-05-20 10:44:13	WhatsApp Image 2022-05-16 at 7.19.14 PM.jpeg
47	event_file_6287b74f7d056.jpeg	\N	2022-05-20 10:44:15	2022-05-20 10:44:15	WhatsApp Image 2022-05-16 at 7.19.15 PM.jpeg
48	event_file_6287b7515e6d3.jpeg	\N	2022-05-20 10:44:17	2022-05-20 10:44:17	WhatsApp Image 2022-05-16 at 7.52.28 PM.jpeg
49	event_file_6287b7533b689.jpeg	\N	2022-05-20 10:44:19	2022-05-20 10:44:19	WhatsApp Image 2022-05-16 at 7.54.17 PM.jpeg
50	event_file_6287b75555d02.jpeg	\N	2022-05-20 10:44:21	2022-05-20 10:44:21	WhatsApp Image 2022-05-16 at 8.10.42 PM.jpeg
51	event_file_6287b757c7e4f.jpeg	\N	2022-05-20 10:44:23	2022-05-20 10:44:23	WhatsApp Image 2022-05-16 at 8.11.39 PM.jpeg
52	event_file_6287b7591f9e2.jpeg	\N	2022-05-20 10:44:25	2022-05-20 10:44:25	WhatsApp Image 2022-05-16 at 8.16.38 PM.jpeg
53	event_file_6287b75c07e75.jpeg	\N	2022-05-20 10:44:28	2022-05-20 10:44:28	WhatsApp Image 2022-05-16 at 8.22.32 PM.jpeg
54	event_file_6287b75e036da.jpeg	\N	2022-05-20 10:44:30	2022-05-20 10:44:30	WhatsApp Image 2022-05-16 at 8.45.21 PM.jpeg
58	event_file_6287d81e76a54.jpeg	\N	2022-05-20 13:04:14	2022-05-20 13:04:14	WhatsApp Image 2022-05-17 at 1.15.02 AM.jpeg
59	event_file_6287d82025af2.jpeg	\N	2022-05-20 13:04:16	2022-05-20 13:04:16	WhatsApp Image 2022-05-17 at 1.15.39 AM.jpeg
60	event_file_6287d82230d10.jpeg	\N	2022-05-20 13:04:18	2022-05-20 13:04:18	WhatsApp Image 2022-05-17 at 1.17.15 AM.jpeg
61	event_file_6287d82469581.jpeg	\N	2022-05-20 13:04:20	2022-05-20 13:04:20	WhatsApp Image 2022-05-17 at 1.24.10 AM.jpeg
62	event_file_6287d825ed42a.jpeg	\N	2022-05-20 13:04:21	2022-05-20 13:04:21	WhatsApp Image 2022-05-17 at 1.24.10 AM (1).jpeg
63	event_file_6287d8277d929.jpeg	\N	2022-05-20 13:04:23	2022-05-20 13:04:23	WhatsApp Image 2022-05-17 at 1.24.10 AM (2).jpeg
64	event_file_6287d829002e4.jpeg	\N	2022-05-20 13:04:25	2022-05-20 13:04:25	WhatsApp Image 2022-05-17 at 1.24.10 AM (3).jpeg
65	event_file_6287d82a778ce.jpeg	\N	2022-05-20 13:04:26	2022-05-20 13:04:26	WhatsApp Image 2022-05-17 at 1.24.11 AM.jpeg
66	event_file_6287d831381f3.jpeg	\N	2022-05-20 13:04:33	2022-05-20 13:04:33	WhatsApp Image 2022-05-17 at 1.24.11 AM (1).jpeg
67	event_file_6287d832c00d6.jpeg	\N	2022-05-20 13:04:34	2022-05-20 13:04:34	WhatsApp Image 2022-05-17 at 1.26.47 AM.jpeg
68	event_file_6287d834ee03a.jpeg	\N	2022-05-20 13:04:36	2022-05-20 13:04:36	WhatsApp Image 2022-05-17 at 1.26.47 AM (1).jpeg
69	event_file_6287d836e5052.jpeg	\N	2022-05-20 13:04:38	2022-05-20 13:04:38	WhatsApp Image 2022-05-17 at 1.47.01 AM.jpeg
70	event_file_6287d838d7f61.jpeg	\N	2022-05-20 13:04:40	2022-05-20 13:04:40	WhatsApp Image 2022-05-17 at 2.04.02 AM.jpeg
71	event_file_6287d83cb9eed.jpeg	\N	2022-05-20 13:04:44	2022-05-20 13:04:44	WhatsApp Image 2022-05-17 at 2.05.48 AM.jpeg
72	event_file_6287d83f60f45.jpeg	\N	2022-05-20 13:04:47	2022-05-20 13:04:47	WhatsApp Image 2022-05-17 at 2.22.11 AM.jpeg
73	event_file_6287d8415e6f1.jpeg	\N	2022-05-20 13:04:49	2022-05-20 13:04:49	WhatsApp Image 2022-05-17 at 2.23.08 AM.jpeg
55	event_file_6287b7d6b2f52.jpeg	\N	2022-05-20 10:46:30	2022-05-20 10:46:30	WhatsApp Image 2022-05-17 at 12.46.23 AM.jpeg
56	event_file_6287b7d8d71c3.jpeg	\N	2022-05-20 10:46:32	2022-05-20 10:46:32	WhatsApp Image 2022-05-17 at 12.46.23 AM (1).jpeg
57	event_file_6287b7dbf3e27.jpeg	\N	2022-05-20 10:46:36	2022-05-20 10:46:36	WhatsApp Image 2022-05-17 at 12.46.23 AM (2).jpeg
75	event_file_629f94064dc86.jpeg	\N	2022-06-07 13:08:06	2022-06-07 13:08:06	Vehículo Custodia.jpg
76	event_file_629f940fe4a25.jpeg	\N	2022-06-07 13:08:15	2022-06-07 13:08:15	Status del GPS antes de salir de ruta.jpg
77	event_file_629f9422d785b.jpeg	\N	2022-06-07 13:08:34	2022-06-07 13:08:34	Custodio Armado.jpg
78	event_file_629f9426420a4.jpeg	\N	2022-06-07 13:08:38	2022-06-07 13:08:38	Conductor de la custodia.jpg
79	event_file_629f942fb4b2d.jpeg	\N	2022-06-07 13:08:47	2022-06-07 13:08:47	Licencia de conducir conductor.jpg
80	event_file_629f943a7a6cb.jpeg	\N	2022-06-07 13:08:58	2022-06-07 13:08:58	Chofer del tracto.jpg
81	event_file_629f94433b9f1.jpeg	\N	2022-06-07 13:09:07	2022-06-07 13:09:07	INE chofer del tracto.jpg
82	event_file_629f944e008b0.jpeg	\N	2022-06-07 13:09:18	2022-06-07 13:09:18	Tracto foto 1.jpg
83	event_file_629f94565dd6c.jpeg	\N	2022-06-07 13:09:26	2022-06-07 13:09:26	Placas del tracto.jpg
84	event_file_629f946b4cfec.jpeg	\N	2022-06-07 13:09:47	2022-06-07 13:09:47	GPS.jpg
85	event_file_629f94b0dd199.jpeg	\N	2022-06-07 13:10:56	2022-06-07 13:10:56	Evidencia incio de ruta 1.jpg
86	event_file_629f94b36e7b5.jpeg	\N	2022-06-07 13:10:59	2022-06-07 13:10:59	Evidencia inicio de ruta 2.jpg
87	event_file_629f94bd215d9.jpeg	\N	2022-06-07 13:11:09	2022-06-07 13:11:09	Evidencia de ruta 2.jpg
88	event_file_629f94bf03489.jpeg	\N	2022-06-07 13:11:11	2022-06-07 13:11:11	Evidencia de ruta 3.jpg
89	event_file_629f94c16b3ef.jpeg	\N	2022-06-07 13:11:13	2022-06-07 13:11:13	Evidencia de ruta 4.jpg
90	event_file_629f94c416bf8.jpeg	\N	2022-06-07 13:11:16	2022-06-07 13:11:16	Evidencia de ruta 5 1548 hrs.jpg
91	event_file_629f94c6b2f95.jpeg	\N	2022-06-07 13:11:18	2022-06-07 13:11:18	Evidencia de ruta 6 1616 hrs.jpg
92	event_file_629f94d2ad67e.jpeg	\N	2022-06-07 13:11:30	2022-06-07 13:11:30	Evidencia ruta 7 1627 caseta Encarnación.jpg
93	event_file_629f94d4e2d5c.jpeg	\N	2022-06-07 13:11:32	2022-06-07 13:11:32	Evidencia Ruta 8 1632hrs ultima evidencia.jpg
94	event_file_629f94d845a96.jpeg	\N	2022-06-07 13:11:36	2022-06-07 13:11:36	Evidencia de custodia 1.jpg
95	event_file_629f94df886ed.jpeg	\N	2022-06-07 13:11:43	2022-06-07 13:11:43	Evidencia GPS 2.jpg
96	event_file_629f94e16dc6c.jpeg	\N	2022-06-07 13:11:45	2022-06-07 13:11:45	Evidencia GPS 3 1556 hrs.jpg
97	event_file_629f94e3d9430.jpeg	\N	2022-06-07 13:11:47	2022-06-07 13:11:47	Evidencia GPS 4 1638 hrs desfazado 3 min.jpg
98	event_file_629f94e6cd730.jpeg	\N	2022-06-07 13:11:50	2022-06-07 13:11:50	Evidencia GPS en el robo 1641 hrs.jpg
99	event_file_629f94e96d495.jpeg	\N	2022-06-07 13:11:53	2022-06-07 13:11:53	Evidencia GPS posicionado de manera correcta.jpg
100	event_file_629f94efa105e.jpeg	\N	2022-06-07 13:11:59	2022-06-07 13:11:59	Evidencia auto sospechoso 1 1632 hrs.jpg
101	event_file_629f94f341637.jpeg	\N	2022-06-07 13:12:03	2022-06-07 13:12:03	Evidencia apoyo de ruta.jpg
102	event_file_629f94f55e2c3.jpeg	\N	2022-06-07 13:12:05	2022-06-07 13:12:05	Evidencia apoyo Km 140.jpg
103	event_file_629f960f571cf.jpeg	\N	2022-06-07 13:16:47	2022-06-07 13:16:47	Evidencia de recuperación del tracto y vehiculo de custodia.jpg
104	event_file_629f96246897d.jpeg	\N	2022-06-07 13:17:08	2022-06-07 13:17:08	Evidencia de recuperacion 2.jpg
105	event_file_629f96342d2db.jpeg	\N	2022-06-07 13:17:24	2022-06-07 13:17:24	Evidecnia de recuperación 3.jpg
106	event_file_629f96460cf12.jpeg	\N	2022-06-07 13:17:42	2022-06-07 13:17:42	Evidencia de recuperacion 4.jpg
107	event_file_629f9661b15cd.jpeg	\N	2022-06-07 13:18:09	2022-06-07 13:18:09	Evidencia de recuperacion 5.jpg
108	event_file_629f968962a8d.jpeg	\N	2022-06-07 13:18:49	2022-06-07 13:18:49	Evidencia de disparo al vehículo vento.jpg
109	event_file_629f969ad7006.jpeg	\N	2022-06-07 13:19:06	2022-06-07 13:19:06	f6095387-ccb8-4624-8542-ff4ca64e0fce.jpg
110	event_file_629f969cc501c.jpeg	\N	2022-06-07 13:19:08	2022-06-07 13:19:08	e60555fa-f469-4662-8c3c-1ea6120078a6.jpg
111	event_file_629f96b054e58.jpeg	\N	2022-06-07 13:19:28	2022-06-07 13:19:28	Evidencia 7.jpg
112	event_file_629f96c98cc8f.jpeg	\N	2022-06-07 13:19:53	2022-06-07 13:19:53	Evidencia 8.jpg
113	event_file_629f96d314f9f.jpeg	\N	2022-06-07 13:20:03	2022-06-07 13:20:03	b0283aa5-e7a6-47aa-ad8a-e0099ef3eaa4.jpg
114	event_file_629f96d4f1de4.jpeg	\N	2022-06-07 13:20:04	2022-06-07 13:20:04	2a4efc67-5ff7-4dfb-b179-9132f5f07050.jpg
115	event_file_629f96d85f26d.jpeg	\N	2022-06-07 13:20:08	2022-06-07 13:20:08	39713bf5-8b18-43c0-a261-e465536f481b.jpg
116	event_file_629f96dd08bce.jpeg	\N	2022-06-07 13:20:13	2022-06-07 13:20:13	70ad3548-12c2-47d1-b1fd-5933805461fb.jpg
117	event_file_629f96e57400f.jpeg	\N	2022-06-07 13:20:21	2022-06-07 13:20:21	baa98ab4-9df6-454e-9558-3a8fd9653cd6.jpg
118	event_file_629f96e9a369b.jpeg	\N	2022-06-07 13:20:25	2022-06-07 13:20:25	0e59a484-c6b7-48d7-9109-0328f4a8dfc2.jpg
119	event_file_629f96f06d946.jpeg	\N	2022-06-07 13:20:32	2022-06-07 13:20:32	194b2b3f-8e08-4a62-8fed-9abd37bebfbc.jpg
120	event_file_629f96f1f3beb.jpeg	\N	2022-06-07 13:20:34	2022-06-07 13:20:34	6cf465a6-43e2-4101-b9b5-5b6f9a040720.jpg
121	event_file_629f96f93d8f4.jpeg	\N	2022-06-07 13:20:41	2022-06-07 13:20:41	10d58250-9ca3-437d-a813-534e74cace15.jpg
122	event_file_629f96ff8804a.jpeg	\N	2022-06-07 13:20:47	2022-06-07 13:20:47	6b90a784-1ef0-4e69-8321-7d0a7345e2bf.jpg
123	event_file_629f97062520c.jpeg	\N	2022-06-07 13:20:54	2022-06-07 13:20:54	8c82f9b6-a5b9-4d5c-81a0-afcb1bc8180c.jpg
124	event_file_629f973c3fea6.jpeg	\N	2022-06-07 13:21:48	2022-06-07 13:21:48	Evidencia de que la guardia nacional reviso el vehiculo 1.jpg
125	event_file_629f974f72b76.jpeg	\N	2022-06-07 13:22:07	2022-06-07 13:22:07	Evidencia revision vehiculo 2.jpg
126	event_file_629f985ab4b5e.jpeg	\N	2022-06-07 13:26:34	2022-06-07 13:26:34	Movimiento al corralon 1.jpg
127	event_file_629f9873be7a8.jpeg	\N	2022-06-07 13:26:59	2022-06-07 13:26:59	dda91f1f-cc1d-4328-af56-b861815118c9.jpg
128	event_file_629f9875c850d.jpeg	\N	2022-06-07 13:27:01	2022-06-07 13:27:01	0443fa86-7adb-46aa-90b2-0cf9ad29c5b5.jpg
129	event_file_629f987b96063.jpeg	\N	2022-06-07 13:27:07	2022-06-07 13:27:07	d4bcfd25-bc1c-477e-a220-82797739ab87.jpg
130	event_file_629f988ad7a5d.jpeg	\N	2022-06-07 13:27:22	2022-06-07 13:27:22	a7fbd5d7-737c-44e7-ba84-bb28f8c40dff.jpg
131	event_file_629f98915dd25.jpeg	\N	2022-06-07 13:27:29	2022-06-07 13:27:29	56d259ba-d476-4c69-a6e2-4c1e104dde07.jpg
132	event_file_629f98bf74aef.jpeg	\N	2022-06-07 13:28:15	2022-06-07 13:28:15	189cb346-a354-4856-96d3-e184c9d8ea37.jpg
133	event_file_629f98c7c2f8f.jpeg	\N	2022-06-07 13:28:23	2022-06-07 13:28:23	3874e8ae-402c-461d-bc4b-5472c291fdb0.jpg
134	event_file_629f98d748b83.jpeg	\N	2022-06-07 13:28:39	2022-06-07 13:28:39	39a9b4e3-3e4e-48da-8eb5-446bbafd0de4.jpg
135	event_file_629f993244d0a.jpeg	\N	2022-06-07 13:30:10	2022-06-07 13:30:10	d2f1cad1-e27f-4162-9c88-b0ed28615223.jpg
136	event_file_629f993e1834b.txt	\N	2022-06-07 13:30:22	2022-06-07 13:30:22	maps.url
137	event_file_629f9947170ce.jpeg	\N	2022-06-07 13:30:31	2022-06-07 13:30:31	fc862099-06a5-498d-952c-305d28d4d546.jpg
138	event_file_62a912c9963f9.jpeg	\N	2022-06-14 17:59:21	2022-06-14 17:59:21	a67fb01b-027d-4fe5-97a4-39f0cfa40e14.jpg
139	event_file_62a912e917c64.jpeg	\N	2022-06-14 17:59:53	2022-06-14 17:59:53	70181be7-8060-45d8-9d7d-0fde88e822ca.jpg
140	event_file_62a912f411ec2.jpeg	\N	2022-06-14 18:00:04	2022-06-14 18:00:04	f09655f7-7054-4f28-8120-1f2f8e203cbc.jpg
141	event_file_62a9133403e05.jpeg	\N	2022-06-14 18:01:08	2022-06-14 18:01:08	e697a1d9-f601-4493-98eb-93bdaf12d52d.jpg
142	event_file_62a9133573dff.jpeg	\N	2022-06-14 18:01:09	2022-06-14 18:01:09	adc88283-3a5f-482c-975c-34daa277a592.jpg
143	event_file_62a91337eca71.jpeg	\N	2022-06-14 18:01:11	2022-06-14 18:01:11	4c320ea4-647f-413c-8474-51316e50c998.jpg
144	event_file_62a91343462a8.jpeg	\N	2022-06-14 18:01:23	2022-06-14 18:01:23	21e78f4d-b088-47d0-824b-f4b2d0603b55.jpg
145	event_file_62a9158b211dd.jpeg	\N	2022-06-14 18:11:07	2022-06-14 18:11:07	f424ae11-dc67-4669-aac6-2cc6b73819d7.jpg
146	event_file_62a9159f7efd3.jpeg	\N	2022-06-14 18:11:27	2022-06-14 18:11:27	09b0a36b-df7e-45ed-a289-ed1c49ef8c2b.jpg
147	event_file_62a915bad2197.jpeg	\N	2022-06-14 18:11:54	2022-06-14 18:11:54	d292f5a2-29c8-426f-b4d5-18dd0c649868.jpg
148	event_file_62a915bcde379.jpeg	\N	2022-06-14 18:11:56	2022-06-14 18:11:56	0d6b55d2-a102-4f19-a7cf-e5d7316c7435.jpg
149	event_file_62a915c20a027.jpeg	\N	2022-06-14 18:12:02	2022-06-14 18:12:02	7fdc4864-7e38-4439-bbde-b4c46b6e744b.jpg
150	event_file_62a915c472f28.jpeg	\N	2022-06-14 18:12:04	2022-06-14 18:12:04	afc96222-b4d0-4f16-9548-e1995ca3581d.jpg
151	event_file_62a915cd1b001.jpeg	\N	2022-06-14 18:12:13	2022-06-14 18:12:13	ccbba76e-fb30-4ae3-88e1-a168d4d5e7bc.jpg
152	event_file_62a915cfe6251.jpeg	\N	2022-06-14 18:12:15	2022-06-14 18:12:15	80c9fdf7-aef1-48ad-952a-6984c17e9c01.jpg
153	event_file_62ab9ac5cbc2f.jpeg	\N	2022-06-16 16:04:05	2022-06-16 16:04:05	049696a1-8b2c-4526-a529-abadfad0a956.jpg
154	event_file_62ab9acff2a46.jpeg	\N	2022-06-16 16:04:16	2022-06-16 16:04:16	1cc8d598-0a6b-49cf-9577-6b3868e61117.jpg
155	event_file_62ab9ad27bef9.jpeg	\N	2022-06-16 16:04:18	2022-06-16 16:04:18	2e14085d-9990-46ed-ac4d-09898d86dfec.jpg
156	event_file_62ab9ae14484f.jpeg	\N	2022-06-16 16:04:33	2022-06-16 16:04:33	c58051e8-ab7d-4882-90c4-76baf5a5ef08.jpg
157	event_file_62ab9aee7089d.jpeg	\N	2022-06-16 16:04:46	2022-06-16 16:04:46	5440bd11-60c8-471f-ab2f-94a0a3187391.jpg
158	event_file_62ab9b050f651.jpeg	\N	2022-06-16 16:05:09	2022-06-16 16:05:09	0ccc0fc6-9ae4-435b-8d38-6b169b32f4b1.jpg
159	event_file_62ab9b1327a62.jpeg	\N	2022-06-16 16:05:23	2022-06-16 16:05:23	86c857d8-73fb-4be3-b84f-d1683d88841c.jpg
160	event_file_62ab9b1604dd6.jpeg	\N	2022-06-16 16:05:26	2022-06-16 16:05:26	bea72b34-883a-472c-821f-c8968deab05b.jpg
161	event_file_62cda2b496ce4.jpeg	\N	2022-07-12 11:35:00	2022-07-12 11:35:00	a8324d54-33a1-41b0-810f-053fc792dbb7.jpg
162	event_file_62cda2bea8a63.jpeg	\N	2022-07-12 11:35:10	2022-07-12 11:35:10	cace6674-cee4-46cb-bda4-5d83050c63f9.jpg
163	event_file_62cda2c368e7b.jpeg	\N	2022-07-12 11:35:15	2022-07-12 11:35:15	847a9b67-a0c5-4d75-8408-0604b3a5c9bf.jpg
164	event_file_62cda2c777c65.jpeg	\N	2022-07-12 11:35:19	2022-07-12 11:35:19	d5e4a94f-8fb3-4bf1-bc69-0611607de293.jpg
165	event_file_62cda2ed1caae.jpeg	\N	2022-07-12 11:35:57	2022-07-12 11:35:57	65a4c59a-9e1f-46da-86b3-7aff7819ddb3.jpg
167	event_file_62cda2fbde5b8.jpeg	\N	2022-07-12 11:36:11	2022-07-12 11:36:11	b7f0b997-5952-4f36-aa51-e4f51bdb9707.jpg
168	event_file_62cda31434b24.jpeg	\N	2022-07-12 11:36:36	2022-07-12 11:36:36	d712d340-0fec-4da0-b954-e060ca058e9e.jpg
169	event_file_62cda315db1d8.jpeg	\N	2022-07-12 11:36:37	2022-07-12 11:36:37	d795b2aa-f391-4619-b77d-9c1756ba6af8.jpg
170	event_file_62cda31a3cc89.jpeg	\N	2022-07-12 11:36:42	2022-07-12 11:36:42	fdc2ecb2-3954-48e1-b5b0-f470994651f1.jpg
171	event_file_62cda31d3d0c3.jpeg	\N	2022-07-12 11:36:45	2022-07-12 11:36:45	7e0838d5-faf8-4976-add3-1a2539f23c09.jpg
172	event_file_62cda33603814.jpeg	\N	2022-07-12 11:37:10	2022-07-12 11:37:10	97b36e5c-f550-466e-bd26-5a73555251e7.jpg
173	event_file_62cda338d48d8.jpeg	\N	2022-07-12 11:37:12	2022-07-12 11:37:12	84c6d302-3316-410d-900b-51f339946532.jpg
174	event_file_62cda33c20757.jpeg	\N	2022-07-12 11:37:16	2022-07-12 11:37:16	6868fc7d-ae17-4d61-b0cd-f8be5922111c.jpg
175	event_file_62cda33f1eed3.jpeg	\N	2022-07-12 11:37:19	2022-07-12 11:37:19	96de4cdd-fdff-4596-9eb8-fd33c1c608f7.jpg
176	event_file_62cda3468d5f8.jpeg	\N	2022-07-12 11:37:26	2022-07-12 11:37:26	ab3f1e6f-2a1b-466a-991d-ff6e35e8820c.jpg
177	event_file_62cda35a83762.jpeg	\N	2022-07-12 11:37:46	2022-07-12 11:37:46	dd1f6dc2-55e1-49f1-b4b6-6d3637f1cf96.jpg
178	event_file_62cda35dcde1e.jpeg	\N	2022-07-12 11:37:49	2022-07-12 11:37:49	63e624a9-b866-4279-bd43-5a26e105464e.jpg
179	event_file_62cda3609de0c.jpeg	\N	2022-07-12 11:37:52	2022-07-12 11:37:52	601ce750-fe72-4107-922c-86c5219e1ba9.jpg
180	event_file_62cda36402839.jpeg	\N	2022-07-12 11:37:56	2022-07-12 11:37:56	d876fd32-904f-498b-b457-fadfa8b60c95.jpg
181	event_file_62cda3679e73b.jpeg	\N	2022-07-12 11:37:59	2022-07-12 11:37:59	4a38daae-413d-4faf-909c-c691224b9c71.jpg
182	event_file_62cda36b7d962.jpeg	\N	2022-07-12 11:38:03	2022-07-12 11:38:03	9c60ffb6-0542-4bea-888d-9737012188a2.jpg
183	event_file_62cda37006121.jpeg	\N	2022-07-12 11:38:08	2022-07-12 11:38:08	6302f680-204d-4def-b811-863bd6a34ce0.jpg
184	event_file_62cda373617bb.jpeg	\N	2022-07-12 11:38:11	2022-07-12 11:38:11	f9b2e068-d407-425a-b778-30945da79a39.jpg
185	event_file_62cda376cbcc4.jpeg	\N	2022-07-12 11:38:14	2022-07-12 11:38:14	aa6aca27-0710-4560-958d-f963fbf8c957.jpg
186	event_file_62cda37a56326.jpeg	\N	2022-07-12 11:38:18	2022-07-12 11:38:18	202af737-bf08-45b2-a805-bb4d1cf8fdf8.jpg
187	event_file_62cda37ddc6c2.jpeg	\N	2022-07-12 11:38:21	2022-07-12 11:38:21	c4f9d136-668d-4dc4-96f6-c2546563b4d9.jpg
188	event_file_62cda38264c26.jpeg	\N	2022-07-12 11:38:26	2022-07-12 11:38:26	c58b77a3-c097-4d7c-af90-f02ee5c73371.jpg
189	event_file_62cda38a7b16f.jpeg	\N	2022-07-12 11:38:34	2022-07-12 11:38:34	f8f5ed08-11e4-4103-987e-18421a205cc2.jpg
190	event_file_62cda38cd7ca7.jpeg	\N	2022-07-12 11:38:36	2022-07-12 11:38:36	cc2b237a-979c-46e0-9ee2-205e955561cd.jpg
191	event_file_62cda391772a6.jpeg	\N	2022-07-12 11:38:41	2022-07-12 11:38:41	63eb1dc4-29d4-4b74-aa91-cece7b6d6a79.jpg
192	event_file_62cda395475a4.jpeg	\N	2022-07-12 11:38:45	2022-07-12 11:38:45	84a4929e-d5c3-4da6-aa64-39da31168e25.jpg
193	event_file_62cda39ba5bdc.jpeg	\N	2022-07-12 11:38:51	2022-07-12 11:38:51	f7836d9f-983c-48e3-84d6-e7d834dfc49e.jpg
194	event_file_62cda3a12b670.jpeg	\N	2022-07-12 11:38:57	2022-07-12 11:38:57	c4bf07e4-fdcc-443a-a6db-994ab2469bbe.jpg
195	event_file_62cda3a9bdace.jpeg	\N	2022-07-12 11:39:05	2022-07-12 11:39:05	463e9a6d-18b6-48d1-80e6-deaed57da89c.jpg
196	event_file_62cda3aad9382.jpeg	\N	2022-07-12 11:39:06	2022-07-12 11:39:06	2ab3255e-16bc-4197-93b3-3dbf0942ebc2.jpg
197	event_file_62cda3b2acc33.jpeg	\N	2022-07-12 11:39:14	2022-07-12 11:39:14	3c7564c6-f3c6-40d2-91bb-6028cc9d0f5f.jpg
198	event_file_62cda3b611c43.jpeg	\N	2022-07-12 11:39:18	2022-07-12 11:39:18	6a969ef5-8113-4db6-8839-240b7d460e5b.jpg
199	event_file_62cda3b9e51a1.jpeg	\N	2022-07-12 11:39:21	2022-07-12 11:39:21	4e93435c-4dbe-4420-9a9d-c6ff891ab88e.jpg
200	event_file_62cda3bdad2ea.jpeg	\N	2022-07-12 11:39:25	2022-07-12 11:39:25	4d02166b-52bd-45ee-a2d5-bab394d282a0.jpg
201	event_file_62cda3c149f07.jpeg	\N	2022-07-12 11:39:29	2022-07-12 11:39:29	f3498448-d5d6-44c8-9edb-1dce3ae20755.jpg
202	event_file_62cda3c456c75.jpeg	\N	2022-07-12 11:39:32	2022-07-12 11:39:32	f7721312-f4c8-453f-9d83-a52c9f4011d8.jpg
203	event_file_62cda3c819aaa.jpeg	\N	2022-07-12 11:39:36	2022-07-12 11:39:36	7400d0ea-7017-4ad5-bbea-4cd8854456cb.jpg
204	event_file_62cda3d00c682.jpeg	\N	2022-07-12 11:39:44	2022-07-12 11:39:44	1ef1c095-0263-421f-bb76-ad22d1662686.jpg
205	event_file_62cda3d81ed97.jpeg	\N	2022-07-12 11:39:52	2022-07-12 11:39:52	347916b1-67c4-4744-a346-8931b0ad0cbc.jpg
206	event_file_62cda3da648fe.jpeg	\N	2022-07-12 11:39:54	2022-07-12 11:39:54	7fa86a14-d97e-46e4-a392-607ec7586ac0.jpg
207	event_file_62cda3dd5df18.jpeg	\N	2022-07-12 11:39:57	2022-07-12 11:39:57	cc8245e4-39af-41ae-b567-7bd2453d5e99.jpg
208	event_file_62cda3e0d0abe.jpeg	\N	2022-07-12 11:40:00	2022-07-12 11:40:00	642c21b6-7110-4667-be81-47f2fbf58f17.jpg
209	event_file_62cda3e3d9b91.jpeg	\N	2022-07-12 11:40:03	2022-07-12 11:40:03	d4cbca89-3c13-4da8-9e46-aa2d13d5a086.jpg
210	event_file_62cda3ec386bc.jpeg	\N	2022-07-12 11:40:12	2022-07-12 11:40:12	18c29600-5efa-4320-accf-673f9c00ad06.jpg
211	event_file_62cda3f3908d0.jpeg	\N	2022-07-12 11:40:19	2022-07-12 11:40:19	2f59c38f-a395-4d90-9bf8-eda24d0f7d6e.jpg
212	event_file_62cda3fa3673c.jpeg	\N	2022-07-12 11:40:26	2022-07-12 11:40:26	416a1b03-7165-4033-b7d7-d47628a7cb90.jpg
213	event_file_62cda3fdea4c9.jpeg	\N	2022-07-12 11:40:29	2022-07-12 11:40:29	062c966f-7f27-43c0-be17-4d60fcb4e4f3.jpg
214	event_file_62cda400bf644.jpeg	\N	2022-07-12 11:40:32	2022-07-12 11:40:32	38999a82-af48-4d35-936a-5c1b52299985.jpg
215	event_file_62cda403e1d6e.jpeg	\N	2022-07-12 11:40:35	2022-07-12 11:40:35	b8239784-9b18-464f-92f9-8e9176461ce3.jpg
216	event_file_62cda41d64124.jpeg	\N	2022-07-12 11:41:01	2022-07-12 11:41:01	dd1f6dc2-55e1-49f1-b4b6-6d3637f1cf96.jpg
217	event_file_62cda42096a7a.jpeg	\N	2022-07-12 11:41:04	2022-07-12 11:41:04	63e624a9-b866-4279-bd43-5a26e105464e.jpg
218	event_file_62cda426ea880.jpeg	\N	2022-07-12 11:41:10	2022-07-12 11:41:10	601ce750-fe72-4107-922c-86c5219e1ba9.jpg
219	event_file_62cda42998e4e.jpeg	\N	2022-07-12 11:41:13	2022-07-12 11:41:13	d876fd32-904f-498b-b457-fadfa8b60c95.jpg
220	event_file_62cda435e427c.jpeg	\N	2022-07-12 11:41:25	2022-07-12 11:41:25	cc2b237a-979c-46e0-9ee2-205e955561cd.jpg
221	event_file_62cda43834be2.jpeg	\N	2022-07-12 11:41:28	2022-07-12 11:41:28	63eb1dc4-29d4-4b74-aa91-cece7b6d6a79.jpg
222	event_file_62cda4512293c.jpeg	\N	2022-07-12 11:41:53	2022-07-12 11:41:53	271b5b69-4176-447a-be4a-a5d6a8a7f18e.jpg
223	event_file_62cda4533004a.jpeg	\N	2022-07-12 11:41:55	2022-07-12 11:41:55	beb121fd-d213-4956-ba59-612610ad1ca0.jpg
224	event_file_62cda45b843aa.jpeg	\N	2022-07-12 11:42:03	2022-07-12 11:42:03	b54e1670-07b3-4c3a-a507-3bb4055a3e71.jpg
225	event_file_62cda45f8d7f2.jpeg	\N	2022-07-12 11:42:07	2022-07-12 11:42:07	d5fb4aa2-594b-44f1-9097-9663a4b799b2.jpg
226	event_file_62cda4614c5fc.jpeg	\N	2022-07-12 11:42:09	2022-07-12 11:42:09	13f823c0-2efa-4fca-a89a-ebcd9167fc42.jpg
227	event_file_62cda464ce677.jpeg	\N	2022-07-12 11:42:12	2022-07-12 11:42:12	06af66c2-50bf-422f-bd41-c58a8c8f12ed.jpg
228	event_file_62cda4672fd91.jpeg	\N	2022-07-12 11:42:15	2022-07-12 11:42:15	46e29102-d8aa-4c16-8225-c13e506692c6.jpg
229	event_file_62cda469c4961.jpeg	\N	2022-07-12 11:42:17	2022-07-12 11:42:17	a648f54b-838d-4951-bc29-8d939c1721f8.jpg
230	event_file_62cda479ccae7.jpeg	\N	2022-07-12 11:42:33	2022-07-12 11:42:33	65497cad-5ca4-45e8-986d-f65c66fdc732.jpg
231	event_file_62cda47e61d88.jpeg	\N	2022-07-12 11:42:38	2022-07-12 11:42:38	99ceb52a-4966-4e7c-8ac1-2ca8d34c453d.jpg
232	event_file_62cda480977a4.jpeg	\N	2022-07-12 11:42:40	2022-07-12 11:42:40	04c34261-f920-4884-b767-ce0f41536085.jpg
233	event_file_62cda48338ee4.jpeg	\N	2022-07-12 11:42:43	2022-07-12 11:42:43	ddf1b452-7789-4237-9a29-45ddd524c956.jpg
234	event_file_62cda48660c9a.jpeg	\N	2022-07-12 11:42:46	2022-07-12 11:42:46	85b87bb2-edef-47b8-abb1-9cf713cb9124.jpg
235	event_file_62cda48ba8406.jpeg	\N	2022-07-12 11:42:51	2022-07-12 11:42:51	a0993c36-57b1-4c6b-8b27-a1e04f474209.jpg
236	event_file_62cda48f5543b.jpeg	\N	2022-07-12 11:42:55	2022-07-12 11:42:55	33de7706-ba92-489a-a4c6-c38ebb5e8edb.jpg
237	event_file_62cda4932ffef.jpeg	\N	2022-07-12 11:42:59	2022-07-12 11:42:59	e10395f8-aab3-4be2-afba-c4784dbd48cf.jpg
238	event_file_62cda496cc6b9.jpeg	\N	2022-07-12 11:43:02	2022-07-12 11:43:02	3717987e-cdc7-446b-a3be-91a548504499.jpg
239	event_file_62cda49be4ee0.jpeg	\N	2022-07-12 11:43:07	2022-07-12 11:43:07	7155c8a0-9b2a-4ce3-984e-29801a8afb31.jpg
240	event_file_62cda4a05da93.jpeg	\N	2022-07-12 11:43:12	2022-07-12 11:43:12	163a3cf2-3d00-437d-be06-6e495c08e9ff.jpg
241	event_file_62cda4a9930c2.jpeg	\N	2022-07-12 11:43:21	2022-07-12 11:43:21	5c9347dd-cbd2-49e9-a31d-04193bff4430.jpg
242	event_file_62cda4ada36d7.jpeg	\N	2022-07-12 11:43:25	2022-07-12 11:43:25	4bac04ef-1aa3-4e8a-a2a1-ebd0fa8cfaf5.jpg
243	event_file_62cda4b961ea0.jpeg	\N	2022-07-12 11:43:37	2022-07-12 11:43:37	563f785f-e9f2-449a-8b0d-c398182d7a07.jpg
244	event_file_62cda4bc73293.jpeg	\N	2022-07-12 11:43:40	2022-07-12 11:43:40	a546b6b4-8289-472a-bc22-5721864d403a.jpg
245	event_file_62cda4cc7391d.jpeg	\N	2022-07-12 11:43:56	2022-07-12 11:43:56	bd35911a-9b99-4386-9ef3-391930dcff03.jpg
246	event_file_62cda4d0755f4.jpeg	\N	2022-07-12 11:44:00	2022-07-12 11:44:00	ae1d2cbe-d790-413a-9410-f8f94d66aff4.jpg
247	event_file_62cda4d3e0eb4.jpeg	\N	2022-07-12 11:44:03	2022-07-12 11:44:03	74058d41-e098-422b-b83e-41883df08386.jpg
248	event_file_62cda4d783c59.jpeg	\N	2022-07-12 11:44:07	2022-07-12 11:44:07	f64ada0f-aa6b-4578-9e1f-6d2e7cd75ba2.jpg
249	event_file_62cda4da62c44.jpeg	\N	2022-07-12 11:44:10	2022-07-12 11:44:10	bd6eb48b-5338-4501-a6f8-998418595c73.jpg
250	event_file_62cda4de81550.jpeg	\N	2022-07-12 11:44:14	2022-07-12 11:44:14	8e58557e-680e-4187-b006-21c8ac9d85b2.jpg
251	event_file_62cda4e1a0b23.jpeg	\N	2022-07-12 11:44:17	2022-07-12 11:44:17	1084a118-0b3a-488a-af5e-1ea4440d7264.jpg
252	event_file_62cda590436b6.jpeg	\N	2022-07-12 11:47:12	2022-07-12 11:47:12	7a765798-0f81-43ee-8901-25163603cd72.jpg
253	event_file_62cda592b4e2c.jpeg	\N	2022-07-12 11:47:14	2022-07-12 11:47:14	c286b580-4c82-4105-99c6-81d0bbd3feb0.jpg
254	event_file_62cda59aa16df.jpeg	\N	2022-07-12 11:47:22	2022-07-12 11:47:22	4beb16b6-5f18-42ec-8c93-7dfe816a7dbb.jpg
255	event_file_62cda59fb008a.jpeg	\N	2022-07-12 11:47:27	2022-07-12 11:47:27	68f964fe-13de-4958-8a63-289fe711425a.jpg
256	event_file_62cda5a2935d0.jpeg	\N	2022-07-12 11:47:30	2022-07-12 11:47:30	06736763-574c-4b70-b812-9d1a2ddb3640.jpg
257	event_file_62cda5a9e8222.jpeg	\N	2022-07-12 11:47:37	2022-07-12 11:47:37	2da3113e-0c53-41b1-9cb4-3b64e0420b76.jpg
258	event_file_62cda5ad30c9b.jpeg	\N	2022-07-12 11:47:41	2022-07-12 11:47:41	e3e2b1bc-15b1-4210-a728-a312fb611ffc.jpg
259	event_file_62daefe513240.jpeg	\N	2022-07-22 13:43:49	2022-07-22 13:43:49	fdeada28-c804-4bb7-af90-c5bf8eba8ec3.jpg
260	event_file_62daefe79b0d5.jpeg	\N	2022-07-22 13:43:51	2022-07-22 13:43:51	6c771a09-7767-494c-a9ac-63a3c369efc0.jpg
261	event_file_62daefeaa909a.jpeg	\N	2022-07-22 13:43:54	2022-07-22 13:43:54	04241f63-4e84-44da-b0c5-9417b66124b4.jpg
262	event_file_62daefed929bb.jpeg	\N	2022-07-22 13:43:57	2022-07-22 13:43:57	4607c7d4-29ae-4775-ad08-1e04b6745bab.jpg
263	event_file_62daeff0527c5.jpeg	\N	2022-07-22 13:44:00	2022-07-22 13:44:00	e3b4d3f5-4184-4a54-954a-214ac2bd60dc.jpg
264	event_file_62daf02aee50f.jpeg	\N	2022-07-22 13:44:58	2022-07-22 13:44:58	cbe2b8e3-15e0-48c1-8662-a61023022542.jpg
265	event_file_62daf02e56aaf.jpeg	\N	2022-07-22 13:45:02	2022-07-22 13:45:02	7b797e3a-25af-413f-a4ab-69c4addec8e0.jpg
266	event_file_62daf0319b831.jpeg	\N	2022-07-22 13:45:05	2022-07-22 13:45:05	f86980b3-b047-4569-b0dc-24cdd8c244da.jpg
267	event_file_62daf034cd7df.jpeg	\N	2022-07-22 13:45:08	2022-07-22 13:45:08	3aead81a-5abc-4ced-84be-235fe0fcd05e.jpg
268	event_file_62daf0378ccb3.jpeg	\N	2022-07-22 13:45:11	2022-07-22 13:45:11	c4dc6cfe-eeaa-4307-a5e5-083213e9201f.jpg
269	event_file_62daf040df23c.jpeg	\N	2022-07-22 13:45:20	2022-07-22 13:45:20	eeb0d7b2-8e82-40d0-815f-a2ff8b41fed4.jpg
270	event_file_62daf04324f44.jpeg	\N	2022-07-22 13:45:23	2022-07-22 13:45:23	f35c7d25-9028-4256-9d49-4030c719c348.jpg
271	event_file_62daf04576c2b.jpeg	\N	2022-07-22 13:45:25	2022-07-22 13:45:25	d6c3ad0b-c6e7-4cdd-b681-c89c662e654a.jpg
272	event_file_62daf04856c21.jpeg	\N	2022-07-22 13:45:28	2022-07-22 13:45:28	281d7221-023b-4a0b-a650-35d69ed31aac.jpg
273	event_file_62daf04b4cff7.jpeg	\N	2022-07-22 13:45:31	2022-07-22 13:45:31	18cf1b3c-5049-4978-9f65-a0fdedd5cdf8.jpg
274	event_file_62daf05c5f696.jpeg	\N	2022-07-22 13:45:48	2022-07-22 13:45:48	2e61920f-ee64-4866-b764-619f7e97cb61.jpg
275	event_file_62daf06bcca68.jpeg	\N	2022-07-22 13:46:03	2022-07-22 13:46:03	4d6cfef1-d211-4dac-a0c5-96553089cd3e.jpg
276	event_file_62daf06e3c7ca.jpeg	\N	2022-07-22 13:46:06	2022-07-22 13:46:06	b07e86f5-b5c4-4c92-8ea0-e51975eac36d.jpg
277	event_file_62daf07161864.jpeg	\N	2022-07-22 13:46:09	2022-07-22 13:46:09	245d7e03-17ab-4b21-9bfb-852863a24ba4.jpg
278	event_file_62daf07453ba5.jpeg	\N	2022-07-22 13:46:12	2022-07-22 13:46:12	4d40536e-9f53-47bb-b9af-f0a43585d87e.jpg
279	event_file_62daf085f3fee.jpeg	\N	2022-07-22 13:46:30	2022-07-22 13:46:30	4d40536e-9f53-47bb-b9af-f0a43585d87e.jpg
280	event_file_62daf0888fe98.jpeg	\N	2022-07-22 13:46:32	2022-07-22 13:46:32	ac04241b-ec72-4ea5-bf03-7bea08a73671.jpg
281	event_file_62daf08bc816b.jpeg	\N	2022-07-22 13:46:35	2022-07-22 13:46:35	62e1e9f0-8c4a-4b43-9d2f-b1e31c2c08d9.jpg
282	event_file_62daf08f5ddb7.jpeg	\N	2022-07-22 13:46:39	2022-07-22 13:46:39	4d40536e-9f53-47bb-b9af-f0a43585d87e.jpg
283	event_file_62daf092c0184.jpeg	\N	2022-07-22 13:46:42	2022-07-22 13:46:42	b0145716-449b-417e-9b5f-8821642b3495.jpg
284	event_file_62daf0a25f450.jpeg	\N	2022-07-22 13:46:58	2022-07-22 13:46:58	514a8263-6416-4a9b-849c-b66a0cccf2fc.jpg
285	event_file_62daf0a575645.jpeg	\N	2022-07-22 13:47:01	2022-07-22 13:47:01	89189798-5f6d-4bb3-9e5c-f86653f30f38.jpg
286	event_file_62daf0a98d4e0.jpeg	\N	2022-07-22 13:47:05	2022-07-22 13:47:05	0f5d8426-373b-458d-9992-2362dbe57aee.jpg
287	event_file_62daf0b055ffd.jpeg	\N	2022-07-22 13:47:12	2022-07-22 13:47:12	bdd9ba42-34de-4e42-8e55-ef2aa8accd3b.jpg
288	event_file_62daf0b2d8d54.jpeg	\N	2022-07-22 13:47:14	2022-07-22 13:47:14	10dcab28-2c8e-4332-8c94-c0f37c823e43.jpg
289	event_file_62daf0b70b4e9.jpeg	\N	2022-07-22 13:47:19	2022-07-22 13:47:19	50b6cf39-bdba-441f-903a-1152f6539db2.jpg
290	event_file_62daf0ba0f654.jpeg	\N	2022-07-22 13:47:22	2022-07-22 13:47:22	706303a6-f2b4-4a52-bddb-accd17ff2def.jpg
291	event_file_62daf0bda7a31.jpeg	\N	2022-07-22 13:47:25	2022-07-22 13:47:25	328fd782-64c5-4c04-a977-68301ca3d102.jpg
292	event_file_62daf0c0796e3.jpeg	\N	2022-07-22 13:47:28	2022-07-22 13:47:28	49c278d3-ac8b-4249-8117-4dc85c0c549a.jpg
293	event_file_62daf0c397da4.jpeg	\N	2022-07-22 13:47:31	2022-07-22 13:47:31	5c4bbae2-05a4-4711-ad15-6401b9ee9cdc.jpg
294	event_file_62daf0c77e78a.jpeg	\N	2022-07-22 13:47:35	2022-07-22 13:47:35	ad6e2cf9-a64c-4315-b21d-940909bed67a.jpg
295	event_file_62daf0cb2ac60.jpeg	\N	2022-07-22 13:47:39	2022-07-22 13:47:39	4b51c0f7-bc81-4954-915c-45263b72e694.jpg
296	event_file_62daf0ce7bee0.jpeg	\N	2022-07-22 13:47:42	2022-07-22 13:47:42	80866945-a4c0-4d67-81cf-65516d6d3000.jpg
297	event_file_62daf0d18e337.jpeg	\N	2022-07-22 13:47:45	2022-07-22 13:47:45	a17ec227-6a38-473f-bfb4-ad9306f00713.jpg
298	event_file_62daf0d5a8c97.jpeg	\N	2022-07-22 13:47:49	2022-07-22 13:47:49	2456ad1f-e5b0-4d75-a698-de5bcfbbd79b.jpg
299	event_file_62daf0d8de3ad.jpeg	\N	2022-07-22 13:47:52	2022-07-22 13:47:52	7ea2cf29-0a5a-4196-b67a-2561ae2b19c6.jpg
300	event_file_62e57222d2baa.jpeg	\N	2022-07-30 13:02:10	2022-07-30 13:02:10	2640e485-1a4f-482e-be8b-38bed96e307f.jpg
301	event_file_62e572273043b.jpeg	\N	2022-07-30 13:02:15	2022-07-30 13:02:15	2640e485-1a4f-482e-be8b-38bed96e307f.jpg
302	event_file_62e57235e2eab.jpeg	\N	2022-07-30 13:02:29	2022-07-30 13:02:29	68c7d53b-6f65-46f3-a3dd-f45e88f15f49.jpg
303	event_file_62e5725ba0364.jpeg	\N	2022-07-30 13:03:07	2022-07-30 13:03:07	9f7e91c5-2229-435e-8102-93245fa27239.jpg
304	event_file_62e5725ec6c17.jpeg	\N	2022-07-30 13:03:10	2022-07-30 13:03:10	eb92cf30-a494-4b36-9455-a6be4255b7f1.jpg
305	event_file_62e57263e39b8.jpeg	\N	2022-07-30 13:03:15	2022-07-30 13:03:15	b681f522-dd06-42d1-a51b-101249d71fa9.jpg
306	event_file_62e572756f55c.jpeg	\N	2022-07-30 13:03:33	2022-07-30 13:03:33	b38a177f-fbfb-4bdf-aa21-a2d2e116d959.jpg
307	event_file_62e57277c6bf7.jpeg	\N	2022-07-30 13:03:35	2022-07-30 13:03:35	85ea95b2-3638-430f-b3fc-fb244eb77425.jpg
308	event_file_62e5727a07dc2.jpeg	\N	2022-07-30 13:03:38	2022-07-30 13:03:38	9e81f23d-9f52-47d6-9079-783856a35b8a.jpg
309	event_file_62e5727d626c3.jpeg	\N	2022-07-30 13:03:41	2022-07-30 13:03:41	b260501f-8a5c-446a-a1ba-f0055d183377.jpg
310	event_file_62e5728099351.jpeg	\N	2022-07-30 13:03:44	2022-07-30 13:03:44	59ed3519-f9fa-4ac5-83b2-f22e983ec666.jpg
311	event_file_62e5728359a68.jpeg	\N	2022-07-30 13:03:47	2022-07-30 13:03:47	6a95e6a1-1711-4fd5-a01a-48399eadb80d.jpg
312	event_file_62e5728d6080a.jpeg	\N	2022-07-30 13:03:57	2022-07-30 13:03:57	3b10844d-4c54-4161-a6c5-f0e2f33d5ac8.jpg
313	event_file_62e5729022b1b.jpeg	\N	2022-07-30 13:04:00	2022-07-30 13:04:00	6c595fef-3456-437c-95c9-a8185c87423b.jpg
314	event_file_62e572955d9af.jpeg	\N	2022-07-30 13:04:05	2022-07-30 13:04:05	e43f8b06-a616-40fb-a9f3-6ed3dac9fbd6.jpg
315	event_file_62e5729878dea.jpeg	\N	2022-07-30 13:04:08	2022-07-30 13:04:08	bbeadcef-7585-4fa8-bb7e-1f7fa60f93de.jpg
316	event_file_62e572c9820c2.jpeg	\N	2022-07-30 13:04:57	2022-07-30 13:04:57	98ee265f-1ce1-4004-a02b-2c12565931ec.jpg
317	event_file_62e572cb3ac54.jpeg	\N	2022-07-30 13:04:59	2022-07-30 13:04:59	23bcd61f-4386-4990-a7d4-08db7d69e6ea.jpg
318	event_file_62e572ce1308f.jpeg	\N	2022-07-30 13:05:02	2022-07-30 13:05:02	ccbf82dd-52f2-4049-b169-d5427bfeaf9f.jpg
319	event_file_62e572d114cc3.jpeg	\N	2022-07-30 13:05:05	2022-07-30 13:05:05	aeb4f412-b894-4c47-8759-4e8457dcabf8.jpg
320	event_file_62e572d395bc6.jpeg	\N	2022-07-30 13:05:07	2022-07-30 13:05:07	d6f077a4-97fe-4f1a-8da9-13b117932a20.jpg
321	event_file_62e572d5ee682.jpeg	\N	2022-07-30 13:05:09	2022-07-30 13:05:09	eac5d7e1-d83b-4668-81b5-1c2df408ca03.jpg
322	event_file_62eac719cd3c0.jpeg	\N	2022-08-03 14:06:01	2022-08-03 14:06:01	b931e972-7d50-48eb-a62a-409b1e81fbcd.jpg
323	event_file_62eac71d64848.jpeg	\N	2022-08-03 14:06:05	2022-08-03 14:06:05	06a5e98a-7b7c-4eb6-96c2-4a40c995d46a.jpg
324	event_file_62eac721d04b5.jpeg	\N	2022-08-03 14:06:09	2022-08-03 14:06:09	f70f85f8-c888-464a-8821-246330c352fb.jpg
325	event_file_62eac7295a850.jpeg	\N	2022-08-03 14:06:17	2022-08-03 14:06:17	a410a08b-a33a-4937-b0b0-1d157b825bda.jpg
326	event_file_62eac72d59a7b.jpeg	\N	2022-08-03 14:06:21	2022-08-03 14:06:21	cd2356ef-075d-4361-bd49-0aa86cbd9e79.jpg
327	event_file_62eac7300d7db.jpeg	\N	2022-08-03 14:06:24	2022-08-03 14:06:24	93b42335-7976-457a-9f61-7f9c5160417e.jpg
328	event_file_62eac7324e170.jpeg	\N	2022-08-03 14:06:26	2022-08-03 14:06:26	b08741d8-f3e9-4828-9ecf-ade6f43e3d42.jpg
329	event_file_62eaca58e6012.jpeg	\N	2022-08-03 14:19:52	2022-08-03 14:19:52	a47023ac-a478-436c-932a-70380b58847a.jpg
330	event_file_62eaca631b1aa.jpeg	\N	2022-08-03 14:20:03	2022-08-03 14:20:03	29643c63-5e2d-4fde-be9f-349fd67c57a4.jpg
331	event_file_62eaca76b87db.jpeg	\N	2022-08-03 14:20:22	2022-08-03 14:20:22	6ded2979-0e49-4bc9-8fe1-22aaf9ac9cd9.jpg
332	event_file_62eaca7a3c86f.jpeg	\N	2022-08-03 14:20:26	2022-08-03 14:20:26	ba2a5660-4a23-4777-9bc6-55f757f4bde3.jpg
333	event_file_62eaca7e8282a.jpeg	\N	2022-08-03 14:20:30	2022-08-03 14:20:30	ce2448b0-c0a2-427c-9e4e-df5b63468af5.jpg
334	event_file_62eaca839af32.jpeg	\N	2022-08-03 14:20:35	2022-08-03 14:20:35	96fed543-e476-4a3e-ae72-84c9948f0a68.jpg
335	event_file_62eaca86625eb.jpeg	\N	2022-08-03 14:20:38	2022-08-03 14:20:38	b51bc80c-7936-4f00-a6be-52b458c19f1a.jpg
336	event_file_62eaca88aec93.jpeg	\N	2022-08-03 14:20:40	2022-08-03 14:20:40	4821dd5e-45b4-419b-916b-96ee301bc760.jpg
337	event_file_62eaca8ab59a0.jpeg	\N	2022-08-03 14:20:42	2022-08-03 14:20:42	73bab2ee-2c8f-445c-80cb-9c1d50d865dd.jpg
338	event_file_62f4385ed4692.jpeg	\N	2022-08-10 17:59:42	2022-08-10 17:59:42	80eada18-3ebe-4e18-a3f7-2e2f3ac386ee.jpg
339	event_file_62f438cfa9e2f.jpeg	\N	2022-08-10 18:01:35	2022-08-10 18:01:35	ee514d82-242e-4ee5-815a-6a5654f63751.jpg
340	event_file_62f438d2368e8.jpeg	\N	2022-08-10 18:01:38	2022-08-10 18:01:38	ccd5372a-7adc-4b92-b003-b7716471b57f.jpg
341	event_file_62f438d4d5758.jpeg	\N	2022-08-10 18:01:40	2022-08-10 18:01:40	b26143d8-4089-4b64-955b-cc8fbd3dea50.jpg
342	event_file_62f438d7c21b1.jpeg	\N	2022-08-10 18:01:43	2022-08-10 18:01:43	e632efe6-68f4-4663-bcbb-26b333dda73e.jpg
343	event_file_62f438dacbd36.jpeg	\N	2022-08-10 18:01:46	2022-08-10 18:01:46	aad010e2-156c-4866-bfb8-1d9ef08d9e84.jpg
344	event_file_62f438dd9234d.jpeg	\N	2022-08-10 18:01:49	2022-08-10 18:01:49	15b29ad5-8931-42da-9ffc-5e87b03198ff.jpg
345	event_file_62f438e595ade.jpeg	\N	2022-08-10 18:01:57	2022-08-10 18:01:57	e0941465-4004-4de3-be10-f75ea3520ac5.jpg
346	event_file_62f438e867726.jpeg	\N	2022-08-10 18:02:00	2022-08-10 18:02:00	0a983b7c-421d-4c62-9e1f-89074462161f.jpg
347	event_file_62f438eb03306.jpeg	\N	2022-08-10 18:02:03	2022-08-10 18:02:03	78858508-830e-4a0c-90a6-48a2e67eccf1.jpg
348	event_file_62f43909080ef.jpeg	\N	2022-08-10 18:02:33	2022-08-10 18:02:33	bab4b19b-c1ff-4c66-9953-966b4d7310fa.jpg
349	event_file_62f4390b4e107.jpeg	\N	2022-08-10 18:02:35	2022-08-10 18:02:35	21299e6a-5cfe-44b6-a4cc-298c8ac68f58.jpg
350	event_file_62f43926462b3.jpeg	\N	2022-08-10 18:03:02	2022-08-10 18:03:02	8d2b91b6-f7bf-4005-af7a-2b08f1748cf3.jpg
351	event_file_62f439299227f.jpeg	\N	2022-08-10 18:03:05	2022-08-10 18:03:05	28201cb4-99cd-4728-86de-58de963ab9e4.jpg
352	event_file_62f439db29ee0.jpeg	\N	2022-08-10 18:06:03	2022-08-10 18:06:03	7874eacb-5888-4d1f-b252-cfa563459509.jpg
353	event_file_62f439e3e9983.jpeg	\N	2022-08-10 18:06:11	2022-08-10 18:06:11	826fd606-2ef3-4f9f-a154-f21e7bdb7aeb.jpg
354	event_file_62f439e68057a.jpeg	\N	2022-08-10 18:06:14	2022-08-10 18:06:14	53fafe08-596c-4e1d-8b04-56f6038d71d0.jpg
355	event_file_62f439e8e59be.jpeg	\N	2022-08-10 18:06:16	2022-08-10 18:06:16	93679e62-f9bb-4cd1-97af-f18c20a70979.jpg
356	event_file_62f439ed2e070.jpeg	\N	2022-08-10 18:06:21	2022-08-10 18:06:21	18e9669d-a161-4861-a5c7-05321ae174f6.jpg
357	event_file_62f439f0b201b.jpeg	\N	2022-08-10 18:06:24	2022-08-10 18:06:24	b1110ccf-6872-4c4a-9159-ade3ccc08a34.jpg
358	event_file_62f439f74c5af.jpeg	\N	2022-08-10 18:06:31	2022-08-10 18:06:31	adfd7e71-50e0-4672-9c84-042e9c491917.jpg
359	event_file_62f43a023d763.jpeg	\N	2022-08-10 18:06:42	2022-08-10 18:06:42	b6f7f281-11d6-4943-b6c4-b7046b34b7dc.jpg
360	event_file_62f43a0a5897e.jpeg	\N	2022-08-10 18:06:50	2022-08-10 18:06:50	72724b38-c003-49b8-b0a3-e84aada3eb4c.jpg
361	event_file_62f43a0cb55b4.jpeg	\N	2022-08-10 18:06:52	2022-08-10 18:06:52	2ebdd141-2153-4df6-9bfb-9d7025987fab.jpg
362	event_file_62f43a0e0b606.jpeg	\N	2022-08-10 18:06:54	2022-08-10 18:06:54	0cb118d1-1ff8-415a-9cdb-6c2979b9e021.jpg
363	event_file_62f43a104c2e9.jpeg	\N	2022-08-10 18:06:56	2022-08-10 18:06:56	ed7a66b5-1ea2-4247-8650-5da68b21ae84.jpg
364	event_file_62f43a15cf5f7.jpeg	\N	2022-08-10 18:07:01	2022-08-10 18:07:01	aac8f089-8506-480a-a52d-a1e0d64fba43.jpg
365	event_file_62f43a16ddb00.jpeg	\N	2022-08-10 18:07:02	2022-08-10 18:07:02	4eef7df9-cb7b-41e6-ab46-4f10c102011a.jpg
366	event_file_62f43a1984a5a.jpeg	\N	2022-08-10 18:07:05	2022-08-10 18:07:05	9f75f82b-860c-4f37-b565-b58e8a71d097.jpg
367	event_file_62f43a1cc5b29.jpeg	\N	2022-08-10 18:07:08	2022-08-10 18:07:08	b08058d3-99e5-49ad-a81f-42a48af9a29b.jpg
368	event_file_630510cc9a6a0.jpeg	\N	2022-08-23 12:39:24	2022-08-23 12:39:24	4953cbf1-5fb3-4a15-8f98-01d1af63b0c3.jpg
369	event_file_630510e6a4b93.jpeg	\N	2022-08-23 12:39:50	2022-08-23 12:39:50	72fb08b2-2af1-401d-b732-9774a712c8c3.jpg
370	event_file_630510eb2d42f.jpeg	\N	2022-08-23 12:39:55	2022-08-23 12:39:55	47909117-2bb6-42e5-84ae-9a060a1dc266.jpg
371	event_file_630510f84b8db.jpeg	\N	2022-08-23 12:40:08	2022-08-23 12:40:08	f987c990-e5fd-4bc2-9b40-ef95cf486d4e.jpg
372	event_file_630512147a25e.jpeg	\N	2022-08-23 12:44:52	2022-08-23 12:44:52	21855b4e-efa8-46f2-b2ed-af6f175a218e.jpg
373	event_file_630512474c25f.jpeg	\N	2022-08-23 12:45:43	2022-08-23 12:45:43	bac01937-c358-493e-a808-2c74a7a26cdb.jpg
374	event_file_6305124d9de54.jpeg	\N	2022-08-23 12:45:49	2022-08-23 12:45:49	85e91be3-640e-416a-a68d-ec122f577bdb.jpg
375	event_file_6305125fe7e4b.jpeg	\N	2022-08-23 12:46:07	2022-08-23 12:46:07	f056f6aa-1cd3-4de2-a7f0-e3218b2d0209.jpg
376	event_file_6305129941c8c.jpeg	\N	2022-08-23 12:47:05	2022-08-23 12:47:05	e4e0cab7-4864-4996-a0f6-8d085642f807.jpg
377	event_file_6305129fadafa.jpeg	\N	2022-08-23 12:47:11	2022-08-23 12:47:11	a97ee707-f168-4900-8afc-49071cba4307.jpg
378	event_file_630512a3a75b1.jpeg	\N	2022-08-23 12:47:15	2022-08-23 12:47:15	ec13a4bf-c324-4f2a-8fdc-4354364a7ea5.jpg
379	event_file_630512a827cbe.jpeg	\N	2022-08-23 12:47:20	2022-08-23 12:47:20	fdfc99ba-f4a5-4098-b6ff-bbd465938a36.jpg
380	event_file_630512ac390bd.jpeg	\N	2022-08-23 12:47:24	2022-08-23 12:47:24	b1458289-0197-4661-b258-1b9e3132d74a.jpg
381	event_file_630512afda2d9.jpeg	\N	2022-08-23 12:47:27	2022-08-23 12:47:27	96ce4c71-82d8-4bbc-b356-52c23e8a6830.jpg
382	event_file_630512ba1ed84.jpeg	\N	2022-08-23 12:47:38	2022-08-23 12:47:38	70c25e93-c9c7-4dca-a29c-b4c46a705006.jpg
383	event_file_630512bea9310.jpeg	\N	2022-08-23 12:47:42	2022-08-23 12:47:42	09dec139-8481-4b34-b77e-2b3873f4ec6d.jpg
384	event_file_630512c388368.jpeg	\N	2022-08-23 12:47:47	2022-08-23 12:47:47	bf6e7cbd-c1c4-4707-8247-61f33e3eaa35.jpg
385	event_file_630512c7d04d8.jpeg	\N	2022-08-23 12:47:51	2022-08-23 12:47:51	151a1a70-957e-4590-b42d-29fdbceaebfe.jpg
386	event_file_630512d66bacc.jpeg	\N	2022-08-23 12:48:06	2022-08-23 12:48:06	1f76d808-1384-4004-b1c8-750e2c7a81b4.jpg
387	event_file_630512d7c56ec.jpeg	\N	2022-08-23 12:48:07	2022-08-23 12:48:07	896d89bc-6d05-44ac-9cf6-5aa911dd5387.jpg
388	event_file_630512e961e40.jpeg	\N	2022-08-23 12:48:25	2022-08-23 12:48:25	df33bae9-7b76-4b21-bbf9-2d4f6fb473bd.jpg
389	event_file_630512eb0b866.jpeg	\N	2022-08-23 12:48:27	2022-08-23 12:48:27	61c825de-2440-4ae6-bd91-c8cdc37adb60.jpg
390	event_file_63051307c4251.jpeg	\N	2022-08-23 12:48:55	2022-08-23 12:48:55	ab298553-e403-4012-9f8d-f83a642b504b.jpg
391	event_file_6305130c983ac.jpeg	\N	2022-08-23 12:49:00	2022-08-23 12:49:00	5d0ad5eb-7250-4232-9815-27070e42b174.jpg
392	event_file_6305132c4bf17.jpeg	\N	2022-08-23 12:49:32	2022-08-23 12:49:32	73086b32-d22b-48dd-975d-634f9bd57951.jpg
393	event_file_6305132daf143.jpeg	\N	2022-08-23 12:49:33	2022-08-23 12:49:33	233573b4-3996-4dd3-b561-fc6387945037.jpg
394	event_file_63051424b5406.jpeg	\N	2022-08-23 12:53:40	2022-08-23 12:53:40	659fb5b2-aed5-41dc-b757-906e48993aca.jpg
395	event_file_630514287805b.jpeg	\N	2022-08-23 12:53:44	2022-08-23 12:53:44	82acc271-cd16-4133-b502-dac7216cdb25.jpg
396	event_file_6305142b1e388.jpeg	\N	2022-08-23 12:53:47	2022-08-23 12:53:47	23d79ad3-55be-4a84-81f0-f71c0b37ac9b.jpg
397	event_file_6305142e5cb43.jpeg	\N	2022-08-23 12:53:50	2022-08-23 12:53:50	a22d003c-940b-4665-a87a-0fb5bae73772.jpg
398	event_file_63051436713f2.jpeg	\N	2022-08-23 12:53:58	2022-08-23 12:53:58	c416e1f7-96f4-4581-904e-c08bcddc3947.jpg
399	event_file_63051439ba11f.jpeg	\N	2022-08-23 12:54:01	2022-08-23 12:54:01	6f3bbb59-bec7-4076-8335-81c273e39ee8.jpg
400	event_file_6305143dcd073.jpeg	\N	2022-08-23 12:54:05	2022-08-23 12:54:05	a7bcdbce-36c9-427f-a995-46acb83937eb.jpg
401	event_file_63051441efb8c.jpeg	\N	2022-08-23 12:54:09	2022-08-23 12:54:09	9bf213f2-80e8-4413-a276-637d3894321c.jpg
402	event_file_630514451a7a0.jpeg	\N	2022-08-23 12:54:13	2022-08-23 12:54:13	7fd30341-fa11-4b83-a5aa-aadc517a798b.jpg
403	event_file_63051448263ad.jpeg	\N	2022-08-23 12:54:16	2022-08-23 12:54:16	3b0188b8-275c-4240-9218-1c2a72121287.jpg
404	event_file_6305144c264db.jpeg	\N	2022-08-23 12:54:20	2022-08-23 12:54:20	ae9838cd-40ea-4917-8dc5-06a964203540.jpg
405	event_file_6305144fadda0.jpeg	\N	2022-08-23 12:54:23	2022-08-23 12:54:23	2d026de2-acb9-4d2a-87ab-25ac4ab2b24e.jpg
406	event_file_63051455a6151.jpeg	\N	2022-08-23 12:54:29	2022-08-23 12:54:29	cdccb6e3-a13a-4ac6-9e81-75edac0af23a.jpg
407	event_file_6305145864c27.jpeg	\N	2022-08-23 12:54:32	2022-08-23 12:54:32	7d28014e-2b0d-4afb-a35d-0b79e6ee4f35.jpg
408	event_file_630e6942741df.jpeg	\N	2022-08-30 14:47:14	2022-08-30 14:47:14	92464f4a-41d4-49b9-a128-300bba0436be.jpg
409	event_file_630e694dd9358.jpeg	\N	2022-08-30 14:47:25	2022-08-30 14:47:25	dccbed9b-526a-4eb4-9837-25e078d3d620.jpg
410	event_file_630e69524790a.jpeg	\N	2022-08-30 14:47:30	2022-08-30 14:47:30	a668ecdd-7514-414e-9992-6be98f3d4bb5.jpg
411	event_file_630e695570263.jpeg	\N	2022-08-30 14:47:33	2022-08-30 14:47:33	7e64bd52-4389-4674-b331-ae32b556bd2f.jpg
412	event_file_630e696194140.jpeg	\N	2022-08-30 14:47:45	2022-08-30 14:47:45	0002d491-5530-423d-81ae-cfabc44c5e72.jpg
413	event_file_630e6965bb1b8.jpeg	\N	2022-08-30 14:47:49	2022-08-30 14:47:49	4d944114-9ce8-4e9a-8b04-ea58d9ef88a0.jpg
414	event_file_630e696799855.jpeg	\N	2022-08-30 14:47:51	2022-08-30 14:47:51	6ca2919e-4fa0-4e48-94d1-0ed111921deb.jpg
415	event_file_630e696a8a917.jpeg	\N	2022-08-30 14:47:54	2022-08-30 14:47:54	8a9beac6-52b7-4344-9f4e-e0a230109a96.jpg
416	event_file_630e696c948b0.jpeg	\N	2022-08-30 14:47:56	2022-08-30 14:47:56	dc2f5025-e938-4392-b611-2f8a5d647fc5.jpg
417	event_file_630e696e6c928.jpeg	\N	2022-08-30 14:47:58	2022-08-30 14:47:58	a795326f-a2d1-4b8a-a1b7-323d348f78c4.jpg
418	event_file_630e6971bfb78.jpeg	\N	2022-08-30 14:48:01	2022-08-30 14:48:01	51a0ac6f-eb45-4f67-ad23-9c37998589a6.jpg
419	event_file_630e6973a6558.jpeg	\N	2022-08-30 14:48:03	2022-08-30 14:48:03	42267d7f-e981-4c7a-8434-2b5e4875ff34.jpg
420	event_file_630e6980b6556.jpeg	\N	2022-08-30 14:48:16	2022-08-30 14:48:16	14b9eb2b-5af5-4d34-bfdb-ee6acc1aebed.jpg
421	event_file_630e6982d40d0.jpeg	\N	2022-08-30 14:48:18	2022-08-30 14:48:18	14b9eb2b-5af5-4d34-bfdb-ee6acc1aebed.jpg
422	event_file_630e6983b19c8.jpeg	\N	2022-08-30 14:48:19	2022-08-30 14:48:19	12c693bc-285d-47a5-9f5d-1c9c9f603e6f.jpg
423	event_file_630e698ba753e.jpeg	\N	2022-08-30 14:48:27	2022-08-30 14:48:27	9d7c2d84-4532-4505-a4e1-dff77a01e6f1.jpg
424	event_file_630e69971e58c.jpeg	\N	2022-08-30 14:48:39	2022-08-30 14:48:39	ddd8c153-9a7e-4ec5-a7a8-942fe884241e.jpg
425	event_file_630e699edfd26.jpeg	\N	2022-08-30 14:48:46	2022-08-30 14:48:46	ce6b768c-e2a6-4d02-9edf-ca470697d46a.jpg
426	event_file_630e69a104dc9.jpeg	\N	2022-08-30 14:48:49	2022-08-30 14:48:49	7defcd59-a6a0-44da-9d5b-243c20483f74.jpg
427	event_file_630e69a39d6e4.jpeg	\N	2022-08-30 14:48:51	2022-08-30 14:48:51	487ebf26-4f28-4e93-8955-67bf299590f6.jpg
428	event_file_630e69aeeb702.jpeg	\N	2022-08-30 14:49:02	2022-08-30 14:49:02	b7d48540-483d-46c2-97b5-d24949327f56.jpg
429	event_file_630e69b100ef0.jpeg	\N	2022-08-30 14:49:05	2022-08-30 14:49:05	2a84d8ce-5c3c-449c-915e-c6def64b97ff.jpg
430	event_file_630e69b5d0ee4.jpeg	\N	2022-08-30 14:49:09	2022-08-30 14:49:09	59202ab4-0bd2-4892-a2b4-bd754100e9eb.jpg
431	event_file_630e69bb40d31.jpeg	\N	2022-08-30 14:49:15	2022-08-30 14:49:15	b6f0fd7b-a674-4c64-ad65-8396bd64b8ba.jpg
432	event_file_630e69c392d2c.jpeg	\N	2022-08-30 14:49:23	2022-08-30 14:49:23	f6f7c86e-e5f9-483c-8923-0d4ac6585da8.jpg
433	event_file_630e69ca2d39b.jpeg	\N	2022-08-30 14:49:30	2022-08-30 14:49:30	38958178-65c2-4d5b-9fab-f26f12cf5e71.jpg
434	event_file_630e69cdcd360.jpeg	\N	2022-08-30 14:49:33	2022-08-30 14:49:33	f0329a76-16ce-4bb3-977c-c0cd6b3351be.jpg
435	event_file_630e69d280c32.jpeg	\N	2022-08-30 14:49:38	2022-08-30 14:49:38	2a7aaea0-1bd2-4a2a-9dd5-37fb5d9028bc.jpg
436	event_file_630e69d7b5f10.jpeg	\N	2022-08-30 14:49:43	2022-08-30 14:49:43	7ab41aa4-c735-4a76-9475-71abede18c9e.jpg
437	event_file_630e69db4ad35.jpeg	\N	2022-08-30 14:49:47	2022-08-30 14:49:47	1c2d2e55-a29e-4f3e-abba-a551ea054041.jpg
438	event_file_630e69e2f1a93.jpeg	\N	2022-08-30 14:49:54	2022-08-30 14:49:54	68cea8f2-4cb9-4f52-8c50-3fbff6b76e8d.jpg
439	event_file_630e69e3e2cdc.jpeg	\N	2022-08-30 14:49:55	2022-08-30 14:49:55	2b625cfa-dbdf-4f16-9f48-bea75ac51b04.jpg
440	event_file_630e69e611e3c.jpeg	\N	2022-08-30 14:49:58	2022-08-30 14:49:58	32edb58f-b997-4006-8809-9ecb8c57b043.jpg
441	event_file_630e69e9ee149.jpeg	\N	2022-08-30 14:50:01	2022-08-30 14:50:01	318bbbb3-4551-47d8-b844-00cafa6f99f1.jpg
442	event_file_630e69f00d695.jpeg	\N	2022-08-30 14:50:08	2022-08-30 14:50:08	f436575d-6855-4d7e-9553-ca958474dda5.jpg
443	event_file_630e69f5d7c60.jpeg	\N	2022-08-30 14:50:13	2022-08-30 14:50:13	b796f579-f468-4306-8b0b-d472d0f8bf6a.jpg
444	event_file_630e69f82e13f.jpeg	\N	2022-08-30 14:50:16	2022-08-30 14:50:16	cc9321b0-da94-4bd3-984a-410ab56ec868.jpg
445	event_file_630e69f905075.jpeg	\N	2022-08-30 14:50:17	2022-08-30 14:50:17	9a9a2d03-51ce-442d-aab7-0b7539dce3de.jpg
446	event_file_630e69fe954bc.jpeg	\N	2022-08-30 14:50:22	2022-08-30 14:50:22	8cb3e3cc-21ba-456b-a231-a1aa6f4ee6d6.jpg
447	event_file_630e6a058733a.jpeg	\N	2022-08-30 14:50:29	2022-08-30 14:50:29	ad715a5a-e135-4422-8701-01bc18d47670.jpg
448	event_file_630e6a0bc7b4d.jpeg	\N	2022-08-30 14:50:35	2022-08-30 14:50:35	d6a34359-79bb-44e8-b72a-effc12ae2cc5.jpg
449	event_file_630e6a161c0ad.jpeg	\N	2022-08-30 14:50:46	2022-08-30 14:50:46	92749d42-54bd-4ea2-93a6-03a1e678c710.jpg
450	event_file_630e6a16852bb.jpeg	\N	2022-08-30 14:50:46	2022-08-30 14:50:46	a18aa3e2-6622-4f26-8ef7-230e98ff77d2.jpg
451	event_file_630e6a17cea5d.jpeg	\N	2022-08-30 14:50:47	2022-08-30 14:50:47	cf73e6bb-504e-46c9-a6e0-7d7927492392.jpg
452	event_file_630e6a204a813.jpeg	\N	2022-08-30 14:50:56	2022-08-30 14:50:56	46ad9e0d-7df4-4128-98f1-3d41d5814221.jpg
453	event_file_630e6a2406a67.jpeg	\N	2022-08-30 14:51:00	2022-08-30 14:51:00	ce810193-0730-4596-a7e9-78caff81794b.jpg
454	event_file_630e6a26d3c02.jpeg	\N	2022-08-30 14:51:02	2022-08-30 14:51:02	ab6bbb68-8265-473b-8b3f-c5d96d53a45d.jpg
455	event_file_630e6a2997408.jpeg	\N	2022-08-30 14:51:05	2022-08-30 14:51:05	b79848df-d995-43ae-9202-58230c7ed0ad.jpg
456	event_file_630e6a2ca6a47.jpeg	\N	2022-08-30 14:51:08	2022-08-30 14:51:08	5788e848-5966-4ed2-838e-386bd6bda9cd.jpg
457	event_file_630e6a41aea59.jpeg	\N	2022-08-30 14:51:29	2022-08-30 14:51:29	8bcbd9d8-ab99-4040-a0dd-414cd34591da.jpg
458	event_file_630e6a82b42fc.jpeg	\N	2022-08-30 14:52:34	2022-08-30 14:52:34	52e20bd4-059b-44ee-84f8-ced5180102c1.jpg
459	event_file_630e6a83e3721.jpeg	\N	2022-08-30 14:52:35	2022-08-30 14:52:35	536f3406-7e20-4aaf-9fd1-459c48136f35.jpg
460	event_file_630e6a87a952e.jpeg	\N	2022-08-30 14:52:39	2022-08-30 14:52:39	5333125e-9a58-4d8a-9d1e-c8eb119fcf08.jpg
461	event_file_630e6a8bf098a.jpeg	\N	2022-08-30 14:52:43	2022-08-30 14:52:43	27d27b7e-ae9a-4017-be28-4882180a43df.jpg
462	event_file_630e6ad79262e.jpeg	\N	2022-08-30 14:53:59	2022-08-30 14:53:59	981466af-fb7a-420c-95e3-1228e8024c46.jpg
463	event_file_630e6ad94921b.jpeg	\N	2022-08-30 14:54:01	2022-08-30 14:54:01	758e0196-8c7e-45fd-9cd2-e6d29b9839b7.jpg
464	event_file_630e6ae081949.jpeg	\N	2022-08-30 14:54:08	2022-08-30 14:54:08	83431fb9-bc99-42e0-8376-8a0543570055.jpg
465	event_file_630e6ae921be8.jpeg	\N	2022-08-30 14:54:17	2022-08-30 14:54:17	603bbd02-5282-4491-bfe9-ee6d1202a842.jpg
466	event_file_630e6aea96cdf.jpeg	\N	2022-08-30 14:54:18	2022-08-30 14:54:18	f925ba03-bc1f-495b-a9c5-599d871d4048.jpg
467	event_file_630e6aef02dc7.jpeg	\N	2022-08-30 14:54:23	2022-08-30 14:54:23	d088264f-0a6d-4342-846f-81f1380efe54.jpg
468	event_file_630e6af2542c0.jpeg	\N	2022-08-30 14:54:26	2022-08-30 14:54:26	d589315e-e1d1-4d75-b953-e52f45ca74be.jpg
469	event_file_630e6af43499b.jpeg	\N	2022-08-30 14:54:28	2022-08-30 14:54:28	4aeccc13-7676-4d9e-a64a-3cbf82ae3462.jpg
470	event_file_630e6af845086.jpeg	\N	2022-08-30 14:54:32	2022-08-30 14:54:32	42dfa782-3d51-4293-a6a5-187c3d785dfa.jpg
471	event_file_630e6afb34d22.jpeg	\N	2022-08-30 14:54:35	2022-08-30 14:54:35	6c43ab58-65b0-4609-95e0-b2463d5219c1.jpg
472	event_file_630e6afd1d4a2.jpeg	\N	2022-08-30 14:54:37	2022-08-30 14:54:37	7f8b51c4-63b0-47a5-827a-02431676368b.jpg
473	event_file_630e6b03c8544.jpeg	\N	2022-08-30 14:54:43	2022-08-30 14:54:43	7809614d-c43b-4995-8247-f74c0091663a.jpg
474	event_file_630e6b061a3a0.jpeg	\N	2022-08-30 14:54:46	2022-08-30 14:54:46	5400c206-09c8-49c9-ba84-e5714e83b40d.jpg
475	event_file_630e6b0aeb6c5.jpeg	\N	2022-08-30 14:54:50	2022-08-30 14:54:50	2da968ef-7ce7-4bc1-8ebb-12c6981496cf.jpg
476	event_file_630e6b0c1c41a.jpeg	\N	2022-08-30 14:54:52	2022-08-30 14:54:52	ab5d4146-401b-4163-a88c-8b2a5bf280cd.jpg
477	event_file_630e6b0ea7817.jpeg	\N	2022-08-30 14:54:54	2022-08-30 14:54:54	7eb13974-54fb-42de-94a8-f18e24afe622.jpg
478	event_file_630e6b11644e9.jpeg	\N	2022-08-30 14:54:57	2022-08-30 14:54:57	9d8fe94d-d419-4194-a153-93d73a2d55de.jpg
479	event_file_630e6b1cddaaa.jpeg	\N	2022-08-30 14:55:08	2022-08-30 14:55:08	af632ee9-b5a3-488c-b24c-1087e022d750.jpg
480	event_file_630e6b21bccc0.jpeg	\N	2022-08-30 14:55:13	2022-08-30 14:55:13	6ce47214-cfa3-4e35-aa97-9810bf707820.jpg
481	event_file_630e6b27be17e.jpeg	\N	2022-08-30 14:55:19	2022-08-30 14:55:19	441b6a93-65f8-430a-8ab8-28cb2e79da9f.jpg
482	event_file_630e6b2ba9a73.jpeg	\N	2022-08-30 14:55:23	2022-08-30 14:55:23	564fb005-b1c3-4beb-a98e-cfa233f0757a.jpg
483	event_file_630e6b2fa1991.jpeg	\N	2022-08-30 14:55:27	2022-08-30 14:55:27	9d7e4398-57b5-4d70-a568-253d572e9878.jpg
484	event_file_630e6b334503b.jpeg	\N	2022-08-30 14:55:31	2022-08-30 14:55:31	54c90920-dd30-42b0-b69c-4fd171c209ed.jpg
485	event_file_630e6b36b9686.jpeg	\N	2022-08-30 14:55:34	2022-08-30 14:55:34	4a9d3547-23d2-4acf-9544-aba03aa79c96.jpg
486	event_file_630e6b3b5ad12.jpeg	\N	2022-08-30 14:55:39	2022-08-30 14:55:39	e5548b13-7093-4334-8f7e-b3573fb52c97.jpg
487	event_file_630e6b4310541.jpeg	\N	2022-08-30 14:55:47	2022-08-30 14:55:47	ea5973e2-9dab-48a7-aa4b-480b1e5d7db0.jpg
488	event_file_630e6b63d9341.jpeg	\N	2022-08-30 14:56:19	2022-08-30 14:56:19	778c636e-f03e-44ef-9b06-7723555b1324.jpg
489	event_file_630e6b652619a.jpeg	\N	2022-08-30 14:56:21	2022-08-30 14:56:21	9e43b6bb-7c6e-404e-997b-b642f0a33b13.jpg
490	event_file_630e6b6868d44.jpeg	\N	2022-08-30 14:56:24	2022-08-30 14:56:24	517b68de-421e-4529-928b-3348a9790406.jpg
491	event_file_630e6b91d3244.jpeg	\N	2022-08-30 14:57:05	2022-08-30 14:57:05	08f93192-6de7-4a6f-9c5a-35e5a13da05c.jpg
492	event_file_630e6b9549a6e.jpeg	\N	2022-08-30 14:57:09	2022-08-30 14:57:09	0dc617ad-334c-466e-80a9-9ee0f6a16272.jpg
493	event_file_630e6bcf5cf2c.jpeg	\N	2022-08-30 14:58:07	2022-08-30 14:58:07	3470a982-e78d-41b2-8463-dcfbf7c22588.jpg
494	event_file_630e6bdd58c25.jpeg	\N	2022-08-30 14:58:21	2022-08-30 14:58:21	8eea99f2-d9f1-4d7c-b6c6-fc7f2090af52.jpg
495	event_file_630e6bdea905a.jpeg	\N	2022-08-30 14:58:22	2022-08-30 14:58:22	523dd9a2-427e-4225-8553-b76e3c58c57f.jpg
496	event_file_630e6be940439.jpeg	\N	2022-08-30 14:58:33	2022-08-30 14:58:33	78cd99de-202b-4162-a544-c8af17864d41.jpg
497	event_file_630e6c0daf22e.jpeg	\N	2022-08-30 14:59:09	2022-08-30 14:59:09	a5fc28c4-bcd9-418d-91b6-a75825658f1c.jpg
498	event_file_630e6c114366b.jpeg	\N	2022-08-30 14:59:13	2022-08-30 14:59:13	b8ba6576-f598-41d6-a042-144bd53cae56.jpg
499	event_file_630e6c1903781.jpeg	\N	2022-08-30 14:59:21	2022-08-30 14:59:21	e7833987-c183-4219-8b1d-805e4e99c207.jpg
500	event_file_630e6c2cc53b0.jpeg	\N	2022-08-30 14:59:40	2022-08-30 14:59:40	c0917335-8495-4b35-a023-fbd3c0a72e7d.jpg
501	event_file_630e6c306c936.jpeg	\N	2022-08-30 14:59:44	2022-08-30 14:59:44	afa0f3ee-29c5-43ed-9fa6-a9c559b2cd17.jpg
502	event_file_630e6c3343fd7.jpeg	\N	2022-08-30 14:59:47	2022-08-30 14:59:47	ee2e5367-2178-4bd6-9210-bc55ffb35f2c.jpg
503	event_file_630e6c4044643.jpeg	\N	2022-08-30 15:00:00	2022-08-30 15:00:00	b9e6d119-9e98-481c-8dea-44cb8852b73c.jpg
504	event_file_630e6c4345586.jpeg	\N	2022-08-30 15:00:03	2022-08-30 15:00:03	69d7bf61-3903-4fcd-84de-71f04cecfb53.jpg
505	event_file_630e6c4697986.jpeg	\N	2022-08-30 15:00:06	2022-08-30 15:00:06	714a925a-af31-425b-9593-0138a0586ad1.jpg
506	event_file_630e6c48c1aa2.jpeg	\N	2022-08-30 15:00:08	2022-08-30 15:00:08	1a501c52-f104-4b00-a86d-27e7a2ea5922.jpg
507	event_file_630e6c511f265.jpeg	\N	2022-08-30 15:00:17	2022-08-30 15:00:17	fba4eefa-4e6b-472b-a198-c8553a37f8e0.jpg
508	event_file_630e6c5b3e163.jpeg	\N	2022-08-30 15:00:27	2022-08-30 15:00:27	9957c0f2-ee49-4b56-9989-582a5cdf74b6.jpg
509	event_file_630e6c6aae546.jpeg	\N	2022-08-30 15:00:42	2022-08-30 15:00:42	31350274-64a5-4bcb-8fe5-bcf6a62d0728.jpg
510	event_file_630e6d87985bb.jpeg	\N	2022-08-30 15:05:27	2022-08-30 15:05:27	5eac8adf-711d-415e-af88-8bf9855ff03c.jpg
511	event_file_630e6d99ba900.jpeg	\N	2022-08-30 15:05:45	2022-08-30 15:05:45	7f58edc3-c862-4e2d-aae6-7f2e831896d5.jpg
512	event_file_630e6d9b7a4df.jpeg	\N	2022-08-30 15:05:47	2022-08-30 15:05:47	24317546-290b-4ca4-943c-4cc17a76aa9e.jpg
513	event_file_630e6ddb74b43.jpeg	\N	2022-08-30 15:06:51	2022-08-30 15:06:51	791fab0b-2c02-46af-b6ee-fbb80b511cc7.jpg
514	event_file_630e6ddec0202.jpeg	\N	2022-08-30 15:06:54	2022-08-30 15:06:54	b33d848f-d7a1-4a0d-8ea4-42dd07dc0a24.jpg
515	event_file_630e6deb55399.jpeg	\N	2022-08-30 15:07:07	2022-08-30 15:07:07	0c2826cd-5ddb-42de-b8ed-df4e5b3baaae.jpg
516	event_file_630e6df07db95.jpeg	\N	2022-08-30 15:07:12	2022-08-30 15:07:12	0dfaaac9-c579-43da-8964-f443f91556cb.jpg
517	event_file_630e6df412e68.jpeg	\N	2022-08-30 15:07:16	2022-08-30 15:07:16	a07e0454-25c7-4ed2-b89e-efc2e17e2424.jpg
518	event_file_630e6df8583ed.jpeg	\N	2022-08-30 15:07:20	2022-08-30 15:07:20	5e0db1fc-b335-4bf3-ae86-806aaca4eae9.jpg
519	event_file_630e6dfc8fdea.jpeg	\N	2022-08-30 15:07:24	2022-08-30 15:07:24	116adca0-3d8f-49cc-a480-5ae659a043ee.jpg
520	event_file_630e6e046db94.jpeg	\N	2022-08-30 15:07:32	2022-08-30 15:07:32	cd3af109-c6f2-402a-b505-a6a7ee090c1d.jpg
521	event_file_630e6e0764640.jpeg	\N	2022-08-30 15:07:35	2022-08-30 15:07:35	c6c580a4-4c46-4efc-8603-39cc3732d2f0.jpg
522	event_file_630e6e369284d.jpeg	\N	2022-08-30 15:08:22	2022-08-30 15:08:22	01a1f76c-d7d6-4636-a6a0-8c06a0dd5212.jpg
523	event_file_630e6e58dd18b.jpeg	\N	2022-08-30 15:08:56	2022-08-30 15:08:56	e224087f-329c-4075-8d8f-88e6bdbd21e0.jpg
524	event_file_630e6e6618b60.jpeg	\N	2022-08-30 15:09:10	2022-08-30 15:09:10	78225fe6-8524-4833-ae9d-bc835d2bb1b9.jpg
525	event_file_630e6e96dec23.jpeg	\N	2022-08-30 15:09:58	2022-08-30 15:09:58	0746b548-3edc-4809-ba82-648bfb12f313.jpg
526	event_file_630e6ea55b8fa.jpeg	\N	2022-08-30 15:10:13	2022-08-30 15:10:13	0224e697-905a-4e14-bf6d-55a4b1b23cfd.jpg
527	event_file_630e6ea93e231.jpeg	\N	2022-08-30 15:10:17	2022-08-30 15:10:17	38edd30d-d9d7-485e-81a9-9bdf506b9161.jpg
528	event_file_630e6eac4d7f5.jpeg	\N	2022-08-30 15:10:20	2022-08-30 15:10:20	4ae83ca4-7f8b-44da-bed7-9903c7f18fd2.jpg
529	event_file_630e6eaf8dfbd.jpeg	\N	2022-08-30 15:10:23	2022-08-30 15:10:23	59e12c4b-1f39-4024-a8e2-8d1e6abab4fd.jpg
530	event_file_630e6ebcc734f.jpeg	\N	2022-08-30 15:10:36	2022-08-30 15:10:36	3b0ec6e3-ee66-4459-958e-abfa83efd089.jpg
531	event_file_630e6ed20560c.jpeg	\N	2022-08-30 15:10:58	2022-08-30 15:10:58	6f748a30-2a42-4ad2-af91-f556e98ccc4c.jpg
532	event_file_630e6ed591329.jpeg	\N	2022-08-30 15:11:01	2022-08-30 15:11:01	ea64f1b5-5fcb-40d3-ba73-633068b4df14.jpg
533	event_file_630e6edf2467d.jpeg	\N	2022-08-30 15:11:11	2022-08-30 15:11:11	a337e2fb-872f-4d05-8fe4-2d172fc4ade0.jpg
534	event_file_630e6ee0b4b67.jpeg	\N	2022-08-30 15:11:12	2022-08-30 15:11:12	0bfa96fc-3601-4f82-a29a-475f094a0d4e.jpg
535	event_file_630e6ee7aff66.jpeg	\N	2022-08-30 15:11:19	2022-08-30 15:11:19	5f85cfcd-ba3b-4bc1-a7c8-61052104e364.jpg
536	event_file_630e6ee95cfc4.jpeg	\N	2022-08-30 15:11:21	2022-08-30 15:11:21	ad5c123f-0616-4461-9542-f3b1bee18e7a.jpg
537	event_file_630e6ef295ef0.jpeg	\N	2022-08-30 15:11:30	2022-08-30 15:11:30	efb4201f-08fb-4d92-af25-33ad2dab4d84.jpg
538	event_file_630e6f465e725.jpeg	\N	2022-08-30 15:12:54	2022-08-30 15:12:54	8a028f23-850a-4a93-9451-607197fabdd4.jpg
539	event_file_630e6f53a969c.jpeg	\N	2022-08-30 15:13:07	2022-08-30 15:13:07	0cf03f62-1243-465b-95ac-d963a350bae5.jpg
540	event_file_630e6f5559618.jpeg	\N	2022-08-30 15:13:09	2022-08-30 15:13:09	383508a4-1d66-4fe7-9109-7be3c8a84be3.jpg
541	event_file_630e6f59ce221.jpeg	\N	2022-08-30 15:13:13	2022-08-30 15:13:13	2410acb8-5d42-4bf6-bfc5-f0b907dc0d56.jpg
542	event_file_630e6f8280d05.jpeg	\N	2022-08-30 15:13:54	2022-08-30 15:13:54	f7a3a7a1-9725-4b63-a83a-1cd499915995.jpg
543	event_file_630e6f8b207a7.jpeg	\N	2022-08-30 15:14:03	2022-08-30 15:14:03	4f240b3c-ef30-43b6-8264-9bef02d8a423.jpg
544	event_file_630e6f8f95da1.jpeg	\N	2022-08-30 15:14:07	2022-08-30 15:14:07	8fd2d207-6833-4240-a349-55f25f3d506d.jpg
545	event_file_630e6f962b897.jpeg	\N	2022-08-30 15:14:14	2022-08-30 15:14:14	42200ea0-c843-41e9-b7c1-427e904eb2b0.jpg
546	event_file_630e6f9ac5a61.jpeg	\N	2022-08-30 15:14:18	2022-08-30 15:14:18	8c6b264a-594c-409e-b681-dac61b82800e.jpg
547	event_file_630e6fb397190.jpeg	\N	2022-08-30 15:14:43	2022-08-30 15:14:43	37e3bc2c-ef27-4045-88b4-56e2d99dbcac.jpg
548	event_file_630e6fb6850d4.jpeg	\N	2022-08-30 15:14:46	2022-08-30 15:14:46	1cde626a-f65e-48e2-977a-a8eca97c2e2f.jpg
549	event_file_630e6ff9acffe.jpeg	\N	2022-08-30 15:15:53	2022-08-30 15:15:53	6c022bcb-08fa-4014-8833-e3441495e684.jpg
550	event_file_630e6ffb838f0.jpeg	\N	2022-08-30 15:15:55	2022-08-30 15:15:55	a5f8c2a4-7f06-4f67-87c5-373ed0709a88.jpg
551	event_file_630e701c32296.jpeg	\N	2022-08-30 15:16:28	2022-08-30 15:16:28	2fd554ad-a3f1-4fad-bd29-2f05935326b9.jpg
552	event_file_630e701dc4f0e.jpeg	\N	2022-08-30 15:16:29	2022-08-30 15:16:29	9a244e44-83be-4913-8c7d-f05e7e5016e4.jpg
553	event_file_630e7022d891d.jpeg	\N	2022-08-30 15:16:34	2022-08-30 15:16:34	1efb0564-702a-474c-a480-daf07933a85d.jpg
554	event_file_630e7035b98bc.jpeg	\N	2022-08-30 15:16:53	2022-08-30 15:16:53	4f5da6a9-6c72-4701-8510-5db8237c80eb.jpg
555	event_file_630e703872386.jpeg	\N	2022-08-30 15:16:56	2022-08-30 15:16:56	f042ad49-9e24-4c53-9b30-280cb70db3c3.jpg
556	event_file_630e703a3e141.jpeg	\N	2022-08-30 15:16:58	2022-08-30 15:16:58	9a1a595d-9169-4800-995c-bbcd02d0c2c3.jpg
557	event_file_630e703e599db.jpeg	\N	2022-08-30 15:17:02	2022-08-30 15:17:02	76985682-84f4-43be-98a7-310dd0059b58.jpg
558	event_file_630e704b6409a.jpeg	\N	2022-08-30 15:17:15	2022-08-30 15:17:15	18ac367f-31a8-4dff-87df-cff4a544338a.jpg
559	event_file_630e704d197cf.jpeg	\N	2022-08-30 15:17:17	2022-08-30 15:17:17	989dfd28-7ad3-4c74-8952-1455f294c293.jpg
560	event_file_630e712516ab9.jpeg	\N	2022-08-30 15:20:53	2022-08-30 15:20:53	17582fa7-a3a9-4ee7-99c3-78ab9ee42169.jpg
561	event_file_630e71306e682.jpeg	\N	2022-08-30 15:21:04	2022-08-30 15:21:04	17e1fe3d-fd9a-4ce5-8511-32904b208c1e.jpg
562	event_file_630e71399e07f.jpeg	\N	2022-08-30 15:21:13	2022-08-30 15:21:13	a7c86094-93ce-4cc2-adae-475080c7f4ba.jpg
563	event_file_630e713d4f31d.jpeg	\N	2022-08-30 15:21:17	2022-08-30 15:21:17	6fe9f100-e7dd-483d-9313-ce312a00df96.jpg
564	event_file_630e714359905.jpeg	\N	2022-08-30 15:21:23	2022-08-30 15:21:23	cfd4a0a1-2f93-46ee-95e9-4e0d56307246.jpg
565	event_file_630e714623827.jpeg	\N	2022-08-30 15:21:26	2022-08-30 15:21:26	f52a3554-34c0-4d72-9df0-a1fa30be2a57.jpg
566	event_file_632b7f3a45709.jpeg	\N	2022-09-21 16:16:42	2022-09-21 16:16:42	c1ec79d4-4295-42d6-951b-fd1c695c4281.jpg
567	event_file_632b810c34d83.jpeg	\N	2022-09-21 16:24:28	2022-09-21 16:24:28	96e9bd2b-0f0d-43fe-90ae-2a12b17395fc.jpg
568	event_file_632b810ea8661.jpeg	\N	2022-09-21 16:24:30	2022-09-21 16:24:30	f2f5168f-b178-418f-a450-1f9359a36cbd.jpg
569	event_file_632b811652979.jpeg	\N	2022-09-21 16:24:38	2022-09-21 16:24:38	2cb9826b-6425-4067-b0f3-8b72b3e2eb3a.jpg
570	event_file_632b811e755a6.jpeg	\N	2022-09-21 16:24:46	2022-09-21 16:24:46	65402ec2-e2ef-4469-beb3-c9c5c489cd20.jpg
571	event_file_632b811f28054.jpeg	\N	2022-09-21 16:24:47	2022-09-21 16:24:47	cbf272b9-b2af-4e40-bff3-702b9b1e662d.jpg
572	event_file_632b8121c592f.jpeg	\N	2022-09-21 16:24:49	2022-09-21 16:24:49	22fc8491-60be-4f83-a188-91d8e24877f6.jpg
573	event_file_632b814facf17.jpeg	\N	2022-09-21 16:25:35	2022-09-21 16:25:35	91cc67e6-c550-46ad-ab79-0c705182986d.jpg
574	event_file_632b81570c7e4.jpeg	\N	2022-09-21 16:25:43	2022-09-21 16:25:43	2eb9188b-c1ed-4cf0-9a55-626a72a22170.jpg
575	event_file_632b818194486.jpeg	\N	2022-09-21 16:26:25	2022-09-21 16:26:25	a975c673-ce0f-4d39-916a-651ca2819972.jpg
576	event_file_632b8185417d6.jpeg	\N	2022-09-21 16:26:29	2022-09-21 16:26:29	d922f8ed-ebdd-4831-9676-637dd138aafc.jpg
577	event_file_632b8186a644f.jpeg	\N	2022-09-21 16:26:30	2022-09-21 16:26:30	94476c42-5e35-46c8-b1ee-f7fa8ddf391c.jpg
578	event_file_632b818b1c6f0.jpeg	\N	2022-09-21 16:26:35	2022-09-21 16:26:35	1a116663-e08f-4c93-8f48-f9f146982d20.jpg
579	event_file_632b818e725e3.jpeg	\N	2022-09-21 16:26:38	2022-09-21 16:26:38	f5c312dd-b4fa-4f20-8fb6-cfc73d0874af.jpg
580	event_file_632b8195240c4.jpeg	\N	2022-09-21 16:26:45	2022-09-21 16:26:45	557784e3-95f7-41af-b0fd-0710428f6250.jpg
581	event_file_632b819608bb6.jpeg	\N	2022-09-21 16:26:46	2022-09-21 16:26:46	6d8d6c34-4a74-4862-a70c-33af40c0d82e.jpg
582	event_file_632b81976e9ed.jpeg	\N	2022-09-21 16:26:47	2022-09-21 16:26:47	2e0b40ec-474b-4d1a-8212-3cfadb88ef93.jpg
583	event_file_632b819ae6e4c.jpeg	\N	2022-09-21 16:26:50	2022-09-21 16:26:50	34843b19-d95b-40fa-a8ba-937d02ca5d16.jpg
584	event_file_632b819d9d6b1.jpeg	\N	2022-09-21 16:26:53	2022-09-21 16:26:53	2bcea2e4-18e0-463a-884f-81f3aef0c3c1.jpg
585	event_file_632b81a309eac.jpeg	\N	2022-09-21 16:26:59	2022-09-21 16:26:59	1a0a47ab-783e-4443-916f-dda4ffe01b1a.jpg
586	event_file_632b81a8a7cd0.jpeg	\N	2022-09-21 16:27:04	2022-09-21 16:27:04	6e80b49b-a282-4280-bc0c-33f6afab6966.jpg
587	event_file_632b81ad565e8.jpeg	\N	2022-09-21 16:27:09	2022-09-21 16:27:09	f1f0689a-e295-43a2-bb6e-1267b2fed73b.jpg
588	event_file_632b81b103366.jpeg	\N	2022-09-21 16:27:13	2022-09-21 16:27:13	5775040a-b02c-4506-8f83-903f5e94ada2.jpg
589	event_file_632b81b652cb5.jpeg	\N	2022-09-21 16:27:18	2022-09-21 16:27:18	81f63f63-8571-496f-89e9-460bda3e9a72.jpg
590	event_file_632b81b93cd18.jpeg	\N	2022-09-21 16:27:21	2022-09-21 16:27:21	85678c4a-917d-4c62-ae57-4487379efa2e.jpg
591	event_file_632b81bb42537.jpeg	\N	2022-09-21 16:27:23	2022-09-21 16:27:23	4223fb34-15e7-420c-b925-1684ce54ece6.jpg
592	event_file_632b81be27329.jpeg	\N	2022-09-21 16:27:26	2022-09-21 16:27:26	1e016ce1-646c-481f-b8d7-62979a5f871c.jpg
593	event_file_632b81c2633d5.jpeg	\N	2022-09-21 16:27:30	2022-09-21 16:27:30	4525a8ae-b0f1-4821-b30c-6c9da5029f01.jpg
594	event_file_632b81d31eb63.jpeg	\N	2022-09-21 16:27:47	2022-09-21 16:27:47	2b6eefd7-aee3-4b18-8876-ef8358092957.jpg
595	event_file_632b81d57193b.jpeg	\N	2022-09-21 16:27:49	2022-09-21 16:27:49	95a260dd-f17e-4359-82e9-0b4f5979c3ff.jpg
596	event_file_632b81dd78c5a.jpeg	\N	2022-09-21 16:27:57	2022-09-21 16:27:57	3a0c20dd-4aee-4085-ae89-853676e0badb.jpg
597	event_file_632b81e039024.jpeg	\N	2022-09-21 16:28:00	2022-09-21 16:28:00	fd9e5f7e-7075-49f5-ba27-153881a4576c.jpg
598	event_file_632b81e530eb6.jpeg	\N	2022-09-21 16:28:05	2022-09-21 16:28:05	73fdfeb1-104a-4172-9c53-de678acd5ea1.jpg
599	event_file_632b81ec10e19.jpeg	\N	2022-09-21 16:28:12	2022-09-21 16:28:12	6e3c04ee-3038-4187-900f-8131a8040a64.jpg
600	event_file_632b81ec604d6.jpeg	\N	2022-09-21 16:28:12	2022-09-21 16:28:12	ff31fb12-8e94-4c8a-8c85-a2536522d646.jpg
601	event_file_632b81f04b8be.jpeg	\N	2022-09-21 16:28:16	2022-09-21 16:28:16	6082de33-c8cd-458b-980d-e2b11166a510.jpg
602	event_file_632b81f71063f.txt	\N	2022-09-21 16:28:23	2022-09-21 16:28:23	maps.url
603	event_file_632b81fa1fc10.jpeg	\N	2022-09-21 16:28:26	2022-09-21 16:28:26	e48a2dbf-380c-4cf5-8135-ade9cd4d4fdd.jpg
604	event_file_632b8201a9aac.txt	\N	2022-09-21 16:28:33	2022-09-21 16:28:33	maps.url
605	event_file_632b82374a76c.jpeg	\N	2022-09-21 16:29:27	2022-09-21 16:29:27	2f410cf0-4028-4293-a0a5-7b5887bd5db7.jpg
606	event_file_632b8239eac3c.jpeg	\N	2022-09-21 16:29:29	2022-09-21 16:29:29	3c5f532d-f1fa-4917-b536-1345680aff30.jpg
607	event_file_632b823dd83ce.jpeg	\N	2022-09-21 16:29:33	2022-09-21 16:29:33	56751c52-15aa-49a5-8011-4c36b131519c.jpg
608	event_file_632b824160e30.jpeg	\N	2022-09-21 16:29:37	2022-09-21 16:29:37	0b551588-7bed-4792-a927-d77016c3e3b8.jpg
609	event_file_632b82475a2d2.jpeg	\N	2022-09-21 16:29:43	2022-09-21 16:29:43	587f8da2-a0dd-436c-a068-76703001369a.jpg
610	event_file_632b824a57cd4.jpeg	\N	2022-09-21 16:29:46	2022-09-21 16:29:46	4389408c-5b52-4441-b94b-a8d19822b491.jpg
611	event_file_632b82585ed57.jpeg	\N	2022-09-21 16:30:00	2022-09-21 16:30:00	3ab1f58f-4011-441a-813b-c8b248b814e3.jpg
612	event_file_632b825f213a7.jpeg	\N	2022-09-21 16:30:07	2022-09-21 16:30:07	f22c4228-6b35-4bf6-8d8f-dbe23f5cfa31.jpg
613	event_file_632b82633bb06.jpeg	\N	2022-09-21 16:30:11	2022-09-21 16:30:11	f4b701dd-bbc7-49bc-bd37-a8e4d6ded7b1.jpg
614	event_file_632b82711d7cc.jpeg	\N	2022-09-21 16:30:25	2022-09-21 16:30:25	a83d8af4-afc4-4ae5-b93c-3033a0663d46.jpg
615	event_file_632b82a43d27d.jpeg	\N	2022-09-21 16:31:16	2022-09-21 16:31:16	747e1355-98d3-4357-baa7-b2c411f867e9.jpg
616	event_file_632b82b97137a.jpeg	\N	2022-09-21 16:31:37	2022-09-21 16:31:37	7b134e24-c869-419c-b1ad-ca547693c7be.jpg
617	event_file_632b82bcc5b14.jpeg	\N	2022-09-21 16:31:40	2022-09-21 16:31:40	a162b625-02ff-4318-94a3-d0a21df8fd07.jpg
618	event_file_632ccd9334a59.jpeg	\N	2022-09-22 16:03:15	2022-09-22 16:03:15	f809f77a-47f5-46d8-bc0e-14807d1017b1.jpg
619	event_file_632cd235b75c2.jpeg	\N	2022-09-22 16:23:01	2022-09-22 16:23:01	cf8d50f8-f378-4f48-b937-1638285020d5.jpg
620	event_file_632cd4e24b1bf.jpeg	\N	2022-09-22 16:34:26	2022-09-22 16:34:26	33d79df7-f11d-4de4-81a6-1860d5014ece.jpg
621	event_file_632cd71b96da5.jpeg	\N	2022-09-22 16:43:55	2022-09-22 16:43:55	1f4301b8-1ed7-4750-a70d-a9e802859870.jpg
622	event_file_632cd76d1185f.jpeg	\N	2022-09-22 16:45:17	2022-09-22 16:45:17	d9431a1b-15fa-43d0-9448-9ac18c4f1224.jpg
623	event_file_632cd76fac894.jpeg	\N	2022-09-22 16:45:19	2022-09-22 16:45:19	13798ff3-cfb6-42bb-8619-86c9f13f6f31.jpg
624	event_file_632cd77764cfa.jpeg	\N	2022-09-22 16:45:27	2022-09-22 16:45:27	423ae2b8-cbc1-4820-ab0c-843c4aef9bf5.jpg
625	event_file_632cd77a5346e.jpeg	\N	2022-09-22 16:45:30	2022-09-22 16:45:30	dab11b00-dd7b-44a2-adba-5243915e6470.jpg
626	event_file_6331f22bb6948.jpeg	\N	2022-09-26 13:40:43	2022-09-26 13:40:43	d724f20f-b3b3-496d-b9f3-daf4a3e5a1ea.jpg
627	event_file_6331f23b38ff0.jpeg	\N	2022-09-26 13:40:59	2022-09-26 13:40:59	4a2b2329-cc0f-4800-ba6a-72e7bf77ba9b.jpg
628	event_file_6331f340d1b05.jpeg	\N	2022-09-26 13:45:20	2022-09-26 13:45:20	aabfd4da-f61a-4be7-8602-b059bf01b64e.jpg
629	event_file_6331f3514ba0f.jpeg	\N	2022-09-26 13:45:37	2022-09-26 13:45:37	fcb7ce0f-80ef-4ad3-8ab5-681a3280ae08.jpg
630	event_file_6331f3677cbbc.jpeg	\N	2022-09-26 13:45:59	2022-09-26 13:45:59	9213cddb-faeb-4065-b803-a830e84290c7.jpg
631	event_file_6331f3b416f13.jpeg	\N	2022-09-26 13:47:16	2022-09-26 13:47:16	402020f9-c2b6-4dcd-9a9d-9ab5e358e716.jpg
632	event_file_6331f3b6df1d4.jpeg	\N	2022-09-26 13:47:18	2022-09-26 13:47:18	316393d2-dfb8-4aae-9ba4-e53bd3481c02.jpg
633	event_file_6331f3c350d6b.jpeg	\N	2022-09-26 13:47:31	2022-09-26 13:47:31	f5b68a9e-04da-4c7a-9d46-35f70a2bb3f4.jpg
634	event_file_6331f3d43e4d6.jpeg	\N	2022-09-26 13:47:48	2022-09-26 13:47:48	398cab80-986d-4f63-b79c-9c13e1d3971f.jpg
635	event_file_6331f3d78c2d2.jpeg	\N	2022-09-26 13:47:51	2022-09-26 13:47:51	b4f20b36-20e2-47ad-bd74-7e63f2f25afb.jpg
636	event_file_6331f3eeef301.jpeg	\N	2022-09-26 13:48:14	2022-09-26 13:48:14	04c2c790-d343-42e1-b153-a29a0f03edc7.jpg
637	event_file_6331f3f1733d3.jpeg	\N	2022-09-26 13:48:17	2022-09-26 13:48:17	eb527af3-3998-42a1-af1f-f32e87bc0bf8.jpg
638	event_file_6331f3f374f63.jpeg	\N	2022-09-26 13:48:19	2022-09-26 13:48:19	11b87ddd-ab94-4cba-a9ec-a8181b49b1c6.jpg
639	event_file_6331f3fe57c61.jpeg	\N	2022-09-26 13:48:30	2022-09-26 13:48:30	1143da11-eb81-4df6-bf12-9bf4464fa2b1.jpg
640	event_file_6331f4018f6e3.jpeg	\N	2022-09-26 13:48:33	2022-09-26 13:48:33	9f2e0f76-6bd1-4a22-929f-89a2441d2903.jpg
641	event_file_6331f40bb3750.jpeg	\N	2022-09-26 13:48:43	2022-09-26 13:48:43	193754aa-28b9-4d2b-af6e-f29e60d30293.jpg
642	event_file_6331f4147bf48.jpeg	\N	2022-09-26 13:48:52	2022-09-26 13:48:52	4e91151c-ea79-442c-a9b8-3186306093a7.jpg
643	event_file_6331f41cd58a8.jpeg	\N	2022-09-26 13:49:00	2022-09-26 13:49:00	92d69bf3-3d46-451d-a2c4-fc136790af9c.jpg
644	event_file_6331f420dd2d9.jpeg	\N	2022-09-26 13:49:04	2022-09-26 13:49:04	689eece4-88b3-4753-93f8-15d2a8301fa3.jpg
645	event_file_6331f44515f94.jpeg	\N	2022-09-26 13:49:41	2022-09-26 13:49:41	a06255a2-9aef-48be-b67f-eb276ffc9734.jpg
646	event_file_6331f447d2301.jpeg	\N	2022-09-26 13:49:43	2022-09-26 13:49:43	906652d1-c8a5-45e0-abba-6c0796931a95.jpg
647	event_file_6331f44c21f4c.jpeg	\N	2022-09-26 13:49:48	2022-09-26 13:49:48	8088951e-c1ab-4298-ada4-4c43705285ed.jpg
648	event_file_6331f451966ba.jpeg	\N	2022-09-26 13:49:53	2022-09-26 13:49:53	9022ca96-99ae-4102-9b35-ba85bfa02cec.jpg
649	event_file_6331f456dfd67.jpeg	\N	2022-09-26 13:49:58	2022-09-26 13:49:58	8abe9435-5f5e-40eb-a504-e083a64e9397.jpg
650	event_file_6331f45cee668.jpeg	\N	2022-09-26 13:50:04	2022-09-26 13:50:04	f86fae89-c393-40b5-a9ea-929b43df2cc2.jpg
651	event_file_6331f45e6cc09.jpeg	\N	2022-09-26 13:50:06	2022-09-26 13:50:06	8d672659-42d4-4fcd-8544-1f5d8a5d9b2d.jpg
652	event_file_6331f4624589d.jpeg	\N	2022-09-26 13:50:10	2022-09-26 13:50:10	f02feefb-9bf8-49ac-99bf-b7ba3b4882d4.jpg
653	event_file_6331f473ebadb.jpeg	\N	2022-09-26 13:50:27	2022-09-26 13:50:27	1fc9e2c9-0332-4f9e-9544-e779e9eb566f.jpg
654	event_file_6331f47ca4753.jpeg	\N	2022-09-26 13:50:36	2022-09-26 13:50:36	88dc0a16-ab89-402a-bc5a-2a343f5961e6.jpg
655	event_file_6331f481d2244.jpeg	\N	2022-09-26 13:50:41	2022-09-26 13:50:41	17d2ef8d-8ccf-4b22-953a-8c659c643f6b.jpg
656	event_file_6331f48847bd6.jpeg	\N	2022-09-26 13:50:48	2022-09-26 13:50:48	a7846361-bb27-4226-a538-a61cd959888c.jpg
657	event_file_6331f48b73184.jpeg	\N	2022-09-26 13:50:51	2022-09-26 13:50:51	08a0f471-cca5-4103-955f-c90af04af0d7.jpg
658	event_file_6331f49595620.jpeg	\N	2022-09-26 13:51:01	2022-09-26 13:51:01	be3c1e0f-c219-451a-83ed-4245508b1569.jpg
659	event_file_6331f49c95929.jpeg	\N	2022-09-26 13:51:08	2022-09-26 13:51:08	6c5f0b34-a9df-42e2-a5da-101311b080ed.jpg
660	event_file_6331f4a827f7b.jpeg	\N	2022-09-26 13:51:20	2022-09-26 13:51:20	8a69ed96-7788-4c79-9921-679aa83babcf.jpg
661	event_file_6331f4ac0c00b.jpeg	\N	2022-09-26 13:51:24	2022-09-26 13:51:24	8e63ace1-620b-4577-8696-437a0de14266.jpg
662	event_file_6331f4ad80e2e.jpeg	\N	2022-09-26 13:51:25	2022-09-26 13:51:25	e1a4d32a-e416-4ba3-8892-4eca8732dd9e.jpg
663	event_file_6331f4afb4ef9.jpeg	\N	2022-09-26 13:51:27	2022-09-26 13:51:27	e10415ec-8deb-46b8-99be-eb51d5a1de50.jpg
664	event_file_6331f4b93ce9a.jpeg	\N	2022-09-26 13:51:37	2022-09-26 13:51:37	86446741-314f-49a6-a7cc-db8d999de47f.jpg
665	event_file_6331f4c0e92ce.jpeg	\N	2022-09-26 13:51:44	2022-09-26 13:51:44	2fc13b74-ee7a-4669-8ae8-0c558dd4bc78.jpg
666	event_file_6331f4c53a6e3.jpeg	\N	2022-09-26 13:51:49	2022-09-26 13:51:49	fa015d6f-75ba-46a7-bc6b-fc692f141d4b.jpg
667	event_file_6331f4ca935f3.jpeg	\N	2022-09-26 13:51:54	2022-09-26 13:51:54	cef9caa5-7109-4c94-b288-eccb6847ad7c.jpg
668	event_file_6331f4ce3d628.jpeg	\N	2022-09-26 13:51:58	2022-09-26 13:51:58	7df4b5f4-8c6a-4106-a7e8-785d25dd316e.jpg
669	event_file_6331f4dcf1db2.jpeg	\N	2022-09-26 13:52:12	2022-09-26 13:52:12	58d633b6-e801-48c6-8825-eb19954f67db.jpg
670	event_file_6331f4dfcec0c.jpeg	\N	2022-09-26 13:52:15	2022-09-26 13:52:15	f5f38774-7842-489c-951b-a582fd69b546.jpg
671	event_file_6331f4e6d09f3.jpeg	\N	2022-09-26 13:52:22	2022-09-26 13:52:22	139e996e-e6d8-4d47-96df-1d050338df44.jpg
672	event_file_6331f4eb99943.jpeg	\N	2022-09-26 13:52:27	2022-09-26 13:52:27	5b945dea-d065-4e1e-8581-da8e63efae13.jpg
673	event_file_6331f4fa0081b.jpeg	\N	2022-09-26 13:52:42	2022-09-26 13:52:42	f8fc4a4f-5ec1-4068-bff9-f1bb7d23efc4.jpg
674	event_file_6331f50677f91.jpeg	\N	2022-09-26 13:52:54	2022-09-26 13:52:54	255212e9-5194-43f2-90a2-bbc78e9fc84c.jpg
675	event_file_6331f50983e7d.jpeg	\N	2022-09-26 13:52:57	2022-09-26 13:52:57	5bc0903b-5a69-4a42-90a4-34d38c1c63c8.jpg
676	event_file_6331f5126a62f.jpeg	\N	2022-09-26 13:53:06	2022-09-26 13:53:06	2d7cc043-7d6d-4341-b8a9-3dac3ed82ed7.jpg
677	event_file_6331f5179b794.jpeg	\N	2022-09-26 13:53:11	2022-09-26 13:53:11	41052535-6c6b-4c6b-a48c-acef2b5236f5.jpg
678	event_file_6331f54d224e9.jpeg	\N	2022-09-26 13:54:05	2022-09-26 13:54:05	d729885a-43ad-4fe5-85f5-d8e07dd0473d.jpg
679	event_file_6331f5542e220.jpeg	\N	2022-09-26 13:54:12	2022-09-26 13:54:12	b6516aba-1255-46da-840a-97a9f6528a9b.jpg
680	event_file_6331f55c80496.jpeg	\N	2022-09-26 13:54:20	2022-09-26 13:54:20	0b251322-fd89-4471-9d30-952183e34e29.jpg
681	event_file_6331f5629dd4d.jpeg	\N	2022-09-26 13:54:26	2022-09-26 13:54:26	1138bcd7-89bc-4bd0-9fe7-5417ff8a1df3.jpg
682	event_file_6331f5658d8e4.jpeg	\N	2022-09-26 13:54:29	2022-09-26 13:54:29	f67c08e9-ec2c-4357-889d-885b9d2a352d.jpg
683	event_file_6331f5693a01d.jpeg	\N	2022-09-26 13:54:33	2022-09-26 13:54:33	8df9d11b-55ce-41ff-8a41-c3b8834cf55b.jpg
684	event_file_6331f56b06156.jpeg	\N	2022-09-26 13:54:35	2022-09-26 13:54:35	b0d76e39-0d31-4cf9-b1ba-4d2b1d812c48.jpg
685	event_file_6331f574cd466.jpeg	\N	2022-09-26 13:54:44	2022-09-26 13:54:44	3858587d-ffae-429b-86f6-a9a716bef27b.jpg
686	event_file_6331f579f00de.jpeg	\N	2022-09-26 13:54:49	2022-09-26 13:54:49	31eb199f-aedf-4598-bf6b-9cbbfcba6df0.jpg
687	event_file_6331f57e00ec9.jpeg	\N	2022-09-26 13:54:54	2022-09-26 13:54:54	8079345c-852c-4a1e-ac9b-6f0a6ff69d1c.jpg
688	event_file_6331f5812c12a.jpeg	\N	2022-09-26 13:54:57	2022-09-26 13:54:57	f70a99af-8102-44f0-b3b3-e0b3f890ead3.jpg
689	event_file_6331f58bb6f1f.jpeg	\N	2022-09-26 13:55:07	2022-09-26 13:55:07	bb5b953e-2a53-47e6-b915-122fcf2da7a7.jpg
690	event_file_6331f58f005c2.jpeg	\N	2022-09-26 13:55:11	2022-09-26 13:55:11	d2a872b3-b90d-4e3f-9b82-1aab0c504c7f.jpg
691	event_file_6331f5921b788.jpeg	\N	2022-09-26 13:55:14	2022-09-26 13:55:14	854cd416-d67c-4add-b578-dc0d2722a01a.jpg
692	event_file_6331f59c9c50f.jpeg	\N	2022-09-26 13:55:24	2022-09-26 13:55:24	c1efc8bb-086d-450c-849d-167bed53c4e1.jpg
693	event_file_6331f59df28df.jpeg	\N	2022-09-26 13:55:25	2022-09-26 13:55:25	c72fa249-381b-420b-8f35-6156b9e35e9e.jpg
694	event_file_6331f5a122062.jpeg	\N	2022-09-26 13:55:29	2022-09-26 13:55:29	5ceb6a66-e7e8-4201-bd7b-1548796dd961.jpg
695	event_file_6331f5a3ceac8.jpeg	\N	2022-09-26 13:55:31	2022-09-26 13:55:31	7bd454b2-603c-4c07-b569-8467419ece72.jpg
696	event_file_6331f5a7f224e.jpeg	\N	2022-09-26 13:55:35	2022-09-26 13:55:35	0f3b0c19-6d36-4486-a838-1900c164b2ea.jpg
697	event_file_6331f5ac37bc8.jpeg	\N	2022-09-26 13:55:40	2022-09-26 13:55:40	fbccc60b-1d30-4ebb-bf53-25d17479c1c9.jpg
698	event_file_6331f5ae45d0e.jpeg	\N	2022-09-26 13:55:42	2022-09-26 13:55:42	1342bb5a-cdc4-476b-a7e9-6c1a89124b11.jpg
699	event_file_6331f5b32f329.jpeg	\N	2022-09-26 13:55:47	2022-09-26 13:55:47	b5526157-fc37-4673-aaa9-df7ae111de38.jpg
700	event_file_6331f5b7a9497.jpeg	\N	2022-09-26 13:55:51	2022-09-26 13:55:51	648c0140-b4ba-4eeb-9527-5f2d625e2711.jpg
701	event_file_6331f5bf22c43.jpeg	\N	2022-09-26 13:55:59	2022-09-26 13:55:59	fe5df040-ada7-4719-b193-19c2e7b1fbca.jpg
702	event_file_6331f5c49898b.jpeg	\N	2022-09-26 13:56:04	2022-09-26 13:56:04	fbd0be76-7b92-473d-984c-d4e516ab932f.jpg
703	event_file_6331f5c88c7ca.jpeg	\N	2022-09-26 13:56:08	2022-09-26 13:56:08	565e2de5-1a93-4771-8dae-2f68a83dc16c.jpg
704	event_file_6331f5cc2b792.jpeg	\N	2022-09-26 13:56:12	2022-09-26 13:56:12	863cbefa-ac03-4c57-98e5-7d7c334b7e2b.jpg
705	event_file_6331f5deaeb6c.jpeg	\N	2022-09-26 13:56:30	2022-09-26 13:56:30	71898007-3c35-41a9-8242-89ced0ad4e0e.jpg
706	event_file_6331f5dfc3692.jpeg	\N	2022-09-26 13:56:31	2022-09-26 13:56:31	d5c49a85-55ea-4e02-9380-639bf1412529.jpg
707	event_file_6331f5e0171c6.jpeg	\N	2022-09-26 13:56:32	2022-09-26 13:56:32	98f412ea-f81a-4d86-926d-7bc8d2f57fb6.jpg
708	event_file_6331f5e75cc73.jpeg	\N	2022-09-26 13:56:39	2022-09-26 13:56:39	51a23558-0ebc-4325-bb5d-6e72164aa787.jpg
709	event_file_6331f5e9b0e2d.jpeg	\N	2022-09-26 13:56:41	2022-09-26 13:56:41	ab7ac685-d00e-4c5c-8d1b-6f23b12d71fb.jpg
710	event_file_6331f5ec05479.jpeg	\N	2022-09-26 13:56:44	2022-09-26 13:56:44	5b40d903-2bc1-47e1-b147-9d68113b08a9.jpg
711	event_file_6331f5f0ed66b.jpeg	\N	2022-09-26 13:56:48	2022-09-26 13:56:48	e3b230fa-968c-46be-adf5-80e8d71311a3.jpg
712	event_file_6331f5f225ad1.jpeg	\N	2022-09-26 13:56:50	2022-09-26 13:56:50	50c92d63-8b8f-4d54-94fc-65426f3f9d0e.jpg
713	event_file_6331f5f5c7bd4.jpeg	\N	2022-09-26 13:56:53	2022-09-26 13:56:53	0af90423-be8a-47bb-8a57-c3e772bd346a.jpg
714	event_file_6331f5f9e20a0.jpeg	\N	2022-09-26 13:56:57	2022-09-26 13:56:57	f2df8632-1b85-4f46-9dbf-a313fce5f5dc.jpg
715	event_file_6331f6008c7d2.jpeg	\N	2022-09-26 13:57:04	2022-09-26 13:57:04	e9c7aacf-4805-43d8-9034-e09105d73c66.jpg
716	event_file_6331f601e9f51.jpeg	\N	2022-09-26 13:57:05	2022-09-26 13:57:05	30182288-2499-46e1-9e8d-914c8f4deda6.jpg
717	event_file_6331f61572ee3.jpeg	\N	2022-09-26 13:57:25	2022-09-26 13:57:25	bc170c26-1c93-401b-97f8-0b960ee22fa8.jpg
718	event_file_6331f61bb1b25.jpeg	\N	2022-09-26 13:57:31	2022-09-26 13:57:31	83ec5121-96f7-470a-91aa-37a097692a04.jpg
719	event_file_6331f61d03274.jpeg	\N	2022-09-26 13:57:33	2022-09-26 13:57:33	881a5f5f-a56a-44ba-b66b-53eb7c99c18a.jpg
720	event_file_6331f61f98ac7.jpeg	\N	2022-09-26 13:57:35	2022-09-26 13:57:35	a843bc36-e0a2-47c6-a112-4e1ecc97c4a1.jpg
721	event_file_6331f623135a6.jpeg	\N	2022-09-26 13:57:39	2022-09-26 13:57:39	fdf283ed-09f9-44f4-ab36-246fdee11cf8.jpg
722	event_file_6331f625dd29c.jpeg	\N	2022-09-26 13:57:41	2022-09-26 13:57:41	950791c9-cfdc-405d-a6bd-9e00eb616f5f.jpg
723	event_file_6331f62ba182b.jpeg	\N	2022-09-26 13:57:47	2022-09-26 13:57:47	0b2c4285-ee30-4cbb-b751-691a1d5a2921.jpg
724	event_file_6331f62f4b463.jpeg	\N	2022-09-26 13:57:51	2022-09-26 13:57:51	714badfb-8888-4ae7-a4a7-f29f7b75085c.jpg
725	event_file_6331f6347acf6.jpeg	\N	2022-09-26 13:57:56	2022-09-26 13:57:56	954a500d-aa2b-4a8d-8dc8-4ce861022f96.jpg
726	event_file_6331f63972665.jpeg	\N	2022-09-26 13:58:01	2022-09-26 13:58:01	e656a006-e04d-40c5-9a57-e4754795e8c2.jpg
727	event_file_6331f63d3c333.jpeg	\N	2022-09-26 13:58:05	2022-09-26 13:58:05	034e2e3e-d903-4f3c-a266-d46688fc6c15.jpg
728	event_file_6331f63f9b067.jpeg	\N	2022-09-26 13:58:07	2022-09-26 13:58:07	b363f243-8a7d-41b5-a9c7-4a33196f1269.jpg
729	event_file_6331f644dac3c.jpeg	\N	2022-09-26 13:58:12	2022-09-26 13:58:12	4202a206-1ed0-4cc8-b827-f6ba85acad74.jpg
730	event_file_6331f6459157c.jpeg	\N	2022-09-26 13:58:13	2022-09-26 13:58:13	d0861387-5250-4310-88e7-99c83986c05d.jpg
743	event_file_638249ee360e7.jpeg	\N	2022-11-26 11:16:30	2022-11-26 11:16:30	RUTA 14 FER GDL-VALL 2 25 NOV 4.jpg
744	event_file_638249ee465b0.jpeg	\N	2022-11-26 11:16:30	2022-11-26 11:16:30	RUTA 14 FER GDL-VALL 2 25 NOV 5.jpg
745	event_file_638249ee60c09.jpeg	\N	2022-11-26 11:16:30	2022-11-26 11:16:30	RUTA 14 FER GDL-VALL 2 25 NOV 6.jpg
746	event_file_638249ee63ccb.jpeg	\N	2022-11-26 11:16:30	2022-11-26 11:16:30	RUTA 14 FER GDL-VALL 2 25 NOV 2.jpg
747	event_file_638249ee7f2fa.jpeg	\N	2022-11-26 11:16:30	2022-11-26 11:16:30	RUTA 14 FER GDL-VALL 2 25 NOV 1.jpg
748	event_file_638249ee80621.jpeg	\N	2022-11-26 11:16:30	2022-11-26 11:16:30	RUTA 14 FER GDL-VALL 2 25 NOV 7.jpg
749	event_file_638249ee9cac5.jpeg	\N	2022-11-26 11:16:30	2022-11-26 11:16:30	RUTA 14 FER GDL-VALL 2 25 NOV 8.jpg
750	event_file_638249eea0c81.jpeg	\N	2022-11-26 11:16:30	2022-11-26 11:16:30	RUTA 14 FER GDL-VALL 2 25 NOV 9.jpg
751	event_file_638249eebd4f3.jpeg	\N	2022-11-26 11:16:30	2022-11-26 11:16:30	RUTA 14 FER GDL-VALL 2 25 NOV 10.jpg
752	event_file_638249eebe37b.jpeg	\N	2022-11-26 11:16:30	2022-11-26 11:16:30	RUTA 14 FER GDL-VALL 2 25 NOV 11.jpg
753	event_file_638249eed8953.jpeg	\N	2022-11-26 11:16:30	2022-11-26 11:16:30	RUTA 14 FER GDL-VALL 2 25 NOV 12.jpg
754	event_file_638249eedaed5.jpeg	\N	2022-11-26 11:16:30	2022-11-26 11:16:30	RUTA 14 FER GDL-VALL 2 25 NOV 13.jpg
755	event_file_638249eef41a4.jpeg	\N	2022-11-26 11:16:31	2022-11-26 11:16:31	RUTA 14 FER GDL-VALL 2 25 NOV 14.jpg
756	event_file_63824e5725a77.jpeg	\N	2022-11-26 11:35:19	2022-11-26 11:35:19	RUTA 15 FER GDL-VALL 3 25 NOV.jpg
757	event_file_63824e572fb4d.jpeg	\N	2022-11-26 11:35:19	2022-11-26 11:35:19	RUTA 15 FER GDL-VALL 3 25 NOV 2.jpg
758	event_file_63824e574d5f3.jpeg	\N	2022-11-26 11:35:19	2022-11-26 11:35:19	RUTA 15 FER GDL-VALL 3 25 NOV 3.jpg
759	event_file_63824e574dbc4.jpeg	\N	2022-11-26 11:35:19	2022-11-26 11:35:19	RUTA 15 FER GDL-VALL 3 25 NOV 4.jpg
760	event_file_63824e576b4f4.jpeg	\N	2022-11-26 11:35:19	2022-11-26 11:35:19	RUTA 15 FER GDL-VALL 3 25 NOV 5.jpg
761	event_file_63824e60b03b8.jpeg	\N	2022-11-26 11:35:28	2022-11-26 11:35:28	RUTA 15 FER GDL-VALL 3 25 NOV 6.jpg
762	event_file_63824e60b10ba.jpeg	\N	2022-11-26 11:35:28	2022-11-26 11:35:28	RUTA 15 FER GDL-VALL 3 25 NOV 7.jpg
763	event_file_63824e60d296f.jpeg	\N	2022-11-26 11:35:28	2022-11-26 11:35:28	RUTA 15 FER GDL-VALL 3 25 NOV 8.jpg
764	event_file_63824e60d61eb.jpeg	\N	2022-11-26 11:35:28	2022-11-26 11:35:28	RUTA 15 FER GDL-VALL 3 25 NOV 9.jpg
765	event_file_63824e6104717.jpeg	\N	2022-11-26 11:35:29	2022-11-26 11:35:29	RUTA 15 FER GDL-VALL 3 25 NOV 10.jpg
766	event_file_63824e6107feb.jpeg	\N	2022-11-26 11:35:29	2022-11-26 11:35:29	RUTA 15 FER GDL-VALL 3 25 NOV 11.jpg
767	event_file_63824e612165e.jpeg	\N	2022-11-26 11:35:29	2022-11-26 11:35:29	RUTA 15 FER GDL-VALL 3 25 NOV 12.jpg
768	event_file_63825353d87d1.jpeg	\N	2022-11-26 11:56:35	2022-11-26 11:56:35	Evidencia de ruta 16 FER GDL-ZAR 2 25 NOV.jpg
769	event_file_63825353d899e.jpeg	\N	2022-11-26 11:56:35	2022-11-26 11:56:35	Evidencia de ruta 16 FER GDL-ZAR 2 25 NOV 1.jpg
770	event_file_63825354061fe.jpeg	\N	2022-11-26 11:56:36	2022-11-26 11:56:36	Evidencia de ruta 16 FER GDL-ZAR 2 25 NOV 3.jpg
771	event_file_638253540dd48.jpeg	\N	2022-11-26 11:56:36	2022-11-26 11:56:36	Evidencia de ruta 16 FER GDL-ZAR 2 25 NOV 2.jpg
772	event_file_6382535424de4.jpeg	\N	2022-11-26 11:56:36	2022-11-26 11:56:36	Evidencia de ruta 16 FER GDL-ZAR 2 25 NOV 4.jpg
773	event_file_638253542a621.jpeg	\N	2022-11-26 11:56:36	2022-11-26 11:56:36	Evidencia de ruta 16 FER GDL-ZAR 2 25 NOV 5.jpg
774	event_file_638253544396e.jpeg	\N	2022-11-26 11:56:36	2022-11-26 11:56:36	Evidencia de ruta 16 FER GDL-ZAR 2 25 NOV 6.jpg
775	event_file_63825354470e1.jpeg	\N	2022-11-26 11:56:36	2022-11-26 11:56:36	Evidencia de ruta 16 FER GDL-ZAR 2 25 NOV 7.jpg
776	event_file_6382535c08a31.jpeg	\N	2022-11-26 11:56:44	2022-11-26 11:56:44	Evidencia de ruta 16 FER GDL-ZAR 2 25 NOV 8.jpg
777	event_file_6382535c0d370.jpeg	\N	2022-11-26 11:56:44	2022-11-26 11:56:44	Evidencia de ruta 16 FER GDL-ZAR 2 25 NOV 9.jpg
778	event_file_6382535c34db1.jpeg	\N	2022-11-26 11:56:44	2022-11-26 11:56:44	Evidencia de ruta 16 FER GDL-ZAR 2 25 NOV 11.jpg
779	event_file_6382535c35efe.jpeg	\N	2022-11-26 11:56:44	2022-11-26 11:56:44	Evidencia de ruta 16 FER GDL-ZAR 2 25 NOV 10.jpg
780	event_file_6382535c52084.jpeg	\N	2022-11-26 11:56:44	2022-11-26 11:56:44	Evidencia de ruta 16 FER GDL-ZAR 2 25 NOV 12.jpg
781	event_file_6382535c55566.jpeg	\N	2022-11-26 11:56:44	2022-11-26 11:56:44	Evidencia de ruta 16 FER GDL-ZAR 2 25 NOV 13.jpg
782	event_file_638fbabf4086d.jpeg	\N	2022-12-06 15:57:19	2022-12-06 15:57:19	Imagen de WhatsApp 2022-12-06 a las 13.12.16.jpg
783	event_file_638fbae5d3e30.jpeg	\N	2022-12-06 15:57:57	2022-12-06 15:57:57	Imagen de WhatsApp 2022-12-06 a las 13.25.24.jpg
784	event_file_638fbae7e1eb7.jpeg	\N	2022-12-06 15:57:59	2022-12-06 15:57:59	Imagen de WhatsApp 2022-12-06 a las 13.25.28.jpg
785	event_file_638fbaebf1999.jpeg	\N	2022-12-06 15:58:03	2022-12-06 15:58:03	Imagen de WhatsApp 2022-12-06 a las 13.25.37.jpg
786	event_file_638fbb14d875f.jpeg	\N	2022-12-06 15:58:44	2022-12-06 15:58:44	9c92158f-2589-4819-9f69-45cd442efc1e.jpg
787	event_file_638fbb181b95d.jpeg	\N	2022-12-06 15:58:48	2022-12-06 15:58:48	208002cc-8e18-4962-9235-6d63fad64438.jpg
788	event_file_638fbb1abb9af.jpeg	\N	2022-12-06 15:58:50	2022-12-06 15:58:50	058a33d2-f8bc-422e-8c58-ff2147d84a0a.jpg
789	event_file_638fbb1e395e6.jpeg	\N	2022-12-06 15:58:54	2022-12-06 15:58:54	6aa1746f-df41-421b-abca-11911706fb97.jpg
790	event_file_638fbb21190ed.jpeg	\N	2022-12-06 15:58:57	2022-12-06 15:58:57	b985dffe-ddce-4202-b459-ab7d4dcf1b20.jpg
791	event_file_638fbb24a83f2.jpeg	\N	2022-12-06 15:59:00	2022-12-06 15:59:00	d6a2a7bb-89b2-4766-b17e-aa4009ca8b9e.jpg
792	event_file_638fbb28213c9.jpeg	\N	2022-12-06 15:59:04	2022-12-06 15:59:04	7b7d864e-35ee-4d08-b7c2-b792db6918ad.jpg
793	event_file_638fbb2b51168.jpeg	\N	2022-12-06 15:59:07	2022-12-06 15:59:07	981476df-e5f3-43d2-95ea-d4f7a2a36b28.jpg
794	event_file_638fbb2ff2648.jpeg	\N	2022-12-06 15:59:11	2022-12-06 15:59:11	0a204fcf-a0da-4df7-b8ff-8dbbec8953b0.jpg
795	event_file_638fbb327a3ab.jpeg	\N	2022-12-06 15:59:14	2022-12-06 15:59:14	dd40659c-4b28-4c88-8d21-de5d3bc823f6.jpg
796	event_file_638fbb3582073.jpeg	\N	2022-12-06 15:59:17	2022-12-06 15:59:17	9981b38b-229d-4fe3-9f1a-1760a27c0bf5.jpg
797	event_file_638fbb40c33ff.jpeg	\N	2022-12-06 15:59:28	2022-12-06 15:59:28	db66076c-b154-4a05-b1ac-cd2c8b9442e9.jpg
798	event_file_638fbb457f7ce.jpeg	\N	2022-12-06 15:59:33	2022-12-06 15:59:33	6cda48e0-155b-4d69-9ac3-57fb496ec695.jpg
799	event_file_638fbb496ad09.jpeg	\N	2022-12-06 15:59:37	2022-12-06 15:59:37	6e144010-a653-4f8a-955c-ecd164eba315.jpg
800	event_file_638fbb4cc7a32.jpeg	\N	2022-12-06 15:59:40	2022-12-06 15:59:40	1265e0cd-7c5b-4645-8400-090eca14cad5.jpg
801	event_file_638fbb5091a4b.jpeg	\N	2022-12-06 15:59:44	2022-12-06 15:59:44	c562a13f-09d3-4607-9f38-d31e24472e84.jpg
802	event_file_638fbb53e4ea4.jpeg	\N	2022-12-06 15:59:47	2022-12-06 15:59:47	3876230b-c9c3-4807-9e19-9a06818752e3.jpg
803	event_file_638fbb5b20960.jpeg	\N	2022-12-06 15:59:55	2022-12-06 15:59:55	15144ece-9ce4-4ddb-aaf2-7fd7fa884c4a.jpg
804	event_file_638fbb5e7daed.jpeg	\N	2022-12-06 15:59:58	2022-12-06 15:59:58	7bdd15c2-88f1-443e-b1a8-7d92b26c1a07.jpg
805	event_file_638fbb70cf57e.jpeg	\N	2022-12-06 16:00:16	2022-12-06 16:00:16	c190c755-689c-40b5-96ce-099076120600.jpg
806	event_file_638fbb7447d55.jpeg	\N	2022-12-06 16:00:20	2022-12-06 16:00:20	1ff63413-eefd-4f3e-9a1e-d8e8885f706e.jpg
807	event_file_638fbb783f7bf.jpeg	\N	2022-12-06 16:00:24	2022-12-06 16:00:24	7e678472-b006-4fad-8f9c-b1c2e17e33da.jpg
808	event_file_638fbb7b93820.jpeg	\N	2022-12-06 16:00:27	2022-12-06 16:00:27	8ca225db-d14d-499b-b056-dc9afcb49a67.jpg
809	event_file_638fbb7ee5782.jpeg	\N	2022-12-06 16:00:30	2022-12-06 16:00:30	e91c89e0-b552-411f-a520-31e1826b4a2f.jpg
810	event_file_638fbb81a1000.jpeg	\N	2022-12-06 16:00:33	2022-12-06 16:00:33	9a3eb9db-0e37-449c-ac85-d664308e50d0.jpg
811	event_file_638fbb84890fc.jpeg	\N	2022-12-06 16:00:36	2022-12-06 16:00:36	c26bd60e-a3a5-4bca-9a3a-f8acdad1a6e5.jpg
812	event_file_638fbb8798743.jpeg	\N	2022-12-06 16:00:39	2022-12-06 16:00:39	7fdf48d4-0076-4932-8393-d21fe2d50e99.jpg
813	event_file_638fbb8ada8f7.jpeg	\N	2022-12-06 16:00:42	2022-12-06 16:00:42	9e511efa-ce46-424c-ba7e-6cc9f9abe4bc.jpg
814	event_file_638fbb8f771c4.jpeg	\N	2022-12-06 16:00:47	2022-12-06 16:00:47	eab0e386-7495-45e2-b523-21bb182d4d81.jpg
815	event_file_638fbb9649e5c.jpeg	\N	2022-12-06 16:00:54	2022-12-06 16:00:54	c26bd60e-a3a5-4bca-9a3a-f8acdad1a6e5.jpg
816	event_file_638fbb9cc2c88.jpeg	\N	2022-12-06 16:01:00	2022-12-06 16:01:00	0e321024-4634-4467-bbbd-40fcab9aa3e5.jpg
817	event_file_638fbb9fb7a29.jpeg	\N	2022-12-06 16:01:03	2022-12-06 16:01:03	6d5f4b4e-faa2-4158-9588-4dcfd8fd4fa9.jpg
818	event_file_638fbba48d47d.jpeg	\N	2022-12-06 16:01:08	2022-12-06 16:01:08	2315bb53-0d71-478c-bcbd-d97b3159e265.jpg
819	event_file_638fbba932cf5.jpeg	\N	2022-12-06 16:01:13	2022-12-06 16:01:13	becd8da2-1795-41c1-9877-e1406034b7d4.jpg
820	event_file_638fbbac54147.jpeg	\N	2022-12-06 16:01:16	2022-12-06 16:01:16	e9fd8db5-ce19-4894-9c2b-d34b77fbd532.jpg
821	event_file_638fbbb6a2abb.jpeg	\N	2022-12-06 16:01:26	2022-12-06 16:01:26	7aba2143-e5ff-4514-a52d-67c63afed924.jpg
822	event_file_638fbbba15516.jpeg	\N	2022-12-06 16:01:30	2022-12-06 16:01:30	b0de4fd0-2c9d-4583-829f-f8112e7afdd4.jpg
823	event_file_638fbbbde5297.jpeg	\N	2022-12-06 16:01:33	2022-12-06 16:01:33	d7b294e1-778d-4ed8-bb9d-8dce762d75b6.jpg
824	event_file_638fbbc15fee9.jpeg	\N	2022-12-06 16:01:37	2022-12-06 16:01:37	94bd79b6-d5c6-4925-bcdf-49cd5d7d9230.jpg
825	event_file_638fbbc7a5656.jpeg	\N	2022-12-06 16:01:43	2022-12-06 16:01:43	06216da5-feec-4617-b688-03db5a62e91e.jpg
826	event_file_638fbbcd553be.jpeg	\N	2022-12-06 16:01:49	2022-12-06 16:01:49	446bd967-96df-4c5c-b30a-575353ed35ef.jpg
827	event_file_638fbbd03065d.jpeg	\N	2022-12-06 16:01:52	2022-12-06 16:01:52	853a9ef9-396a-4a5c-a6ea-50c065e64a62.jpg
828	event_file_638fbbd3597e7.jpeg	\N	2022-12-06 16:01:55	2022-12-06 16:01:55	9c0add40-18b4-46b4-861e-7b693163ffd2.jpg
829	event_file_638fbbd7175f8.jpeg	\N	2022-12-06 16:01:59	2022-12-06 16:01:59	71c75f2c-a6a1-49bd-a7c5-e0e41eedfb35.jpg
830	event_file_638fbbdeb5fec.jpeg	\N	2022-12-06 16:02:06	2022-12-06 16:02:06	908d3c0a-1c8b-4f18-b735-5e6c8c5cc5d1.jpg
831	event_file_638fbc17805a6.jpeg	\N	2022-12-06 16:03:03	2022-12-06 16:03:03	4001d831-d0ae-4a8a-90d2-b0c78be6e74a.jpg
832	event_file_638fbc190eef0.jpeg	\N	2022-12-06 16:03:05	2022-12-06 16:03:05	d78ce360-fdfb-4a59-b9a9-6ed1ae3542bb.jpg
833	event_file_638fbc1c050ff.jpeg	\N	2022-12-06 16:03:08	2022-12-06 16:03:08	2208e975-eb3b-46b2-a3e9-96c3f6778c7c.jpg
834	event_file_638fbc201feb2.jpeg	\N	2022-12-06 16:03:12	2022-12-06 16:03:12	eb01877b-88f5-49f0-8e57-487c355f46d4.jpg
835	event_file_638fbc22048ed.jpeg	\N	2022-12-06 16:03:14	2022-12-06 16:03:14	8301126b-1f58-4939-a931-c76012172eb0.jpg
836	event_file_638fbc24c8bc6.jpeg	\N	2022-12-06 16:03:16	2022-12-06 16:03:16	81c74d04-de33-47d0-bd29-df60d8677bf8.jpg
837	event_file_638fbc26ec3a7.jpeg	\N	2022-12-06 16:03:18	2022-12-06 16:03:18	1aa910ec-c44d-495f-9b76-feb86cf3942d.jpg
838	event_file_638fbc28e256c.jpeg	\N	2022-12-06 16:03:20	2022-12-06 16:03:20	6e144010-a653-4f8a-955c-ecd164eba315.jpg
839	event_file_638fbc2be4b38.jpeg	\N	2022-12-06 16:03:23	2022-12-06 16:03:23	6cda48e0-155b-4d69-9ac3-57fb496ec695.jpg
840	event_file_638fbc3038cb5.jpeg	\N	2022-12-06 16:03:28	2022-12-06 16:03:28	39986b50-36b7-4235-b82f-5985346cc5c9.jpg
841	event_file_638fbc3209df9.jpeg	\N	2022-12-06 16:03:30	2022-12-06 16:03:30	0707f34a-6aca-4eab-a5b3-0ff3d7fac047.jpg
842	event_file_638fbc3402191.jpeg	\N	2022-12-06 16:03:32	2022-12-06 16:03:32	b829e7df-2ed9-4022-94ba-eb57734836d4.jpg
843	event_file_638fbc371da37.jpeg	\N	2022-12-06 16:03:35	2022-12-06 16:03:35	42c68c3f-5a38-4b7c-b365-551512724212.jpg
844	event_file_638fbc391d2b2.jpeg	\N	2022-12-06 16:03:37	2022-12-06 16:03:37	523a387f-b51b-46a4-a5a3-e098844de000.jpg
845	event_file_638fbc3d7d3b7.jpeg	\N	2022-12-06 16:03:41	2022-12-06 16:03:41	17aec747-c2db-46d3-aeb5-1adda2824c29.jpg
846	event_file_638fbc3f96985.jpeg	\N	2022-12-06 16:03:43	2022-12-06 16:03:43	9736ab77-a2dc-4ab5-8c3c-32dc80fe49ff.jpg
847	event_file_638fbc42a8cc8.jpeg	\N	2022-12-06 16:03:46	2022-12-06 16:03:46	9bf0939f-7e5b-4589-8f12-099c4525ce61.jpg
848	event_file_638fbc458ac30.jpeg	\N	2022-12-06 16:03:49	2022-12-06 16:03:49	b7c40eb4-370f-4ced-a36f-489c8b62f244.jpg
849	event_file_638fbc487de72.jpeg	\N	2022-12-06 16:03:52	2022-12-06 16:03:52	b74a984c-3cfc-49a2-a835-04bde2f061cd.jpg
850	event_file_638fbc4b0de68.jpeg	\N	2022-12-06 16:03:55	2022-12-06 16:03:55	fe550aad-37a3-4116-9a8a-baec70e0eee3.jpg
851	event_file_638fbc5033bf5.jpeg	\N	2022-12-06 16:04:00	2022-12-06 16:04:00	a1e2aece-6ea9-4bde-86c0-cb2eedcfd5f8.jpg
852	event_file_638fbc531dd0f.jpeg	\N	2022-12-06 16:04:03	2022-12-06 16:04:03	238b5c14-3dea-483c-95d8-e890169ad059.jpg
853	event_file_638fbc56590f1.jpeg	\N	2022-12-06 16:04:06	2022-12-06 16:04:06	56c06b4b-69f9-4fe7-b45a-befbbc65d6c5.jpg
854	event_file_638fbc58a736c.jpeg	\N	2022-12-06 16:04:08	2022-12-06 16:04:08	e4ce93c8-913f-4b6e-b0d5-9ab33fd309ce.jpg
855	event_file_638fbc5adc484.jpeg	\N	2022-12-06 16:04:10	2022-12-06 16:04:10	6c1d31d5-f089-4136-a73b-baad9bb70e9e.jpg
856	event_file_638fbc6ecf1bc.jpeg	\N	2022-12-06 16:04:30	2022-12-06 16:04:30	f7952176-aee0-43dd-b9f8-b9893b306ee3.jpg
857	event_file_638fbc7dde678.jpeg	\N	2022-12-06 16:04:45	2022-12-06 16:04:45	73d25837-ad29-4b7a-89ca-c496f447f3d1.jpg
858	event_file_638fbc81e34a2.jpeg	\N	2022-12-06 16:04:49	2022-12-06 16:04:49	8b062f03-672b-4e27-9967-530464ee1855.jpg
859	event_file_638fbc8505eb1.jpeg	\N	2022-12-06 16:04:53	2022-12-06 16:04:53	5f4cf50c-54b6-4652-a722-e84424d91f23.jpg
860	event_file_638fbc8898396.jpeg	\N	2022-12-06 16:04:56	2022-12-06 16:04:56	f6ceea23-2012-4e03-a36a-04903c141109.jpg
861	event_file_638fbc8c2ec8f.jpeg	\N	2022-12-06 16:05:00	2022-12-06 16:05:00	e025d2ad-2477-443d-97cd-77ea6c5f612f.jpg
862	event_file_638fbc8fb24d0.jpeg	\N	2022-12-06 16:05:03	2022-12-06 16:05:03	3fd0933e-6ed5-49a4-bb70-7983e21731ad.jpg
889	event_file_638fe66034905.jpeg	\N	2022-12-06 19:03:28	2022-12-06 19:03:28	665f8f80-c771-4b2c-bac8-0850efeab72f.jpg
890	event_file_638fe664299c5.jpeg	\N	2022-12-06 19:03:32	2022-12-06 19:03:32	24ed22eb-610b-4a23-a9c4-bca079507e0e.jpg
891	event_file_638fe6667a17e.jpeg	\N	2022-12-06 19:03:34	2022-12-06 19:03:34	91d6833b-c9a5-438d-91f0-dbe38714f1f7.jpg
892	event_file_638fe66e1664c.jpeg	\N	2022-12-06 19:03:42	2022-12-06 19:03:42	a384e49d-e38a-4a3d-92e3-7b87113e74e7.jpg
893	event_file_638fe6708d7c7.jpeg	\N	2022-12-06 19:03:44	2022-12-06 19:03:44	d93cc80c-5322-4ae1-b87e-572dc673de22.jpg
894	event_file_638fe67288f33.jpeg	\N	2022-12-06 19:03:46	2022-12-06 19:03:46	44343580-6889-4cb8-8288-4a60f6842235.jpg
895	event_file_638fe675a38ff.jpeg	\N	2022-12-06 19:03:49	2022-12-06 19:03:49	30edb202-69d4-4c81-8e37-6badf07e6c40.jpg
896	event_file_638fe678bc20b.jpeg	\N	2022-12-06 19:03:52	2022-12-06 19:03:52	89f48b4a-0d73-4929-a615-a36138d5d313.jpg
897	event_file_638fe680d4c37.jpeg	\N	2022-12-06 19:04:00	2022-12-06 19:04:00	dfaaa8a1-d98d-4287-96bd-64a95254bb76.jpg
898	event_file_638fe684d16e1.jpeg	\N	2022-12-06 19:04:04	2022-12-06 19:04:04	5018370a-7838-4d7f-9245-8478d4645f95.jpg
899	event_file_638fe68872598.jpeg	\N	2022-12-06 19:04:08	2022-12-06 19:04:08	4870d5a4-4fe8-4041-89e7-7e6a1a29be0c.jpg
900	event_file_638fe68b98125.jpeg	\N	2022-12-06 19:04:11	2022-12-06 19:04:11	99376381-a96b-4f2c-bc5c-fd15363d3c38.jpg
901	event_file_638fe7c98b425.jpeg	\N	2022-12-06 19:09:29	2022-12-06 19:09:29	99376381-a96b-4f2c-bc5c-fd15363d3c38.jpg
902	event_file_638fe7cb4f52c.jpeg	\N	2022-12-06 19:09:31	2022-12-06 19:09:31	513f3069-af70-4dd7-9bf6-bded2e82e512.jpg
903	event_file_638fe7cec265a.jpeg	\N	2022-12-06 19:09:34	2022-12-06 19:09:34	a0fe41c0-3127-4570-908b-bff507a10405.jpg
904	event_file_638fe7d1769cd.jpeg	\N	2022-12-06 19:09:37	2022-12-06 19:09:37	fbd476ef-5b70-4e1f-a6b1-6a31d1001c32.jpg
905	event_file_6390d11114bdc.jpeg	\N	2022-12-07 11:44:49	2022-12-07 11:44:49	Imagen de WhatsApp 2022-12-06 a las 19.00.22.jpg
906	event_file_6390d11358136.jpeg	\N	2022-12-07 11:44:51	2022-12-07 11:44:51	Imagen de WhatsApp 2022-12-06 a las 19.00.53.jpg
907	event_file_6390d11831614.jpeg	\N	2022-12-07 11:44:56	2022-12-07 11:44:56	Imagen de WhatsApp 2022-12-06 a las 19.01.51.jpg
908	event_file_6390d11b3f2bc.jpeg	\N	2022-12-07 11:44:59	2022-12-07 11:44:59	Imagen de WhatsApp 2022-12-06 a las 19.02.38.jpg
909	event_file_6390d13e5adb9.jpeg	\N	2022-12-07 11:45:34	2022-12-07 11:45:34	91c72eeb-fde1-49fe-b3da-2272b98fed84.jpg
910	event_file_6390d141e8424.jpeg	\N	2022-12-07 11:45:37	2022-12-07 11:45:37	613f3943-1552-4738-a1ae-8344f8a9b334.jpg
911	event_file_6390d14558915.jpeg	\N	2022-12-07 11:45:41	2022-12-07 11:45:41	903f3cde-074c-4602-bf6c-5cb5561b1133.jpg
912	event_file_6390d1491da99.jpeg	\N	2022-12-07 11:45:45	2022-12-07 11:45:45	69117f4c-33c8-4bf3-a54b-2f1d9b2a8ca2.jpg
913	event_file_6390d14ca1aed.jpeg	\N	2022-12-07 11:45:48	2022-12-07 11:45:48	4d783af6-7973-4e88-bf84-94bff5da253a.jpg
914	event_file_6390d150ba900.jpeg	\N	2022-12-07 11:45:52	2022-12-07 11:45:52	9ddd0ff3-1cc7-45e7-b72d-a0872b6f1f51.jpg
863	event_file_638fe47179fc0.jpeg	\N	2022-12-06 18:55:13	2022-12-06 18:55:13	a10d90d5-8fbd-471f-a249-20206e76b2b3.jpg
864	event_file_638fe475477f9.jpeg	\N	2022-12-06 18:55:17	2022-12-06 18:55:17	66478a4c-cb79-43ab-aaf1-a6e5d4cc84a4.jpg
865	event_file_638fe4789e098.jpeg	\N	2022-12-06 18:55:20	2022-12-06 18:55:20	d9967e97-d4e1-4a4a-a408-e3238391be76.jpg
866	event_file_638fe47c42361.jpeg	\N	2022-12-06 18:55:24	2022-12-06 18:55:24	5d352a15-8378-4616-bab7-f555db97a274.jpg
867	event_file_638fe485765a2.jpeg	\N	2022-12-06 18:55:33	2022-12-06 18:55:33	c22c48ff-a8f5-44b4-82e3-3d01a384721b.jpg
868	event_file_638fe48840902.jpeg	\N	2022-12-06 18:55:36	2022-12-06 18:55:36	643abfec-62ad-4538-91cf-3f80d2443301.jpg
869	event_file_638fe48b010fd.jpeg	\N	2022-12-06 18:55:39	2022-12-06 18:55:39	09ad5eb1-0e9e-4b30-a334-dc919b9452a8.jpg
870	event_file_638fe48e4b24c.jpeg	\N	2022-12-06 18:55:42	2022-12-06 18:55:42	00d4b3c9-a569-4c18-864e-56dd06d49399.jpg
871	event_file_638fe492072a4.jpeg	\N	2022-12-06 18:55:46	2022-12-06 18:55:46	4b8c866b-e197-4585-854d-53410016daa2.jpg
872	event_file_638fe49483c56.jpeg	\N	2022-12-06 18:55:48	2022-12-06 18:55:48	9796c77e-1b1f-40e9-af22-4ea5afada453.jpg
873	event_file_638fe49840001.jpeg	\N	2022-12-06 18:55:52	2022-12-06 18:55:52	8ec1054f-264a-46bb-b1a5-70450cab202e.jpg
874	event_file_638fe49b105ae.jpeg	\N	2022-12-06 18:55:55	2022-12-06 18:55:55	97ebd94f-894f-42fc-8c8e-498b7cf2b539.jpg
875	event_file_638fe49dc6be6.jpeg	\N	2022-12-06 18:55:57	2022-12-06 18:55:57	b3618fff-92da-4ffa-9e58-54549008e2f9.jpg
876	event_file_638fe4a0982b4.jpeg	\N	2022-12-06 18:56:00	2022-12-06 18:56:00	c517703d-70c6-4cf4-9770-00608f40bfed.jpg
877	event_file_638fe4a31c7aa.jpeg	\N	2022-12-06 18:56:03	2022-12-06 18:56:03	593eeba1-fb9d-4a40-a96b-407898471c14.jpg
878	event_file_638fe4a525b22.jpeg	\N	2022-12-06 18:56:05	2022-12-06 18:56:05	833ef63c-993d-4055-b0d8-7f9902334a6a.jpg
879	event_file_638fe4a79bcdb.jpeg	\N	2022-12-06 18:56:07	2022-12-06 18:56:07	9eab5f3d-b221-49dd-b956-ab28227ce0c1.jpg
880	event_file_638fe4aa74e2a.jpeg	\N	2022-12-06 18:56:10	2022-12-06 18:56:10	79a0a129-1283-4f4a-b4b9-528e254c1b40.jpg
881	event_file_638fe4ac6b2d8.jpeg	\N	2022-12-06 18:56:12	2022-12-06 18:56:12	5d4f8684-32f4-4862-9166-5a39e8de62fb.jpg
882	event_file_638fe4af2a054.jpeg	\N	2022-12-06 18:56:15	2022-12-06 18:56:15	d416fdda-9fa0-43e0-a43e-a3ada1027a07.jpg
883	event_file_638fe4b15741a.jpeg	\N	2022-12-06 18:56:17	2022-12-06 18:56:17	3124d691-5dcd-40d4-bb67-89ca79c70e8d.jpg
884	event_file_638fe4b44d451.jpeg	\N	2022-12-06 18:56:20	2022-12-06 18:56:20	18e27718-e113-4639-b4a3-11df854762b1.jpg
885	event_file_638fe4b6c9ed1.jpeg	\N	2022-12-06 18:56:22	2022-12-06 18:56:22	c7aaa22e-7b1b-46a1-8c1e-ddf0a8f3697f.jpg
886	event_file_638fe4b9d65a2.jpeg	\N	2022-12-06 18:56:25	2022-12-06 18:56:25	122d1788-ceba-4194-9af4-8652a9b928d0.jpg
887	event_file_638fe4bcd65cb.jpeg	\N	2022-12-06 18:56:28	2022-12-06 18:56:28	c131c4e0-ee01-4a5b-8277-c840ce779fdf.jpg
888	event_file_638fe4bfe9928.jpeg	\N	2022-12-06 18:56:31	2022-12-06 18:56:31	95b58a41-927f-4052-9dc5-eb72143aa63e.jpg
915	event_file_6390d44ee9365.jpeg	\N	2022-12-07 11:58:38	2022-12-07 11:58:38	Imagen de WhatsApp 2022-12-06 a las 19.57.07.jpg
916	event_file_6390d45216534.jpeg	\N	2022-12-07 11:58:42	2022-12-07 11:58:42	Imagen de WhatsApp 2022-12-06 a las 20.07.08.jpg
917	event_file_6390d455de1c0.jpeg	\N	2022-12-07 11:58:45	2022-12-07 11:58:45	Imagen de WhatsApp 2022-12-06 a las 20.30.19.jpg
918	event_file_6390d459d6a1f.jpeg	\N	2022-12-07 11:58:49	2022-12-07 11:58:49	Imagen de WhatsApp 2022-12-06 a las 20.39.48.jpg
919	event_file_6390d45da9247.jpeg	\N	2022-12-07 11:58:53	2022-12-07 11:58:53	Imagen de WhatsApp 2022-12-06 a las 20.41.20.jpg
920	event_file_6390d465bfc46.jpeg	\N	2022-12-07 11:59:01	2022-12-07 11:59:01	Imagen de WhatsApp 2022-12-06 a las 20.42.48.jpg
921	event_file_6390d46910224.jpeg	\N	2022-12-07 11:59:05	2022-12-07 11:59:05	Imagen de WhatsApp 2022-12-06 a las 20.45.39.jpg
922	event_file_6390d46db8303.jpeg	\N	2022-12-07 11:59:09	2022-12-07 11:59:09	Imagen de WhatsApp 2022-12-06 a las 21.09.27.jpg
923	event_file_6390d47188886.jpeg	\N	2022-12-07 11:59:13	2022-12-07 11:59:13	Imagen de WhatsApp 2022-12-06 a las 21.10.01.jpg
924	event_file_6390d486d1a6e.jpeg	\N	2022-12-07 11:59:34	2022-12-07 11:59:34	5fc91301-9de7-45af-a6b1-1b0fcda5a3de.jpg
925	event_file_6390d4892b594.jpeg	\N	2022-12-07 11:59:37	2022-12-07 11:59:37	ffc809dc-77b0-4260-a5b3-4307ad647b64.jpg
926	event_file_6390d48dadb1c.jpeg	\N	2022-12-07 11:59:41	2022-12-07 11:59:41	4b98657a-d5d8-4b42-8b66-04263f1f153d.jpg
927	event_file_6390d491505ce.jpeg	\N	2022-12-07 11:59:45	2022-12-07 11:59:45	b2e3df3e-1367-40f9-bede-66338ce69cee.jpg
928	event_file_6390d494cfa6b.jpeg	\N	2022-12-07 11:59:48	2022-12-07 11:59:48	a7fc6e41-1701-4354-a49c-498d44216bcf.jpg
929	event_file_6390d499b9c80.jpeg	\N	2022-12-07 11:59:53	2022-12-07 11:59:53	ee19046c-d5cd-416e-a375-d9ed559377f2.jpg
930	event_file_6390d49c90bb0.jpeg	\N	2022-12-07 11:59:56	2022-12-07 11:59:56	45f3d684-d2f9-4c9b-8a7c-e9be1e434220.jpg
931	event_file_6390d4a16d06b.jpeg	\N	2022-12-07 12:00:01	2022-12-07 12:00:01	fd35d53d-d8d3-4c17-8c38-47f5a321e87d.jpg
932	event_file_6390d4a52da97.jpeg	\N	2022-12-07 12:00:05	2022-12-07 12:00:05	5c585399-d740-4096-936c-a4d51df7d21f.jpg
933	event_file_6390d4a895f45.jpeg	\N	2022-12-07 12:00:08	2022-12-07 12:00:08	7557dafa-4aab-4a09-9749-fd2c022042b9.jpg
934	event_file_6390d4abca22e.jpeg	\N	2022-12-07 12:00:11	2022-12-07 12:00:11	ee307c4b-d3d7-4a3f-84a5-0877aaad9828.jpg
935	event_file_6390d4b08f055.jpeg	\N	2022-12-07 12:00:16	2022-12-07 12:00:16	51b3e62d-877f-48d5-9457-2824f814bc73.jpg
936	event_file_6390d4b50446d.jpeg	\N	2022-12-07 12:00:21	2022-12-07 12:00:21	d0bec04f-274f-47de-80cf-b38ace07dd8f.jpg
937	event_file_6390d4bf91b9d.jpeg	\N	2022-12-07 12:00:31	2022-12-07 12:00:31	7134e3d8-558b-4c1d-b5ed-59c1c1b439e2.jpg
938	event_file_6390d4c7ec3cb.jpeg	\N	2022-12-07 12:00:39	2022-12-07 12:00:39	7cb30e8e-2524-44a0-8279-a90303d107bf.jpg
2	event_file_6266b783cd2bb.jpeg	\N	2022-04-25 10:00:19	2022-04-25 10:00:19	248d2980-7e31-454d-b79a-fab199bc890a.jpg
4	event_file_6266b79b9251f.jpeg	\N	2022-04-25 10:00:43	2022-04-25 10:00:43	5e808e74-f133-4aa5-9a53-10371ad97d26.jpg
5	event_file_6266b79dac77b.jpeg	\N	2022-04-25 10:00:45	2022-04-25 10:00:45	fd76b7bf-504f-45b6-b145-17257d644193.jpg
6	event_file_6266b7a61a148.jpeg	\N	2022-04-25 10:00:54	2022-04-25 10:00:54	ba966caf-d88a-4b7d-a159-af0449f25190.jpg
731	event_file_6361595613d48.jpeg	\N	2022-11-01 11:37:26	2022-11-01 11:37:26	1ef4c2db-734b-48b1-a2c9-2981f36ffdf6.jpg
732	event_file_63615958acd78.jpeg	\N	2022-11-01 11:37:28	2022-11-01 11:37:28	eaecd99a-3edb-4cf2-8f43-2c09c3bf479e.jpg
733	event_file_6361595c50e9c.jpeg	\N	2022-11-01 11:37:32	2022-11-01 11:37:32	4f4af8bf-b03d-4d14-a883-1cbfcbe79f2f.jpg
734	event_file_63615966001e6.jpeg	\N	2022-11-01 11:37:42	2022-11-01 11:37:42	a7f689c4-befa-40ec-9f08-4b619c812291.jpg
735	event_file_636159677d410.jpeg	\N	2022-11-01 11:37:43	2022-11-01 11:37:43	90422516-3ba7-4d52-b351-5137bfc7aa2e.jpg
736	event_file_6361596beff6b.jpeg	\N	2022-11-01 11:37:47	2022-11-01 11:37:47	2189314d-a8f5-4de3-ad45-d8e574bfc56a.jpg
737	event_file_636159700c4b9.jpeg	\N	2022-11-01 11:37:52	2022-11-01 11:37:52	09d50dbb-e5fb-4b92-ab71-6af6e4f24d25.jpg
738	event_file_6361597318504.jpeg	\N	2022-11-01 11:37:55	2022-11-01 11:37:55	595ece13-ce0d-4bb8-8421-7fc6b071b8b7.jpg
739	event_file_6361597643f86.jpeg	\N	2022-11-01 11:37:58	2022-11-01 11:37:58	719909fd-94e0-4dab-80a1-e84a5e45e554.jpg
740	event_file_63615980570ae.jpeg	\N	2022-11-01 11:38:08	2022-11-01 11:38:08	03408e2e-43f0-4e36-9e94-5359c2270d06.jpg
741	event_file_6361598b93833.jpeg	\N	2022-11-01 11:38:19	2022-11-01 11:38:19	29ff21ee-99de-496e-935d-35e0f9425753.jpg
939	event_file_6397745269bb2.jpeg	\N	2022-12-12 12:34:58	2022-12-12 12:34:58	ae9cb892-2ee1-4d6e-b831-ee5ac3a332dd.jpg
940	event_file_63977454a3417.jpeg	\N	2022-12-12 12:35:00	2022-12-12 12:35:00	03eac405-656c-4496-99b4-6a0a74f12b9e.jpg
941	event_file_6397745788525.jpeg	\N	2022-12-12 12:35:03	2022-12-12 12:35:03	b4abe177-fd9d-4dbb-a348-5a8324fea1a0.jpg
942	event_file_6397745b62d9b.jpeg	\N	2022-12-12 12:35:07	2022-12-12 12:35:07	87b41b62-9de2-4f88-8cf6-3e29e895c993.jpg
943	event_file_6397745f3412d.jpeg	\N	2022-12-12 12:35:11	2022-12-12 12:35:11	a26dd0cd-4938-4501-8482-c8842d66372d.jpg
944	event_file_63977465bd6be.jpeg	\N	2022-12-12 12:35:17	2022-12-12 12:35:17	049a7c0d-a935-459a-8bb3-8db185e93337.jpg
945	event_file_6397746b656df.jpeg	\N	2022-12-12 12:35:23	2022-12-12 12:35:23	899d0e62-ee99-4b6a-b80b-03bf2ef2dbaa.jpg
946	event_file_6397746d4c539.jpeg	\N	2022-12-12 12:35:25	2022-12-12 12:35:25	ad7b2413-3155-46a5-a8ab-28b639b93601.jpg
947	event_file_63977470b02db.jpeg	\N	2022-12-12 12:35:28	2022-12-12 12:35:28	0f679283-9c6c-4052-896c-2e99007e3166.jpg
948	event_file_63977473b11eb.jpeg	\N	2022-12-12 12:35:31	2022-12-12 12:35:31	3dbaef63-61b2-431d-9a04-a83720c1923a.jpg
949	event_file_6397747bdf018.jpeg	\N	2022-12-12 12:35:39	2022-12-12 12:35:39	855839f1-786d-4088-bb5e-377fbbced4bd.jpg
950	event_file_6397747f64068.jpeg	\N	2022-12-12 12:35:43	2022-12-12 12:35:43	f22001ed-b56a-40dc-ba82-bf9de4b78787.jpg
951	event_file_63977484b92cb.jpeg	\N	2022-12-12 12:35:48	2022-12-12 12:35:48	e0ba564b-4433-49bb-9e4f-da3f206d830c.jpg
952	event_file_6397748b561f3.jpeg	\N	2022-12-12 12:35:55	2022-12-12 12:35:55	2024b4e3-b611-4fef-88c2-fa1e29c1047a.jpg
953	event_file_6397748de6bdc.jpeg	\N	2022-12-12 12:35:57	2022-12-12 12:35:57	1eaf462e-12c6-4d7d-987d-b8563e596083.jpg
954	event_file_639774911691e.jpeg	\N	2022-12-12 12:36:01	2022-12-12 12:36:01	51cce6bd-030b-4aec-bf23-5754e7b78e2c.jpg
955	event_file_639774952cd6a.jpeg	\N	2022-12-12 12:36:05	2022-12-12 12:36:05	e48e507e-5156-4969-88c3-cf59d407591e.jpg
956	event_file_6397749ae2c02.jpeg	\N	2022-12-12 12:36:10	2022-12-12 12:36:10	66ec7a44-9c3f-4982-8873-e904605bc62f.jpg
957	event_file_639774a0b21d7.jpeg	\N	2022-12-12 12:36:16	2022-12-12 12:36:16	b6151687-89f4-4088-97b8-afd098bebfae.jpg
958	event_file_639774a4035df.jpeg	\N	2022-12-12 12:36:20	2022-12-12 12:36:20	3f43a2ea-06b6-4351-af26-bae28d26225d.jpg
959	event_file_639774b3e9938.jpeg	\N	2022-12-12 12:36:35	2022-12-12 12:36:35	95b6004b-1ffe-418c-825a-14c9c8ca0d29.jpg
960	event_file_639774b60fea2.jpeg	\N	2022-12-12 12:36:38	2022-12-12 12:36:38	56a1cdb5-08b6-4572-b0be-2f0d15ee6f30.jpg
961	event_file_6398e8f6392c5.jpeg	\N	2022-12-13 15:04:54	2022-12-13 15:04:54	bbc2dfed-b68d-43bd-88af-39a24279b5aa.jpg
962	event_file_6398e8faa0bde.jpeg	\N	2022-12-13 15:04:58	2022-12-13 15:04:58	658ab97a-7139-462a-a45f-27041e1fa9a6.jpg
963	event_file_6398e90413a6b.jpeg	\N	2022-12-13 15:05:08	2022-12-13 15:05:08	bd097487-5815-42dd-9d86-e4e144a3f498.jpg
964	event_file_6398e906e0536.jpeg	\N	2022-12-13 15:05:10	2022-12-13 15:05:10	57d02277-ca7e-4a7b-9ab6-987f6c477820.jpg
965	event_file_6398e90d248bb.jpeg	\N	2022-12-13 15:05:17	2022-12-13 15:05:17	0c61033f-f3a0-425e-bc79-56582cd702b4.jpg
966	event_file_6398e90fdf62c.jpeg	\N	2022-12-13 15:05:19	2022-12-13 15:05:19	9018e6c5-3356-4517-b881-7dba3a65efff.jpg
967	event_file_6398e9130cf54.jpeg	\N	2022-12-13 15:05:23	2022-12-13 15:05:23	4801d44a-61e5-44ea-a656-48cd3e22cfe3.jpg
968	event_file_6398e917a384d.jpeg	\N	2022-12-13 15:05:27	2022-12-13 15:05:27	d7f28bdd-a1fb-4ccb-b9ab-9e56dd1da276.jpg
969	event_file_6398e91b4e8a5.jpeg	\N	2022-12-13 15:05:31	2022-12-13 15:05:31	1ae16b77-e9ce-40ae-b2e3-3207b76151fc.jpg
970	event_file_6398e92125e85.jpeg	\N	2022-12-13 15:05:37	2022-12-13 15:05:37	ea2d3a44-c760-4bea-8d00-aeb07c8dee5f.jpg
971	event_file_6398e9284fbd2.jpeg	\N	2022-12-13 15:05:44	2022-12-13 15:05:44	b8c89bf1-468f-4996-8189-abf69f9abbb4.jpg
972	event_file_6398e92a00d22.jpeg	\N	2022-12-13 15:05:46	2022-12-13 15:05:46	bcaa4ac1-da8a-4395-8e99-e459d26a22c1.jpg
973	event_file_6398e92f6b22f.jpeg	\N	2022-12-13 15:05:51	2022-12-13 15:05:51	71b3ff44-5c33-450f-a3a4-86eafd0f50ed.jpg
974	event_file_6398e93329766.jpeg	\N	2022-12-13 15:05:55	2022-12-13 15:05:55	efab5fa9-d829-44db-ab28-62684b30f4a4.jpg
975	event_file_6398e93b5e08f.jpeg	\N	2022-12-13 15:06:03	2022-12-13 15:06:03	1f87d825-8845-4945-8c46-6fc8891becca.jpg
976	event_file_6398e9412d113.jpeg	\N	2022-12-13 15:06:09	2022-12-13 15:06:09	b5c6f78a-a9e2-428f-87ec-ac71456a7d85.jpg
977	event_file_6398e947b0a9a.jpeg	\N	2022-12-13 15:06:15	2022-12-13 15:06:15	f7e35428-30b7-4f2c-9bb2-cd1613e63b51.jpg
978	event_file_6398e94a0901d.jpeg	\N	2022-12-13 15:06:18	2022-12-13 15:06:18	77bcee4f-da40-40f5-a632-42a585663f5d.jpg
979	event_file_6398e94e1f46e.jpeg	\N	2022-12-13 15:06:22	2022-12-13 15:06:22	235e7c25-e57f-4027-928d-5cbd619948bf.jpg
980	event_file_6398e950764cf.jpeg	\N	2022-12-13 15:06:24	2022-12-13 15:06:24	414d4ad4-723a-4eb4-9074-f2d5b77c5c7f.jpg
981	event_file_6398e95dc3074.jpeg	\N	2022-12-13 15:06:37	2022-12-13 15:06:37	070af2d4-0bcb-426b-9bce-a49548c58013.jpg
982	event_file_6398e961279ee.jpeg	\N	2022-12-13 15:06:41	2022-12-13 15:06:41	7951254f-dad0-4950-81f3-a9ff840ca2c6.jpg
983	event_file_6398e964da7e4.jpeg	\N	2022-12-13 15:06:44	2022-12-13 15:06:44	0b09cad0-152e-428c-bb5d-8f0e9c1a63e4.jpg
984	event_file_6398e9683a8b6.jpeg	\N	2022-12-13 15:06:48	2022-12-13 15:06:48	7ec56ed2-babb-4212-ba67-5732e6edac96.jpg
985	event_file_6398e97008495.jpeg	\N	2022-12-13 15:06:56	2022-12-13 15:06:56	0aff22ac-21ec-43e2-983c-f310ca7ad91a.jpg
986	event_file_6398e9739cefe.jpeg	\N	2022-12-13 15:06:59	2022-12-13 15:06:59	4f3a9072-6461-4fc2-bf5d-c4d84753bc43.jpg
987	event_file_6398e97dc7e3a.jpeg	\N	2022-12-13 15:07:09	2022-12-13 15:07:09	8b25b898-cb8d-4cbb-96f9-5a5420696ac8.jpg
988	event_file_6398e98064196.jpeg	\N	2022-12-13 15:07:12	2022-12-13 15:07:12	05d25042-0ea0-4edf-8e9b-bd3f78a4e393.jpg
989	event_file_6398e98536a33.jpeg	\N	2022-12-13 15:07:17	2022-12-13 15:07:17	563ebd85-3599-4513-a8b8-46b677b2f808.jpg
990	event_file_6398e98c3c909.jpeg	\N	2022-12-13 15:07:24	2022-12-13 15:07:24	5fd021fc-d99b-4d92-bf0b-6f010dff0079.jpg
991	event_file_6398e98f32be1.jpeg	\N	2022-12-13 15:07:27	2022-12-13 15:07:27	e5346137-eb69-4c88-a9a3-37cd5e938e7f.jpg
992	event_file_6398e9923de96.jpeg	\N	2022-12-13 15:07:30	2022-12-13 15:07:30	f0ccc40c-efc6-4e9e-8594-04baeb8f4127.jpg
993	event_file_6398e99425214.jpeg	\N	2022-12-13 15:07:32	2022-12-13 15:07:32	58e8d9ff-2dbf-4201-a5b8-cb18a9f21936.jpg
994	event_file_6398e99a87266.jpeg	\N	2022-12-13 15:07:38	2022-12-13 15:07:38	566d0d80-3de5-4692-9594-9f3f5fb32fad.jpg
995	event_file_6398e99ca5623.jpeg	\N	2022-12-13 15:07:40	2022-12-13 15:07:40	dcc02042-3e0e-4c04-ae1f-e95eaad32294.jpg
996	event_file_6398e99f360c1.jpeg	\N	2022-12-13 15:07:43	2022-12-13 15:07:43	fba7457f-1829-49a4-9881-dabdaddbc668.jpg
997	event_file_6398e9a228a12.jpeg	\N	2022-12-13 15:07:46	2022-12-13 15:07:46	bc40b0fb-c766-4e8f-a01d-a228740eca2b.jpg
998	event_file_6398e9a529939.jpeg	\N	2022-12-13 15:07:49	2022-12-13 15:07:49	aa02626d-9068-4447-82f0-3e6aac599332.jpg
999	event_file_6398e9a785daf.jpeg	\N	2022-12-13 15:07:51	2022-12-13 15:07:51	ee4cf5c4-77c9-401c-93c6-7a44d7422c82.jpg
1000	event_file_6398e9a9b86c6.jpeg	\N	2022-12-13 15:07:53	2022-12-13 15:07:53	b80ff024-10e6-485b-ae0c-94d413a9e5d4.jpg
1001	event_file_6398e9b1336ff.jpeg	\N	2022-12-13 15:08:01	2022-12-13 15:08:01	f99b364a-aac8-44d3-845f-94ef2ea30f7c.jpg
1002	event_file_6398e9b867ac0.jpeg	\N	2022-12-13 15:08:08	2022-12-13 15:08:08	6bafe1ef-5fe6-42f3-88fe-d1ca3c4c566b.jpg
1003	event_file_6398e9b9e92db.jpeg	\N	2022-12-13 15:08:09	2022-12-13 15:08:09	10f6cdb9-7a64-48c1-a4c0-c4b0ab52d9d2.jpg
1004	event_file_6398e9bcab14a.jpeg	\N	2022-12-13 15:08:12	2022-12-13 15:08:12	82f93c76-da2a-4953-8e64-8b64c70d606d.jpg
1005	event_file_6398e9be80f2f.jpeg	\N	2022-12-13 15:08:14	2022-12-13 15:08:14	8e6f7225-25eb-4b9a-a84c-83791658b57b.jpg
1006	event_file_6398e9c14763d.jpeg	\N	2022-12-13 15:08:17	2022-12-13 15:08:17	e5046d23-f5c7-48c1-93bf-2d83c245b85e.jpg
1007	event_file_6398e9c46bbdb.jpeg	\N	2022-12-13 15:08:20	2022-12-13 15:08:20	8df419fa-ae8d-4397-87c9-dcc87fd04545.jpg
1008	event_file_6398e9c78fb00.jpeg	\N	2022-12-13 15:08:23	2022-12-13 15:08:23	9e9c4659-cf90-4f53-a480-4407b16dfcc0.jpg
1009	event_file_6398e9c906edd.jpeg	\N	2022-12-13 15:08:25	2022-12-13 15:08:25	f8b332d0-004a-4028-a61b-58c7685de41a.jpg
1010	event_file_6398e9d246e63.jpeg	\N	2022-12-13 15:08:34	2022-12-13 15:08:34	981a5a03-36a7-4a48-94f5-012019b104ce.jpg
1011	event_file_6398e9d4257c4.jpeg	\N	2022-12-13 15:08:36	2022-12-13 15:08:36	ed98675b-9d5d-469c-b4f4-ed560e973b01.jpg
1012	event_file_6398e9d5aeb26.jpeg	\N	2022-12-13 15:08:37	2022-12-13 15:08:37	ed98675b-9d5d-469c-b4f4-ed560e973b01.jpg
1013	event_file_6398e9d7626d8.jpeg	\N	2022-12-13 15:08:39	2022-12-13 15:08:39	d71c929e-6b87-4d93-9260-952cd302eaeb.jpg
1014	event_file_6398e9deb5538.jpeg	\N	2022-12-13 15:08:46	2022-12-13 15:08:46	061e2118-9cd9-4fc8-8d85-cce71464edd8.jpg
1015	event_file_6398e9e02d6d2.jpeg	\N	2022-12-13 15:08:48	2022-12-13 15:08:48	57971000-231b-4bd8-8eab-e51af4dc2da1.jpg
1016	event_file_6398e9e252e0a.jpeg	\N	2022-12-13 15:08:50	2022-12-13 15:08:50	2822b29a-4c37-4568-a28d-36e888b8e0b1.jpg
1017	event_file_6398e9e61bce7.jpeg	\N	2022-12-13 15:08:54	2022-12-13 15:08:54	6cef3dcc-1951-49cd-bffb-85796ded995a.jpg
1018	event_file_6398e9e7b2880.jpeg	\N	2022-12-13 15:08:55	2022-12-13 15:08:55	e2ffa94f-48df-4f87-86b1-0a9de8e3c0c9.jpg
1019	event_file_6398e9e97a4db.jpeg	\N	2022-12-13 15:08:57	2022-12-13 15:08:57	b3234743-7539-4d3a-a56a-2ebe3b16dd85.jpg
1020	event_file_6398e9eb5b587.jpeg	\N	2022-12-13 15:08:59	2022-12-13 15:08:59	9bf74a76-5c13-4959-b63d-cc91c8c2cef1.jpg
1021	event_file_6398e9f97842e.jpeg	\N	2022-12-13 15:09:13	2022-12-13 15:09:13	b1657ca1-571d-44a9-982c-5c7c613ac5df.jpg
1022	event_file_6398ea03aa6f6.jpeg	\N	2022-12-13 15:09:23	2022-12-13 15:09:23	1182c061-6951-41a5-9d01-7ffc48a3c99d.jpg
1023	event_file_6398ea06062a6.jpeg	\N	2022-12-13 15:09:26	2022-12-13 15:09:26	059647d2-8bf0-448b-821a-746c7658461c.jpg
1024	event_file_6398ea08198b9.jpeg	\N	2022-12-13 15:09:28	2022-12-13 15:09:28	00fd9e6d-b24d-47e4-9352-705b5bb731c8.jpg
1025	event_file_6398ea10b954e.jpeg	\N	2022-12-13 15:09:36	2022-12-13 15:09:36	1182c061-6951-41a5-9d01-7ffc48a3c99d.jpg
1026	event_file_6398ea1310170.jpeg	\N	2022-12-13 15:09:39	2022-12-13 15:09:39	059647d2-8bf0-448b-821a-746c7658461c.jpg
1027	event_file_6398ea1615169.jpeg	\N	2022-12-13 15:09:42	2022-12-13 15:09:42	00fd9e6d-b24d-47e4-9352-705b5bb731c8.jpg
1028	event_file_6398ea18b1a4b.jpeg	\N	2022-12-13 15:09:44	2022-12-13 15:09:44	3b484848-4f76-4fc6-bf71-5d2ed3c1551c.jpg
1029	event_file_6398ea1c93122.jpeg	\N	2022-12-13 15:09:48	2022-12-13 15:09:48	f24481b9-ef1c-4a9a-936d-632fd48d8148.jpg
1030	event_file_6398ea1f13ef2.jpeg	\N	2022-12-13 15:09:51	2022-12-13 15:09:51	e163952c-6f68-45d0-abcd-e45a26d0e884.jpg
1031	event_file_6398ea20c6a6b.jpeg	\N	2022-12-13 15:09:52	2022-12-13 15:09:52	0031f1fd-79ae-4cf9-b76e-2ba70f67d73c.jpg
1032	event_file_6398ea2496283.jpeg	\N	2022-12-13 15:09:56	2022-12-13 15:09:56	85eedba1-b4ce-4f38-b6a3-45457f6f954d.jpg
1033	event_file_6398ea26f2cdb.jpeg	\N	2022-12-13 15:09:58	2022-12-13 15:09:58	eab675e1-6b26-46c4-a2a5-9560d728d127.jpg
1034	event_file_6398ea29a4288.jpeg	\N	2022-12-13 15:10:01	2022-12-13 15:10:01	4c947d8e-0375-4578-aaee-5601f62a0e6d.jpg
1035	event_file_6398ea2be5bd2.jpeg	\N	2022-12-13 15:10:03	2022-12-13 15:10:03	6d15d27a-c31f-4ac5-9381-003da7e02ad1.jpg
1036	event_file_6398ea2f7eef3.jpeg	\N	2022-12-13 15:10:07	2022-12-13 15:10:07	056be602-4d90-45d2-8993-8891b6d45213.jpg
1037	event_file_6398ea323e07a.jpeg	\N	2022-12-13 15:10:10	2022-12-13 15:10:10	361edff8-898c-4ff4-ba88-20b554b64d32.jpg
1038	event_file_6398ea384ef85.jpeg	\N	2022-12-13 15:10:16	2022-12-13 15:10:16	5920807c-b11e-485d-9e75-621bb0fe8472.jpg
1039	event_file_6398ea3bc549b.jpeg	\N	2022-12-13 15:10:19	2022-12-13 15:10:19	8b580507-0ac7-4b97-acbd-aaaa266d11d1.jpg
1040	event_file_6398ea3e54b94.jpeg	\N	2022-12-13 15:10:22	2022-12-13 15:10:22	2faa9059-87e4-4879-adb6-bb906fe8eef3.jpg
1041	event_file_6398ea410c00f.jpeg	\N	2022-12-13 15:10:25	2022-12-13 15:10:25	c4513de4-7ca6-4f43-ad68-ad66bbf40cf1.jpg
1042	event_file_6398ea43f1ab8.jpeg	\N	2022-12-13 15:10:27	2022-12-13 15:10:27	e4a2061f-8821-42b0-8fa1-ffe20a2d948c.jpg
1043	event_file_6398ea4878ed7.jpeg	\N	2022-12-13 15:10:32	2022-12-13 15:10:32	48f4e26c-3562-4c22-80c8-554f6dafaa07.jpg
1044	event_file_6398ea4c0ef91.jpeg	\N	2022-12-13 15:10:36	2022-12-13 15:10:36	7de3b48c-158d-4d11-8e77-bb0f261367ac.jpg
1045	event_file_6398ea4ee6085.jpeg	\N	2022-12-13 15:10:38	2022-12-13 15:10:38	ac40d31f-9258-4eac-b179-176ee0c47f36.jpg
1046	event_file_6398ea51ea25a.jpeg	\N	2022-12-13 15:10:41	2022-12-13 15:10:41	c26aed3e-233f-48b9-9590-a11ffd4b882c.jpg
1047	event_file_6398ea54c4f9c.jpeg	\N	2022-12-13 15:10:44	2022-12-13 15:10:44	ec9ff52b-fb54-42da-b8d9-21724c62db91.jpg
1048	event_file_6398ea5b85894.jpeg	\N	2022-12-13 15:10:51	2022-12-13 15:10:51	359cd7a2-3e65-4582-aeb1-aade43ba3338.jpg
1049	event_file_6398ea66dcb29.jpeg	\N	2022-12-13 15:11:02	2022-12-13 15:11:02	27e20808-e882-4ab3-8f90-469dffa965d5.jpg
1050	event_file_6398ea6be92c3.jpeg	\N	2022-12-13 15:11:07	2022-12-13 15:11:07	294dc6f8-e65e-4f6f-9fb0-db13eda7bdc6.jpg
1051	event_file_6398ea6e14980.jpeg	\N	2022-12-13 15:11:10	2022-12-13 15:11:10	aeb89e86-91c8-4a40-ba3a-9ba64d5991aa.jpg
1052	event_file_6398ea705d633.jpeg	\N	2022-12-13 15:11:12	2022-12-13 15:11:12	9739a99d-e5ba-4916-b545-98d4b9bae6d9.jpg
1053	event_file_6398ea724e2df.jpeg	\N	2022-12-13 15:11:14	2022-12-13 15:11:14	aa5e8aee-82f2-49e3-ab9b-ee5c31256df7.jpg
1054	event_file_6398ea76379d4.jpeg	\N	2022-12-13 15:11:18	2022-12-13 15:11:18	1182c061-6951-41a5-9d01-7ffc48a3c99d.jpg
1055	event_file_6398ea85e7d40.jpeg	\N	2022-12-13 15:11:33	2022-12-13 15:11:33	1e34f573-047f-4e96-95c0-86638777623b.jpg
1056	event_file_6398ea88de4aa.jpeg	\N	2022-12-13 15:11:36	2022-12-13 15:11:36	eefe2eea-c72f-4333-af25-5143ab7125d0.jpg
1057	event_file_6398ea8c7cbad.jpeg	\N	2022-12-13 15:11:40	2022-12-13 15:11:40	c369585e-009f-472b-802b-7dd96d591b9c.jpg
1058	event_file_6398ea908c2d4.jpeg	\N	2022-12-13 15:11:44	2022-12-13 15:11:44	38f0af6e-5d84-419a-ac1b-22ec8646bf7d.jpg
1059	event_file_6398ea9393ae9.jpeg	\N	2022-12-13 15:11:47	2022-12-13 15:11:47	f4167018-7f6d-4f46-b819-ecc68aa2f0a9.jpg
1060	event_file_6398f237b67a8.jpeg	\N	2022-12-13 15:44:23	2022-12-13 15:44:23	ac37bc90-6531-4890-856f-17115d926efa.jpg
1061	event_file_6398f239a843f.jpeg	\N	2022-12-13 15:44:25	2022-12-13 15:44:25	d19a76af-ec3c-4c90-8ded-9952766004cd.jpg
1062	event_file_6398f23c7c8e7.jpeg	\N	2022-12-13 15:44:28	2022-12-13 15:44:28	9c97d95d-0357-4e03-a0c0-e83db7008fcf.jpg
1063	event_file_6398f23edc738.jpeg	\N	2022-12-13 15:44:30	2022-12-13 15:44:30	8f00e98b-647c-4c57-b172-39053fb9ac3a.jpg
1064	event_file_6398f24168ed1.jpeg	\N	2022-12-13 15:44:33	2022-12-13 15:44:33	48ef6111-a898-48c8-8877-513fff9095f4.jpg
1065	event_file_6398f245c162d.jpeg	\N	2022-12-13 15:44:37	2022-12-13 15:44:37	b64335a2-25d3-4c04-9433-caaa335e17b2.jpg
1066	event_file_6398f2487d154.jpeg	\N	2022-12-13 15:44:40	2022-12-13 15:44:40	a67ee7ba-134e-41cf-9193-43ba65345f54.jpg
1067	event_file_6398f24b13f5b.jpeg	\N	2022-12-13 15:44:43	2022-12-13 15:44:43	04db5040-4a49-4a61-bd62-51c75c46e8d5.jpg
1068	event_file_6398f3057f61d.jpeg	\N	2022-12-13 15:47:49	2022-12-13 15:47:49	ec76620a-8fa9-4a8f-9f4a-e2008c9eb920.jpg
1069	event_file_6398f307801b9.jpeg	\N	2022-12-13 15:47:51	2022-12-13 15:47:51	2f0bb2a6-6db4-4dc8-ac02-4aadbd9a5942.jpg
1070	event_file_6398f30a74ab5.jpeg	\N	2022-12-13 15:47:54	2022-12-13 15:47:54	a76e2657-0480-4175-a0f9-c5a21eedfadc.jpg
1071	event_file_6398f30d43bde.jpeg	\N	2022-12-13 15:47:57	2022-12-13 15:47:57	e69cb854-77bf-4a46-8da9-8de5c5f0d405.jpg
1072	event_file_6398f67e0613d.jpeg	\N	2022-12-13 16:02:38	2022-12-13 16:02:38	6d870355-ab54-46e1-8acd-6366337445fb.jpg
1073	event_file_6398f6802d085.jpeg	\N	2022-12-13 16:02:40	2022-12-13 16:02:40	f5f288f6-74b1-4c68-aa26-3667c659068c.jpg
1074	event_file_6398f722ed5f5.jpeg	\N	2022-12-13 16:05:22	2022-12-13 16:05:22	a47a4e2f-4fb4-48aa-9373-549956e1318d.jpg
1075	event_file_6399014ad4877.jpeg	\N	2022-12-13 16:48:42	2022-12-13 16:48:42	638a52f6-c2eb-425c-befa-c0396b30a764.jpg
1076	event_file_6399038677a03.jpeg	\N	2022-12-13 16:58:14	2022-12-13 16:58:14	69f3896a-4578-42b7-82fa-14f37d27e068.jpg
1077	event_file_639903a8a7300.jpeg	\N	2022-12-13 16:58:48	2022-12-13 16:58:48	b9ed50a8-9277-43bb-aa4a-0f8bc1906b01.jpg
1078	event_file_63990c7fce38d.jpeg	\N	2022-12-13 17:36:31	2022-12-13 17:36:31	d76d60d8-2861-429b-9c0e-fa579fb1f1bd.jpg
1079	event_file_63990c81e2fce.jpeg	\N	2022-12-13 17:36:33	2022-12-13 17:36:33	21578cdb-7f39-4946-bcff-8a9782d09863.jpg
1080	event_file_63990c86886ff.jpeg	\N	2022-12-13 17:36:38	2022-12-13 17:36:38	f0d13a3b-7939-44ae-b012-d54a66f5c86e.jpg
1081	event_file_63990c8cdaa47.jpeg	\N	2022-12-13 17:36:44	2022-12-13 17:36:44	112690a6-39d3-4fe2-bf1b-702620d4c3f1.jpg
1082	event_file_63990c9b0f111.jpeg	\N	2022-12-13 17:36:59	2022-12-13 17:36:59	ab16a9d8-6c95-4e60-82c5-ca0d4c2144ef.jpg
1083	event_file_63990c9df3409.jpeg	\N	2022-12-13 17:37:01	2022-12-13 17:37:01	e163b7f2-ff01-47c0-86d9-ed9e41dfe0b5.jpg
1084	event_file_63990d0b95f6c.jpeg	\N	2022-12-13 17:38:51	2022-12-13 17:38:51	a65ba4d4-d9a3-4da5-8a05-e90b1f14f926.jpg
1085	event_file_63990d0d2d910.jpeg	\N	2022-12-13 17:38:53	2022-12-13 17:38:53	f8832fb7-ce00-4e6a-967b-d5678cb16f64.jpg
1086	event_file_63990d0fa7c63.jpeg	\N	2022-12-13 17:38:55	2022-12-13 17:38:55	41f8ac93-b495-488e-b711-b55b4f3a91e4.jpg
1087	event_file_63990d11a5542.jpeg	\N	2022-12-13 17:38:57	2022-12-13 17:38:57	5e968a58-8b3e-4a58-8384-a89ab1d56442.jpg
1088	event_file_63990d13d8433.jpeg	\N	2022-12-13 17:38:59	2022-12-13 17:38:59	48b08fa3-7663-4c6c-bb00-64434d71e44b.jpg
1089	event_file_63990d16739ed.jpeg	\N	2022-12-13 17:39:02	2022-12-13 17:39:02	e898c568-f778-46ea-aaff-b287db3ca1a6.jpg
1090	event_file_63990d19ba6a8.jpeg	\N	2022-12-13 17:39:05	2022-12-13 17:39:05	3df26b06-6d31-4fa4-afc1-3dc3dbe192e0.jpg
1091	event_file_63990d1c72052.jpeg	\N	2022-12-13 17:39:08	2022-12-13 17:39:08	7cd0e028-aaf9-4cd2-8302-fcb3b7a43dac.jpg
1092	event_file_63990d200d7cd.jpeg	\N	2022-12-13 17:39:12	2022-12-13 17:39:12	fe5c0f04-5332-4b5d-ad3c-b62687c23ce8.jpg
1093	event_file_63990d250837e.jpeg	\N	2022-12-13 17:39:17	2022-12-13 17:39:17	374e42d3-01f5-48d1-b965-c0a4cfac72e6.jpg
1094	event_file_63990d27a0c93.jpeg	\N	2022-12-13 17:39:19	2022-12-13 17:39:19	8a0a57d7-4727-435c-8cf5-ed5f40a4ae72.jpg
1095	event_file_63990dc9e422d.jpeg	\N	2022-12-13 17:42:01	2022-12-13 17:42:01	374e42d3-01f5-48d1-b965-c0a4cfac72e6.jpg
1096	event_file_63990dcc0edab.jpeg	\N	2022-12-13 17:42:04	2022-12-13 17:42:04	8a0a57d7-4727-435c-8cf5-ed5f40a4ae72.jpg
1097	event_file_63990dce3b794.jpeg	\N	2022-12-13 17:42:06	2022-12-13 17:42:06	58a97077-dfce-4fc7-b1ce-fdc745906e19.jpg
1098	event_file_63990dd0e81c9.jpeg	\N	2022-12-13 17:42:08	2022-12-13 17:42:08	9bae710b-7041-4cf4-b529-f974d1ecec2f.jpg
1099	event_file_63990ddab18f4.jpeg	\N	2022-12-13 17:42:18	2022-12-13 17:42:18	86b136cd-528e-4dfa-9f7f-d13b93080ae1.jpg
1100	event_file_63990fbe2f4f0.jpeg	\N	2022-12-13 17:50:22	2022-12-13 17:50:22	d9c54856-15ed-4c96-ae38-2a6ff382a2a0.jpg
1101	event_file_63990fbfe2fca.jpeg	\N	2022-12-13 17:50:23	2022-12-13 17:50:23	c3deaa41-01bd-4402-a363-1836210548cb.jpg
1102	event_file_63990fc5118d4.jpeg	\N	2022-12-13 17:50:29	2022-12-13 17:50:29	b75201e9-bed0-4f39-8d87-7487cafdfd75.jpg
1103	event_file_63990fc84dbf5.jpeg	\N	2022-12-13 17:50:32	2022-12-13 17:50:32	a276e167-3d78-4650-84fd-895a48dcd9e1.jpg
1104	event_file_63990fd94fb9a.jpeg	\N	2022-12-13 17:50:49	2022-12-13 17:50:49	091f4498-01e2-45ae-8242-d71d306ecdd3.jpg
1105	event_file_63990fdc6ba10.jpeg	\N	2022-12-13 17:50:52	2022-12-13 17:50:52	7b557b56-c31b-46ba-9d2c-1340ab13f960.jpg
1106	event_file_63990fdded063.jpeg	\N	2022-12-13 17:50:53	2022-12-13 17:50:53	c0f68578-2c6a-4f24-9d59-61e3b7b139e9.jpg
1107	event_file_639a23d2e5f7c.jpeg	\N	2022-12-14 13:28:18	2022-12-14 13:28:18	fb4909ab-9668-456c-9981-63dc96bc1ca6.jpg
1108	event_file_639a23d55d0b7.jpeg	\N	2022-12-14 13:28:21	2022-12-14 13:28:21	cb8df723-5d2b-4e14-abd5-c7eea5832d8a.jpg
1109	event_file_639a23db15de0.jpeg	\N	2022-12-14 13:28:27	2022-12-14 13:28:27	333dd669-b820-4e8d-a976-0d5d98a0dc18.jpg
1110	event_file_639a23ddf35a7.jpeg	\N	2022-12-14 13:28:29	2022-12-14 13:28:29	6468bd71-65ec-470d-a5f1-6ddefd757265.jpg
1111	event_file_639a23e0eb90e.jpeg	\N	2022-12-14 13:28:32	2022-12-14 13:28:32	53f9f736-10a8-4545-9e2b-3cbec7f59405.jpg
1112	event_file_639a23e4134ba.jpeg	\N	2022-12-14 13:28:36	2022-12-14 13:28:36	59da0186-16c3-45f6-9ed9-cdff5654df34.jpg
1113	event_file_639a23e8848fd.jpeg	\N	2022-12-14 13:28:40	2022-12-14 13:28:40	128873fe-7cd8-4311-a5a6-286d7b13dbc9.jpg
1114	event_file_639a23ed24238.jpeg	\N	2022-12-14 13:28:45	2022-12-14 13:28:45	f62a3a27-0aad-4531-8a87-eafb13847698.jpg
1115	event_file_639a23f054f83.jpeg	\N	2022-12-14 13:28:48	2022-12-14 13:28:48	d671d885-fd08-4fdb-b4ac-b15fba835ecd.jpg
1116	event_file_639a23f327717.jpeg	\N	2022-12-14 13:28:51	2022-12-14 13:28:51	49cd0cda-53c9-41ca-967e-c7fb879e8f69.jpg
1117	event_file_639a23fae2d14.jpeg	\N	2022-12-14 13:28:58	2022-12-14 13:28:58	5c5e16f2-86aa-4b52-ae98-3ccb0615c861.jpg
1118	event_file_639a23fc9a7a7.jpeg	\N	2022-12-14 13:29:00	2022-12-14 13:29:00	33e00337-c54d-40b9-a34d-b91b25d757b4.jpg
1119	event_file_639a2400dc15d.jpeg	\N	2022-12-14 13:29:04	2022-12-14 13:29:04	2432e510-9475-4157-8a36-f51f7c4a19d4.jpg
1120	event_file_639a2404ec3b0.jpeg	\N	2022-12-14 13:29:08	2022-12-14 13:29:08	8d829532-8b5d-4ce0-af74-696537d95052.jpg
1121	event_file_639a2408f0d73.jpeg	\N	2022-12-14 13:29:12	2022-12-14 13:29:12	77066ae1-74ed-44e9-be1b-5aa63ea01f92.jpg
1122	event_file_639a245bd0d64.jpeg	\N	2022-12-14 13:30:35	2022-12-14 13:30:35	77066ae1-74ed-44e9-be1b-5aa63ea01f92.jpg
1123	event_file_639a245d416da.jpeg	\N	2022-12-14 13:30:37	2022-12-14 13:30:37	a704bd6e-6af3-4867-a3d8-ed13fe093478.jpg
1124	event_file_639a248db94d2.jpeg	\N	2022-12-14 13:31:25	2022-12-14 13:31:25	614f8eed-584e-4e1b-9ed4-409350adc6ce.jpg
1125	event_file_639a24aa44187.jpeg	\N	2022-12-14 13:31:54	2022-12-14 13:31:54	13297153-1a36-481b-a323-4d4a7dbddcdf.jpg
1126	event_file_639a24acb5a79.jpeg	\N	2022-12-14 13:31:56	2022-12-14 13:31:56	c64b0f5e-2a34-4d64-bfef-162f32171e26.jpg
1127	event_file_639a24b0ea5a2.jpeg	\N	2022-12-14 13:32:00	2022-12-14 13:32:00	8ce1ebc7-f433-422d-89c3-e295b264defd.jpg
1128	event_file_639a24b3ed180.jpeg	\N	2022-12-14 13:32:03	2022-12-14 13:32:03	ee6c1f61-711e-40e2-9ef7-865adf1c0bc4.jpg
1129	event_file_639a24b8aba49.jpeg	\N	2022-12-14 13:32:08	2022-12-14 13:32:08	8c720d8f-b2b4-42a2-8133-7f093e9b9dc3.jpg
1130	event_file_639a24bb67805.jpeg	\N	2022-12-14 13:32:11	2022-12-14 13:32:11	c17d4ebc-cc15-41ac-aff2-1b86e7f32dbf.jpg
1131	event_file_639a24be6bfad.jpeg	\N	2022-12-14 13:32:14	2022-12-14 13:32:14	dbb424ee-29ab-40e9-adc5-01502ee2c503.jpg
1132	event_file_639a24c16e372.jpeg	\N	2022-12-14 13:32:17	2022-12-14 13:32:17	2486ff1c-a281-4223-8467-fdd22eca1d06.jpg
1133	event_file_639a24d33cffd.jpeg	\N	2022-12-14 13:32:35	2022-12-14 13:32:35	c7b7d365-6341-4d7d-b15d-8a68c60b7efb.jpg
1134	event_file_639a24d7dd1f7.jpeg	\N	2022-12-14 13:32:39	2022-12-14 13:32:39	3e6c0b0c-ae08-415b-b5ff-4dc15b5f105f.jpg
1135	event_file_639a24de53266.jpeg	\N	2022-12-14 13:32:46	2022-12-14 13:32:46	1ec27508-ab6e-4022-9e4a-06b05e83eef2.jpg
1136	event_file_639a24e29d6d9.jpeg	\N	2022-12-14 13:32:50	2022-12-14 13:32:50	4a6ccdfe-7816-4e9a-b0ba-d25a7366e3bd.jpg
1137	event_file_639a24e5dedcf.jpeg	\N	2022-12-14 13:32:53	2022-12-14 13:32:53	03b1f08f-894f-4f4f-8f91-81397271332f.jpg
1138	event_file_639a24eb4b5e3.jpeg	\N	2022-12-14 13:32:59	2022-12-14 13:32:59	96bb0394-ed70-49b0-88ce-17ec05ab9bfd.jpg
1139	event_file_639a24ef95679.jpeg	\N	2022-12-14 13:33:03	2022-12-14 13:33:03	33c4f480-b0b8-4508-a253-3945c210c292.jpg
1140	event_file_639a24f4cc7dd.jpeg	\N	2022-12-14 13:33:08	2022-12-14 13:33:08	c506e9e4-805d-4fed-9e3d-55e375800d01.jpg
1141	event_file_639a24f72ad47.jpeg	\N	2022-12-14 13:33:11	2022-12-14 13:33:11	b25eee5b-309f-46ff-9f2f-66a484711c0a.jpg
1142	event_file_639a24fabc5e1.jpeg	\N	2022-12-14 13:33:14	2022-12-14 13:33:14	921d7475-d908-44f3-8bcf-4752c5a70f28.jpg
1143	event_file_639a24ff0ff5f.jpeg	\N	2022-12-14 13:33:19	2022-12-14 13:33:19	2e447fa1-1036-4ab3-b25d-11c978060f9e.jpg
1144	event_file_639a25023d5a5.jpeg	\N	2022-12-14 13:33:22	2022-12-14 13:33:22	b0cf5646-cf05-4c7e-8711-4aaaabdaf798.jpg
1145	event_file_639a2506c378b.jpeg	\N	2022-12-14 13:33:26	2022-12-14 13:33:26	80cfb8d7-c0cf-476b-91a8-97bf48407af1.jpg
1146	event_file_639a25091ce42.jpeg	\N	2022-12-14 13:33:29	2022-12-14 13:33:29	3470b5f4-a160-465b-98ca-63da589844ae.jpg
1147	event_file_639a250ca5c00.jpeg	\N	2022-12-14 13:33:32	2022-12-14 13:33:32	52ef051f-553f-4c51-a774-869586a4958c.jpg
1148	event_file_639a251163b24.jpeg	\N	2022-12-14 13:33:37	2022-12-14 13:33:37	6fcce084-e3f8-43ad-a143-7b822c98bb83.jpg
1149	event_file_639a251357b68.jpeg	\N	2022-12-14 13:33:39	2022-12-14 13:33:39	fb42f964-bf21-41cf-a798-a6abca5481e3.jpg
1150	event_file_639a2518a368c.jpeg	\N	2022-12-14 13:33:44	2022-12-14 13:33:44	8e3acee0-5cc1-498a-bda6-90f6450e69f2.jpg
1151	event_file_639a251b9edda.jpeg	\N	2022-12-14 13:33:47	2022-12-14 13:33:47	6747362b-945d-41c8-8188-b738f92ef63d.jpg
1152	event_file_639a2523b09ab.jpeg	\N	2022-12-14 13:33:55	2022-12-14 13:33:55	4bd9d1e3-f403-41c8-92b9-8144f9607918.jpg
1153	event_file_639a252a0915e.jpeg	\N	2022-12-14 13:34:02	2022-12-14 13:34:02	26f29caa-de54-41d1-9d20-93c458b1092b.jpg
1154	event_file_639a252e5ca69.jpeg	\N	2022-12-14 13:34:06	2022-12-14 13:34:06	cdcbe318-19b4-47ce-b928-00ef9ea54cc9.jpg
1155	event_file_639a2532164b4.jpeg	\N	2022-12-14 13:34:10	2022-12-14 13:34:10	d9d32047-ad7d-4554-bdf4-2b05f9083fd6.jpg
1156	event_file_639a253d01124.jpeg	\N	2022-12-14 13:34:21	2022-12-14 13:34:21	6058dd77-16f9-4819-a2a9-4cee65c32aad.jpg
1157	event_file_639a25418364d.jpeg	\N	2022-12-14 13:34:25	2022-12-14 13:34:25	6c1a23e6-5abf-486e-97c1-7890dfe78a41.jpg
1158	event_file_639a2546287ad.jpeg	\N	2022-12-14 13:34:30	2022-12-14 13:34:30	0a4d8a4b-bee6-44a1-a8b8-da10578abed3.jpg
1159	event_file_639a254703ddc.jpeg	\N	2022-12-14 13:34:31	2022-12-14 13:34:31	bfee2536-327a-4db7-8389-7ee160082d52.jpg
1160	event_file_639a254c1f956.jpeg	\N	2022-12-14 13:34:36	2022-12-14 13:34:36	e760fab3-1282-4722-a8a9-9214dfd072a6.jpg
1161	event_file_639a254daea47.jpeg	\N	2022-12-14 13:34:37	2022-12-14 13:34:37	4e5ab34f-c9dd-4fe4-a863-28927e40086e.jpg
1162	event_file_639a25523fafc.jpeg	\N	2022-12-14 13:34:42	2022-12-14 13:34:42	0e4505ca-5ec8-4b9f-b0fc-d41abcde7aea.jpg
1163	event_file_639a2554cec7d.jpeg	\N	2022-12-14 13:34:44	2022-12-14 13:34:44	34aca599-8913-48a7-a77b-f619b060ebb0.jpg
1164	event_file_639a255b5a69f.jpeg	\N	2022-12-14 13:34:51	2022-12-14 13:34:51	ea687b13-80c3-48e1-a909-25545b43b699.jpg
1165	event_file_639a255e45da2.jpeg	\N	2022-12-14 13:34:54	2022-12-14 13:34:54	609a4d97-8147-4f6b-b7b6-45088fe3562f.jpg
1166	event_file_639a2560a476e.jpeg	\N	2022-12-14 13:34:56	2022-12-14 13:34:56	c2b5dbfa-fb9f-4a32-95fa-dc98ae209fd7.jpg
1167	event_file_639a25644e0a1.jpeg	\N	2022-12-14 13:35:00	2022-12-14 13:35:00	738bdafa-e41d-4cbd-8b2d-068ff56d05b3.jpg
1168	event_file_639a2567aec86.jpeg	\N	2022-12-14 13:35:03	2022-12-14 13:35:03	07f2c8f3-9331-4ab9-a505-b6ef9d7ae268.jpg
1169	event_file_639a256b6a885.jpeg	\N	2022-12-14 13:35:07	2022-12-14 13:35:07	e75d934d-42df-432a-bea2-ec9b17a4f1f4.jpg
1170	event_file_639a256f0c92a.jpeg	\N	2022-12-14 13:35:11	2022-12-14 13:35:11	33eaa1d4-0f08-46de-b580-2ef605f7c219.jpg
1171	event_file_639a257389eac.jpeg	\N	2022-12-14 13:35:15	2022-12-14 13:35:15	eca6a82e-080a-45a4-a00d-0c3611c02fdf.jpg
1172	event_file_639a25813e9b1.jpeg	\N	2022-12-14 13:35:29	2022-12-14 13:35:29	7ead0ce7-37f7-4c7a-baf4-997b4c330398.jpg
1173	event_file_639a258503a48.jpeg	\N	2022-12-14 13:35:33	2022-12-14 13:35:33	f898217c-d193-44c9-bf46-09e0f3de6f7a.jpg
1174	event_file_639a258a0e313.jpeg	\N	2022-12-14 13:35:38	2022-12-14 13:35:38	09983fff-28b1-4165-864f-172cdb86876d.jpg
1175	event_file_639a258cb561d.jpeg	\N	2022-12-14 13:35:40	2022-12-14 13:35:40	f7e3f2ef-5144-4729-9da2-37e49f904776.jpg
1176	event_file_639a25917d43c.jpeg	\N	2022-12-14 13:35:45	2022-12-14 13:35:45	42d60c32-f55a-4ebe-b89d-7c0706e1f0de.jpg
1177	event_file_639a2595a9327.jpeg	\N	2022-12-14 13:35:49	2022-12-14 13:35:49	0177b393-342d-4c2a-990a-06d0f17baf64.jpg
1178	event_file_639a2598cf591.jpeg	\N	2022-12-14 13:35:52	2022-12-14 13:35:52	f2af5d85-f4d5-433f-9340-ca1e1fe55f25.jpg
1179	event_file_639a259c1d571.jpeg	\N	2022-12-14 13:35:56	2022-12-14 13:35:56	9dd52b33-5abc-4f5c-bfda-71b077caea71.jpg
1180	event_file_639a25a6919d9.jpeg	\N	2022-12-14 13:36:06	2022-12-14 13:36:06	e8954141-096a-43dc-9efd-30ab6dc0a200.jpg
1181	event_file_639a25ac36111.jpeg	\N	2022-12-14 13:36:12	2022-12-14 13:36:12	4a2155da-d1f0-4cc8-ba06-ab8eaac71ce6.jpg
1182	event_file_639a25add4cee.jpeg	\N	2022-12-14 13:36:13	2022-12-14 13:36:13	77ac5d00-847f-4f3f-a6cd-a1e7d1ad595a.jpg
1183	event_file_639a25b09c5a7.jpeg	\N	2022-12-14 13:36:16	2022-12-14 13:36:16	37f29a7f-dcef-4c25-9ae6-39c744f93821.jpg
1184	event_file_639a25b2c1ce5.jpeg	\N	2022-12-14 13:36:18	2022-12-14 13:36:18	cb4d0289-8bf1-4af1-a415-0ccdd79a6dc1.jpg
1185	event_file_639a25b602c40.jpeg	\N	2022-12-14 13:36:22	2022-12-14 13:36:22	d6fe4b02-c9e7-4642-b76b-eb8b74c9c4ab.jpg
1186	event_file_639a25b7cb582.jpeg	\N	2022-12-14 13:36:23	2022-12-14 13:36:23	e004a374-03bd-4bc3-9b74-be34192a3fa8.jpg
1187	event_file_639a25ba47444.jpeg	\N	2022-12-14 13:36:26	2022-12-14 13:36:26	dc45d6d1-f79c-414d-82e1-70fd29c2da23.jpg
1188	event_file_639a25bc9163c.jpeg	\N	2022-12-14 13:36:28	2022-12-14 13:36:28	e9da1b57-6d51-4cbb-926e-0b3ae09c14c2.jpg
1189	event_file_639a25bf946b0.jpeg	\N	2022-12-14 13:36:31	2022-12-14 13:36:31	16a91cb3-5da0-4850-ba16-d73641d7db68.jpg
1190	event_file_639a25c1bb2e2.jpeg	\N	2022-12-14 13:36:33	2022-12-14 13:36:33	5b00dfb3-5c2e-43ad-b4aa-aa7e97a960c9.jpg
1191	event_file_639a25c42ce9a.jpeg	\N	2022-12-14 13:36:36	2022-12-14 13:36:36	6749f942-281e-4491-95e4-6b6d02cb436b.jpg
1192	event_file_639a25c71e51e.jpeg	\N	2022-12-14 13:36:39	2022-12-14 13:36:39	0ad2b48e-8709-4332-9ad8-3087a66325ff.jpg
1193	event_file_639a25c9801d5.jpeg	\N	2022-12-14 13:36:41	2022-12-14 13:36:41	9f7ff56a-8052-43e6-b56a-e49845e95bc6.jpg
1194	event_file_639a25cfea01b.jpeg	\N	2022-12-14 13:36:47	2022-12-14 13:36:47	989f84a0-6be9-41be-a7d9-2b9c04e70801.jpg
1195	event_file_639a25d44ef06.jpeg	\N	2022-12-14 13:36:52	2022-12-14 13:36:52	c097e84f-123f-4414-948d-a6ce56b7d5a5.jpg
1196	event_file_639a25d6b942d.jpeg	\N	2022-12-14 13:36:54	2022-12-14 13:36:54	aa3c0374-8863-4783-bf46-81a5470d7cc4.jpg
1197	event_file_639a25d859cdd.jpeg	\N	2022-12-14 13:36:56	2022-12-14 13:36:56	a1e48532-65a1-4a84-9f2b-56a696431e2f.jpg
1198	event_file_639a25dabe4b8.jpeg	\N	2022-12-14 13:36:58	2022-12-14 13:36:58	1897ca45-52de-44df-9780-fa08aa1879d3.jpg
1199	event_file_639a25dd9ab1d.jpeg	\N	2022-12-14 13:37:01	2022-12-14 13:37:01	80c1cbcf-0cb6-4350-ba04-8ec6c14d2e2a.jpg
1200	event_file_639a25df3f7a6.jpeg	\N	2022-12-14 13:37:03	2022-12-14 13:37:03	5db2448d-35a0-41fd-8606-3b0254442f37.jpg
1201	event_file_639a25e1f11fa.jpeg	\N	2022-12-14 13:37:05	2022-12-14 13:37:05	14a68309-a4ad-4019-b253-218b9e891ec8.jpg
1202	event_file_639a25e5bd7e9.jpeg	\N	2022-12-14 13:37:09	2022-12-14 13:37:09	0a17a650-6d7e-47d1-929a-d9ff4978cfbb.jpg
1203	event_file_639a25e9765dd.jpeg	\N	2022-12-14 13:37:13	2022-12-14 13:37:13	6cfb71ac-4f46-44ab-bab8-b918f899d1c0.jpg
1204	event_file_639a25ec30cdc.jpeg	\N	2022-12-14 13:37:16	2022-12-14 13:37:16	59c4d299-62d9-4f98-a651-ba8187eda975.jpg
1205	event_file_639a25ef9f048.jpeg	\N	2022-12-14 13:37:19	2022-12-14 13:37:19	9155e2aa-d272-4125-91df-0770792286ac.jpg
1206	event_file_639a25f2e67a5.jpeg	\N	2022-12-14 13:37:22	2022-12-14 13:37:22	cfc3289e-f4de-4cd4-a81d-a0620fafd1f2.jpg
1207	event_file_639a25f6d9055.jpeg	\N	2022-12-14 13:37:26	2022-12-14 13:37:26	b7e1eff6-d265-49ad-8da1-58691de975ec.jpg
1208	event_file_639a25fa565ac.jpeg	\N	2022-12-14 13:37:30	2022-12-14 13:37:30	dba13399-b095-4ee3-ad3c-79400596c1fb.jpg
1209	event_file_639a26004568f.jpeg	\N	2022-12-14 13:37:36	2022-12-14 13:37:36	291949e2-c3df-4249-b4a8-7bbeb7fa1621.jpg
1210	event_file_639a2602f3870.jpeg	\N	2022-12-14 13:37:38	2022-12-14 13:37:38	aeeeac9f-2b61-4e9c-8903-c3b58ab8eb20.jpg
1211	event_file_639a260abfaea.jpeg	\N	2022-12-14 13:37:46	2022-12-14 13:37:46	6636b30e-77c4-4e5e-b9b9-6ccc4c1c3f89.jpg
1212	event_file_639a260cc940d.jpeg	\N	2022-12-14 13:37:48	2022-12-14 13:37:48	6447e9d7-b1ad-42fa-9f74-dc4f8c2e733d.jpg
1213	event_file_639a26118f848.jpeg	\N	2022-12-14 13:37:53	2022-12-14 13:37:53	ec9737f5-de79-4a3e-8310-2fee59d94eac.jpg
1214	event_file_639a2614f3743.jpeg	\N	2022-12-14 13:37:56	2022-12-14 13:37:56	ab401304-51da-45ba-972d-210b004e3c15.jpg
1215	event_file_639a2617af1be.jpeg	\N	2022-12-14 13:37:59	2022-12-14 13:37:59	5b90c3a7-8133-48ae-b2cf-19334695720d.jpg
1216	event_file_639a261a65c6a.jpeg	\N	2022-12-14 13:38:02	2022-12-14 13:38:02	72e235a3-83fb-4089-a7ec-55d3df431426.jpg
1217	event_file_639a261d4f672.jpeg	\N	2022-12-14 13:38:05	2022-12-14 13:38:05	7a2498e6-812a-4286-a7e7-71576f16f705.jpg
1218	event_file_639a262173f7b.jpeg	\N	2022-12-14 13:38:09	2022-12-14 13:38:09	ea68a692-ff53-4726-8336-aeb96bc48e7d.jpg
1219	event_file_639a26242f19d.jpeg	\N	2022-12-14 13:38:12	2022-12-14 13:38:12	43727720-253f-4650-930f-e886625a9cba.jpg
1220	event_file_639a262cc2f68.jpeg	\N	2022-12-14 13:38:20	2022-12-14 13:38:20	12acada7-b95a-4013-a649-071b4a4e79de.jpg
1221	event_file_639a262f55f17.jpeg	\N	2022-12-14 13:38:23	2022-12-14 13:38:23	bc229b40-c089-4c4b-aa7b-9389d56823f6.jpg
1222	event_file_639a263545b30.jpeg	\N	2022-12-14 13:38:29	2022-12-14 13:38:29	64a40512-c088-4715-8d1e-5e041030d90a.jpg
1223	event_file_639a263a545d5.jpeg	\N	2022-12-14 13:38:34	2022-12-14 13:38:34	4a019628-971c-4bba-904d-c24ca2cc58d5.jpg
1224	event_file_639a263ceb57c.jpeg	\N	2022-12-14 13:38:36	2022-12-14 13:38:36	47dcdcfa-58a6-4b88-9bdf-4b9797e60e6b.jpg
1225	event_file_639a26406bced.jpeg	\N	2022-12-14 13:38:40	2022-12-14 13:38:40	28574c30-7aef-4711-a8e2-18c2edb88d05.jpg
1226	event_file_639a2648e94e7.jpeg	\N	2022-12-14 13:38:48	2022-12-14 13:38:48	649335a4-07bf-4ac2-980c-279c133eb82d.jpg
1227	event_file_639a264b0a94d.jpeg	\N	2022-12-14 13:38:51	2022-12-14 13:38:51	0391172c-bd6f-4e3e-b3bd-e9eba1bcce2e.jpg
1228	event_file_639a2650576a4.jpeg	\N	2022-12-14 13:38:56	2022-12-14 13:38:56	c27d9338-04e3-4103-827c-c2c92cd36f0b.jpg
1229	event_file_639a2654598d4.jpeg	\N	2022-12-14 13:39:00	2022-12-14 13:39:00	c50471a8-1100-4083-91b0-83c44067f6a7.jpg
1230	event_file_639a265784bab.jpeg	\N	2022-12-14 13:39:03	2022-12-14 13:39:03	7d7a989e-6f0f-4964-8928-e0e1ed045c18.jpg
1231	event_file_639a26593a3d6.jpeg	\N	2022-12-14 13:39:05	2022-12-14 13:39:05	026e43d3-406e-476c-9ff0-fbe88bafbcd4.jpg
1232	event_file_639a265a4c73f.jpeg	\N	2022-12-14 13:39:06	2022-12-14 13:39:06	6dce14a4-3b8b-420e-8751-8c5da050a447.jpg
1233	event_file_639a266032a41.jpeg	\N	2022-12-14 13:39:12	2022-12-14 13:39:12	b7559929-450f-4a4e-b798-de6a824e036e.jpg
1234	event_file_639a26662332f.jpeg	\N	2022-12-14 13:39:18	2022-12-14 13:39:18	af65bee1-1606-45a4-b38a-41ede4b2c394.jpg
1235	event_file_639a266b11f92.jpeg	\N	2022-12-14 13:39:23	2022-12-14 13:39:23	118f69f7-8be6-4bde-9865-358803354dd9.jpg
1236	event_file_639a266cac004.jpeg	\N	2022-12-14 13:39:24	2022-12-14 13:39:24	959dc6fa-fa99-4dc2-9d55-7b9ece0dfc23.jpg
1237	event_file_639a26704a52c.jpeg	\N	2022-12-14 13:39:28	2022-12-14 13:39:28	4bcdc34a-969b-4b9e-8db3-c464b74ef868.jpg
1238	event_file_63c030069bbc6.jpeg	\N	2023-01-12 10:06:30	2023-01-12 10:06:30	d88a8e5f-16f6-4bda-bc68-f3586a73ef69.jpg
1239	event_file_63c0300a14adf.jpeg	\N	2023-01-12 10:06:34	2023-01-12 10:06:34	f7a1eb0a-49bd-4f93-8305-e7a2df15a705.jpg
1240	event_file_63c0300daee88.jpeg	\N	2023-01-12 10:06:37	2023-01-12 10:06:37	64ed7d42-a5a3-4afb-9e32-62eed295d67d.jpg
1241	event_file_63c03010d1bde.jpeg	\N	2023-01-12 10:06:40	2023-01-12 10:06:40	8df3cf2a-7e09-4a53-97fd-3784a8b8f066.jpg
1242	event_file_63c030151db1f.jpeg	\N	2023-01-12 10:06:45	2023-01-12 10:06:45	a0d463ac-8d7a-4069-bf7a-22c2d6993bc7.jpg
1243	event_file_63c030191b5b4.jpeg	\N	2023-01-12 10:06:49	2023-01-12 10:06:49	5df88b86-329b-4e2a-8326-722b6484dcb3.jpg
1244	event_file_63c0301ce7ffa.jpeg	\N	2023-01-12 10:06:52	2023-01-12 10:06:52	4f7426dd-6a18-46c7-8759-82448c07242b.jpg
1245	event_file_63c0302140601.jpeg	\N	2023-01-12 10:06:57	2023-01-12 10:06:57	11ea4b87-75b4-42ca-b6fe-551c1fd9e6bf.jpg
1246	event_file_63c0302582107.jpeg	\N	2023-01-12 10:07:01	2023-01-12 10:07:01	86af8822-9632-4346-8932-99fc272265c6.jpg
1247	event_file_63c03028ec94b.jpeg	\N	2023-01-12 10:07:04	2023-01-12 10:07:04	c5507250-8fdf-4ba0-8f99-f9000f5f7ca5.jpg
1248	event_file_63c0302cb82e6.jpeg	\N	2023-01-12 10:07:08	2023-01-12 10:07:08	2387cbad-5484-4da2-a5b4-1f62e9158ce0.jpg
1249	event_file_63c030316e739.jpeg	\N	2023-01-12 10:07:13	2023-01-12 10:07:13	3bbb04e0-daab-4dd5-8a7d-b4aea9fa8f81.jpg
1250	event_file_63c03035dbd8b.jpeg	\N	2023-01-12 10:07:17	2023-01-12 10:07:17	1fd5b438-a628-46ea-a920-7ade190a8c1c.jpg
1251	event_file_63c0305767a35.jpeg	\N	2023-01-12 10:07:51	2023-01-12 10:07:51	3e34eefb-308b-4e19-a25f-81669219f8ed.jpg
1252	event_file_63c0305a5a34a.jpeg	\N	2023-01-12 10:07:54	2023-01-12 10:07:54	fb4e234d-dcad-48c5-a0b8-9e226569c7dc.jpg
1253	event_file_63c0305d9c238.jpeg	\N	2023-01-12 10:07:57	2023-01-12 10:07:57	b06fc849-bf3f-40eb-9a11-429407995b3f.jpg
1254	event_file_63c030645958f.jpeg	\N	2023-01-12 10:08:04	2023-01-12 10:08:04	d5357968-da44-40eb-a286-f48dadd573ea.jpg
1255	event_file_63c030a70ec42.jpeg	\N	2023-01-12 10:09:11	2023-01-12 10:09:11	86a2a4eb-0041-461f-ae5c-b8c1c6b53360.jpg
1256	event_file_63c030aa63044.jpeg	\N	2023-01-12 10:09:14	2023-01-12 10:09:14	3bafbe7e-1682-4e2d-8432-a0f4dbc7bd14.jpg
1257	event_file_63c030ad98a3f.jpeg	\N	2023-01-12 10:09:17	2023-01-12 10:09:17	8eb66051-534e-44a1-be94-5e565cae2198.jpg
1258	event_file_63c030b0e4b4e.jpeg	\N	2023-01-12 10:09:20	2023-01-12 10:09:20	e8eaef8f-d23f-4504-a856-848a846b1f90.jpg
1259	event_file_63c030b3e0599.jpeg	\N	2023-01-12 10:09:23	2023-01-12 10:09:23	a4279717-27bf-4fba-9659-e389e236f1b3.jpg
1260	event_file_63c030c15e8bc.jpeg	\N	2023-01-12 10:09:37	2023-01-12 10:09:37	4c971970-f252-4a9c-af68-7efa3e183ed5.jpg
1261	event_file_63c030c4b14aa.jpeg	\N	2023-01-12 10:09:40	2023-01-12 10:09:40	7013780a-9ca0-4889-9441-47a510d8e241.jpg
1262	event_file_63c030c74518f.jpeg	\N	2023-01-12 10:09:43	2023-01-12 10:09:43	eab421f4-52cb-43b9-9b80-be61c7959638.jpg
1263	event_file_63c030cb472c8.jpeg	\N	2023-01-12 10:09:47	2023-01-12 10:09:47	f9228bf5-f554-4cbe-9f51-b8efe180c0e7.jpg
1264	event_file_63c030ce29342.jpeg	\N	2023-01-12 10:09:50	2023-01-12 10:09:50	5b74baa6-ec14-41a5-904d-188cd26c49a7.jpg
1265	event_file_63e68f180131f.jpeg	\N	2023-02-10 12:38:16	2023-02-10 12:38:16	46847795-baf9-4b5a-8670-fa84f51f90fd.jpg
1266	event_file_63e68f1ca61b9.jpeg	\N	2023-02-10 12:38:20	2023-02-10 12:38:20	74820bb5-db70-4a5d-b6fb-06fa36660551.jpg
1267	event_file_63e68f2ad0d50.jpeg	\N	2023-02-10 12:38:34	2023-02-10 12:38:34	5661a73c-8773-4da0-b6fe-1016e04af752.jpg
1268	event_file_63e68f2dd259a.jpeg	\N	2023-02-10 12:38:37	2023-02-10 12:38:37	324e926e-1db6-48db-a92f-5fa8cd47c168.jpg
1269	event_file_63e68f34627be.jpeg	\N	2023-02-10 12:38:44	2023-02-10 12:38:44	cda4b1a7-b933-47a5-8ec6-b271ce733a55.jpg
1270	event_file_63e68f36d79c2.jpeg	\N	2023-02-10 12:38:46	2023-02-10 12:38:46	ab5a8f01-97ba-4abe-b250-0f0de52ff322.jpg
1271	event_file_63e68f3bc5f3d.jpeg	\N	2023-02-10 12:38:51	2023-02-10 12:38:51	a9055fa2-87e6-4efc-b208-505a4085944a.jpg
1272	event_file_63e68f3edbda0.jpeg	\N	2023-02-10 12:38:54	2023-02-10 12:38:54	40157319-5c49-4ecc-899f-79db981b1ff8.jpg
1273	event_file_63e68f4583426.jpeg	\N	2023-02-10 12:39:01	2023-02-10 12:39:01	f1fcb3d4-7de7-4485-986f-d3f798f4e643.jpg
1274	event_file_63e68f492322e.jpeg	\N	2023-02-10 12:39:05	2023-02-10 12:39:05	ab10cfd9-f686-42fb-99cb-d4398fa81489.jpg
1275	event_file_63e68f4c8ed4d.jpeg	\N	2023-02-10 12:39:08	2023-02-10 12:39:08	3d435c16-c8e8-4df6-b725-c2fcd26235c2.jpg
1276	event_file_63e68f4fda63f.jpeg	\N	2023-02-10 12:39:11	2023-02-10 12:39:11	258658fb-9450-450d-9485-a41713af47af.jpg
1277	event_file_63e68f5bc7f88.jpeg	\N	2023-02-10 12:39:23	2023-02-10 12:39:23	69f6b7f7-8b84-43cb-ae62-5dcbe81bc993.jpg
1278	event_file_63e68f687546a.jpeg	\N	2023-02-10 12:39:36	2023-02-10 12:39:36	dd58cbae-e2b8-486e-81c3-d125cdb47e02.jpg
1279	event_file_63e68f6c8678c.jpeg	\N	2023-02-10 12:39:40	2023-02-10 12:39:40	af255ddc-57fb-44b4-896e-dfd8ce0d773d.jpg
1280	event_file_63e68f6f26a74.jpeg	\N	2023-02-10 12:39:43	2023-02-10 12:39:43	56e0cdb8-d0c1-4ba9-bb87-872d912c53e6.jpg
1281	event_file_63e68f71c7fc5.jpeg	\N	2023-02-10 12:39:45	2023-02-10 12:39:45	d879af55-be70-4bba-822e-6a943656ac4c.jpg
1282	event_file_63e68f7471e7b.jpeg	\N	2023-02-10 12:39:48	2023-02-10 12:39:48	1f2a266e-6b65-4fb7-b443-cf785963d634.jpg
1283	event_file_63e68f77258ae.jpeg	\N	2023-02-10 12:39:51	2023-02-10 12:39:51	d267675c-e92a-4f0d-84e4-755dee489a15.jpg
1284	event_file_63e68f7a27850.jpeg	\N	2023-02-10 12:39:54	2023-02-10 12:39:54	5acb8c82-d7f1-49bd-9e42-8d91cc45e835.jpg
1285	event_file_63e68f7d34cc8.jpeg	\N	2023-02-10 12:39:57	2023-02-10 12:39:57	46715cf8-c94e-4e49-9acb-e293440a655b.jpg
1286	event_file_63e68f7fe366e.jpeg	\N	2023-02-10 12:39:59	2023-02-10 12:39:59	a7f686f7-88ba-45f2-806f-ba692d44fa8f.jpg
1287	event_file_63e68f836967c.jpeg	\N	2023-02-10 12:40:03	2023-02-10 12:40:03	8faa72ca-938f-4a74-8075-8503fd9b5201.jpg
1288	event_file_63e68f86a8f42.jpeg	\N	2023-02-10 12:40:06	2023-02-10 12:40:06	9d0ab047-cf75-43fd-b51a-cf4fa4b49340.jpg
1289	event_file_63e68f89ed78a.jpeg	\N	2023-02-10 12:40:09	2023-02-10 12:40:09	3bbcacdd-e457-41ea-b9d0-e3888262d112.jpg
1290	event_file_63e68f8d08dc5.jpeg	\N	2023-02-10 12:40:13	2023-02-10 12:40:13	3e598e81-e855-4e0b-98b7-0d88cebb4a12.jpg
1291	event_file_63e68f909835f.jpeg	\N	2023-02-10 12:40:16	2023-02-10 12:40:16	2772dcfb-6fba-4dee-998a-76cfafe9ddb9.jpg
1292	event_file_63e68f9435f9d.jpeg	\N	2023-02-10 12:40:20	2023-02-10 12:40:20	7311019d-c041-4717-89f4-f3117f200d0a.jpg
1293	event_file_63e68f9717b84.jpeg	\N	2023-02-10 12:40:23	2023-02-10 12:40:23	07bf49d3-2806-4ea4-a7c7-9edcce66b9c6.jpg
1294	event_file_63e68f9a29106.jpeg	\N	2023-02-10 12:40:26	2023-02-10 12:40:26	d3c86728-c558-44ff-b732-13895e9a84d6.jpg
1295	event_file_63e68f9e8ba94.jpeg	\N	2023-02-10 12:40:30	2023-02-10 12:40:30	91b0439a-f980-4756-8819-09e823ee6114.jpg
1296	event_file_63e68fa18a8e3.jpeg	\N	2023-02-10 12:40:33	2023-02-10 12:40:33	3518b211-9950-4b25-a270-dfe30336174a.jpg
1297	event_file_63e68fb16a226.jpeg	\N	2023-02-10 12:40:49	2023-02-10 12:40:49	187d4c2d-bc42-4c7c-b72b-af0c78348b64.jpg
1298	event_file_63e68fb35f0ce.jpeg	\N	2023-02-10 12:40:51	2023-02-10 12:40:51	a4233b8d-46f0-4560-b9ef-4cb7767293c0.jpg
1299	event_file_63e68fb5eadc7.jpeg	\N	2023-02-10 12:40:53	2023-02-10 12:40:53	175042d6-546f-4edf-89a8-bb0f444f7d4d.jpg
1300	event_file_63e68fb8cf40a.jpeg	\N	2023-02-10 12:40:56	2023-02-10 12:40:56	3af98238-19cb-4d0d-9985-9411343d86f8.jpg
1301	event_file_63e68fc0d26ed.jpeg	\N	2023-02-10 12:41:04	2023-02-10 12:41:04	37e7a092-922f-4815-9b13-ee65074736b6.jpg
1302	event_file_63e68fc3a00df.jpeg	\N	2023-02-10 12:41:07	2023-02-10 12:41:07	69ff8499-8c2c-4adf-8dd0-6fb27e54def1.jpg
1303	event_file_63e68fc642ee4.jpeg	\N	2023-02-10 12:41:10	2023-02-10 12:41:10	a6f63e5c-a377-4518-b60a-ad589cf5382f.jpg
1304	event_file_63e68fc91faef.jpeg	\N	2023-02-10 12:41:13	2023-02-10 12:41:13	7c98d265-8ffd-4fb1-bffa-1a7fb8c2ba81.jpg
1305	event_file_63e68fcd009fd.jpeg	\N	2023-02-10 12:41:17	2023-02-10 12:41:17	2add867c-76f2-43e0-8a0e-1209395ce804.jpg
1306	event_file_63e68fd6e12f5.jpeg	\N	2023-02-10 12:41:26	2023-02-10 12:41:26	0ff83911-8929-4cf2-a39c-280bb2952c07.jpg
1307	event_file_63e68fd965068.jpeg	\N	2023-02-10 12:41:29	2023-02-10 12:41:29	b8d076db-404d-45e0-90bc-aa409eb54453.jpg
1308	event_file_63e68fdd598ad.jpeg	\N	2023-02-10 12:41:33	2023-02-10 12:41:33	b02ca9e1-e44f-4104-831c-86813100f787.jpg
1309	event_file_63e68fe153ee3.jpeg	\N	2023-02-10 12:41:37	2023-02-10 12:41:37	2ea30a19-262c-4415-bf94-74d02af3630f.jpg
1310	event_file_63e68fe5dd36b.jpeg	\N	2023-02-10 12:41:41	2023-02-10 12:41:41	c15cedd8-b239-49a8-8aeb-f2dd994f312d.jpg
1311	event_file_63e68febe8947.jpeg	\N	2023-02-10 12:41:47	2023-02-10 12:41:47	6cd84934-c016-43cf-b046-eafa8ece81d3.jpg
1312	event_file_63e68ff19f879.jpeg	\N	2023-02-10 12:41:53	2023-02-10 12:41:53	34a36753-7a4c-4ef0-a3a1-ce566899ed80.jpg
1313	event_file_63e68ff8b2c7d.jpeg	\N	2023-02-10 12:42:00	2023-02-10 12:42:00	1740dfc7-e134-47d5-9015-8eadb5f75370.jpg
1314	event_file_63e68ffb8e03f.jpeg	\N	2023-02-10 12:42:03	2023-02-10 12:42:03	2373bfac-203e-4b1b-86d0-f385f0be6262.jpg
1315	event_file_63e68ffe229c0.jpeg	\N	2023-02-10 12:42:06	2023-02-10 12:42:06	ea838e56-7a0a-4673-8602-d9a659100ca9.jpg
1316	event_file_63e69000c02d8.jpeg	\N	2023-02-10 12:42:08	2023-02-10 12:42:08	515bef0f-6980-4e3c-a59a-ac078a20202e.jpg
1317	event_file_63e690037de8e.jpeg	\N	2023-02-10 12:42:11	2023-02-10 12:42:11	84992a8f-b614-4a73-b8bf-a141f42c2b5a.jpg
1318	event_file_63e6900639e43.jpeg	\N	2023-02-10 12:42:14	2023-02-10 12:42:14	8533c39d-0345-435d-98e2-07f355066ad4.jpg
1319	event_file_63e69008bef8b.jpeg	\N	2023-02-10 12:42:16	2023-02-10 12:42:16	2967c6f4-ba86-4d93-9c14-6044fb481c4c.jpg
1320	event_file_63e6900bd3f0f.jpeg	\N	2023-02-10 12:42:19	2023-02-10 12:42:19	ea5b6942-b05e-45c9-b499-7df9629632c7.jpg
1321	event_file_63e6900eeeed2.jpeg	\N	2023-02-10 12:42:22	2023-02-10 12:42:22	3304642f-eb1a-49f0-aebe-f70369f609bd.jpg
1322	event_file_63e69011c13be.jpeg	\N	2023-02-10 12:42:25	2023-02-10 12:42:25	9fddc5fd-7376-4282-8580-d09eff0e1324.jpg
1323	event_file_63e690147cf86.jpeg	\N	2023-02-10 12:42:28	2023-02-10 12:42:28	30870aa1-a1fd-436f-b0a4-c70e816e6198.jpg
1324	event_file_63e69017ba1cf.jpeg	\N	2023-02-10 12:42:31	2023-02-10 12:42:31	f6a9c3b5-286e-4839-bb5e-82411c379c28.jpg
1325	event_file_63e6901a7a107.jpeg	\N	2023-02-10 12:42:34	2023-02-10 12:42:34	6c0904a6-5c63-474a-b00e-bffb1c310130.jpg
1326	event_file_63e6901da5d9a.jpeg	\N	2023-02-10 12:42:37	2023-02-10 12:42:37	74a34481-eb4e-492b-82b6-868d11e9d640.jpg
1327	event_file_63e690207bdb5.jpeg	\N	2023-02-10 12:42:40	2023-02-10 12:42:40	c2d261e8-4af2-4970-91cc-5486d6b4187b.jpg
1328	event_file_63e6903a79c44.jpeg	\N	2023-02-10 12:43:06	2023-02-10 12:43:06	983e9ac4-47fc-47ca-bee8-76293a18029a.jpg
1329	event_file_63e6903d452d8.jpeg	\N	2023-02-10 12:43:09	2023-02-10 12:43:09	fb934ee0-30ea-4fec-95ca-5f05c1bc3966.jpg
1330	event_file_63e690403be37.jpeg	\N	2023-02-10 12:43:12	2023-02-10 12:43:12	74b40446-fcdb-4bd2-9ec3-5bb9f11fd5a5.jpg
1331	event_file_63e69042e3989.jpeg	\N	2023-02-10 12:43:14	2023-02-10 12:43:14	8891f500-541f-46fe-bf36-eaf7bce660ab.jpg
1332	event_file_63e69045ee412.jpeg	\N	2023-02-10 12:43:17	2023-02-10 12:43:17	91a6f6fe-f2bd-448d-a996-576f4309ff2b.jpg
1333	event_file_63e690494724f.jpeg	\N	2023-02-10 12:43:21	2023-02-10 12:43:21	cd2db786-9040-444b-8de4-ad8765727670.jpg
1334	event_file_63e6904c690a7.jpeg	\N	2023-02-10 12:43:24	2023-02-10 12:43:24	b4642e2d-8aa7-4bd4-ab5a-209e8dca7138.jpg
1335	event_file_63e6904f7a670.jpeg	\N	2023-02-10 12:43:27	2023-02-10 12:43:27	969dfc4d-795e-4380-ab3e-971f74cc294d.jpg
1336	event_file_63e69052ddb67.jpeg	\N	2023-02-10 12:43:30	2023-02-10 12:43:30	6678ca05-92ba-4c57-8d32-218a40625421.jpg
1337	event_file_63e69056338b5.jpeg	\N	2023-02-10 12:43:34	2023-02-10 12:43:34	05d9a05a-d4f6-452b-8a27-868f423e24e4.jpg
1338	event_file_63e6906705ab1.jpeg	\N	2023-02-10 12:43:51	2023-02-10 12:43:51	775c73d5-d6ea-4fcf-a041-e22233657b95.jpg
1339	event_file_63e6906b22da3.jpeg	\N	2023-02-10 12:43:55	2023-02-10 12:43:55	bb01a6f6-441d-4c91-a11a-e8446d71f640.jpg
1340	event_file_63e6906dd1681.jpeg	\N	2023-02-10 12:43:57	2023-02-10 12:43:57	590a7308-ce51-4ff2-b26d-c7340d0ed184.jpg
1341	event_file_63e69070e96dc.jpeg	\N	2023-02-10 12:44:00	2023-02-10 12:44:00	c890643a-26da-4862-8589-40316701324f.jpg
1342	event_file_63e69073ecbcc.jpeg	\N	2023-02-10 12:44:03	2023-02-10 12:44:03	886ebf63-8bbe-4fa0-aec1-ec9c3635e4c2.jpg
1343	event_file_63e690770c155.jpeg	\N	2023-02-10 12:44:07	2023-02-10 12:44:07	8372a03d-77ee-46c7-a12e-3446938f5043.jpg
1344	event_file_63e6907a04340.jpeg	\N	2023-02-10 12:44:10	2023-02-10 12:44:10	fb82fd98-fe50-484f-8333-e2fd6606511a.jpg
1345	event_file_63e6907d9beb6.jpeg	\N	2023-02-10 12:44:13	2023-02-10 12:44:13	cff875e8-61cd-49a9-99d9-4e526b35dd00.jpg
1346	event_file_63e690810291d.jpeg	\N	2023-02-10 12:44:17	2023-02-10 12:44:17	a80dadc4-64ca-43b7-9c15-12ae341969f1.jpg
1347	event_file_63e69083f1fe1.jpeg	\N	2023-02-10 12:44:19	2023-02-10 12:44:19	021a973d-b749-44d3-99f2-4c3f5ca67d96.jpg
1348	event_file_63e6908714a66.jpeg	\N	2023-02-10 12:44:23	2023-02-10 12:44:23	21f67e8f-8f0f-45d3-b02d-8aa4afff03f8.jpg
1349	event_file_63e6908a6339f.jpeg	\N	2023-02-10 12:44:26	2023-02-10 12:44:26	b115ce7e-f05f-4270-807f-f4775d7f46cd.jpg
1350	event_file_63e6908e396a4.jpeg	\N	2023-02-10 12:44:30	2023-02-10 12:44:30	294b6d96-5316-44e0-a99d-cd22d2d4acf9.jpg
1351	event_file_63e6909226982.jpeg	\N	2023-02-10 12:44:34	2023-02-10 12:44:34	16ecdaf4-6153-48c1-8374-5268f2c6dca4.jpg
1352	event_file_63e69096920c3.jpeg	\N	2023-02-10 12:44:38	2023-02-10 12:44:38	8f85bae6-b2c6-4c28-be2c-e23193d3d567.jpg
1353	event_file_63e69099b23b4.jpeg	\N	2023-02-10 12:44:41	2023-02-10 12:44:41	5920f4e1-0364-4624-85b9-0979db540d35.jpg
1354	event_file_63e6909ce427e.jpeg	\N	2023-02-10 12:44:44	2023-02-10 12:44:44	8eddb902-2892-41c1-aa30-7791cab539b4.jpg
1355	event_file_63e690a006216.jpeg	\N	2023-02-10 12:44:48	2023-02-10 12:44:48	81a385fa-03b8-40df-9783-afaf0649a862.jpg
1356	event_file_63e690a995b94.jpeg	\N	2023-02-10 12:44:57	2023-02-10 12:44:57	2d6b5b23-1ddb-43d9-97ca-f84e6ed420ad.jpg
1357	event_file_63e690ad838c6.jpeg	\N	2023-02-10 12:45:01	2023-02-10 12:45:01	ed65a91c-e1ce-49b5-855a-2a95f7ac90ac.jpg
1358	event_file_63e690b06b49a.jpeg	\N	2023-02-10 12:45:04	2023-02-10 12:45:04	11491d97-f631-4d0e-90f4-60651b76a0ab.jpg
1359	event_file_63e690b33cd22.jpeg	\N	2023-02-10 12:45:07	2023-02-10 12:45:07	4a08b954-31e5-43bb-b008-2224acfb2168.jpg
1360	event_file_63e690c18e864.jpeg	\N	2023-02-10 12:45:21	2023-02-10 12:45:21	290faede-68f0-421c-8995-ec336f10737c.jpg
1361	event_file_63e690c502f40.jpeg	\N	2023-02-10 12:45:25	2023-02-10 12:45:25	f3e5c120-409f-4770-8615-6a3ee99de94a.jpg
1362	event_file_63e690c736ca2.jpeg	\N	2023-02-10 12:45:27	2023-02-10 12:45:27	0f3564af-dbbf-478a-bd84-865d9503eed6.jpg
1363	event_file_63e690c9c5e5e.jpeg	\N	2023-02-10 12:45:29	2023-02-10 12:45:29	e83bc595-b858-4703-a15c-807ece66c8cc.jpg
1364	event_file_63e690cc9624a.jpeg	\N	2023-02-10 12:45:32	2023-02-10 12:45:32	a9832471-d964-4c35-aa84-1ebe18a7f2aa.jpg
1365	event_file_63e690d00ac2d.jpeg	\N	2023-02-10 12:45:36	2023-02-10 12:45:36	1c7d60fa-5fd4-42b2-9899-05b49a276b64.jpg
1366	event_file_63e690d2f2361.jpeg	\N	2023-02-10 12:45:38	2023-02-10 12:45:38	f64234fa-592f-45bb-99e9-8b61803d2ddd.jpg
1367	event_file_63e690d75f57d.jpeg	\N	2023-02-10 12:45:43	2023-02-10 12:45:43	4599ac0f-a2d2-42b7-8fca-9b81ac169387.jpg
1368	event_file_63e690dad5588.jpeg	\N	2023-02-10 12:45:46	2023-02-10 12:45:46	8e9a5ee4-3bee-4f03-a0a4-710949d8aa17.jpg
1369	event_file_63e690de41b73.jpeg	\N	2023-02-10 12:45:50	2023-02-10 12:45:50	0d9e5077-844d-4b38-ab51-6ceffb8a5453.jpg
1370	event_file_63e690e22e0af.jpeg	\N	2023-02-10 12:45:54	2023-02-10 12:45:54	351a9a74-1cfb-4353-a341-8dc4b3548851.jpg
1371	event_file_63e690e619041.jpeg	\N	2023-02-10 12:45:58	2023-02-10 12:45:58	bf2a035e-d913-40be-a5c2-2db5344d17da.jpg
1372	event_file_63e690ebf38ea.jpeg	\N	2023-02-10 12:46:03	2023-02-10 12:46:03	e58ebae1-b9ba-4496-bebe-9bc5d165b274.jpg
1373	event_file_63e690f36a40a.jpeg	\N	2023-02-10 12:46:11	2023-02-10 12:46:11	ecefd433-984e-4115-9d79-36bc13120c77.jpg
1374	event_file_63e69102610e6.jpeg	\N	2023-02-10 12:46:26	2023-02-10 12:46:26	56e057a0-6b44-4c94-a05c-7d7749c6d182.jpg
1375	event_file_63e691054fe37.jpeg	\N	2023-02-10 12:46:29	2023-02-10 12:46:29	32896e19-275c-4b6d-b74c-cb348b08c6fc.jpg
1376	event_file_63e691091f8fe.jpeg	\N	2023-02-10 12:46:33	2023-02-10 12:46:33	fa749afb-c585-425c-9a3a-dea16c8631f3.jpg
1377	event_file_63e6910cb1442.jpeg	\N	2023-02-10 12:46:36	2023-02-10 12:46:36	761e6a1b-9160-4959-9eb6-4204877e3b79.jpg
1378	event_file_63e6911013736.jpeg	\N	2023-02-10 12:46:40	2023-02-10 12:46:40	d4cbe91c-914d-4b15-9486-1532765c33e4.jpg
1379	event_file_63e69113482dc.jpeg	\N	2023-02-10 12:46:43	2023-02-10 12:46:43	f6be7dde-b111-4c4f-943a-62f66269d36a.jpg
1380	event_file_63e691163fcc6.jpeg	\N	2023-02-10 12:46:46	2023-02-10 12:46:46	e0aeb0a1-e85f-497d-9da3-3d4d5b934c48.jpg
1381	event_file_63e691191241d.jpeg	\N	2023-02-10 12:46:49	2023-02-10 12:46:49	522234a7-8ce3-4838-b5e6-a444e2e281c6.jpg
1382	event_file_63e6911c2e622.jpeg	\N	2023-02-10 12:46:52	2023-02-10 12:46:52	17cfee42-429a-4bcd-9043-5c019f9e9e4d.jpg
1383	event_file_63e6911f28197.jpeg	\N	2023-02-10 12:46:55	2023-02-10 12:46:55	9e66b15d-0cf4-4707-8590-b341d9d575e0.jpg
1384	event_file_63e6912264d1b.jpeg	\N	2023-02-10 12:46:58	2023-02-10 12:46:58	3638e0c5-243d-44fc-9a48-504023080a96.jpg
1385	event_file_63e6912813c81.jpeg	\N	2023-02-10 12:47:04	2023-02-10 12:47:04	63ffe548-ecf5-4aee-999b-2450e467dc01.jpg
1386	event_file_63e69134c46da.jpeg	\N	2023-02-10 12:47:16	2023-02-10 12:47:16	45aa7894-37ee-44e8-8d06-73ed0a3590e0.jpg
1387	event_file_63e691394ab07.jpeg	\N	2023-02-10 12:47:21	2023-02-10 12:47:21	9cf483f0-af52-4f52-951c-55d96230ecd3.jpg
1388	event_file_63e6913c73c43.jpeg	\N	2023-02-10 12:47:24	2023-02-10 12:47:24	fa921c6e-665b-43dc-94bc-aa60fe71c265.jpg
1389	event_file_63e6913fb9c42.jpeg	\N	2023-02-10 12:47:27	2023-02-10 12:47:27	17e0babf-7dfc-40c6-9749-0c57f3423c73.jpg
1390	event_file_63e6914225885.jpeg	\N	2023-02-10 12:47:30	2023-02-10 12:47:30	666e402b-2a5a-47e3-b3e3-e5873ba7621e.jpg
1391	event_file_63e69144b965d.jpeg	\N	2023-02-10 12:47:32	2023-02-10 12:47:32	9b98f175-70e7-4b52-957b-ed69fa2f2153.jpg
1392	event_file_63e69147a1976.jpeg	\N	2023-02-10 12:47:35	2023-02-10 12:47:35	bb2d9baa-13c0-412f-8d50-41e09d68015c.jpg
1393	event_file_63e6914a5dad2.jpeg	\N	2023-02-10 12:47:38	2023-02-10 12:47:38	db7a310c-466c-47a1-80a5-69dc417861b0.jpg
1394	event_file_63e6914d30bc4.jpeg	\N	2023-02-10 12:47:41	2023-02-10 12:47:41	1acaf5f6-3141-4843-8840-cccc9a8b82c1.jpg
1395	event_file_63e6915033a8f.jpeg	\N	2023-02-10 12:47:44	2023-02-10 12:47:44	1cf3e67f-3c14-4d27-a82a-28949715d005.jpg
1396	event_file_63e69153c3e6d.jpeg	\N	2023-02-10 12:47:47	2023-02-10 12:47:47	52baab4f-1922-4b5b-97b8-2e357fadc94f.jpg
1397	event_file_63e69156bea14.jpeg	\N	2023-02-10 12:47:50	2023-02-10 12:47:50	b9fb4e03-fb7e-45ec-a55b-ba32371a06fb.jpg
1398	event_file_63e69159d8695.jpeg	\N	2023-02-10 12:47:53	2023-02-10 12:47:53	04e980f4-d510-4cbb-a7ca-e158ec6cd1fe.jpg
1399	event_file_63e6916076c80.jpeg	\N	2023-02-10 12:48:00	2023-02-10 12:48:00	306bacdf-6c6d-4c0f-b9b5-89fd5bd1c5e7.jpg
1400	event_file_63e691636093e.jpeg	\N	2023-02-10 12:48:03	2023-02-10 12:48:03	59558724-8f8b-452b-bab2-0da8c1d1c70e.jpg
1401	event_file_63e69166a4784.jpeg	\N	2023-02-10 12:48:06	2023-02-10 12:48:06	121e36a3-0a93-4cf4-854d-acc961db156e.jpg
1402	event_file_63e6916d893ea.jpeg	\N	2023-02-10 12:48:13	2023-02-10 12:48:13	2358daba-813b-405c-b2ed-a0d5eb0642dc.jpg
1403	event_file_63e69170767c1.jpeg	\N	2023-02-10 12:48:16	2023-02-10 12:48:16	2912cec0-da5e-4da1-851f-e97329898e03.jpg
1404	event_file_63e691739afa5.jpeg	\N	2023-02-10 12:48:19	2023-02-10 12:48:19	6e94d560-e930-4526-a92b-1cdd35129eaf.jpg
1405	event_file_63e69176f0456.jpeg	\N	2023-02-10 12:48:22	2023-02-10 12:48:22	9db609e1-1b4c-4ac0-8a09-69ce971266c5.jpg
1406	event_file_63e6917a740ac.jpeg	\N	2023-02-10 12:48:26	2023-02-10 12:48:26	3012b5a3-55f2-4e2e-9773-5038ee927cc0.jpg
1407	event_file_63e6917e03c17.jpeg	\N	2023-02-10 12:48:30	2023-02-10 12:48:30	bdb5281b-9d0b-4747-adde-9a3765126eb3.jpg
1408	event_file_63e691a193cb4.jpeg	\N	2023-02-10 12:49:05	2023-02-10 12:49:05	ec43f1b4-1b96-4500-9a49-b16e053c69ee.jpg
1409	event_file_63e691a3f4039.jpeg	\N	2023-02-10 12:49:08	2023-02-10 12:49:08	3882c225-197b-4d6d-9710-5e4c84cbc4e2.jpg
1410	event_file_63e691a6f174f.jpeg	\N	2023-02-10 12:49:10	2023-02-10 12:49:10	dc8b2fe6-cc64-4c31-87dc-1cab327d6c3e.jpg
1411	event_file_63e691aa12c89.jpeg	\N	2023-02-10 12:49:14	2023-02-10 12:49:14	6cc83bb8-3467-4193-b167-13d0624c67e7.jpg
1412	event_file_63e691b05d6bb.jpeg	\N	2023-02-10 12:49:20	2023-02-10 12:49:20	92e8c72d-5b67-4d9e-9205-5189acf7c9c2.jpg
1413	event_file_63e691b2e71c9.jpeg	\N	2023-02-10 12:49:22	2023-02-10 12:49:22	1546a56d-f479-4ff4-a913-748192158525.jpg
1414	event_file_63e691b62bf29.jpeg	\N	2023-02-10 12:49:26	2023-02-10 12:49:26	c3eff11e-88ba-4237-8a4f-38962fdb83fd.jpg
1415	event_file_63e691bb0e507.jpeg	\N	2023-02-10 12:49:31	2023-02-10 12:49:31	479a5b46-3df8-4906-a682-90dee7b6af71.jpg
1416	event_file_63e691bdc54b0.jpeg	\N	2023-02-10 12:49:33	2023-02-10 12:49:33	92c97b27-bffd-4aa2-a8b4-6ef7bd5202fa.jpg
1417	event_file_63e691c8afb7c.jpeg	\N	2023-02-10 12:49:44	2023-02-10 12:49:44	c05a9895-bff4-42fd-8067-c54581bb54de.jpg
1418	event_file_63e691cc4a2b5.jpeg	\N	2023-02-10 12:49:48	2023-02-10 12:49:48	e6d8e697-c335-46a5-97ae-a2b78eb1f60d.jpg
1419	event_file_63e691ce057d4.jpeg	\N	2023-02-10 12:49:50	2023-02-10 12:49:50	228f305c-4389-4c3e-b947-8f40e1d1d2c9.jpg
1420	event_file_63e691d07a213.jpeg	\N	2023-02-10 12:49:52	2023-02-10 12:49:52	cedeaffb-4854-4250-956b-d87eba1fd796.jpg
1421	event_file_63e691d4606f1.jpeg	\N	2023-02-10 12:49:56	2023-02-10 12:49:56	8742ab2e-e38d-4cc3-b49a-34e1674c23fe.jpg
1422	event_file_63e691d7cb563.jpeg	\N	2023-02-10 12:49:59	2023-02-10 12:49:59	dd92aabe-9ecf-4b4e-8186-932774cace24.jpg
1423	event_file_63e691dac5594.jpeg	\N	2023-02-10 12:50:02	2023-02-10 12:50:02	d2685f9f-4e67-4374-828f-db53941b00c0.jpg
1424	event_file_63e691e183aa3.jpeg	\N	2023-02-10 12:50:09	2023-02-10 12:50:09	2afdb53e-fff5-43ce-bbaa-f59873690d8a.jpg
1425	event_file_6407a58be2b49.jpeg	\N	2023-03-07 14:58:51	2023-03-07 14:58:51	979bbd5f-ce46-461d-8db9-9bfd1f323b64.jpg
1426	event_file_6407a58f03edd.jpeg	\N	2023-03-07 14:58:55	2023-03-07 14:58:55	5035621a-4de0-4e0f-8611-81f061f40b5b.jpg
1427	event_file_6407a5aaf2019.jpeg	\N	2023-03-07 14:59:22	2023-03-07 14:59:22	987d5274-7066-4f9b-bfbd-8fa6955e4d13.jpg
1428	event_file_6407a5af7510e.jpeg	\N	2023-03-07 14:59:27	2023-03-07 14:59:27	638d72c9-335d-4240-b665-5a67748b8ab2.jpg
1429	event_file_6407a5b2b5c9f.jpeg	\N	2023-03-07 14:59:30	2023-03-07 14:59:30	038ecb02-1c79-49e2-9126-b188e64e81ae.jpg
1430	event_file_6407a5b505b69.jpeg	\N	2023-03-07 14:59:33	2023-03-07 14:59:33	441017fc-d868-4d1b-814b-42657d8c4bfa.jpg
1431	event_file_6407a5b8270c7.jpeg	\N	2023-03-07 14:59:36	2023-03-07 14:59:36	a2f014c4-83d4-423a-a5ab-1c54bb58f24e.jpg
1432	event_file_6407a5ba49874.jpeg	\N	2023-03-07 14:59:38	2023-03-07 14:59:38	5af22a1b-075b-4c94-b091-8278fd4ea83d.jpg
1433	event_file_6407a5bc5ac3e.jpeg	\N	2023-03-07 14:59:40	2023-03-07 14:59:40	6f34ea06-6fb4-4e17-9bff-cd20af51c144.jpg
1434	event_file_6407a5beb8093.jpeg	\N	2023-03-07 14:59:42	2023-03-07 14:59:42	3ec4b2f4-4fd2-46bc-b34b-1edd7ec0509f.jpg
1435	event_file_6407a5db9e4a4.jpeg	\N	2023-03-07 15:00:11	2023-03-07 15:00:11	9fdd8c4f-b7aa-4cd2-bedb-2b0d6e8a89c5.jpg
1436	event_file_6407a5df4e21c.jpeg	\N	2023-03-07 15:00:15	2023-03-07 15:00:15	8e192499-6e08-4782-8c71-2634d892007c.jpg
1437	event_file_6407a5e182b68.jpeg	\N	2023-03-07 15:00:17	2023-03-07 15:00:17	10902bea-384f-44a5-9dfa-090bad3fc321.jpg
1438	event_file_6407a5e3a7d89.jpeg	\N	2023-03-07 15:00:19	2023-03-07 15:00:19	7b8ccfcd-9958-4ea0-9f5d-a56085f9d49c.jpg
1439	event_file_6407a628bcbc4.jpeg	\N	2023-03-07 15:01:28	2023-03-07 15:01:28	3f837409-19f1-4df8-bf8e-ba107cf2dd8b.jpg
1440	event_file_6407a62d5e69c.jpeg	\N	2023-03-07 15:01:33	2023-03-07 15:01:33	638d72c9-335d-4240-b665-5a67748b8ab2.jpg
1441	event_file_6407a630200ae.jpeg	\N	2023-03-07 15:01:36	2023-03-07 15:01:36	9c508ef9-a217-410d-8161-b089985695d8.jpg
1442	event_file_6407a6325d450.jpeg	\N	2023-03-07 15:01:38	2023-03-07 15:01:38	093ff30d-1b00-478f-85b9-0627b8b50700.jpg
1443	event_file_6407a634008eb.jpeg	\N	2023-03-07 15:01:40	2023-03-07 15:01:40	9f5c7a44-e6e1-4712-a0ac-79ae7ced441d.jpg
1444	event_file_6407a63c3690e.jpeg	\N	2023-03-07 15:01:48	2023-03-07 15:01:48	80bdfb26-5abc-4cf8-b65f-8fec9d2f4c51.jpg
1445	event_file_6407a63e9cc5f.jpeg	\N	2023-03-07 15:01:50	2023-03-07 15:01:50	843961ba-fdec-41cd-8a46-ca320e866126.jpg
1446	event_file_6407a640bcf9a.jpeg	\N	2023-03-07 15:01:52	2023-03-07 15:01:52	1f6ac8b8-e200-44f5-b7c0-8aa06f2c6b8f.jpg
1447	event_file_6407a642b88e4.jpeg	\N	2023-03-07 15:01:54	2023-03-07 15:01:54	79e6b50e-eaf7-475a-a3a6-c6d7eefb9f2b.jpg
1448	event_file_6407a6448c923.jpeg	\N	2023-03-07 15:01:56	2023-03-07 15:01:56	5afb7bef-283a-45a6-93c6-b3b3a48f04e1.jpg
1449	event_file_6407a64654bf6.jpeg	\N	2023-03-07 15:01:58	2023-03-07 15:01:58	a821a48f-c72f-4893-b24d-44e785378968.jpg
1450	event_file_6407a64dd47d9.jpeg	\N	2023-03-07 15:02:05	2023-03-07 15:02:05	7d5869c5-4224-4889-8b39-cd85d52b7481.jpg
1451	event_file_6407a65a218c4.jpeg	\N	2023-03-07 15:02:18	2023-03-07 15:02:18	bfea3650-cfb7-4a0a-9928-4dc8a56be38d.jpg
1452	event_file_6407a65d3a6da.jpeg	\N	2023-03-07 15:02:21	2023-03-07 15:02:21	bdbd88a8-2f8e-40cd-aac2-e922da30d562.jpg
1453	event_file_6407a66064ef4.jpeg	\N	2023-03-07 15:02:24	2023-03-07 15:02:24	99e2bf1b-8075-46b6-b43a-4ac8ed284fae.jpg
1454	event_file_6407a667a99b0.jpeg	\N	2023-03-07 15:02:31	2023-03-07 15:02:31	1f363490-eeba-469f-9709-e58595f297c4.jpg
1455	event_file_6407a66a41e4d.jpeg	\N	2023-03-07 15:02:34	2023-03-07 15:02:34	019d3a29-5c9c-4db6-be12-8edf8d97bc8d.jpg
1456	event_file_640bae6ccbafb.jpeg	\N	2023-03-10 16:25:48	2023-03-10 16:25:48	84dc4531-1943-466d-8e31-95a3585e1072.jpg
1457	event_file_640bae70e8e13.jpeg	\N	2023-03-10 16:25:52	2023-03-10 16:25:52	6a36d865-af3f-4f56-baf7-a15c9f765dfe.jpg
1458	event_file_640bae73a687d.jpeg	\N	2023-03-10 16:25:55	2023-03-10 16:25:55	374bb1af-8c22-4e54-b93a-cdb939d1cbd7.jpg
1459	event_file_640bae77ccfbd.jpeg	\N	2023-03-10 16:25:59	2023-03-10 16:25:59	6bacfd43-b0aa-47fb-bead-11678944cab2.jpg
1460	event_file_640bae7b1cd15.jpeg	\N	2023-03-10 16:26:03	2023-03-10 16:26:03	8a0b0d58-5c9a-4c5f-8a1c-8d862e502ae8.jpg
1461	event_file_640bae7e0ce13.jpeg	\N	2023-03-10 16:26:06	2023-03-10 16:26:06	43d6021b-2675-423b-be7e-c29aa44152c8.jpg
1462	event_file_640bae85222ed.jpeg	\N	2023-03-10 16:26:13	2023-03-10 16:26:13	c0eb9e1c-8702-4ce7-90f9-7c3192a4e372.jpg
1463	event_file_640bae88231d2.jpeg	\N	2023-03-10 16:26:16	2023-03-10 16:26:16	2b75edf8-b97c-49b1-89d8-9a6d665d6d14.jpg
1464	event_file_640bae8bb08da.jpeg	\N	2023-03-10 16:26:19	2023-03-10 16:26:19	baec9a50-69c2-491f-b979-a39d5cc7c288.jpg
1465	event_file_640bae8e6fc82.jpeg	\N	2023-03-10 16:26:22	2023-03-10 16:26:22	407e6893-61e3-4c7f-a378-60f32db45943.jpg
1466	event_file_640bae91d8b37.jpeg	\N	2023-03-10 16:26:25	2023-03-10 16:26:25	1c0b6d83-460c-4520-8188-1320e27be861.jpg
1467	event_file_640bae98d8cfd.jpeg	\N	2023-03-10 16:26:32	2023-03-10 16:26:32	7c575a96-daa5-47d4-a3b8-254c8a487cad.jpg
1468	event_file_640bae9d525c8.jpeg	\N	2023-03-10 16:26:37	2023-03-10 16:26:37	1fc08b09-1a6a-4db8-8a57-1a8d121cce83.jpg
1585	event_file_640bb8356f7ca.jpeg	\N	2023-03-10 17:07:33	2023-03-10 17:07:33	343cd407-a1f8-4dd5-9f3d-13aaf93a2d53.jpg
1586	event_file_640bb837e0648.jpeg	\N	2023-03-10 17:07:35	2023-03-10 17:07:35	41e8a8ad-6b58-4cb4-a6f8-50d41731e4da.jpg
1587	event_file_640bb83abc26e.jpeg	\N	2023-03-10 17:07:38	2023-03-10 17:07:38	59ae1bd1-da20-472a-a83a-72749e5177b7.jpg
1588	event_file_640bb83d71a2d.jpeg	\N	2023-03-10 17:07:41	2023-03-10 17:07:41	73690515-eccc-436b-a0ac-87089b1577b7.jpg
1589	event_file_640bb840d15fc.jpeg	\N	2023-03-10 17:07:44	2023-03-10 17:07:44	a4ccf79c-fb32-45eb-a2cf-7b6d8396fd87.jpg
1590	event_file_640bb8448e415.jpeg	\N	2023-03-10 17:07:48	2023-03-10 17:07:48	faafa95f-073b-405b-8f64-f9342ff1b9cf.jpg
1591	event_file_640bb84e271e5.jpeg	\N	2023-03-10 17:07:58	2023-03-10 17:07:58	2f8bfae7-1cfa-436e-9cd0-f1fad7a9c95f.jpg
1592	event_file_640bd1388bfaa.jpeg	\N	2023-03-10 18:54:16	2023-03-10 18:54:16	64e6ea2a-0f98-45ad-91ad-fad57351ddf8.jpg
1593	event_file_640bd13a3277b.jpeg	\N	2023-03-10 18:54:18	2023-03-10 18:54:18	ed478457-f925-41d5-8cbf-e7c3015fe2a9.jpg
1594	event_file_640bd13d42933.jpeg	\N	2023-03-10 18:54:21	2023-03-10 18:54:21	f687910f-77cb-43a3-9f4d-c41b0f57098b.jpg
1595	event_file_640bd13fbf7c7.jpeg	\N	2023-03-10 18:54:23	2023-03-10 18:54:23	e1e6ccbb-a569-4af5-b7cf-585e480a7f7d.jpg
1596	event_file_640bd1419a2e7.jpeg	\N	2023-03-10 18:54:25	2023-03-10 18:54:25	33433c79-1b73-42f3-a15b-bdfb269abf05.jpg
1597	event_file_640bd14436a45.jpeg	\N	2023-03-10 18:54:28	2023-03-10 18:54:28	e6e0e91a-b117-4472-8223-e338957de20b.jpg
1469	event_file_640bb01cc35aa.jpeg	\N	2023-03-10 16:33:00	2023-03-10 16:33:00	47a496c2-69ec-425f-8169-e58637502cdd.jpg
1470	event_file_640bb01fb1bf5.jpeg	\N	2023-03-10 16:33:03	2023-03-10 16:33:03	6a042315-6634-416a-95b5-e72ac2465b46.jpg
1471	event_file_640bb0263c3f5.jpeg	\N	2023-03-10 16:33:10	2023-03-10 16:33:10	df972173-fc6d-472e-a4fa-ab7cd533d31c.jpg
1472	event_file_640bb02864d7e.jpeg	\N	2023-03-10 16:33:12	2023-03-10 16:33:12	efe41753-108c-4632-b778-dfee8406ec85.jpg
1473	event_file_640bb0355d810.jpeg	\N	2023-03-10 16:33:25	2023-03-10 16:33:25	1b402862-d69e-4d2f-a63e-af1d8af0a092.jpg
1474	event_file_640bb03783293.jpeg	\N	2023-03-10 16:33:27	2023-03-10 16:33:27	8a3048b9-2aaa-4744-8398-0b5f7bfe7543.jpg
1475	event_file_640bb03b341b0.jpeg	\N	2023-03-10 16:33:31	2023-03-10 16:33:31	bba0b82b-ae71-41b4-b1f6-b97fea7804d0.jpg
1476	event_file_640bb03dd36d6.jpeg	\N	2023-03-10 16:33:33	2023-03-10 16:33:33	7c129d98-f321-4e45-ae88-f0649786bc88.jpg
1477	event_file_640bb0426e4c0.jpeg	\N	2023-03-10 16:33:38	2023-03-10 16:33:38	3d34a0d6-365d-4908-a6c2-14facbed408a.jpg
1478	event_file_640bb046adb13.jpeg	\N	2023-03-10 16:33:42	2023-03-10 16:33:42	65299441-320b-43d0-bf5c-1f2e31624179.jpg
1479	event_file_640bb0486db40.jpeg	\N	2023-03-10 16:33:44	2023-03-10 16:33:44	c00133cb-774e-409b-921e-592acdf56e18.jpg
1480	event_file_640bb04bf1e68.jpeg	\N	2023-03-10 16:33:47	2023-03-10 16:33:47	24849d9e-9e1d-4d87-8494-c8955d9ac579.jpg
1481	event_file_640bb04f2fa0a.jpeg	\N	2023-03-10 16:33:51	2023-03-10 16:33:51	159bac12-444e-4f5d-8e90-1b024eecbbeb.jpg
1482	event_file_640bb05285dcf.jpeg	\N	2023-03-10 16:33:54	2023-03-10 16:33:54	644c45de-6642-4d5b-a6d9-c090a0e4c6f2.jpg
1483	event_file_640bb0577e62b.jpeg	\N	2023-03-10 16:33:59	2023-03-10 16:33:59	427bd45d-4890-4650-8458-7f34f692fc8e.jpg
1484	event_file_640bb05b1fde2.jpeg	\N	2023-03-10 16:34:03	2023-03-10 16:34:03	1a9cdf4d-bcc0-4a10-9560-a00b15216cdd.jpg
1485	event_file_640bb06053ea2.jpeg	\N	2023-03-10 16:34:08	2023-03-10 16:34:08	3875ca91-8727-4ccd-8a09-26b2ea9ed610.jpg
1486	event_file_640bb06401128.jpeg	\N	2023-03-10 16:34:12	2023-03-10 16:34:12	d7aa5583-3cc0-42dc-bdd0-19f9896dd2a1.jpg
1487	event_file_640bb0684d785.jpeg	\N	2023-03-10 16:34:16	2023-03-10 16:34:16	4c83bbdb-8106-4d8e-8ccf-9637e5b54c3e.jpg
1488	event_file_640bb069e783d.jpeg	\N	2023-03-10 16:34:17	2023-03-10 16:34:17	80e46ae9-461f-4202-86f7-8f9b205752c2.jpg
1489	event_file_640bb06cf1142.jpeg	\N	2023-03-10 16:34:20	2023-03-10 16:34:20	2b8607a6-67b9-4d08-a973-cd07a681a52a.jpg
1490	event_file_640bb073bb758.jpeg	\N	2023-03-10 16:34:27	2023-03-10 16:34:27	80f4692d-2c16-463b-b8b8-06ddc3f57380.jpg
1491	event_file_640bb0759f59d.jpeg	\N	2023-03-10 16:34:29	2023-03-10 16:34:29	22ee3fdb-0107-4934-a49a-458bb416df39.jpg
1492	event_file_640bb07839551.jpeg	\N	2023-03-10 16:34:32	2023-03-10 16:34:32	718255b6-4e5e-46ca-ad55-256667075de7.jpg
1493	event_file_640bb07a934ad.jpeg	\N	2023-03-10 16:34:34	2023-03-10 16:34:34	54ee6dc3-0c44-47fe-b53e-a4b13b9aef56.jpg
1494	event_file_640bb07d32ecd.jpeg	\N	2023-03-10 16:34:37	2023-03-10 16:34:37	2e295bff-6101-41fe-bfa7-76a394a0ade7.jpg
1495	event_file_640bb0816525a.jpeg	\N	2023-03-10 16:34:41	2023-03-10 16:34:41	e11f30e3-b68c-4fda-954d-67996c2fdc74.jpg
1496	event_file_640bb0837a010.jpeg	\N	2023-03-10 16:34:43	2023-03-10 16:34:43	202f7676-aac9-4b6b-947e-253778fe4f30.jpg
1497	event_file_640bb0881dd64.jpeg	\N	2023-03-10 16:34:48	2023-03-10 16:34:48	774519ed-4cba-4583-9d73-1fc38668134c.jpg
1498	event_file_640bb08b8b3b5.jpeg	\N	2023-03-10 16:34:51	2023-03-10 16:34:51	a863ee9b-4da7-46bf-8bb7-2a5f2d37811d.jpg
1499	event_file_640bb0901d058.jpeg	\N	2023-03-10 16:34:56	2023-03-10 16:34:56	b9fa3973-5c26-4a6a-9764-eb8630dd4f5b.jpg
1500	event_file_640bb0933f0cb.jpeg	\N	2023-03-10 16:34:59	2023-03-10 16:34:59	8856a88b-4d5b-4275-9c83-8061b32884cc.jpg
1501	event_file_640bb098ce464.jpeg	\N	2023-03-10 16:35:04	2023-03-10 16:35:04	ce9495d4-ec63-423a-bfe4-90d326e187fd.jpg
1502	event_file_640bb09c31952.jpeg	\N	2023-03-10 16:35:08	2023-03-10 16:35:08	21d33e01-2fbc-4ea4-9353-eac3ed597010.jpg
1503	event_file_640bb09f52fd1.jpeg	\N	2023-03-10 16:35:11	2023-03-10 16:35:11	74c6a74b-a063-4a1b-af9b-75e2382242c6.jpg
1504	event_file_640bb0d424815.jpeg	\N	2023-03-10 16:36:04	2023-03-10 16:36:04	0d04c444-b535-4752-91d0-2cf6a0b9789d.jpg
1505	event_file_640bb0d746b29.jpeg	\N	2023-03-10 16:36:07	2023-03-10 16:36:07	43b2882b-3c79-4687-a854-11345287b95f.jpg
1506	event_file_640bb0dd555c7.jpeg	\N	2023-03-10 16:36:13	2023-03-10 16:36:13	e04e29d4-6b30-49ce-85e2-ab50d80a3bfb.jpg
1507	event_file_640bb0dfc1c81.jpeg	\N	2023-03-10 16:36:15	2023-03-10 16:36:15	3bae410d-b0e8-4120-8b93-fb4455fa02e3.jpg
1508	event_file_640bb0e26f013.jpeg	\N	2023-03-10 16:36:18	2023-03-10 16:36:18	19df908f-57e7-432b-a736-70d7f76f79ba.jpg
1509	event_file_640bb0e532a14.jpeg	\N	2023-03-10 16:36:21	2023-03-10 16:36:21	cab8e1aa-874f-4f9b-b0a7-f2b92218c06e.jpg
1510	event_file_640bb0f511753.jpeg	\N	2023-03-10 16:36:37	2023-03-10 16:36:37	bccdbc79-d712-4b06-ba81-6cba61fdaa82.jpg
1511	event_file_640bb0f7aa1fd.jpeg	\N	2023-03-10 16:36:39	2023-03-10 16:36:39	24232d64-76eb-4a43-afe2-8766764f5cfb.jpg
1512	event_file_640bb0fc1c141.jpeg	\N	2023-03-10 16:36:44	2023-03-10 16:36:44	22fe7be2-d26c-4efa-8ae1-164f0b92ad00.jpg
1513	event_file_640bb1071188f.jpeg	\N	2023-03-10 16:36:55	2023-03-10 16:36:55	89b3db3b-fbdc-40a4-98b1-aa86615abd1a.jpg
1514	event_file_640bb11c0e643.jpeg	\N	2023-03-10 16:37:16	2023-03-10 16:37:16	39d08f9f-f11a-4661-8074-48c1b106e299.jpg
1515	event_file_640bb11e90377.jpeg	\N	2023-03-10 16:37:18	2023-03-10 16:37:18	fd7ef1e3-0408-4192-9556-72fbe69ea6b5.jpg
1516	event_file_640bb1214b531.jpeg	\N	2023-03-10 16:37:21	2023-03-10 16:37:21	e986fb75-4ce7-4d94-9336-d081ef67424b.jpg
1517	event_file_640bb1242858a.jpeg	\N	2023-03-10 16:37:24	2023-03-10 16:37:24	75509dc6-cf52-439b-8e89-95112866faab.jpg
1518	event_file_640bb12698222.jpeg	\N	2023-03-10 16:37:26	2023-03-10 16:37:26	bd2caafb-11db-4531-995a-dcffb85f2fec.jpg
1519	event_file_640bb1297d360.jpeg	\N	2023-03-10 16:37:29	2023-03-10 16:37:29	f1e11313-7c4f-4833-86ae-aafc854f6cc0.jpg
1520	event_file_640bb12c44e74.jpeg	\N	2023-03-10 16:37:32	2023-03-10 16:37:32	95c9c288-3971-4fa7-aed9-7ea31beca4e9.jpg
1521	event_file_640bb133a32ff.jpeg	\N	2023-03-10 16:37:39	2023-03-10 16:37:39	2c50c497-f0d4-466a-ab35-4502b569ff6e.jpg
1522	event_file_640bb137d3128.jpeg	\N	2023-03-10 16:37:43	2023-03-10 16:37:43	093852cb-e855-4e30-be5f-8f3ae1ab31f1.jpg
1523	event_file_640bb13ae6401.jpeg	\N	2023-03-10 16:37:46	2023-03-10 16:37:46	9e7335b2-d98d-4454-bffe-996cf5bb49c5.jpg
1524	event_file_640bb13f2c741.jpeg	\N	2023-03-10 16:37:51	2023-03-10 16:37:51	6c195f13-a4aa-4f9d-a14d-30d954be4e07.jpg
1525	event_file_640bb14297b1a.jpeg	\N	2023-03-10 16:37:54	2023-03-10 16:37:54	2e821a65-717f-43f0-8b91-e971eb5160b9.jpg
1526	event_file_640bb145aa00e.jpeg	\N	2023-03-10 16:37:57	2023-03-10 16:37:57	9864b31b-df4a-40c6-beb9-65cc32792222.jpg
1527	event_file_640bb148cc5ca.jpeg	\N	2023-03-10 16:38:00	2023-03-10 16:38:00	fd3331cb-8b54-4efb-b894-a28e9e9e3d48.jpg
1528	event_file_640bb14ba5a3c.jpeg	\N	2023-03-10 16:38:03	2023-03-10 16:38:03	f5ecc4a5-03aa-4d5a-aee7-7bd2f260f144.jpg
1529	event_file_640bb14e9086c.jpeg	\N	2023-03-10 16:38:06	2023-03-10 16:38:06	0c14dc1b-d471-491a-b074-23bb62a07029.jpg
1530	event_file_640bb154df54f.jpeg	\N	2023-03-10 16:38:12	2023-03-10 16:38:12	d22c9dac-d85e-4025-acf7-1a979be578d0.jpg
1531	event_file_640bb1613554f.jpeg	\N	2023-03-10 16:38:25	2023-03-10 16:38:25	d1f08db8-d678-4d48-bb8d-237b82c0145d.jpg
1532	event_file_640bb1f1a04f7.jpeg	\N	2023-03-10 16:40:49	2023-03-10 16:40:49	2aab3fc4-33cd-4591-b89f-46da87782066.jpg
1533	event_file_640bb386aacba.jpeg	\N	2023-03-10 16:47:34	2023-03-10 16:47:34	5c276ae0-68c9-4065-8c0e-2eee0b33602a.jpg
1534	event_file_640bb388b7d9b.jpeg	\N	2023-03-10 16:47:36	2023-03-10 16:47:36	546ff2ff-156a-4947-a609-8e9b633f1784.jpg
1535	event_file_640bb38ae6e52.jpeg	\N	2023-03-10 16:47:38	2023-03-10 16:47:38	13967046-5231-4d6c-8fdf-75be952c1375.jpg
1536	event_file_640bb38f0031c.jpeg	\N	2023-03-10 16:47:43	2023-03-10 16:47:43	d7b478c6-6aeb-4198-8808-00c7af805dad.jpg
1537	event_file_640bb392dc029.jpeg	\N	2023-03-10 16:47:46	2023-03-10 16:47:46	1fe2e1bd-c7e8-4393-9bb8-87e76bc2b8d8.jpg
1538	event_file_640bb3952b535.jpeg	\N	2023-03-10 16:47:49	2023-03-10 16:47:49	67da809d-4dcd-46a3-901c-9b3ffc7a157b.jpg
1539	event_file_640bb39774fb3.jpeg	\N	2023-03-10 16:47:51	2023-03-10 16:47:51	4655044e-195b-4690-9623-cf6d01ce2088.jpg
1540	event_file_640bb39a00dd3.jpeg	\N	2023-03-10 16:47:54	2023-03-10 16:47:54	daa45ad7-3932-47bf-8512-c5f17a1e99b4.jpg
1541	event_file_640bb3c6a2430.jpeg	\N	2023-03-10 16:48:38	2023-03-10 16:48:38	faff80bf-8251-46cb-af29-0946d07bd4c0.jpg
1542	event_file_640bb3c9b3aae.jpeg	\N	2023-03-10 16:48:41	2023-03-10 16:48:41	a062fbdb-2ca3-480c-8cf7-7b6f25d722d1.jpg
1543	event_file_640bb3cdbb96b.jpeg	\N	2023-03-10 16:48:45	2023-03-10 16:48:45	fa0a1ecb-8cd8-41a8-8a12-b1e6fa16afba.jpg
1544	event_file_640bb3cf1cb07.jpeg	\N	2023-03-10 16:48:47	2023-03-10 16:48:47	4dd7ff0c-f4fc-4262-8fb6-be3004d13c2e.jpg
1545	event_file_640bb3d8328a9.jpeg	\N	2023-03-10 16:48:56	2023-03-10 16:48:56	cd2bbced-744a-45fb-a97c-5a0a2754a179.jpg
1546	event_file_640bb3db80ba0.jpeg	\N	2023-03-10 16:48:59	2023-03-10 16:48:59	23c6436d-27c8-4f57-9197-253c649e385c.jpg
1547	event_file_640bb3de8131c.jpeg	\N	2023-03-10 16:49:02	2023-03-10 16:49:02	c859be7c-127d-496e-a6be-170b224b1f38.jpg
1548	event_file_640bb3e152f8c.jpeg	\N	2023-03-10 16:49:05	2023-03-10 16:49:05	47a9ab8c-c017-419b-bc98-f7d908b25ab5.jpg
1549	event_file_640bb3e44eb95.jpeg	\N	2023-03-10 16:49:08	2023-03-10 16:49:08	faad7c7e-7ff2-4ec1-a57b-a20b20e4ee69.jpg
1550	event_file_640bb3e5b0300.jpeg	\N	2023-03-10 16:49:09	2023-03-10 16:49:09	faad7c7e-7ff2-4ec1-a57b-a20b20e4ee69.jpg
1551	event_file_640bb3eae2e4e.jpeg	\N	2023-03-10 16:49:14	2023-03-10 16:49:14	ff039efc-7e07-4488-b5ae-8d5d6c59b1e7.jpg
1552	event_file_640bb3ee235a7.jpeg	\N	2023-03-10 16:49:18	2023-03-10 16:49:18	134a5b56-f436-415e-8fad-99b11bc52d91.jpg
1553	event_file_640bb3f061a63.jpeg	\N	2023-03-10 16:49:20	2023-03-10 16:49:20	48c9195d-63a0-4bed-b6f3-5250449fad88.jpg
1554	event_file_640bb3f5a1c33.jpeg	\N	2023-03-10 16:49:25	2023-03-10 16:49:25	a7d23e8a-9eb3-4b08-ba5e-1cd857d95893.jpg
1555	event_file_640bb3fc43e49.jpeg	\N	2023-03-10 16:49:32	2023-03-10 16:49:32	a70b1055-00ec-4073-9039-84426f276268.jpg
1556	event_file_640bb3fe4500c.jpeg	\N	2023-03-10 16:49:34	2023-03-10 16:49:34	d26fcfac-0b38-4521-998d-75e64797dc16.jpg
1557	event_file_640bb4012230e.jpeg	\N	2023-03-10 16:49:37	2023-03-10 16:49:37	201d2d37-92fa-49ef-8803-a6d7d0cee78c.jpg
1558	event_file_640bb40786c15.jpeg	\N	2023-03-10 16:49:43	2023-03-10 16:49:43	9b12bd21-d4bf-4a85-b29b-a8a3582ddd79.jpg
1559	event_file_640bb40916d3d.jpeg	\N	2023-03-10 16:49:45	2023-03-10 16:49:45	9b12bd21-d4bf-4a85-b29b-a8a3582ddd79.jpg
1560	event_file_640bb40b8964c.jpeg	\N	2023-03-10 16:49:47	2023-03-10 16:49:47	19ad1dff-348c-49c1-8527-45980812932c.jpg
1561	event_file_640bb40e90fc8.jpeg	\N	2023-03-10 16:49:50	2023-03-10 16:49:50	a2adc33c-9a2b-4e6f-9b50-8d4f190dc88f.jpg
1562	event_file_640bb41129964.jpeg	\N	2023-03-10 16:49:53	2023-03-10 16:49:53	c6f2dfc0-bf12-4e91-834c-6d2dd6d8de10.jpg
1563	event_file_640bb41387f16.jpeg	\N	2023-03-10 16:49:55	2023-03-10 16:49:55	cc79747c-ff04-4293-9c49-1838339465c0.jpg
1564	event_file_640bb41651512.jpeg	\N	2023-03-10 16:49:58	2023-03-10 16:49:58	8ac6dc84-1c76-4ef1-8660-3dab9d39f35e.jpg
1565	event_file_640bb418a7dbf.jpeg	\N	2023-03-10 16:50:00	2023-03-10 16:50:00	6791e7d7-8ad7-4768-9fc3-6dfd6359f01f.jpg
1566	event_file_640bb4225f374.jpeg	\N	2023-03-10 16:50:10	2023-03-10 16:50:10	9e9bcfa0-16d7-4fd0-b34d-1f3d7f74fc66.jpg
1567	event_file_640bb425b5ae3.jpeg	\N	2023-03-10 16:50:13	2023-03-10 16:50:13	1ad52717-53ab-4ccd-aed6-53fb92c7ab79.jpg
1568	event_file_640bb42a740ee.jpeg	\N	2023-03-10 16:50:18	2023-03-10 16:50:18	988700c0-3a17-4009-970a-638357bbce63.jpg
1569	event_file_640bb43650325.jpeg	\N	2023-03-10 16:50:30	2023-03-10 16:50:30	09443d48-74b9-4c8b-9dd4-ec5a49bde59b.jpg
1570	event_file_640bb438c6fee.jpeg	\N	2023-03-10 16:50:32	2023-03-10 16:50:32	89d8862c-bec4-45d1-9796-b0908c1ae4dc.jpg
1571	event_file_640bb43d85273.jpeg	\N	2023-03-10 16:50:37	2023-03-10 16:50:37	5fabc143-9279-41f0-9e82-a3c33856b81b.jpg
1572	event_file_640bb440cfbea.jpeg	\N	2023-03-10 16:50:40	2023-03-10 16:50:40	57c6bb19-4c06-4b92-a37c-d444c7b125c2.jpg
1573	event_file_640bb44447eea.jpeg	\N	2023-03-10 16:50:44	2023-03-10 16:50:44	e0fd8f36-3782-49b9-bce7-3c06fb2c8e10.jpg
1574	event_file_640bb4471dcf9.jpeg	\N	2023-03-10 16:50:47	2023-03-10 16:50:47	ce0fca37-202c-4d4a-a182-133cc4f99dc4.jpg
1575	event_file_640bb44aea8e6.jpeg	\N	2023-03-10 16:50:50	2023-03-10 16:50:50	7fa68471-c5f4-4912-8950-a8f8b7693223.jpg
1576	event_file_640bb45051091.jpeg	\N	2023-03-10 16:50:56	2023-03-10 16:50:56	4fc87db4-4dab-4155-aaf6-edebbfc50be4.jpg
1577	event_file_640bb45756ab1.jpeg	\N	2023-03-10 16:51:03	2023-03-10 16:51:03	dcc49e13-ea8c-4ca5-9506-a662c5d437df.jpg
1578	event_file_640bb45a81150.jpeg	\N	2023-03-10 16:51:06	2023-03-10 16:51:06	cee44108-2408-4fe2-ab86-26832fbaccf5.jpg
1579	event_file_640bb45ec5301.jpeg	\N	2023-03-10 16:51:10	2023-03-10 16:51:10	dfb19475-ff0c-4ec6-b452-15c290edead5.jpg
1580	event_file_640bb4615c4ae.jpeg	\N	2023-03-10 16:51:13	2023-03-10 16:51:13	0b06110b-d029-41f8-bcce-e85ef786f132.jpg
1581	event_file_640bb465d6703.jpeg	\N	2023-03-10 16:51:17	2023-03-10 16:51:17	9d1c7cb8-4624-4192-92e9-a8f19810055c.jpg
1582	event_file_640bb46921f5f.jpeg	\N	2023-03-10 16:51:21	2023-03-10 16:51:21	8efbc07b-eca8-429a-befa-be5665a8ef51.jpg
1583	event_file_640bb46c00807.jpeg	\N	2023-03-10 16:51:24	2023-03-10 16:51:24	f05b06cb-a3ff-4b60-920f-72b07f2facba.jpg
1584	event_file_640bb46f98a31.jpeg	\N	2023-03-10 16:51:27	2023-03-10 16:51:27	8622d0be-567f-4f5c-b2e9-25670ecf4dc4.jpg
1598	event_file_6421e85530266.jpeg	\N	2023-03-27 13:02:45	2023-03-27 13:02:45	7be3335a-cbe3-4219-a276-0227d212eeff.jpg
1599	event_file_6421e85755b9f.jpeg	\N	2023-03-27 13:02:47	2023-03-27 13:02:47	171c0366-84cf-4664-a02c-7990b370b2ee.jpg
1600	event_file_6421e859dad56.jpeg	\N	2023-03-27 13:02:49	2023-03-27 13:02:49	a4ffdd74-ec39-4058-8590-aa47321f688f.jpg
1601	event_file_6421e85def1c8.jpeg	\N	2023-03-27 13:02:53	2023-03-27 13:02:53	a27e68f7-ad53-419a-8820-5c41c8d11e17.jpg
1602	event_file_6421e8622af3a.jpeg	\N	2023-03-27 13:02:58	2023-03-27 13:02:58	53479e14-3576-486b-a971-1c86f0d269a4.jpg
1603	event_file_6421e864a1a2f.jpeg	\N	2023-03-27 13:03:00	2023-03-27 13:03:00	9abd6437-5e4e-442d-ba9e-ef6709e24034.jpg
1604	event_file_6421e867337dd.jpeg	\N	2023-03-27 13:03:03	2023-03-27 13:03:03	58920d20-d25b-43f0-8740-d84453ec2d5c.jpg
1605	event_file_6421e869029fb.jpeg	\N	2023-03-27 13:03:05	2023-03-27 13:03:05	109ab5a9-5e6f-45b0-a806-e445d75bc93e.jpg
1606	event_file_6421e86eaef75.jpeg	\N	2023-03-27 13:03:10	2023-03-27 13:03:10	a5eaecc7-5470-462d-b1a3-01c83dc15d74.jpg
1607	event_file_6421e8705527f.jpeg	\N	2023-03-27 13:03:12	2023-03-27 13:03:12	b1bd3bdd-759c-45e8-b033-d86e9c87344a.jpg
1608	event_file_6421e872c01c6.jpeg	\N	2023-03-27 13:03:14	2023-03-27 13:03:14	89aaee96-06b5-45c2-9d4a-faf8161b9f6b.jpg
1609	event_file_6421e874a8211.jpeg	\N	2023-03-27 13:03:16	2023-03-27 13:03:16	4b5f4a52-0c5b-404f-bbd5-d42c5ba1a355.jpg
1610	event_file_6421e87896575.jpeg	\N	2023-03-27 13:03:20	2023-03-27 13:03:20	62a0478d-b200-4eee-859e-a7eb31d65421.jpg
1611	event_file_6421e87aeb275.jpeg	\N	2023-03-27 13:03:22	2023-03-27 13:03:22	da0e5b7b-f40b-420a-a173-e9094071cb2a.jpg
1612	event_file_6421e87f9a767.jpeg	\N	2023-03-27 13:03:27	2023-03-27 13:03:27	62a0478d-b200-4eee-859e-a7eb31d65421.jpg
1613	event_file_6421e885e5812.jpeg	\N	2023-03-27 13:03:33	2023-03-27 13:03:33	da0e5b7b-f40b-420a-a173-e9094071cb2a.jpg
1614	event_file_6421eb217323a.jpeg	\N	2023-03-27 13:14:41	2023-03-27 13:14:41	6dd4957c-d34f-4ebf-8375-669db2bee400.jpg
1615	event_file_6421eb2373042.jpeg	\N	2023-03-27 13:14:43	2023-03-27 13:14:43	40735262-b4c4-4797-a32e-f7c038631fd2.jpg
1616	event_file_6421eb2e03e7d.jpeg	\N	2023-03-27 13:14:54	2023-03-27 13:14:54	6ed1a0f1-a5c2-4c25-bf38-cf10e8905d72.jpg
1617	event_file_6421eb3087e8b.jpeg	\N	2023-03-27 13:14:56	2023-03-27 13:14:56	40f82633-b38f-4d76-bedc-dab9391b8f63.jpg
1618	event_file_6421eb3942abf.jpeg	\N	2023-03-27 13:15:05	2023-03-27 13:15:05	4e208edc-1a05-4a0a-bc3b-8b5c6b09766b.jpg
1619	event_file_6421eb3cc03a0.jpeg	\N	2023-03-27 13:15:08	2023-03-27 13:15:08	b2610cd9-b862-49d8-88b9-d96f3cd5ec0d.jpg
1620	event_file_6421eb3fc70ee.jpeg	\N	2023-03-27 13:15:11	2023-03-27 13:15:11	2fe8bbe4-fcc3-4862-b1c6-b01e3cf2755b.jpg
1621	event_file_6421eb4631c18.jpeg	\N	2023-03-27 13:15:18	2023-03-27 13:15:18	242e3185-ab6a-4c72-9beb-4bf42251ea6c.jpg
1622	event_file_6421eb4d30b54.jpeg	\N	2023-03-27 13:15:25	2023-03-27 13:15:25	a375d1b5-20fb-4eed-8947-a43e2e273a56.jpg
1623	event_file_6421eb522e7b6.jpeg	\N	2023-03-27 13:15:30	2023-03-27 13:15:30	44c5eac5-14e2-466e-857f-fb831aad0932.jpg
1624	event_file_6421eb5a48d6d.jpeg	\N	2023-03-27 13:15:38	2023-03-27 13:15:38	5faaac4f-31d6-4fdf-b7e5-1f8bb2934504.jpg
1625	event_file_6421eb5e51b5a.jpeg	\N	2023-03-27 13:15:42	2023-03-27 13:15:42	d9743ee2-6e19-4710-83ae-025693baf517.jpg
1626	event_file_6421eb604c49f.jpeg	\N	2023-03-27 13:15:44	2023-03-27 13:15:44	6392e3a9-bd10-48a9-9256-458451152e18.jpg
1627	event_file_6421eb6a8e2e8.jpeg	\N	2023-03-27 13:15:54	2023-03-27 13:15:54	5d0ebf1a-403d-4819-b914-80442c477262.jpg
1628	event_file_6421efa634051.jpeg	\N	2023-03-27 13:33:58	2023-03-27 13:33:58	3959e921-38b9-4351-8985-61592fd32b77.jpg
1629	event_file_6421efab68a08.jpeg	\N	2023-03-27 13:34:03	2023-03-27 13:34:03	33e3bc96-aa31-434b-9200-0e78422d0438.jpg
1630	event_file_6421efae92988.jpeg	\N	2023-03-27 13:34:06	2023-03-27 13:34:06	b093207e-65b9-4e04-aafe-0ced71dfedde.jpg
1631	event_file_6421efb17fc4e.jpeg	\N	2023-03-27 13:34:09	2023-03-27 13:34:09	bef7a12e-1517-48ee-a59a-afc5a4bc9875.jpg
1632	event_file_6421efb610191.jpeg	\N	2023-03-27 13:34:14	2023-03-27 13:34:14	37f8f2e9-20a9-4660-8ae0-f8684c2833a5.jpg
1633	event_file_6421efb9cee6d.jpeg	\N	2023-03-27 13:34:17	2023-03-27 13:34:17	324927ef-8395-4355-a0bb-f984d0b292e9.jpg
1634	event_file_6421efbd6b3f6.jpeg	\N	2023-03-27 13:34:21	2023-03-27 13:34:21	142bf480-0ccb-4b68-a059-17948f272394.jpg
1635	event_file_6421efc0a36e7.jpeg	\N	2023-03-27 13:34:24	2023-03-27 13:34:24	1300ac0f-4567-4863-bf9c-c3fce5881916.jpg
1636	event_file_6421efc5dcdeb.jpeg	\N	2023-03-27 13:34:29	2023-03-27 13:34:29	d4195ebc-aca1-4caf-b3e5-b8a4c8ce7c22.jpg
1637	event_file_6421efc983a30.jpeg	\N	2023-03-27 13:34:33	2023-03-27 13:34:33	8e7dd0bf-a3cf-4a0f-b8a0-31517d71e825.jpg
1638	event_file_6421f668817ca.jpeg	\N	2023-03-27 14:02:48	2023-03-27 14:02:48	da1391f1-d1e6-4c5d-843d-5244783bade4.jpg
1639	event_file_6421f66a1dbe5.jpeg	\N	2023-03-27 14:02:50	2023-03-27 14:02:50	7d4877c8-00d5-43a8-b91a-2557c42d6aff.jpg
1640	event_file_6421f66d01105.jpeg	\N	2023-03-27 14:02:53	2023-03-27 14:02:53	f97e945e-4d54-419c-a051-56cee071a2a0.jpg
1641	event_file_6421f6708c4f2.jpeg	\N	2023-03-27 14:02:56	2023-03-27 14:02:56	0edc8277-0efc-415a-94e8-08661a3ef8e1.jpg
1642	event_file_6421f672c31d9.jpeg	\N	2023-03-27 14:02:58	2023-03-27 14:02:58	66c7e911-dd7a-407f-a1cc-959b54ab04fa.jpg
1643	event_file_6421f6754278f.jpeg	\N	2023-03-27 14:03:01	2023-03-27 14:03:01	9408ef6b-bfe3-4240-bfdf-96f12b4a5da8.jpg
1644	event_file_6421f67831179.jpeg	\N	2023-03-27 14:03:04	2023-03-27 14:03:04	6a3d853c-8ce0-4a45-9b25-4ffc912db15f.jpg
1645	event_file_6421f679b0f6d.jpeg	\N	2023-03-27 14:03:05	2023-03-27 14:03:05	04975a15-9758-4338-a803-4ca020f18e35.jpg
1646	event_file_6421f67d2ea7f.jpeg	\N	2023-03-27 14:03:09	2023-03-27 14:03:09	1b1fedbb-2cd0-49f8-912e-e7b6f5484d9d.jpg
1647	event_file_6421f67eba94d.jpeg	\N	2023-03-27 14:03:10	2023-03-27 14:03:10	9a989862-848d-4f3b-ba8f-2ebfa4f8d040.jpg
1648	event_file_6421f681e7308.jpeg	\N	2023-03-27 14:03:13	2023-03-27 14:03:13	3cd3662e-786d-44f9-ae58-63b9c5d04252.jpg
1649	event_file_6421f6843538f.jpeg	\N	2023-03-27 14:03:16	2023-03-27 14:03:16	5d2dd6ec-7c19-4206-a4a8-f819ac00c596.jpg
1650	event_file_6421f90451a9a.jpeg	\N	2023-03-27 14:13:56	2023-03-27 14:13:56	2a17e0f2-f9bc-4459-9cdb-3de0b00118f8.jpg
1651	event_file_6421f906bbd99.jpeg	\N	2023-03-27 14:13:58	2023-03-27 14:13:58	9a8b47ec-7ebe-40b5-8c8a-75c61f86c470.jpg
1652	event_file_6421fa291e52b.jpeg	\N	2023-03-27 14:18:49	2023-03-27 14:18:49	eb425bf3-a331-4e34-b76b-c793b95a1232.jpg
1653	event_file_6421fa2d13a29.jpeg	\N	2023-03-27 14:18:53	2023-03-27 14:18:53	a32b0e6a-64de-43e3-9eac-c9ede939d678.jpg
1654	event_file_6421ff83114e9.jpeg	\N	2023-03-27 14:41:39	2023-03-27 14:41:39	464dee1c-af2f-421c-987f-e41f70d13112.jpg
1655	event_file_6421ff84c1c66.jpeg	\N	2023-03-27 14:41:40	2023-03-27 14:41:40	714dde55-1ec7-4398-8e64-d9ca20e2438f.jpg
1656	event_file_6421ff8703799.jpeg	\N	2023-03-27 14:41:43	2023-03-27 14:41:43	b294ae91-e8e5-43c2-9b04-db125e56eab7.jpg
1657	event_file_6421fff56c271.jpeg	\N	2023-03-27 14:43:33	2023-03-27 14:43:33	19406b43-0d04-4cc1-a893-b6e98b198c46.jpg
1658	event_file_6421fff7bcb24.jpeg	\N	2023-03-27 14:43:35	2023-03-27 14:43:35	2b407094-e1e8-4196-8135-59feb3df8152.jpg
1659	event_file_642200c461168.jpeg	\N	2023-03-27 14:47:00	2023-03-27 14:47:00	b5a5a96f-c78d-4475-8397-8e70e4bc7cb1.jpg
1660	event_file_642200cbb3498.jpeg	\N	2023-03-27 14:47:07	2023-03-27 14:47:07	75859280-fc49-4ff5-9085-2adf05f0072a.jpg
1661	event_file_642200d077188.jpeg	\N	2023-03-27 14:47:12	2023-03-27 14:47:12	be198926-277c-455a-87da-d6b7697b34f0.jpg
1662	event_file_642202015f484.jpeg	\N	2023-03-27 14:52:17	2023-03-27 14:52:17	5218b5c9-73d2-4d0a-becd-7ae94a787c5c.jpg
1663	event_file_6422020e6e0c7.jpeg	\N	2023-03-27 14:52:30	2023-03-27 14:52:30	8390f21e-372e-456d-bb54-7e0b8d3b2928.jpg
1664	event_file_642202194fc49.jpeg	\N	2023-03-27 14:52:41	2023-03-27 14:52:41	833c9b27-6b07-4ed8-81dd-675b7b03dcdb.jpg
1665	event_file_642202f80729c.jpeg	\N	2023-03-27 14:56:24	2023-03-27 14:56:24	cbb1303d-67c9-4ccd-b293-dbfd0c391b0e.jpg
1666	event_file_6422045974f5a.jpeg	\N	2023-03-27 15:02:17	2023-03-27 15:02:17	d6dc6f9a-c3a0-484a-8944-6acc90fbfab7.jpg
1667	event_file_642204879c72c.jpeg	\N	2023-03-27 15:03:03	2023-03-27 15:03:03	11a305a4-4b49-4af1-b873-4b724f9e0b58.jpg
1668	event_file_642204f59412f.jpeg	\N	2023-03-27 15:04:53	2023-03-27 15:04:53	af3ca62f-b4d2-494a-b3f7-7b4c750bec8a.jpg
1669	event_file_6422295f63dcb.jpeg	\N	2023-03-27 17:40:15	2023-03-27 17:40:15	399a2f89-290d-4654-a452-0f43288df5c7.jpg
1670	event_file_6422296134bb6.jpeg	\N	2023-03-27 17:40:17	2023-03-27 17:40:17	ec231fe0-196d-499c-bd3c-f8c3c5cc17b6.jpg
1671	event_file_64222963d8146.jpeg	\N	2023-03-27 17:40:19	2023-03-27 17:40:19	aa3c293e-88f5-4d85-a02b-044f042a0fa6.jpg
1672	event_file_642229660e9b4.jpeg	\N	2023-03-27 17:40:22	2023-03-27 17:40:22	3705cfea-f0a7-43a6-845c-464ee1da22cd.jpg
1673	event_file_6422296812df0.jpeg	\N	2023-03-27 17:40:24	2023-03-27 17:40:24	0495846c-ae0b-45bc-ba1e-249942bb12e3.jpg
1674	event_file_6422296996e3f.jpeg	\N	2023-03-27 17:40:25	2023-03-27 17:40:25	8f0cb439-9805-4536-bf78-132e44ccd59b.jpg
1675	event_file_6422296bcc5db.jpeg	\N	2023-03-27 17:40:27	2023-03-27 17:40:27	e0dd26a2-c0f3-4097-97bf-2543c00c35a0.jpg
1676	event_file_64231c520c9bf.jpeg	\N	2023-03-28 10:56:50	2023-03-28 10:56:50	636e83da-fe6b-4bb1-915f-bbee67c80daa.jpg
1677	event_file_64231c5383829.jpeg	\N	2023-03-28 10:56:51	2023-03-28 10:56:51	f125e028-0df0-44cb-8443-f1a68f9988e1.jpg
1678	event_file_64231c581d5fa.jpeg	\N	2023-03-28 10:56:56	2023-03-28 10:56:56	1cb46675-2af9-40ce-92f1-ef5b3426f0cd.jpg
1679	event_file_64231c5b2c465.jpeg	\N	2023-03-28 10:56:59	2023-03-28 10:56:59	219d65e3-b0be-4a74-bff3-475c116593c5.jpg
1680	event_file_64231c5e239e9.jpeg	\N	2023-03-28 10:57:02	2023-03-28 10:57:02	266081b1-8a52-4fcd-9e0e-b811fc5cd6c8.jpg
1681	event_file_64231c6154555.jpeg	\N	2023-03-28 10:57:05	2023-03-28 10:57:05	139c64c0-0829-4105-bbbf-52891269e3f0.jpg
1682	event_file_64231c63ef4b0.jpeg	\N	2023-03-28 10:57:07	2023-03-28 10:57:07	7b261b76-2a14-4aea-9891-8a062b284a6e.jpg
1683	event_file_64231c6674488.jpeg	\N	2023-03-28 10:57:10	2023-03-28 10:57:10	38536587-ab65-4ba8-9ec4-602cdcc5a0a5.jpg
1684	event_file_64231c67c21cc.jpeg	\N	2023-03-28 10:57:11	2023-03-28 10:57:11	166de662-40b1-4fab-9800-6e1fd2fadbb5.jpg
1685	event_file_64231c6aca8f3.jpeg	\N	2023-03-28 10:57:14	2023-03-28 10:57:14	afa79b4f-f902-4731-909e-a0407148f99a.jpg
1686	event_file_64231c6e09dca.jpeg	\N	2023-03-28 10:57:18	2023-03-28 10:57:18	3c3710ee-ed68-4ab6-bdda-8dafd614fc38.jpg
1687	event_file_64231c7ae9198.jpeg	\N	2023-03-28 10:57:30	2023-03-28 10:57:30	a22d7b53-2651-496e-9394-35b03499727e.jpg
1688	event_file_64231c7d708f2.jpeg	\N	2023-03-28 10:57:33	2023-03-28 10:57:33	77e7fd5b-8ab9-46fe-b8e7-0ec78a5fd801.jpg
1689	event_file_64231c81010b5.jpeg	\N	2023-03-28 10:57:37	2023-03-28 10:57:37	c7b88177-6c74-4513-86c8-23d5b5b40ff5.jpg
1690	event_file_64231c845eacc.jpeg	\N	2023-03-28 10:57:40	2023-03-28 10:57:40	607df922-ecf9-44d2-96f8-b149e492fce6.jpg
1691	event_file_64231c8792fc9.jpeg	\N	2023-03-28 10:57:43	2023-03-28 10:57:43	8fa287f8-48f0-432a-bd46-f2d171297442.jpg
1692	event_file_64231c8a72869.jpeg	\N	2023-03-28 10:57:46	2023-03-28 10:57:46	ffc7e308-4099-4d3a-9f96-493688aa68e7.jpg
1693	event_file_64231c8c4c480.jpeg	\N	2023-03-28 10:57:48	2023-03-28 10:57:48	401bd96a-9d09-42c3-a5e5-f1175f0ad333.jpg
1694	event_file_64231c94a0715.jpeg	\N	2023-03-28 10:57:56	2023-03-28 10:57:56	024f72d6-1019-49fc-8de8-f27e614ae4c7.jpg
1695	event_file_64231c96ad25c.jpeg	\N	2023-03-28 10:57:58	2023-03-28 10:57:58	784c6c51-f1ed-433d-a2ae-3739f71de5ba.jpg
1696	event_file_64231c996105e.jpeg	\N	2023-03-28 10:58:01	2023-03-28 10:58:01	6fc2567b-ee68-45dd-88d8-fc0d8be22b2d.jpg
1697	event_file_64231c9ba847c.jpeg	\N	2023-03-28 10:58:03	2023-03-28 10:58:03	6200ca0b-9c7b-462b-b6c7-f6ecda230c61.jpg
1698	event_file_64231ca4652a2.jpeg	\N	2023-03-28 10:58:12	2023-03-28 10:58:12	35ccfb8c-568b-4a7b-a668-47919a6919e5.jpg
1699	event_file_642388020d395.jpeg	\N	2023-03-28 18:36:18	2023-03-28 18:36:18	4c9f35b9-24df-484e-8259-f51ea007b391.jpg
1700	event_file_6423880c21045.jpeg	\N	2023-03-28 18:36:28	2023-03-28 18:36:28	033b38c0-cda7-4220-9a01-6afd470b99f1.jpg
1701	event_file_6423880f183e7.jpeg	\N	2023-03-28 18:36:31	2023-03-28 18:36:31	02e709ff-0812-4423-987d-0ad25c1ff05f.jpg
1702	event_file_64238816dd317.jpeg	\N	2023-03-28 18:36:38	2023-03-28 18:36:38	8315aea1-0662-4a0d-b14d-86420fab21a8.jpg
1703	event_file_642388188ec58.jpeg	\N	2023-03-28 18:36:40	2023-03-28 18:36:40	da7ce899-4ba1-40ab-b969-6e8c1db5fcd7.jpg
1704	event_file_642388208b35a.jpeg	\N	2023-03-28 18:36:48	2023-03-28 18:36:48	b735d05b-c355-4f17-be6b-8eab6b1d83d1.jpg
1705	event_file_642388234438f.jpeg	\N	2023-03-28 18:36:51	2023-03-28 18:36:51	714bf071-a701-40bf-8fc3-fb71a1ec5f3e.jpg
1706	event_file_64238848a53aa.jpeg	\N	2023-03-28 18:37:28	2023-03-28 18:37:28	8db004cf-e815-4af9-b7d3-41c78439ae79.jpg
1707	event_file_6423884a6dba9.jpeg	\N	2023-03-28 18:37:30	2023-03-28 18:37:30	57229fe5-5fad-4211-93b0-6316d396d98b.jpg
1708	event_file_6423884c60acd.jpeg	\N	2023-03-28 18:37:32	2023-03-28 18:37:32	cc6e10ed-d6bc-4ab7-8657-73570dd89ee8.jpg
1709	event_file_6423885bcc7c2.jpeg	\N	2023-03-28 18:37:47	2023-03-28 18:37:47	40602e10-a6ac-4d6b-b315-4f98ce6eb968.jpg
1710	event_file_6423885dc95d3.jpeg	\N	2023-03-28 18:37:49	2023-03-28 18:37:49	1c984a6a-07c2-481f-94c1-fb661e604e16.jpg
1711	event_file_642388608deaa.jpeg	\N	2023-03-28 18:37:52	2023-03-28 18:37:52	20f8dd83-3345-47cc-b867-a1bca5d9badc.jpg
1712	event_file_6423886383e58.jpeg	\N	2023-03-28 18:37:55	2023-03-28 18:37:55	ad6c91cf-8d73-4ce5-9435-3d7ca96587a1.jpg
1713	event_file_64238866e6fad.jpeg	\N	2023-03-28 18:37:58	2023-03-28 18:37:58	5fde9f0a-530f-4f44-81d9-5ea61c4e6df7.jpg
1714	event_file_6423886edb338.jpeg	\N	2023-03-28 18:38:06	2023-03-28 18:38:06	78e59668-55d5-4c36-85ea-c0378dd7877c.jpg
1715	event_file_642388711736f.jpeg	\N	2023-03-28 18:38:09	2023-03-28 18:38:09	d6041cf8-c59d-4770-9ba9-1fe9e34df9d8.jpg
1716	event_file_64238874a42f2.jpeg	\N	2023-03-28 18:38:12	2023-03-28 18:38:12	8ad91d51-2474-4a20-9a6f-0c43601fd72c.jpg
1717	event_file_6423887676db3.jpeg	\N	2023-03-28 18:38:14	2023-03-28 18:38:14	49c7e2dd-7744-45b3-a490-53caf5d32694.jpg
1718	event_file_6423897920ad5.jpeg	\N	2023-03-28 18:42:33	2023-03-28 18:42:33	3d2a57dd-7a3a-4b23-95cf-0f051cd168b5.jpg
1719	event_file_64238980780fd.jpeg	\N	2023-03-28 18:42:40	2023-03-28 18:42:40	482e6dbd-b914-4360-9c1f-cb2adcb76fc4.jpg
1720	event_file_6436f68ec13f0.jpeg	\N	2023-04-12 12:21:02	2023-04-12 12:21:02	77138d7f-45ae-4948-8215-ad509848bcc6.jpg
1721	event_file_6436f69122531.jpeg	\N	2023-04-12 12:21:05	2023-04-12 12:21:05	3c0837ad-7146-4346-9144-259372b09e15.jpg
1722	event_file_6436f69489993.jpeg	\N	2023-04-12 12:21:08	2023-04-12 12:21:08	291d5a5c-9286-4de1-84a4-17de7dc854a3.jpg
1723	event_file_6436f69652aed.jpeg	\N	2023-04-12 12:21:10	2023-04-12 12:21:10	4e950b16-3579-4e67-a800-67c84adc1afa.jpg
1724	event_file_6436f69889967.jpeg	\N	2023-04-12 12:21:12	2023-04-12 12:21:12	5f6cacfe-26a0-4425-bb63-d909038b31dd.jpg
1725	event_file_6436f699f208a.jpeg	\N	2023-04-12 12:21:13	2023-04-12 12:21:13	dcb1ac73-c25f-424c-8a21-f63901cdea0f.jpg
1726	event_file_6436f69c0a4f2.jpeg	\N	2023-04-12 12:21:16	2023-04-12 12:21:16	582345d2-edf2-4776-8c7a-5985d5536391.jpg
1727	event_file_6436f69e2e2a4.jpeg	\N	2023-04-12 12:21:18	2023-04-12 12:21:18	171dee52-7fca-4ba3-b6fe-a4ac1296e707.jpg
1728	event_file_6436f6a4a1fd8.jpeg	\N	2023-04-12 12:21:24	2023-04-12 12:21:24	a3336359-3629-4f48-9d8a-9c6334d95200.jpg
1729	event_file_6436f6a6e35cc.jpeg	\N	2023-04-12 12:21:26	2023-04-12 12:21:26	8b70e511-921d-472b-9582-ca073fc69635.jpg
1730	event_file_6436f6a9497e7.jpeg	\N	2023-04-12 12:21:29	2023-04-12 12:21:29	c09144b1-9ae6-48a3-b5ba-73bc8751f538.jpg
1731	event_file_6436f6ab523a6.jpeg	\N	2023-04-12 12:21:31	2023-04-12 12:21:31	9cb5fe34-bf74-4969-b39d-2bb803c62b6b.jpg
1732	event_file_6436f7262916e.jpeg	\N	2023-04-12 12:23:34	2023-04-12 12:23:34	948c5395-9082-4605-a8e5-3be4fdcc5607.jpg
1733	event_file_6436f75c45bbe.jpeg	\N	2023-04-12 12:24:28	2023-04-12 12:24:28	d7cae5da-221c-4ac4-85ea-bddfdf129390.jpg
1734	event_file_6436f76314bb6.jpeg	\N	2023-04-12 12:24:35	2023-04-12 12:24:35	bddd8381-7dbe-498d-b183-3434fc9c0d72.jpg
1735	event_file_6436f76829570.jpeg	\N	2023-04-12 12:24:40	2023-04-12 12:24:40	489fb5f7-a448-44af-b2ae-63c141621d7d.jpg
1736	event_file_6436f76b1d3db.jpeg	\N	2023-04-12 12:24:43	2023-04-12 12:24:43	150f2384-116c-42a8-8ccc-6db5d6612d76.jpg
1737	event_file_6436f76f9bf9b.jpeg	\N	2023-04-12 12:24:47	2023-04-12 12:24:47	4ed3fbeb-0069-4d47-bf75-c332ad73f4df.jpg
1738	event_file_6436f7722f4d4.jpeg	\N	2023-04-12 12:24:50	2023-04-12 12:24:50	90db4389-7747-485f-b2b8-c27d7b42a402.jpg
1739	event_file_6436f774b1509.jpeg	\N	2023-04-12 12:24:52	2023-04-12 12:24:52	c740b5e1-cc12-405a-b845-ee0c3ce763bc.jpg
1740	event_file_6436f77795119.jpeg	\N	2023-04-12 12:24:55	2023-04-12 12:24:55	be7f4e45-58ec-4a77-84e6-f5a77acc55d6.jpg
1741	event_file_6436f77a1dde6.jpeg	\N	2023-04-12 12:24:58	2023-04-12 12:24:58	a809e9f5-c0be-443e-b62d-7881380cf5f1.jpg
1742	event_file_6436f77ca3c3a.jpeg	\N	2023-04-12 12:25:00	2023-04-12 12:25:00	a0a3e988-015a-489d-91d7-1cdaa3888560.jpg
1743	event_file_6436f77eaa418.jpeg	\N	2023-04-12 12:25:02	2023-04-12 12:25:02	403edc92-97ad-443d-b139-3f43a4ed3147.jpg
1744	event_file_6436f781c5b64.jpeg	\N	2023-04-12 12:25:05	2023-04-12 12:25:05	68e61055-899a-48b9-92d0-e9f264c5ec33.jpg
1745	event_file_6436f78889373.jpeg	\N	2023-04-12 12:25:12	2023-04-12 12:25:12	0a653a48-73a2-4e7a-ae98-2a3dae7d4cc3.jpg
1746	event_file_6436f7b310672.jpeg	\N	2023-04-12 12:25:55	2023-04-12 12:25:55	b992f78c-099f-4e5b-9653-c9d6c7d68eef.jpg
1747	event_file_6436f7b4993cb.jpeg	\N	2023-04-12 12:25:56	2023-04-12 12:25:56	7b71ddcb-8e76-45a9-b510-cfd8801f33a8.jpg
1748	event_file_6436f7b75b000.jpeg	\N	2023-04-12 12:25:59	2023-04-12 12:25:59	f18fbd68-d1fe-49ac-b078-c440a56e1d3b.jpg
1749	event_file_6436f7b91e39c.jpeg	\N	2023-04-12 12:26:01	2023-04-12 12:26:01	6d22688e-2411-4db9-a74c-4410a6623b6c.jpg
1750	event_file_6436ff03cf580.jpeg	\N	2023-04-12 12:57:07	2023-04-12 12:57:07	a6bd475a-80f5-40f8-9b6f-f999a11e7cc4.jpg
1751	event_file_64557422e526c.jpeg	\N	2023-05-05 15:24:50	2023-05-05 15:24:50	3f1a567c-f949-4f99-8c46-3075b6204667.jpg
1752	event_file_64557435c024c.jpeg	\N	2023-05-05 15:25:09	2023-05-05 15:25:09	bb59e79e-228f-4d6d-a470-66c70b7d8874.jpg
1753	event_file_6455743f2dcc7.jpeg	\N	2023-05-05 15:25:19	2023-05-05 15:25:19	d4bcac84-7723-4475-8093-974549c8024a.jpg
1754	event_file_64557446c824c.jpeg	\N	2023-05-05 15:25:26	2023-05-05 15:25:26	939b12d8-bb7d-40c8-9f39-1f39c41d1f3f.jpg
1755	event_file_64557448b8018.jpeg	\N	2023-05-05 15:25:28	2023-05-05 15:25:28	c55234c0-3321-4453-a271-943cd59f5c72.jpg
1756	event_file_6455744bbba1b.jpeg	\N	2023-05-05 15:25:31	2023-05-05 15:25:31	14c448ae-4caf-4f52-80e9-8f77528d13ff.jpg
1757	event_file_645574501d6f8.jpeg	\N	2023-05-05 15:25:36	2023-05-05 15:25:36	e355b1db-ea19-4c3c-8c45-d7479de61625.jpg
1758	event_file_64557452eac31.jpeg	\N	2023-05-05 15:25:38	2023-05-05 15:25:38	02475cae-9846-493f-b1ca-78c65450160a.jpg
1759	event_file_6455745733286.jpeg	\N	2023-05-05 15:25:43	2023-05-05 15:25:43	a9995a84-5b90-47f5-863d-99caa2aaad1e.jpg
1760	event_file_6455745b94341.jpeg	\N	2023-05-05 15:25:47	2023-05-05 15:25:47	92e17068-c9ba-4bda-be11-1ce3626f6a72.jpg
1761	event_file_6455745e9e4ce.jpeg	\N	2023-05-05 15:25:50	2023-05-05 15:25:50	8879d40a-3639-4212-a5b0-8fbda2688832.jpg
1762	event_file_6455746c3ddfc.jpeg	\N	2023-05-05 15:26:04	2023-05-05 15:26:04	07224caa-2e46-4b1b-943d-5bc1296c59cb.jpg
1763	event_file_645574719b57a.jpeg	\N	2023-05-05 15:26:09	2023-05-05 15:26:09	3c757739-7699-4450-9fda-c71b21589dd9.jpg
1764	event_file_645574954c6ec.jpeg	\N	2023-05-05 15:26:45	2023-05-05 15:26:45	54429e66-4c32-46a4-a978-c593de541ba9.jpg
1765	event_file_6455749b9e1b1.jpeg	\N	2023-05-05 15:26:51	2023-05-05 15:26:51	d3ccd703-668b-4506-91a3-61c8a7d1b2de.jpg
1766	event_file_6455749e1d3bb.jpeg	\N	2023-05-05 15:26:54	2023-05-05 15:26:54	8638563a-0f5d-4f61-ac42-00f38f562c13.jpg
1767	event_file_645574a26fef8.jpeg	\N	2023-05-05 15:26:58	2023-05-05 15:26:58	ca7fbf48-d349-40eb-8c35-385e5c299df8.jpg
1768	event_file_645574a5a450b.jpeg	\N	2023-05-05 15:27:01	2023-05-05 15:27:01	6f333ba4-ecd2-4844-b2b8-c6b99b0d808b.jpg
1769	event_file_645574a8893f1.jpeg	\N	2023-05-05 15:27:04	2023-05-05 15:27:04	5799a638-788d-4b47-b81f-7120d5df6214.jpg
1770	event_file_645574abac104.jpeg	\N	2023-05-05 15:27:07	2023-05-05 15:27:07	761c1543-cec3-4368-9535-24cf2b773783.jpg
1771	event_file_645574ae26a6d.jpeg	\N	2023-05-05 15:27:10	2023-05-05 15:27:10	6da5d8d0-3d72-482f-8372-a806f6655ab6.jpg
1772	event_file_645574b552493.jpeg	\N	2023-05-05 15:27:17	2023-05-05 15:27:17	687efa5d-ae0a-44b5-b625-f63e1a929966.jpg
1773	event_file_645574b9766bc.jpeg	\N	2023-05-05 15:27:21	2023-05-05 15:27:21	d0422e24-c52a-4e5f-9a32-0a9a4670ded1.jpg
1774	event_file_645574bdba418.jpeg	\N	2023-05-05 15:27:25	2023-05-05 15:27:25	a78ef350-e9b2-4e24-beed-ac549f6e2648.jpg
1775	event_file_645574bfbfb5a.jpeg	\N	2023-05-05 15:27:27	2023-05-05 15:27:27	7565022b-5cec-4e2e-ac2a-e864bdf89337.jpg
1776	event_file_645574c326b5c.jpeg	\N	2023-05-05 15:27:31	2023-05-05 15:27:31	6bb017c0-5f45-4d52-8344-926cf23cdef2.jpg
1777	event_file_645574ce90c05.jpeg	\N	2023-05-05 15:27:42	2023-05-05 15:27:42	0c083c7e-5bb8-46f6-babd-05e2862399b6.jpg
1778	event_file_645574d15326c.jpeg	\N	2023-05-05 15:27:45	2023-05-05 15:27:45	f2684648-a721-4c18-ba37-936da05f2c68.jpg
1779	event_file_645574d3f3d78.jpeg	\N	2023-05-05 15:27:47	2023-05-05 15:27:47	874cc328-8e7e-4b65-a6df-3eecacc2a836.jpg
1780	event_file_645574d672f14.jpeg	\N	2023-05-05 15:27:50	2023-05-05 15:27:50	f7c665b4-f8a6-4327-b84f-f3118ab88a45.jpg
1781	event_file_645574fddbfaa.jpeg	\N	2023-05-05 15:28:29	2023-05-05 15:28:29	107a718b-4fb0-49a5-ab0b-cb62c1d20e07.jpg
1782	event_file_645574ffe52a9.jpeg	\N	2023-05-05 15:28:31	2023-05-05 15:28:31	4d420aa2-8db0-45d8-8db4-9f95bebb425f.jpg
1783	event_file_645575032041f.jpeg	\N	2023-05-05 15:28:35	2023-05-05 15:28:35	e2684d65-17cf-4d09-adcb-93e2cd38b15b.jpg
1784	event_file_64557507552ee.jpeg	\N	2023-05-05 15:28:39	2023-05-05 15:28:39	aa76041a-a711-44a4-8dec-80a106aebaaf.jpg
1785	event_file_6455750a4c14c.jpeg	\N	2023-05-05 15:28:42	2023-05-05 15:28:42	60245367-0fe0-4895-bea4-df8bec6722f7.jpg
1786	event_file_6455750dbf730.jpeg	\N	2023-05-05 15:28:45	2023-05-05 15:28:45	e27be463-b100-4753-9dfe-7628a0c67c07.jpg
1787	event_file_645575126d3b0.jpeg	\N	2023-05-05 15:28:50	2023-05-05 15:28:50	ca7355f0-cc75-4069-80f9-1169eace1933.jpg
1788	event_file_6455751484d3d.jpeg	\N	2023-05-05 15:28:52	2023-05-05 15:28:52	952745f0-dca4-4741-9c81-bf2ebc75e668.jpg
1789	event_file_6455751ad5c0a.jpeg	\N	2023-05-05 15:28:58	2023-05-05 15:28:58	8afbc68f-8dc0-4296-8677-9b73e674dffc.jpg
1790	event_file_6455751d9762b.jpeg	\N	2023-05-05 15:29:01	2023-05-05 15:29:01	b34ebc18-7b27-4819-bb4b-61745992f9c8.jpg
1791	event_file_6455752068df6.jpeg	\N	2023-05-05 15:29:04	2023-05-05 15:29:04	c1df5a0e-6d9c-4fa8-90d3-b33887f7da88.jpg
1792	event_file_6455752350158.jpeg	\N	2023-05-05 15:29:07	2023-05-05 15:29:07	4d196364-b752-4987-a630-efaaa852f647.jpg
1793	event_file_64557527b1d9e.jpeg	\N	2023-05-05 15:29:11	2023-05-05 15:29:11	8088e911-b11d-43c3-b53f-d6cbebc5a785.jpg
1794	event_file_6455752bc167f.jpeg	\N	2023-05-05 15:29:15	2023-05-05 15:29:15	43af71a7-c02f-4b44-94ec-a78ddfc814a7.jpg
1795	event_file_6455752fcbe04.jpeg	\N	2023-05-05 15:29:19	2023-05-05 15:29:19	0bf7f2e0-1d4c-4ea0-b4b7-115822150f66.jpg
1796	event_file_64557534909ff.jpeg	\N	2023-05-05 15:29:24	2023-05-05 15:29:24	cdfb3db9-1b76-420b-8ee0-ccfe99dcf0fa.jpg
1797	event_file_645575394afa8.jpeg	\N	2023-05-05 15:29:29	2023-05-05 15:29:29	f691d139-d137-4e76-8092-35c71f71c045.jpg
1798	event_file_64557545d8e95.jpeg	\N	2023-05-05 15:29:41	2023-05-05 15:29:41	f6315b20-434d-42d5-8d1d-f7b9000d28c0.jpg
1799	event_file_645575492e5e4.jpeg	\N	2023-05-05 15:29:45	2023-05-05 15:29:45	9b9a5939-2f79-4697-b474-bc982b1bbae0.jpg
1800	event_file_6455754b37efe.jpeg	\N	2023-05-05 15:29:47	2023-05-05 15:29:47	c8e7d357-e343-4615-aa1d-0b4b62d21d85.jpg
1801	event_file_6455a31a55507.jpeg	\N	2023-05-05 18:45:14	2023-05-05 18:45:14	3a7b388e-e2c0-484f-989e-4f2599bd9b9f.jpg
1802	event_file_6455a3220ab21.jpeg	\N	2023-05-05 18:45:22	2023-05-05 18:45:22	9abc97d9-dd21-4d31-8142-41a48eb07cf0.jpg
1803	event_file_6455a323e10d6.jpeg	\N	2023-05-05 18:45:23	2023-05-05 18:45:23	cd7b8fe1-16d2-4823-a2c6-77e587f14a64.jpg
1804	event_file_6455a3265ccf5.jpeg	\N	2023-05-05 18:45:26	2023-05-05 18:45:26	eaccec5a-16fd-469f-9fba-7905d25d95d1.jpg
1805	event_file_6455a328a5109.jpeg	\N	2023-05-05 18:45:28	2023-05-05 18:45:28	64a4d674-9cc1-47b0-9885-64891820c4b2.jpg
1806	event_file_6455a32a3dce2.jpeg	\N	2023-05-05 18:45:30	2023-05-05 18:45:30	e079c0ba-0254-4f70-8515-e938a28d9a3c.jpg
1807	event_file_6455a32e4f304.jpeg	\N	2023-05-05 18:45:34	2023-05-05 18:45:34	3b7f3405-72ac-4c1d-a985-b5913b0c9b3b.jpg
1808	event_file_6455a33079704.jpeg	\N	2023-05-05 18:45:36	2023-05-05 18:45:36	bb675dc4-c3e8-4025-8aed-fc6b9ec35667.jpg
1809	event_file_6455a33c26fdb.jpeg	\N	2023-05-05 18:45:48	2023-05-05 18:45:48	b8a4846a-f4ce-42af-8781-0fd7ac7f5a1e.jpg
1810	event_file_6455a3428bc43.jpeg	\N	2023-05-05 18:45:54	2023-05-05 18:45:54	aca8130e-b888-4b1d-a565-d4c85f822722.jpg
1811	event_file_6455a3450c3f2.jpeg	\N	2023-05-05 18:45:57	2023-05-05 18:45:57	dbd895ee-39d2-4a1b-8b1c-d1682d62d19e.jpg
1812	event_file_6455a347f214f.jpeg	\N	2023-05-05 18:45:59	2023-05-05 18:45:59	df033c35-2bc1-410d-97f2-f05be304e4b6.jpg
1813	event_file_6455a34b8510b.jpeg	\N	2023-05-05 18:46:03	2023-05-05 18:46:03	2bb22e5b-5a92-40e0-bdd4-5c8dca1d5764.jpg
1814	event_file_6455a34e8bfca.jpeg	\N	2023-05-05 18:46:06	2023-05-05 18:46:06	0310c499-7324-413b-bb06-0fe67974fdfb.jpg
1815	event_file_6455a368415fb.jpeg	\N	2023-05-05 18:46:32	2023-05-05 18:46:32	cda4e0f7-40f2-4a21-b3c6-ee6e2c4143f7.jpg
1816	event_file_6455a3742be8f.jpeg	\N	2023-05-05 18:46:44	2023-05-05 18:46:44	f8887c9e-8bcc-4932-a8a3-7a16157bffab.jpg
1817	event_file_6455a3768daf1.jpeg	\N	2023-05-05 18:46:46	2023-05-05 18:46:46	a0001a99-bfb8-4343-a5e8-f2e8158d283f.jpg
1818	event_file_6455a37f4dffd.jpeg	\N	2023-05-05 18:46:55	2023-05-05 18:46:55	b54d83ad-1e90-4e1b-9f7c-787f1e4846dd.jpg
1819	event_file_6455a382b5354.jpeg	\N	2023-05-05 18:46:58	2023-05-05 18:46:58	4a5c000e-4e03-480c-8d29-6c37cde6348a.jpg
1820	event_file_6455a387c842e.jpeg	\N	2023-05-05 18:47:03	2023-05-05 18:47:03	da90e4ca-b19a-488d-b84d-47f21755fa55.jpg
1821	event_file_6455bc76135fc.jpeg	\N	2023-05-05 20:33:26	2023-05-05 20:33:26	1b4a16be-550d-4fe1-932d-39cc53cefbf7.jpg
1822	event_file_6455bc7861be2.jpeg	\N	2023-05-05 20:33:28	2023-05-05 20:33:28	57ca650c-a7ce-4192-8f39-9f5b86cb0df3.jpg
1823	event_file_6455bc7a46e72.jpeg	\N	2023-05-05 20:33:30	2023-05-05 20:33:30	628e0bf2-bece-4a4e-aac4-1066b712c00a.jpg
1824	event_file_6455bc7e5c84c.jpeg	\N	2023-05-05 20:33:34	2023-05-05 20:33:34	93ced698-c92c-42d1-a150-69b2599d1038.jpg
1825	event_file_6455bc8317e96.jpeg	\N	2023-05-05 20:33:39	2023-05-05 20:33:39	dd567da0-c2bd-4b78-b2ec-264df06a23c6.jpg
1826	event_file_6455bc8524ee6.jpeg	\N	2023-05-05 20:33:41	2023-05-05 20:33:41	be3b7b2a-8f30-4eee-a151-c5719ebeb5cd.jpg
1827	event_file_6455bc88b79ce.jpeg	\N	2023-05-05 20:33:44	2023-05-05 20:33:44	955c474a-2989-480f-b0e5-81e5423b38ba.jpg
1828	event_file_645683bf92e9b.jpeg	\N	2023-05-06 10:43:43	2023-05-06 10:43:43	d2f6a20b-5996-4c10-b86b-63a846a8167e.jpg
1829	event_file_645683c2d90d8.jpeg	\N	2023-05-06 10:43:46	2023-05-06 10:43:46	0432fa8a-1a87-43fc-84f0-89054f65073b.jpg
1830	event_file_645683c54dec4.jpeg	\N	2023-05-06 10:43:49	2023-05-06 10:43:49	0e66f4ae-78c1-4995-bab1-84bd9d4d8618.jpg
1831	event_file_645683c740180.jpeg	\N	2023-05-06 10:43:51	2023-05-06 10:43:51	ac504bbe-90d2-469b-822a-1375fe2b2d4b.jpg
1832	event_file_645683ca3e163.jpeg	\N	2023-05-06 10:43:54	2023-05-06 10:43:54	9d475714-d0e6-4d01-a6b1-19b8b572c491.jpg
1833	event_file_645683cc99fdf.jpeg	\N	2023-05-06 10:43:56	2023-05-06 10:43:56	36b31853-f8af-4e4a-bbc1-ba502e547849.jpg
1834	event_file_645683d3d8a29.jpeg	\N	2023-05-06 10:44:03	2023-05-06 10:44:03	93c2e559-874b-48b7-b930-1ec93d11498b.jpg
1835	event_file_645683d56fb11.jpeg	\N	2023-05-06 10:44:05	2023-05-06 10:44:05	4c876aaf-d7a7-4b64-bc7c-d2941b924a30.jpg
1836	event_file_645683d93f90d.jpeg	\N	2023-05-06 10:44:09	2023-05-06 10:44:09	1ba3a15a-8733-4826-8cb8-6b70bbe6f806.jpg
1837	event_file_645683db2b553.jpeg	\N	2023-05-06 10:44:11	2023-05-06 10:44:11	8094b57b-6652-4bb5-a4aa-1ba1b84d0e28.jpg
1838	event_file_645683e319e19.jpeg	\N	2023-05-06 10:44:19	2023-05-06 10:44:19	4dcccf72-07bd-438f-88d1-51ad655af615.jpg
1839	event_file_645683e5799ca.jpeg	\N	2023-05-06 10:44:21	2023-05-06 10:44:21	a16bfbee-fd4a-45cc-b485-bd0d9f15af0c.jpg
1840	event_file_645683e82644e.jpeg	\N	2023-05-06 10:44:24	2023-05-06 10:44:24	3bbbcba0-afec-4129-b554-16860682d962.jpg
1841	event_file_645683ec238a2.jpeg	\N	2023-05-06 10:44:28	2023-05-06 10:44:28	4b534c9a-567e-430a-92f1-521093bb45d5.jpg
1842	event_file_645683ef3d525.jpeg	\N	2023-05-06 10:44:31	2023-05-06 10:44:31	fa56917f-abe8-4567-be93-272f6e5d4dd4.jpg
1843	event_file_645683f2202c1.jpeg	\N	2023-05-06 10:44:34	2023-05-06 10:44:34	5e94abaf-c8b9-4835-becb-5afe777e5bc0.jpg
1844	event_file_645683f44a4f3.jpeg	\N	2023-05-06 10:44:36	2023-05-06 10:44:36	c2c5a35b-c0a5-4782-8e1a-2646bf5dad23.jpg
1845	event_file_645683f64ea64.jpeg	\N	2023-05-06 10:44:38	2023-05-06 10:44:38	b04104a1-20e4-490b-a991-4b478633c025.jpg
1846	event_file_645683ff6b951.jpeg	\N	2023-05-06 10:44:47	2023-05-06 10:44:47	8b2b6392-1e44-444d-a260-57aa0e8c1fce.jpg
1847	event_file_6456840180e6d.jpeg	\N	2023-05-06 10:44:49	2023-05-06 10:44:49	ba9f2f7a-549d-498c-8485-7357cfcf1fbb.jpg
1848	event_file_645684055ae7e.jpeg	\N	2023-05-06 10:44:53	2023-05-06 10:44:53	ce8098ab-0fce-4a4d-ab3b-e5b53bb90830.jpg
1849	event_file_645684090185a.jpeg	\N	2023-05-06 10:44:57	2023-05-06 10:44:57	810c12b6-c55c-4ba5-976b-791d9771c75c.jpg
1850	event_file_6456840d5e894.jpeg	\N	2023-05-06 10:45:01	2023-05-06 10:45:01	af5d4af5-841d-4ee1-9cb5-7acdbffb459b.jpg
1851	event_file_64568411e7b45.jpeg	\N	2023-05-06 10:45:05	2023-05-06 10:45:05	705ff92d-18d4-498a-9e73-35dc2103ecbf.jpg
1852	event_file_64568415db011.jpeg	\N	2023-05-06 10:45:09	2023-05-06 10:45:09	60a4d353-cf34-4a71-8f26-3e79104d8788.jpg
1853	event_file_645684184f0cf.jpeg	\N	2023-05-06 10:45:12	2023-05-06 10:45:12	413d7492-a093-49c0-8183-77dc38027d2e.jpg
1854	event_file_6456841b80a5f.jpeg	\N	2023-05-06 10:45:15	2023-05-06 10:45:15	be5d5196-f704-4a8a-aff2-363e478d138a.jpg
1855	event_file_6456841d47289.jpeg	\N	2023-05-06 10:45:17	2023-05-06 10:45:17	9361ae4a-c213-4f0c-a140-612f96cf99b6.jpg
1856	event_file_6456842358263.jpeg	\N	2023-05-06 10:45:23	2023-05-06 10:45:23	48d76e1c-b456-4527-9cce-97cfe2eb946e.jpg
1857	event_file_645684252717e.jpeg	\N	2023-05-06 10:45:25	2023-05-06 10:45:25	4ba3b51b-585f-412d-a022-beed281b553a.jpg
1858	event_file_64568427b5c92.jpeg	\N	2023-05-06 10:45:27	2023-05-06 10:45:27	739641d3-71c9-479e-bee6-9a7e4d5bbb4b.jpg
1859	event_file_6456842a751bb.jpeg	\N	2023-05-06 10:45:30	2023-05-06 10:45:30	749899f9-4d16-4bdb-bb9d-671489085d70.jpg
1860	event_file_6456842e17956.jpeg	\N	2023-05-06 10:45:34	2023-05-06 10:45:34	8dd37e56-779d-4555-bf5e-b45efbf91758.jpg
1861	event_file_64568430a5809.jpeg	\N	2023-05-06 10:45:36	2023-05-06 10:45:36	622c692d-f3f8-4bca-86b8-0d8e29c1d716.jpg
1862	event_file_645684341ce6f.jpeg	\N	2023-05-06 10:45:40	2023-05-06 10:45:40	385492df-1d0d-43c0-9d77-5fa36c90b1a6.jpg
1863	event_file_6456843626379.jpeg	\N	2023-05-06 10:45:42	2023-05-06 10:45:42	4e7892c4-dd26-4c67-8ee2-0d1580937b1b.jpg
1864	event_file_645684391602d.jpeg	\N	2023-05-06 10:45:45	2023-05-06 10:45:45	28dcd04b-7e76-4e1e-84f2-5bafc9acddf1.jpg
1865	event_file_6499e852e43cb.jpeg	\N	2023-06-26 13:34:42	2023-06-26 13:34:42	410411ce-af3c-4926-aaf1-6a695d5d59f0.jpg
1866	event_file_6499e85513ad1.jpeg	\N	2023-06-26 13:34:45	2023-06-26 13:34:45	3860be44-93c3-4aee-930a-26e97749927d.jpg
1867	event_file_6499e8573bd29.jpeg	\N	2023-06-26 13:34:47	2023-06-26 13:34:47	132854ff-a8b3-4717-9215-ca33b46cdb7a.jpg
1868	event_file_6499e858ad44b.jpeg	\N	2023-06-26 13:34:48	2023-06-26 13:34:48	d985b21a-b1da-4e74-bc7a-fc26863a9298.jpg
1869	event_file_6499e85b69e06.jpeg	\N	2023-06-26 13:34:51	2023-06-26 13:34:51	d077c25f-6ce6-49d8-bffe-a1043dd286f5.jpg
1870	event_file_6499e85ce1550.jpeg	\N	2023-06-26 13:34:52	2023-06-26 13:34:52	074baead-c92e-4830-9410-ac2c987f32ed.jpg
1871	event_file_6499e85ee9190.jpeg	\N	2023-06-26 13:34:54	2023-06-26 13:34:54	3954abcf-21a2-4d8f-97bb-df4d7159d88c.jpg
1872	event_file_6499e8604944d.jpeg	\N	2023-06-26 13:34:56	2023-06-26 13:34:56	b0291e0e-d89e-49e8-afe3-6580aaf993d0.jpg
1873	event_file_6499e8628a337.jpeg	\N	2023-06-26 13:34:58	2023-06-26 13:34:58	99a6ae11-6605-476d-b15e-db8f37752278.jpg
1874	event_file_6499e86417926.jpeg	\N	2023-06-26 13:35:00	2023-06-26 13:35:00	840f1261-729b-4959-b975-766acfbf8693.jpg
1875	event_file_6499e866d0a9e.jpeg	\N	2023-06-26 13:35:02	2023-06-26 13:35:02	7cc54fa3-6564-4df6-841c-32ff9e037fea.jpg
1876	event_file_6499e8682b081.jpeg	\N	2023-06-26 13:35:04	2023-06-26 13:35:04	38b5d47f-7e51-476b-b90d-ae4b2c81e5ef.jpg
1877	event_file_6499e86953592.jpeg	\N	2023-06-26 13:35:05	2023-06-26 13:35:05	600d5954-9ac2-44f7-8196-fd6b75827680.jpg
1878	event_file_6499e86b89375.jpeg	\N	2023-06-26 13:35:07	2023-06-26 13:35:07	930307ea-f951-4b99-ab41-5efb73134cb6.jpg
1879	event_file_6499e86d05a47.jpeg	\N	2023-06-26 13:35:09	2023-06-26 13:35:09	c78d04c5-a26f-45f0-8023-ec4b2a3a2748.jpg
1880	event_file_6499e8720cab3.jpeg	\N	2023-06-26 13:35:14	2023-06-26 13:35:14	bbc19bbd-8150-4573-859f-fc1adecbb338.jpg
1881	event_file_6499e874103ea.jpeg	\N	2023-06-26 13:35:16	2023-06-26 13:35:16	2c6b8353-261c-4d65-929f-740c4b6f094f.jpg
1882	event_file_6499e876150ee.jpeg	\N	2023-06-26 13:35:18	2023-06-26 13:35:18	f855eec6-3995-4bfe-9750-b3507c06e6e3.jpg
1883	event_file_6499e8787bc45.jpeg	\N	2023-06-26 13:35:20	2023-06-26 13:35:20	46c53b07-9fdc-4ecd-bb6b-770d7893ea82.jpg
1884	event_file_6499e87a42d90.jpeg	\N	2023-06-26 13:35:22	2023-06-26 13:35:22	24da18c6-44d4-46f9-aff8-d92292c88598.jpg
1885	event_file_6499e87c9868f.jpeg	\N	2023-06-26 13:35:24	2023-06-26 13:35:24	99023df4-fbb2-430f-b9f6-760600d33736.jpg
1886	event_file_6499e87dc53d5.jpeg	\N	2023-06-26 13:35:25	2023-06-26 13:35:25	364484fc-f347-4149-9f32-2e49816cf12c.jpg
1887	event_file_6499e87f35a09.jpeg	\N	2023-06-26 13:35:27	2023-06-26 13:35:27	8dfb3554-a51e-4b3a-89ef-5762d04760dc.jpg
1888	event_file_6499e881b96cc.jpeg	\N	2023-06-26 13:35:29	2023-06-26 13:35:29	219167db-d936-4475-905f-58911f49f0fd.jpg
1889	event_file_6499e88439fd3.jpeg	\N	2023-06-26 13:35:32	2023-06-26 13:35:32	437d49c1-ee32-42c9-ab54-f4f033283375.jpg
1890	event_file_6499e8874abb7.jpeg	\N	2023-06-26 13:35:35	2023-06-26 13:35:35	97d1d921-67ba-4965-ba0d-3a6710298b05.jpg
1891	event_file_6499e888abbb3.jpeg	\N	2023-06-26 13:35:36	2023-06-26 13:35:36	9f90b8b0-7f78-48c6-bd6a-25336d899248.jpg
1892	event_file_6499e88ad4a8d.jpeg	\N	2023-06-26 13:35:38	2023-06-26 13:35:38	69d2acd6-45fc-478c-b8d6-1a13ab469121.jpg
1893	event_file_6499e88c78e72.jpeg	\N	2023-06-26 13:35:40	2023-06-26 13:35:40	534e9f5c-50d6-45f2-9a64-b113d1e118c2.jpg
1894	event_file_6499e88edd989.jpeg	\N	2023-06-26 13:35:42	2023-06-26 13:35:42	c053c5c2-9225-450f-95d8-a6da50b58b94.jpg
1895	event_file_6499e8927dc82.jpeg	\N	2023-06-26 13:35:46	2023-06-26 13:35:46	21916e9e-2c03-448f-b7a3-4013df644679.jpg
1896	event_file_6499e89913982.jpeg	\N	2023-06-26 13:35:53	2023-06-26 13:35:53	0d28399e-cc3b-456d-b7e3-b132e47496b3.jpg
1897	event_file_6499e89d28aef.jpeg	\N	2023-06-26 13:35:57	2023-06-26 13:35:57	853fa24e-6ab4-44bd-9638-7bd5aa19fcfe.jpg
1898	event_file_6499e8a0b83a9.jpeg	\N	2023-06-26 13:36:00	2023-06-26 13:36:00	6a52901c-f95d-46f5-affd-e75e2ef72ba5.jpg
1899	event_file_6499e8a6bccd2.jpeg	\N	2023-06-26 13:36:06	2023-06-26 13:36:06	6017e37a-0a88-4635-b1a9-b334262a3074.jpg
1900	event_file_6499e8a961447.jpeg	\N	2023-06-26 13:36:09	2023-06-26 13:36:09	047d533f-9ac7-48b6-ae7b-a22f3dfec23e.jpg
1901	event_file_6499e8ad0d7b6.jpeg	\N	2023-06-26 13:36:13	2023-06-26 13:36:13	047d533f-9ac7-48b6-ae7b-a22f3dfec23e.jpg
1902	event_file_6499e8ae7b944.jpeg	\N	2023-06-26 13:36:14	2023-06-26 13:36:14	419a5502-67be-4028-9082-7c02d252ed68.jpg
1903	event_file_6499e8b1d7b9e.jpeg	\N	2023-06-26 13:36:17	2023-06-26 13:36:17	2e73b082-b5a8-4fa8-bf71-3ac8e27a2551.jpg
1904	event_file_6499e8b429c5e.jpeg	\N	2023-06-26 13:36:20	2023-06-26 13:36:20	c3ad60fa-5de7-4d47-8a3f-3c1193692c73.jpg
1905	event_file_6499e8b64959a.jpeg	\N	2023-06-26 13:36:22	2023-06-26 13:36:22	022045cf-2cf0-4f7a-ab25-0d90b61f78e2.jpg
1906	event_file_6499e8b873d74.jpeg	\N	2023-06-26 13:36:24	2023-06-26 13:36:24	6365e141-a2fb-4de3-ad0e-a48175910b7a.jpg
1907	event_file_6499e8b9e1981.jpeg	\N	2023-06-26 13:36:25	2023-06-26 13:36:25	6728f1f4-e2d3-46af-9c48-b7a44d5b2e2f.jpg
1908	event_file_6499e8c05f1e3.jpeg	\N	2023-06-26 13:36:32	2023-06-26 13:36:32	98d95032-4798-4d1b-b275-c71d889ebcb0.jpg
1909	event_file_6499e8c24a4ee.jpeg	\N	2023-06-26 13:36:34	2023-06-26 13:36:34	d3e89d3a-3c3c-4e83-a84c-2fbda19272a7.jpg
1910	event_file_6499e8c9862e4.jpeg	\N	2023-06-26 13:36:41	2023-06-26 13:36:41	cde319bc-39d4-481f-a029-1d4d44e5e9c0.jpg
1911	event_file_6499e8cd19d5e.jpeg	\N	2023-06-26 13:36:45	2023-06-26 13:36:45	55bbb59a-983d-48d4-846a-99f15226df6d.jpg
1912	event_file_6499e8cff387e.jpeg	\N	2023-06-26 13:36:47	2023-06-26 13:36:47	a59fde94-4a52-4f8b-ab6b-51e440ea201c.jpg
1913	event_file_6499e8d37c53d.jpeg	\N	2023-06-26 13:36:51	2023-06-26 13:36:51	41e70511-421f-4f90-8f50-de5257d9e7ab.jpg
1914	event_file_6499e8d6889fc.jpeg	\N	2023-06-26 13:36:54	2023-06-26 13:36:54	f5b1a247-b918-4a6c-b3c2-0d6ea3fd1092.jpg
1915	event_file_6499e8daaaa6e.jpeg	\N	2023-06-26 13:36:58	2023-06-26 13:36:58	0ff8258e-db08-4e3e-aba0-9d45306ac355.jpg
1916	event_file_6499e8dd98751.jpeg	\N	2023-06-26 13:37:01	2023-06-26 13:37:01	7c112d90-dfb7-48f7-98a8-52c24eebfc11.jpg
1917	event_file_6499e8e086769.jpeg	\N	2023-06-26 13:37:04	2023-06-26 13:37:04	8ced439e-6b2d-4756-a573-8d2514c37d6a.jpg
1918	event_file_6499e8e2d66df.jpeg	\N	2023-06-26 13:37:06	2023-06-26 13:37:06	31603ae3-8f0c-45b5-a5ec-4bfddd29a732.jpg
1919	event_file_6499e8e513d12.jpeg	\N	2023-06-26 13:37:09	2023-06-26 13:37:09	2699f3b3-f038-4d61-be4d-1843ea4580f9.jpg
1920	event_file_6499e8eee9d89.jpeg	\N	2023-06-26 13:37:18	2023-06-26 13:37:18	b113a79d-9da7-459d-8a9d-451b4ab1cc3f.jpg
1921	event_file_6499e8f021fc0.jpeg	\N	2023-06-26 13:37:20	2023-06-26 13:37:20	9f8ddd3a-25c0-4238-b4ab-9c014aeb5d36.jpg
1922	event_file_6499e8f851279.jpeg	\N	2023-06-26 13:37:28	2023-06-26 13:37:28	7fc08cad-df17-45ef-a5eb-2c9ccd9137b2.jpg
1923	event_file_6499e8f9b976b.jpeg	\N	2023-06-26 13:37:29	2023-06-26 13:37:29	dc9f4d6b-6ff8-4da7-b157-9810c9b81f6e.jpg
1924	event_file_6499e8fd2574a.jpeg	\N	2023-06-26 13:37:33	2023-06-26 13:37:33	ff73d159-eca1-4b3f-99f5-a0d7a46738bc.jpg
1925	event_file_6499e8ffc2791.jpeg	\N	2023-06-26 13:37:35	2023-06-26 13:37:35	e89c17ea-ae6d-4fde-93e1-feaa54d17322.jpg
1926	event_file_6499e9011fd25.jpeg	\N	2023-06-26 13:37:37	2023-06-26 13:37:37	211b91f5-6f36-426c-9d45-c2847f216546.jpg
1927	event_file_6499e90447ad8.jpeg	\N	2023-06-26 13:37:40	2023-06-26 13:37:40	2b30a561-a00e-47d0-b264-23a95e0a67ca.jpg
1928	event_file_6499e909ec612.jpeg	\N	2023-06-26 13:37:45	2023-06-26 13:37:45	959ca461-e6be-478a-8ba9-dcf966f8b135.jpg
1929	event_file_6499e91e627df.jpeg	\N	2023-06-26 13:38:06	2023-06-26 13:38:06	48f15879-6e8d-45c3-93e8-31ab441b7a14.jpg
1930	event_file_6499e920b77d0.jpeg	\N	2023-06-26 13:38:08	2023-06-26 13:38:08	21913987-d045-458e-a3a7-001e57110a84.jpg
1931	event_file_6499e92231f8c.jpeg	\N	2023-06-26 13:38:10	2023-06-26 13:38:10	0f3ab227-5297-465b-a31e-be807732aff7.jpg
1932	event_file_6499e924d8724.jpeg	\N	2023-06-26 13:38:12	2023-06-26 13:38:12	2906fe19-cd91-4d90-b45c-fbb53d036be9.jpg
1933	event_file_6499e9274bcf1.jpeg	\N	2023-06-26 13:38:15	2023-06-26 13:38:15	1c338d9e-f227-4ebd-928e-839ac18870de.jpg
1934	event_file_6499e92aadb9b.jpeg	\N	2023-06-26 13:38:18	2023-06-26 13:38:18	502a3cf7-f34f-4e2e-bf0a-3b1076eb5fe5.jpg
1935	event_file_6499e92beece7.jpeg	\N	2023-06-26 13:38:19	2023-06-26 13:38:19	30b07ac5-531d-4cd8-bf5e-d82d8cc23a3c.jpg
1936	event_file_6499e92e5622f.jpeg	\N	2023-06-26 13:38:22	2023-06-26 13:38:22	6915d697-7f3d-4455-9870-b8f276d18805.jpg
1937	event_file_6499e92fb44c3.jpeg	\N	2023-06-26 13:38:23	2023-06-26 13:38:23	c7715b84-9834-430b-9865-d15e949dd703.jpg
1938	event_file_6499e9330fb87.jpeg	\N	2023-06-26 13:38:27	2023-06-26 13:38:27	71e9b54a-18d2-4e95-94ae-1db8cc754a4b.jpg
1939	event_file_6499e9358e686.jpeg	\N	2023-06-26 13:38:29	2023-06-26 13:38:29	f00a957b-fd58-4216-bedd-2c042aa47fab.jpg
1940	event_file_6499e94c665d2.jpeg	\N	2023-06-26 13:38:52	2023-06-26 13:38:52	9fe4135c-3c15-41ca-9912-c5f2894734bb.jpg
1941	event_file_6499e94e2a2d9.jpeg	\N	2023-06-26 13:38:54	2023-06-26 13:38:54	8089d4f9-3892-4299-b967-24cf956b557f.jpg
1942	event_file_6499e9506af89.jpeg	\N	2023-06-26 13:38:56	2023-06-26 13:38:56	43bbcc92-1400-440c-a8bf-6be486c4fc4d.jpg
1943	event_file_6499e952a526c.jpeg	\N	2023-06-26 13:38:58	2023-06-26 13:38:58	8d67693f-d005-4b4b-b098-9aad0fbbd745.jpg
1944	event_file_6499e95482cb6.jpeg	\N	2023-06-26 13:39:00	2023-06-26 13:39:00	0e4c539c-6895-4ad7-9917-08615647897a.jpg
1945	event_file_6499e9575c0fd.jpeg	\N	2023-06-26 13:39:03	2023-06-26 13:39:03	fbc966eb-bcea-430e-90ff-c7309b699ca1.jpg
1946	event_file_6499e95ac3a3c.jpeg	\N	2023-06-26 13:39:06	2023-06-26 13:39:06	76cfdeb2-3c20-4c50-971b-7f99a496a94e.jpg
1947	event_file_6499e971ed666.jpeg	\N	2023-06-26 13:39:29	2023-06-26 13:39:29	f598a0c9-e798-4b2d-b91d-04646d4c91ff.jpg
1948	event_file_6499e9731981e.jpeg	\N	2023-06-26 13:39:31	2023-06-26 13:39:31	d5fa443c-473e-4500-a4c1-eb54edc08e72.jpg
1949	event_file_6499e975c55d7.jpeg	\N	2023-06-26 13:39:33	2023-06-26 13:39:33	cba88cf9-b3d6-4494-9aa4-c0338d085e05.jpg
1950	event_file_6499e977bf226.jpeg	\N	2023-06-26 13:39:35	2023-06-26 13:39:35	3b607868-3bb5-4f13-998b-267c18f8ff53.jpg
1951	event_file_6499e97a1be2b.jpeg	\N	2023-06-26 13:39:38	2023-06-26 13:39:38	5a33fc4e-84aa-4e67-8c97-2b88712eb9b8.jpg
1952	event_file_6499e97b07f9e.jpeg	\N	2023-06-26 13:39:39	2023-06-26 13:39:39	7b7fa007-3aa3-4cb6-bbb7-f838904341c2.jpg
1953	event_file_6499e97ec3182.jpeg	\N	2023-06-26 13:39:42	2023-06-26 13:39:42	a047299a-7762-410d-a69d-314d3ddb3a6f.jpg
1954	event_file_6499e9812d95e.jpeg	\N	2023-06-26 13:39:45	2023-06-26 13:39:45	b2a11f5e-214c-4b8c-a6f3-f04392dde8bb.jpg
1955	event_file_6499e985de39c.jpeg	\N	2023-06-26 13:39:49	2023-06-26 13:39:49	fe0d433f-dc53-4405-94ba-475ca3ed1621.jpg
