-- Name: vehicle_expenses_maintenance_id_seq; Type: SEQUENCE; Schema: public; Owner: alfabravo_user
--

CREATE SEQUENCE public.vehicle_expenses_maintenance_id_seq
    START WITH 1
    INCREMENT BY 1
    NO MINVALUE
    NO MAXVALUE
    CACHE 1;


ALTER TABLE public.vehicle_expenses_maintenance_id_seq OWNER TO alfabravo_user;

--
-- Name: vehicle_expenses_maintenance; Type: TABLE; Schema: public; Owner: alfabravo_user
--

CREATE TABLE public.vehicle_expenses_maintenance (
    id integer DEFAULT nextval('public.vehicle_expenses_maintenance_id_seq'::regclass) NOT NULL,
    amount double precision,
    vehicle_id integer,
    date_maintenance_start timestamp(0) without time zone,
    date_maintenance_end timestamp(0) without time zone,
    created_at timestamp(0) without time zone,
    updated_at timestamp(0) without time zone
);


ALTER TABLE public.vehicle_expenses_maintenance OWNER TO alfabravo_user;

--
-- Name: vehicle_files_id_seq; Type: SEQUENCE; Schema: public; Owner: alfabravo_user
--

CREATE SEQUENCE public.vehicle_files_id_seq
    START WITH 1
    INCREMENT BY 1
    NO MINVALUE
    NO MAXVALUE
    CACHE 1;


ALTER TABLE public.vehicle_files_id_seq OWNER TO alfabravo_user;

--
-- Name: vehicle_files; Type: TABLE; Schema: public; Owner: alfabravo_user
--

CREATE TABLE public.vehicle_files (
    vehicle_files_id integer DEFAULT nextval('public.vehicle_files_id_seq'::regclass) NOT NULL,
    filename character varying(255),
    vehicle_id integer,
    created_at timestamp(6) without time zone,
    updated_at timestamp(6) without time zone,
    file_type_id integer,
    expiration_date timestamp(6) without time zone,
    document_name text
);


ALTER TABLE public.vehicle_files OWNER TO alfabravo_user;

--
-- Name: vehicle_id_seq; Type: SEQUENCE; Schema: public; Owner: alfabravo_user
--

CREATE SEQUENCE public.vehicle_id_seq
    START WITH 1
    INCREMENT BY 1
    NO MINVALUE
    MAXVALUE 2147483647
    CACHE 1;


ALTER TABLE public.vehicle_id_seq OWNER TO alfabravo_user;

--
-- Name: vehicle_id_seq; Type: SEQUENCE OWNED BY; Schema: public; Owner: alfabravo_user
--

ALTER SEQUENCE public.vehicle_id_seq OWNED BY public.vehicle.id;


--
-- Name: vehicle_insurance; Type: TABLE; Schema: public; Owner: alfabravo_user
--

CREATE TABLE public.vehicle_insurance (
    id integer NOT NULL,
    vehicle_id integer,
    insurance_id integer,
    beneficiary character varying(255),
    created_at timestamp(6) without time zone,
    updated_at timestamp(6) without time zone,
    insurance_number character varying(255),
    medical_expenses double precision,
    validity_start timestamp(0) without time zone,
    validity_end timestamp(0) without time zone,
    coverage_id integer,
    phone character varying(255),
    item character varying(255),
    total_premium character varying(255),
    payment_method_id integer,
    deductible_total double precision,
    deductible_material double precision,
    deductible_total_robbery double precision,
    beneficiary2 character varying(255),
    deleted_at timestamp(6) without time zone,
    insurance_payment_date_limit timestamp(6) without time zone,
    status_payment integer,
    infos_payment boolean
);


ALTER TABLE public.vehicle_insurance OWNER TO alfabravo_user;

--
-- Name: vehicle_insurance_id_seq; Type: SEQUENCE; Schema: public; Owner: alfabravo_user
--

CREATE SEQUENCE public.vehicle_insurance_id_seq
    START WITH 1
    INCREMENT BY 1
    NO MINVALUE
    MAXVALUE 2147483647
    CACHE 1;


ALTER TABLE public.vehicle_insurance_id_seq OWNER TO alfabravo_user;

--
-- Name: vehicle_insurance_id_seq; Type: SEQUENCE OWNED BY; Schema: public; Owner: alfabravo_user
--

ALTER SEQUENCE public.vehicle_insurance_id_seq OWNED BY public.vehicle_insurance.id;


--
-- Name: vehicle_maintenance; Type: TABLE; Schema: public; Owner: alfabravo_user
--

CREATE TABLE public.vehicle_maintenance (
    id integer NOT NULL,
    vehicle_id integer,
    date_in date,
    date_out date,
    status integer,
    responsible character varying(255),
    created_at timestamp(6) without time zone,
    updated_at timestamp(6) without time zone,
    vehicle_type_maintenance_id integer,
    observations text
);


ALTER TABLE public.vehicle_maintenance OWNER TO alfabravo_user;

--
-- Name: vehicle_maintenance_action; Type: TABLE; Schema: public; Owner: alfabravo_user
--

CREATE TABLE public.vehicle_maintenance_action (
    id integer NOT NULL,
    vehicle_maintenance_id integer,
    vehicle_type_maintenance_element_id integer,
    description text,
    date_action timestamp(6) without time zone,
    responsible character varying(255),
    created_at timestamp(6) without time zone,
    updated_at timestamp(6) without time zone
);


ALTER TABLE public.vehicle_maintenance_action OWNER TO alfabravo_user;

--
-- Name: vehicle_maintenance_action_id_seq; Type: SEQUENCE; Schema: public; Owner: alfabravo_user
--

CREATE SEQUENCE public.vehicle_maintenance_action_id_seq
    START WITH 1
    INCREMENT BY 1
    NO MINVALUE
    MAXVALUE 2147483647
    CACHE 1;


ALTER TABLE public.vehicle_maintenance_action_id_seq OWNER TO alfabravo_user;

--
-- Name: vehicle_maintenance_action_id_seq; Type: SEQUENCE OWNED BY; Schema: public; Owner: alfabravo_user
--

ALTER SEQUENCE public.vehicle_maintenance_action_id_seq OWNED BY public.vehicle_maintenance_action.id;


--
-- Name: vehicle_maintenance_id_seq; Type: SEQUENCE; Schema: public; Owner: alfabravo_user
--

CREATE SEQUENCE public.vehicle_maintenance_id_seq
    START WITH 1
    INCREMENT BY 1
    NO MINVALUE
    MAXVALUE 2147483647
    CACHE 1;


ALTER TABLE public.vehicle_maintenance_id_seq OWNER TO alfabravo_user;

--
-- Name: vehicle_maintenance_id_seq; Type: SEQUENCE OWNED BY; Schema: public; Owner: alfabravo_user
--

ALTER SEQUENCE public.vehicle_maintenance_id_seq OWNED BY public.vehicle_maintenance.id;


--
-- Name: vehicle_mileage_id_seq; Type: SEQUENCE; Schema: public; Owner: alfabravo_user
--

CREATE SEQUENCE public.vehicle_mileage_id_seq
    START WITH 1
    INCREMENT BY 1
    NO MINVALUE
    NO MAXVALUE
    CACHE 1;


ALTER TABLE public.vehicle_mileage_id_seq OWNER TO alfabravo_user;

--
-- Name: vehicle_mileage; Type: TABLE; Schema: public; Owner: alfabravo_user
--

CREATE TABLE public.vehicle_mileage (
    id integer DEFAULT nextval('public.vehicle_mileage_id_seq'::regclass) NOT NULL,
    vehicle_id integer,
    employee_id integer,
    user_id integer,
    mileage integer,
    mileage_type_id integer,
    model_id integer,
    model text,
    register_date timestamp(0) without time zone,
    created_at timestamp(0) without time zone,
    updated_at timestamp(0) without time zone,
    deleted_at timestamp(0) without time zone,
    notes text,
    mileage_photo character varying(255),
    is_negative boolean
);


ALTER TABLE public.vehicle_mileage OWNER TO alfabravo_user;

--
-- Name: vehicle_model; Type: TABLE; Schema: public; Owner: alfabravo_user
--

CREATE TABLE public.vehicle_model (
    id integer NOT NULL,
    name character varying(255),
    created_at timestamp(6) without time zone,
    updated_at timestamp(6) without time zone,
    vehicle_brand_id integer,
    deleted_at timestamp(6) without time zone
);


ALTER TABLE public.vehicle_model OWNER TO alfabravo_user;

--
-- Name: vehicle_model_id_seq; Type: SEQUENCE; Schema: public; Owner: alfabravo_user
--

CREATE SEQUENCE public.vehicle_model_id_seq
    START WITH 1
    INCREMENT BY 1
    NO MINVALUE
    MAXVALUE 2147483647
    CACHE 1;


ALTER TABLE public.vehicle_model_id_seq OWNER TO alfabravo_user;

--
-- Name: vehicle_model_id_seq; Type: SEQUENCE OWNED BY; Schema: public; Owner: alfabravo_user
--

ALTER SEQUENCE public.vehicle_model_id_seq OWNED BY public.vehicle_model.id;


--
-- Name: vehicle_owner; Type: TABLE; Schema: public; Owner: alfabravo_user
--

CREATE TABLE public.vehicle_owner (
    id integer NOT NULL,
    name character varying(255),
    type_person_id integer,
    created_at timestamp(6) without time zone,
    updated_at timestamp(6) without time zone,
    deleted_at timestamp(6) without time zone
);


ALTER TABLE public.vehicle_owner OWNER TO alfabravo_user;

--
-- Name: vehicle_owner_id_seq; Type: SEQUENCE; Schema: public; Owner: alfabravo_user
--

CREATE SEQUENCE public.vehicle_owner_id_seq
    START WITH 1
    INCREMENT BY 1
    NO MINVALUE
    MAXVALUE 2147483647
    CACHE 1;


ALTER TABLE public.vehicle_owner_id_seq OWNER TO alfabravo_user;

--
-- Name: vehicle_owner_id_seq; Type: SEQUENCE OWNED BY; Schema: public; Owner: alfabravo_user
--

ALTER SEQUENCE public.vehicle_owner_id_seq OWNED BY public.vehicle_owner.id;


--
-- Name: vehicle_status_id_seq; Type: SEQUENCE; Schema: public; Owner: alfabravo_user
--

CREATE SEQUENCE public.vehicle_status_id_seq
    START WITH 1
    INCREMENT BY 1
    NO MINVALUE
    NO MAXVALUE
    CACHE 1;


ALTER TABLE public.vehicle_status_id_seq OWNER TO alfabravo_user;

--
-- Name: vehicle_status; Type: TABLE; Schema: public; Owner: alfabravo_user
--

CREATE TABLE public.vehicle_status (
    id integer DEFAULT nextval('public.vehicle_status_id_seq'::regclass) NOT NULL,
    name character varying,
    code character varying,
    created_at timestamp(0) without time zone,
    updated_at timestamp(0) without time zone,
    deleted_at timestamp(0) without time zone,
    show_summary boolean DEFAULT false,
    color character varying(300)
);


ALTER TABLE public.vehicle_status OWNER TO alfabravo_user;

--
-- Name: vehicle_status_force_id_seq; Type: SEQUENCE; Schema: public; Owner: alfabravo_user
--

CREATE SEQUENCE public.vehicle_status_force_id_seq
    START WITH 1
    INCREMENT BY 1
    NO MINVALUE
    NO MAXVALUE
    CACHE 1;


ALTER TABLE public.vehicle_status_force_id_seq OWNER TO alfabravo_user;

--
-- Name: vehicle_status_force; Type: TABLE; Schema: public; Owner: alfabravo_user
--

CREATE TABLE public.vehicle_status_force (
    id integer DEFAULT nextval('public.vehicle_status_force_id_seq'::regclass) NOT NULL,
    vehicle_id integer,
    status_id integer,
    register_date timestamp(0) without time zone,
    created_at timestamp(0) without time zone,
    updated_at timestamp(0) without time zone,
    deleted_at timestamp(0) without time zone,
    user_id integer,
    base_id integer,
    notes text
);


ALTER TABLE public.vehicle_status_force OWNER TO alfabravo_user;

--
-- Name: vehicle_type_id_seq; Type: SEQUENCE; Schema: public; Owner: alfabravo_user
--

CREATE SEQUENCE public.vehicle_type_id_seq
    START WITH 1
    INCREMENT BY 1
    NO MINVALUE
    MAXVALUE 2147483647
    CACHE 1;


ALTER TABLE public.vehicle_type_id_seq OWNER TO alfabravo_user;

--
-- Name: vehicle_type; Type: TABLE; Schema: public; Owner: alfabravo_user
--

CREATE TABLE public.vehicle_type (
    id integer DEFAULT nextval('public.vehicle_type_id_seq'::regclass) NOT NULL,
    name character varying(500),
    created_at timestamp(0) without time zone,
    updated_at timestamp(0) without time zone,
    deleted_at timestamp(6) without time zone
);


ALTER TABLE public.vehicle_type OWNER TO alfabravo_user;

--
-- Name: vehicle_type_service_id_seq; Type: SEQUENCE; Schema: public; Owner: alfabravo_user
--

CREATE SEQUENCE public.vehicle_type_service_id_seq
    START WITH 1
    INCREMENT BY 1
    NO MINVALUE
    NO MAXVALUE
    CACHE 1;


ALTER TABLE public.vehicle_type_service_id_seq OWNER TO alfabravo_user;

--
-- Name: vehicle_type_activity; Type: TABLE; Schema: public; Owner: alfabravo_user
--

CREATE TABLE public.vehicle_type_activity (
    id integer DEFAULT nextval('public.vehicle_type_service_id_seq'::regclass) NOT NULL,
    name character varying(255),
    description text,
    created_at timestamp(6) without time zone,
    updated_at timestamp(6) without time zone,
    deleted_at timestamp(6) without time zone
);


ALTER TABLE public.vehicle_type_activity OWNER TO alfabravo_user;

--
-- Name: vehicle_type_maintenance; Type: TABLE; Schema: public; Owner: alfabravo_user
--

CREATE TABLE public.vehicle_type_maintenance (
    id integer NOT NULL,
    name character varying(255),
    description character varying(500),
    created_at timestamp(6) without time zone,
    updated_at timestamp(6) without time zone,
    deleted_at timestamp(6) without time zone
);


ALTER TABLE public.vehicle_type_maintenance OWNER TO alfabravo_user;

--
-- Name: vehicle_type_maintenance_element; Type: TABLE; Schema: public; Owner: alfabravo_user
--

CREATE TABLE public.vehicle_type_maintenance_element (
    id integer NOT NULL,
    name character varying(255),
    description text,
    created_at timestamp(6) without time zone,
    updated_at timestamp(6) without time zone,
    vehicle_type_maintenance_id integer,
    deleted_at timestamp(6) without time zone
);


ALTER TABLE public.vehicle_type_maintenance_element OWNER TO alfabravo_user;

--
-- Name: vehicle_type_maintenance_element_id_seq; Type: SEQUENCE; Schema: public; Owner: alfabravo_user
--

CREATE SEQUENCE public.vehicle_type_maintenance_element_id_seq
    START WITH 1
    INCREMENT BY 1
    NO MINVALUE
    MAXVALUE 2147483647
    CACHE 1;


ALTER TABLE public.vehicle_type_maintenance_element_id_seq OWNER TO alfabravo_user;

--
-- Name: vehicle_type_maintenance_element_id_seq; Type: SEQUENCE OWNED BY; Schema: public; Owner: alfabravo_user
--

ALTER SEQUENCE public.vehicle_type_maintenance_element_id_seq OWNED BY public.vehicle_type_maintenance_element.id;


--
-- Name: vehicle_type_maintenance_id_seq; Type: SEQUENCE; Schema: public; Owner: alfabravo_user
--

CREATE SEQUENCE public.vehicle_type_maintenance_id_seq
    START WITH 1
    INCREMENT BY 1
    NO MINVALUE
    MAXVALUE 2147483647
    CACHE 1;


ALTER TABLE public.vehicle_type_maintenance_id_seq OWNER TO alfabravo_user;

--
-- Name: vehicle_type_maintenance_id_seq; Type: SEQUENCE OWNED BY; Schema: public; Owner: alfabravo_user
--

ALTER SEQUENCE public.vehicle_type_maintenance_id_seq OWNED BY public.vehicle_type_maintenance.id;


--
-- Name: vehicle_verification_schedule_id_seq; Type: SEQUENCE; Schema: public; Owner: alfabravo_user
--

CREATE SEQUENCE public.vehicle_verification_schedule_id_seq
    START WITH 1
    INCREMENT BY 1
    NO MINVALUE
    NO MAXVALUE
    CACHE 1;


ALTER TABLE public.vehicle_verification_schedule_id_seq OWNER TO alfabravo_user;

--
-- Name: vehicle_verification_schedule; Type: TABLE; Schema: public; Owner: alfabravo_user
--

CREATE TABLE public.vehicle_verification_schedule (
    id integer DEFAULT nextval('public.vehicle_verification_schedule_id_seq'::regclass) NOT NULL,
    vehicle_id integer NOT NULL,
    current_verification_date timestamp without time zone,
    mandatory_verification boolean,
    next_verification_date timestamp without time zone,
    infos_payment boolean,
    verification_type character varying(255),
    user_id integer,
    created_at timestamp without time zone,
    updated_at timestamp without time zone,
    deleted_at timestamp without time zone,
    obs text
);


ALTER TABLE public.vehicle_verification_schedule OWNER TO alfabravo_user;

--
-- Name: weapon_autority_id_seq; Type: SEQUENCE; Schema: public; Owner: alfabravo_user
--

CREATE SEQUENCE public.weapon_autority_id_seq
    START WITH 1
    INCREMENT BY 1
    NO MINVALUE
    NO MAXVALUE
    CACHE 1;


ALTER TABLE public.weapon_autority_id_seq OWNER TO alfabravo_user;

--
-- Name: weapon_autority; Type: TABLE; Schema: public; Owner: alfabravo_user
--

CREATE TABLE public.weapon_autority (
    id integer DEFAULT nextval('public.weapon_autority_id_seq'::regclass) NOT NULL,
    name character varying(255),
    description character varying(500),
    created_at timestamp(0) without time zone,
    updated_at timestamp(0) without time zone,
    deleted_at timestamp(0) without time zone
);


ALTER TABLE public.weapon_autority OWNER TO alfabravo_user;

--
-- Name: weapon_brand_id_seq; Type: SEQUENCE; Schema: public; Owner: alfabravo_user
--

CREATE SEQUENCE public.weapon_brand_id_seq
    START WITH 1
    INCREMENT BY 1
    NO MINVALUE
    NO MAXVALUE
    CACHE 1;


ALTER TABLE public.weapon_brand_id_seq OWNER TO alfabravo_user;

--
-- Name: weapon_brand; Type: TABLE; Schema: public; Owner: alfabravo_user
--

CREATE TABLE public.weapon_brand (
    id integer DEFAULT nextval('public.weapon_brand_id_seq'::regclass) NOT NULL,
    name character varying(255),
    description character varying(500),
    created_at timestamp(0) without time zone,
    updated_at timestamp(0) without time zone,
    deleted_at timestamp(0) without time zone
);


ALTER TABLE public.weapon_brand OWNER TO alfabravo_user;

--
-- Name: weapon_caliber_id_seq; Type: SEQUENCE; Schema: public; Owner: alfabravo_user
--

CREATE SEQUENCE public.weapon_caliber_id_seq
    START WITH 1
    INCREMENT BY 1
    NO MINVALUE
    NO MAXVALUE
    CACHE 1;


ALTER TABLE public.weapon_caliber_id_seq OWNER TO alfabravo_user;

--
-- Name: weapon_caliber; Type: TABLE; Schema: public; Owner: alfabravo_user
--

CREATE TABLE public.weapon_caliber (
    id integer DEFAULT nextval('public.weapon_caliber_id_seq'::regclass) NOT NULL,
    name character varying(255),
    description character varying(500),
    created_at timestamp(0) without time zone,
    updated_at timestamp(0) without time zone,
    deleted_at timestamp(0) without time zone
);


ALTER TABLE public.weapon_caliber OWNER TO alfabravo_user;

--
-- Name: weapon_model_id_seq; Type: SEQUENCE; Schema: public; Owner: alfabravo_user
--

CREATE SEQUENCE public.weapon_model_id_seq
    START WITH 1
    INCREMENT BY 1
    NO MINVALUE
    NO MAXVALUE
    CACHE 1;


ALTER TABLE public.weapon_model_id_seq OWNER TO alfabravo_user;

--
-- Name: weapon_model; Type: TABLE; Schema: public; Owner: alfabravo_user
--

CREATE TABLE public.weapon_model (
    id integer DEFAULT nextval('public.weapon_model_id_seq'::regclass) NOT NULL,
    name character varying(255),
    description character varying(500),
    brand_id integer,
    created_at timestamp(0) without time zone,
    updated_at timestamp(0) without time zone,
    deleted_at timestamp(0) without time zone
);


ALTER TABLE public.weapon_model OWNER TO alfabravo_user;

--
-- Name: weapon_type_id_seq; Type: SEQUENCE; Schema: public; Owner: alfabravo_user
--

CREATE SEQUENCE public.weapon_type_id_seq
    START WITH 1
    INCREMENT BY 1
    NO MINVALUE
    NO MAXVALUE
    CACHE 1;


ALTER TABLE public.weapon_type_id_seq OWNER TO alfabravo_user;

--
-- Name: weapon_type; Type: TABLE; Schema: public; Owner: alfabravo_user
--

CREATE TABLE public.weapon_type (
    id integer DEFAULT nextval('public.weapon_type_id_seq'::regclass) NOT NULL,
    name character varying(255),
    description character varying(500),
    created_at timestamp(0) without time zone,
    updated_at timestamp(0) without time zone,
    deleted_at timestamp(0) without time zone
);


ALTER TABLE public.weapon_type OWNER TO alfabravo_user;

--
-- Name: work_position_id_seq; Type: SEQUENCE; Schema: public; Owner: alfabravo_user
--

CREATE SEQUENCE public.work_position_id_seq
    START WITH 1
    INCREMENT BY 1
    NO MINVALUE
    NO MAXVALUE
    CACHE 1;


ALTER TABLE public.work_position_id_seq OWNER TO alfabravo_user;

--
-- Name: work_position; Type: TABLE; Schema: public; Owner: alfabravo_user
--

CREATE TABLE public.work_position (
    id integer DEFAULT nextval('public.work_position_id_seq'::regclass) NOT NULL,
    name character varying(255),
    description text,
    created_at timestamp(6) without time zone,
    updated_at timestamp(6) without time zone,
    deleted_at timestamp(6) without time zone,
    area_id integer
);


ALTER TABLE public.work_position OWNER TO alfabravo_user;

--
-- Name: work_shift_id_seq; Type: SEQUENCE; Schema: public; Owner: alfabravo_user
--

CREATE SEQUENCE public.work_shift_id_seq
    START WITH 1
    INCREMENT BY 1
    NO MINVALUE
    NO MAXVALUE
    CACHE 1;


ALTER TABLE public.work_shift_id_seq OWNER TO alfabravo_user;

--
-- Name: work_shift; Type: TABLE; Schema: public; Owner: alfabravo_user
--

CREATE TABLE public.work_shift (
    id integer DEFAULT nextval('public.work_shift_id_seq'::regclass) NOT NULL,
    name character varying(255),
    description text,
    created_at timestamp without time zone,
    updated_at timestamp without time zone,
    deleted_at timestamp without time zone
);


ALTER TABLE public.work_shift OWNER TO alfabravo_user;

--
-- Name: country id; Type: DEFAULT; Schema: public; Owner: alfabravo_user
--

ALTER TABLE ONLY public.country ALTER COLUMN id SET DEFAULT nextval('public.country_id_seq'::regclass);


--
-- Name: employee_asistence id; Type: DEFAULT; Schema: public; Owner: alfabravo_user
--

ALTER TABLE ONLY public.employee_asistence ALTER COLUMN id SET DEFAULT nextval('public.employee_asistence_id_seq'::regclass);


--
-- Name: employee_bank_data id; Type: DEFAULT; Schema: public; Owner: alfabravo_user
--

ALTER TABLE ONLY public.employee_bank_data ALTER COLUMN id SET DEFAULT nextval('public.employee_bank_data_id_seq'::regclass);


--
-- Name: employee_salary id; Type: DEFAULT; Schema: public; Owner: alfabravo_user
--

ALTER TABLE ONLY public.employee_salary ALTER COLUMN id SET DEFAULT nextval('public.employee_salary_id_seq'::regclass);


--
-- Name: failed_jobs id; Type: DEFAULT; Schema: public; Owner: alfabravo_user
--

ALTER TABLE ONLY public.failed_jobs ALTER COLUMN id SET DEFAULT nextval('public.failed_jobs_id_seq'::regclass);


--
-- Name: group_taxes id; Type: DEFAULT; Schema: public; Owner: alfabravo_user
--

ALTER TABLE ONLY public.group_taxes ALTER COLUMN id SET DEFAULT nextval('public.group_taxes_id_seq'::regclass);


--
-- Name: location id; Type: DEFAULT; Schema: public; Owner: alfabravo_user
--

ALTER TABLE ONLY public.location ALTER COLUMN id SET DEFAULT nextval('public.location_id_seq'::regclass);


--
-- Name: migrations id; Type: DEFAULT; Schema: public; Owner: alfabravo_user
--

ALTER TABLE ONLY public.migrations ALTER COLUMN id SET DEFAULT nextval('public.migrations_id_seq'::regclass);


--
-- Name: nomina id; Type: DEFAULT; Schema: public; Owner: alfabravo_user
--

ALTER TABLE ONLY public.nomina ALTER COLUMN id SET DEFAULT nextval('public.nomina_id_seq'::regclass);


--
-- Name: nomina_concept id; Type: DEFAULT; Schema: public; Owner: alfabravo_user
--

ALTER TABLE ONLY public.nomina_concept ALTER COLUMN id SET DEFAULT nextval('public.nomina_concept_id_seq'::regclass);


--
-- Name: nomina_concept_element id; Type: DEFAULT; Schema: public; Owner: alfabravo_user
--

ALTER TABLE ONLY public.nomina_concept_element ALTER COLUMN id SET DEFAULT nextval('public.nomina_concept_element_id_seq'::regclass);


--
-- Name: permissions id; Type: DEFAULT; Schema: public; Owner: alfabravo_user
--

ALTER TABLE ONLY public.permissions ALTER COLUMN id SET DEFAULT nextval('public.permissions_id_seq'::regclass);


--
-- Name: person_type id; Type: DEFAULT; Schema: public; Owner: alfabravo_user
--

ALTER TABLE ONLY public.person_type ALTER COLUMN id SET DEFAULT nextval('public.person_type_id_seq'::regclass);


--
-- Name: personal id; Type: DEFAULT; Schema: public; Owner: alfabravo_user
--

ALTER TABLE ONLY public.personal ALTER COLUMN id SET DEFAULT nextval('public.personal_id_seq'::regclass);


--
-- Name: personal_bank_data id; Type: DEFAULT; Schema: public; Owner: alfabravo_user
--

ALTER TABLE ONLY public.personal_bank_data ALTER COLUMN id SET DEFAULT nextval('public.personal_bank_data_id_seq'::regclass);


--
-- Name: personal_emergency_contact id; Type: DEFAULT; Schema: public; Owner: alfabravo_user
--

ALTER TABLE ONLY public.personal_emergency_contact ALTER COLUMN id SET DEFAULT nextval('public.personal_emergency_contact_id_seq'::regclass);


--
-- Name: personal_familiar_structure id; Type: DEFAULT; Schema: public; Owner: alfabravo_user
--

ALTER TABLE ONLY public.personal_familiar_structure ALTER COLUMN id SET DEFAULT nextval('public.personal_familiar_structure_id_seq'::regclass);


--
-- Name: personal_home id; Type: DEFAULT; Schema: public; Owner: alfabravo_user
--

ALTER TABLE ONLY public.personal_home ALTER COLUMN id SET DEFAULT nextval('public.personal_home_id_seq'::regclass);


--
-- Name: personal_job_references id; Type: DEFAULT; Schema: public; Owner: alfabravo_user
--

ALTER TABLE ONLY public.personal_job_references ALTER COLUMN id SET DEFAULT nextval('public.personal_job_references_id_seq'::regclass);


--
-- Name: roles id; Type: DEFAULT; Schema: public; Owner: alfabravo_user
--

ALTER TABLE ONLY public.roles ALTER COLUMN id SET DEFAULT nextval('public.roles_id_seq'::regclass);


--
-- Name: service_order id; Type: DEFAULT; Schema: public; Owner: alfabravo_user
--

ALTER TABLE ONLY public.service_order ALTER COLUMN id SET DEFAULT nextval('public.service_order_id_seq'::regclass);


--
-- Name: service_order_work id; Type: DEFAULT; Schema: public; Owner: alfabravo_user
--

ALTER TABLE ONLY public.service_order_work ALTER COLUMN id SET DEFAULT nextval('public.service_order_work_id_seq'::regclass);


--
-- Name: settings id; Type: DEFAULT; Schema: public; Owner: alfabravo_user
--

ALTER TABLE ONLY public.settings ALTER COLUMN id SET DEFAULT nextval('public.settings_id_seq'::regclass);


--
-- Name: spoken_languages id; Type: DEFAULT; Schema: public; Owner: alfabravo_user
--

ALTER TABLE ONLY public.spoken_languages ALTER COLUMN id SET DEFAULT nextval('public.spoken_languages_id_seq'::regclass);


--
-- Name: state id; Type: DEFAULT; Schema: public; Owner: alfabravo_user
--

ALTER TABLE ONLY public.state ALTER COLUMN id SET DEFAULT nextval('public.state_id_seq'::regclass);


--
-- Name: ubication id; Type: DEFAULT; Schema: public; Owner: alfabravo_user
--

ALTER TABLE ONLY public.ubication ALTER COLUMN id SET DEFAULT nextval('public.ubication_id_seq'::regclass);


--
-- Name: user_profile id; Type: DEFAULT; Schema: public; Owner: alfabravo_user
--

ALTER TABLE ONLY public.user_profile ALTER COLUMN id SET DEFAULT nextval('public.user_profile_id_seq'::regclass);


--
-- Name: user_type id; Type: DEFAULT; Schema: public; Owner: alfabravo_user
--

ALTER TABLE ONLY public.user_type ALTER COLUMN id SET DEFAULT nextval('public.user_type_id_seq'::regclass);


--
-- Name: users id; Type: DEFAULT; Schema: public; Owner: alfabravo_user
--

ALTER TABLE ONLY public.users ALTER COLUMN id SET DEFAULT nextval('public.users_id_seq'::regclass);


--
-- Name: vehicle id; Type: DEFAULT; Schema: public; Owner: alfabravo_user
--

ALTER TABLE ONLY public.vehicle ALTER COLUMN id SET DEFAULT nextval('public.vehicle_id_seq'::regclass);


--
-- Name: vehicle_insurance id; Type: DEFAULT; Schema: public; Owner: alfabravo_user
--

ALTER TABLE ONLY public.vehicle_insurance ALTER COLUMN id SET DEFAULT nextval('public.vehicle_insurance_id_seq'::regclass);


--
-- Name: vehicle_maintenance id; Type: DEFAULT; Schema: public; Owner: alfabravo_user
--

ALTER TABLE ONLY public.vehicle_maintenance ALTER COLUMN id SET DEFAULT nextval('public.vehicle_maintenance_id_seq'::regclass);


--
-- Name: vehicle_maintenance_action id; Type: DEFAULT; Schema: public; Owner: alfabravo_user
--

ALTER TABLE ONLY public.vehicle_maintenance_action ALTER COLUMN id SET DEFAULT nextval('public.vehicle_maintenance_action_id_seq'::regclass);


--
-- Name: vehicle_manufacturer id; Type: DEFAULT; Schema: public; Owner: alfabravo_user
--

ALTER TABLE ONLY public.vehicle_manufacturer ALTER COLUMN id SET DEFAULT nextval('public.manufacturer_id_seq'::regclass);


--
-- Name: vehicle_model id; Type: DEFAULT; Schema: public; Owner: alfabravo_user
--

ALTER TABLE ONLY public.vehicle_model ALTER COLUMN id SET DEFAULT nextval('public.vehicle_model_id_seq'::regclass);


--
-- Name: vehicle_owner id; Type: DEFAULT; Schema: public; Owner: alfabravo_user
--

ALTER TABLE ONLY public.vehicle_owner ALTER COLUMN id SET DEFAULT nextval('public.vehicle_owner_id_seq'::regclass);


--
-- Name: vehicle_type_maintenance id; Type: DEFAULT; Schema: public; Owner: alfabravo_user
--

ALTER TABLE ONLY public.vehicle_type_maintenance ALTER COLUMN id SET DEFAULT nextval('public.vehicle_type_maintenance_id_seq'::regclass);


--
-- Name: vehicle_type_maintenance_element id; Type: DEFAULT; Schema: public; Owner: alfabravo_user
--

ALTER TABLE ONLY public.vehicle_type_maintenance_element ALTER COLUMN id SET DEFAULT nextval('public.vehicle_type_maintenance_element_id_seq'::regclass);


--
-- Data for Name: activity; Type: TABLE DATA; Schema: public; Owner: alfabravo_user
--

COPY public.activity (id, user_id, employee_id, file, observation, created_at, updated_at, deleted_at, activity_date, completed, question, type_id, actions, incidence_id, office_id, zone_id) FROM stdin;
\.


--
-- Data for Name: activity_log; Type: TABLE DATA; Schema: public; Owner: alfabravo_user
--

COPY public.activity_log (id, log_name, description, subject_type, subject_id, causer_type, causer_id, properties, created_at, updated_at, batch_uuid) FROM stdin;
720867	Login	El usuario Deivis Ricardo Alvarez Mendoza ha iniciado en el sistema.	App\\Models\\User	77	App\\Models\\User	77	[]	2025-09-08 12:51:19	2025-09-08 12:51:19	\N
720868	Login	El usuario Deivis Ricardo Alvarez Mendoza ha iniciado en el sistema.	App\\Models\\User	77	App\\Models\\User	77	[]	2025-09-08 12:54:07	2025-09-08 12:54:07	\N
720869	Login	El usuario Deivis Ricardo Alvarez Mendoza ha iniciado en el sistema.	App\\Models\\User	77	App\\Models\\User	77	[]	2025-09-08 12:54:34	2025-09-08 12:54:34	\N
720870	Usuario	Se ha editado un usuario.	App\\Models\\User	180	App\\Models\\User	77	[]	2025-09-08 12:58:34	2025-09-08 12:58:34	\N
720871	Login	El usuario Beatriz Acevedo Rivera ha iniciado en el sistema.	App\\Models\\User	48	App\\Models\\User	48	[]	2025-09-08 13:05:39	2025-09-08 13:05:39	\N
720872	Login	El usuario Enrique Matus Lopez ha iniciado en el sistema.	App\\Models\\User	180	App\\Models\\User	180	[]	2025-09-08 13:09:02	2025-09-08 13:09:02	\N
720873	Login	El usuario Carlos Yedra Aceves ha iniciado en el sistema.	App\\Models\\User	181	App\\Models\\User	181	[]	2025-09-08 13:15:48	2025-09-08 13:15:48	\N
720874	Login	El usuario Beatriz Acevedo Rivera ha iniciado en el sistema.	App\\Models\\User	48	App\\Models\\User	48	[]	2025-09-08 13:16:43	2025-09-08 13:16:43	\N
720875	Login	El usuario Beatriz Acevedo Rivera ha iniciado en el sistema.	App\\Models\\User	48	App\\Models\\User	48	[]	2025-09-08 13:18:14	2025-09-08 13:18:14	\N
720876	Login	El usuario Beatriz Acevedo Rivera ha iniciado en el sistema.	App\\Models\\User	48	App\\Models\\User	48	[]	2025-09-22 08:48:30	2025-09-22 08:48:30	\N
720877	Login	El usuario Beatriz Acevedo Rivera ha iniciado en el sistema.	App\\Models\\User	48	App\\Models\\User	48	[]	2025-09-22 18:46:18	2025-09-22 18:46:18	\N
720878	Login	El usuario Enrique Matus Lopez ha iniciado en el sistema.	App\\Models\\User	180	App\\Models\\User	180	[]	2025-09-23 07:44:34	2025-09-23 07:44:34	\N
720879	Cliente	Se ha creado un nuevo cliente.	App\\Models\\Client	285	App\\Models\\User	48	[]	2025-09-23 15:43:31	2025-09-23 15:43:31	\N
720880	Empleado	Se ha creado un nuevo empleado.	App\\Models\\Employee	3055	App\\Models\\User	48	[]	2025-09-23 10:10:06	2025-09-23 10:10:06	\N
720881	Empleado	Se ha creado un nuevo empleado.	App\\Models\\Employee	3056	App\\Models\\User	48	[]	2025-09-23 10:10:20	2025-09-23 10:10:20	\N
720882	Cliente	Se ha actualizado un cliente.	App\\Models\\Client	285	App\\Models\\User	48	[]	2025-09-23 16:14:54	2025-09-23 16:14:54	\N
720883	Login	El usuario Deivis Ricardo Alvarez Mendoza ha iniciado en el sistema.	App\\Models\\User	77	App\\Models\\User	77	[]	2025-09-23 10:16:45	2025-09-23 10:16:45	\N
720884	Empleado	Se ha editado empleado.	App\\Models\\Employee	3056	App\\Models\\User	48	[]	2025-09-23 10:20:55	2025-09-23 10:20:55	\N
720885	Cliente	Se ha actualizado un cliente.	App\\Models\\Client	285	App\\Models\\User	77	[]	2025-09-23 16:21:44	2025-09-23 16:21:44	\N
720886	Cliente	Se ha actualizado un cliente.	App\\Models\\Client	285	App\\Models\\User	77	[]	2025-09-23 16:24:15	2025-09-23 16:24:15	\N
720887	Cliente	Se ha actualizado un cliente.	App\\Models\\Client	285	App\\Models\\User	77	[]	2025-09-23 16:25:18	2025-09-23 16:25:18	\N
720888	Empleado	Se ha editado empleado.	App\\Models\\Employee	3056	App\\Models\\User	48	[]	2025-09-23 10:25:41	2025-09-23 10:25:41	\N
720889	Empleado	Se ha creado un nuevo empleado.	App\\Models\\Employee	3057	App\\Models\\User	48	[]	2025-09-23 10:37:06	2025-09-23 10:37:06	\N
720890	Login	El usuario Beatriz Acevedo Rivera ha iniciado en el sistema.	App\\Models\\User	48	App\\Models\\User	48	[]	2025-09-23 11:15:41	2025-09-23 11:15:41	\N
720891	Empleado	Se ha editado empleado.	App\\Models\\Employee	3055	App\\Models\\User	48	[]	2025-09-23 11:20:19	2025-09-23 11:20:19	\N
720892	Empleado	Se ha creado un nuevo empleado.	App\\Models\\Employee	3058	App\\Models\\User	48	[]	2025-09-23 11:26:36	2025-09-23 11:26:36	\N
720893	Empleado	Se ha editado empleado.	App\\Models\\Employee	3055	App\\Models\\User	48	[]	2025-09-23 11:27:37	2025-09-23 11:27:37	\N
720894	Empleado	Se ha editado empleado.	App\\Models\\Employee	3055	App\\Models\\User	48	[]	2025-09-23 11:28:51	2025-09-23 11:28:51	\N
720895	Empleado	Se ha editado empleado.	App\\Models\\Employee	3058	App\\Models\\User	48	[]	2025-09-23 11:30:55	2025-09-23 11:30:55	\N
720896	Cliente	Se ha actualizado un cliente.	App\\Models\\Client	285	App\\Models\\User	48	[]	2025-09-23 17:32:33	2025-09-23 17:32:33	\N
720897	Cliente	Se ha actualizado un cliente.	App\\Models\\Client	285	App\\Models\\User	48	[]	2025-09-23 17:41:01	2025-09-23 17:41:01	\N
720898	Cliente	Se ha creado un nuevo cliente.	App\\Models\\Client	286	App\\Models\\User	48	[]	2025-09-23 17:42:43	2025-09-23 17:42:43	\N
720899	Cliente	Se ha actualizado un cliente.	App\\Models\\Client	286	App\\Models\\User	48	[]	2025-09-23 17:43:28	2025-09-23 17:43:28	\N
720900	Cliente	Se ha actualizado un cliente.	App\\Models\\Client	286	App\\Models\\User	48	[]	2025-09-23 17:44:15	2025-09-23 17:44:15	\N
720901	Cliente	Se ha actualizado un cliente.	App\\Models\\Client	285	App\\Models\\User	48	[]	2025-09-23 17:44:27	2025-09-23 17:44:27	\N
720902	Cliente	Se ha actualizado un cliente.	App\\Models\\Client	285	App\\Models\\User	48	[]	2025-09-23 17:47:17	2025-09-23 17:47:17	\N
720903	Cliente	Se ha actualizado un cliente.	App\\Models\\Client	285	App\\Models\\User	48	[]	2025-09-23 17:49:00	2025-09-23 17:49:00	\N
720904	Empleado	Se ha creado un nuevo empleado.	App\\Models\\Employee	3059	App\\Models\\User	48	[]	2025-09-23 14:03:47	2025-09-23 14:03:47	\N
720905	Empleado	Se ha editado empleado.	App\\Models\\Employee	3059	App\\Models\\User	48	[]	2025-09-23 14:06:47	2025-09-23 14:06:47	\N
720906	Login	El usuario Enrique Matus Lopez ha iniciado en el sistema.	App\\Models\\User	180	App\\Models\\User	180	[]	2025-10-16 09:53:01	2025-10-16 09:53:01	\N
720907	Usuario	Se ha editado un usuario.	App\\Models\\User	55	App\\Models\\User	180	[]	2025-10-16 09:53:54	2025-10-16 09:53:54	\N
720908	Usuario	Se ha cambiado la clave de un usuario.	App\\Models\\User	55	App\\Models\\User	180	[]	2025-10-16 10:00:41	2025-10-16 10:00:41	\N
720909	Login	El usuario Enrique Fernando Matus Rodriguez ha iniciado en el sistema.	App\\Models\\User	55	App\\Models\\User	55	[]	2025-10-16 10:01:11	2025-10-16 10:01:11	\N
720910	Login	El usuario Enrique Fernando Matus Rodriguez ha iniciado en el sistema.	App\\Models\\User	55	App\\Models\\User	55	[]	2025-10-16 10:59:58	2025-10-16 10:59:58	\N
720911	Login	El usuario Beatriz Acevedo Rivera ha iniciado en el sistema.	App\\Models\\User	48	App\\Models\\User	48	[]	2025-10-16 12:46:17	2025-10-16 12:46:17	\N
720912	Cliente	Se ha creado un nuevo cliente.	App\\Models\\Client	287	App\\Models\\User	48	[]	2025-10-16 19:01:10	2025-10-16 19:01:10	\N
720913	Cliente	Se ha creado un nuevo cliente.	App\\Models\\Client	288	App\\Models\\User	48	[]	2025-10-16 19:04:03	2025-10-16 19:04:03	\N
720914	Cliente	Se ha actualizado un cliente.	App\\Models\\Client	288	App\\Models\\User	48	[]	2025-10-16 19:04:26	2025-10-16 19:04:26	\N
720915	Empleado	Se ha creado un nuevo empleado.	App\\Models\\Employee	3060	App\\Models\\User	48	[]	2025-10-16 14:14:49	2025-10-16 14:14:49	\N
720916	Login	El usuario Enrique Fernando Matus Rodriguez ha iniciado en el sistema.	App\\Models\\User	55	App\\Models\\User	55	[]	2025-10-17 14:22:13	2025-10-17 14:22:13	\N
720917	Login	El usuario Enrique Fernando Matus Rodriguez ha iniciado en el sistema.	App\\Models\\User	55	App\\Models\\User	55	[]	2025-10-17 14:24:37	2025-10-17 14:24:37	\N
720918	Login	El usuario Enrique Fernando Matus Rodriguez ha iniciado en el sistema.	App\\Models\\User	55	App\\Models\\User	55	[]	2025-10-17 15:13:35	2025-10-17 15:13:35	\N
720919	Empleado	Se ha creado un nuevo empleado.	App\\Models\\Employee	3061	App\\Models\\User	55	[]	2025-10-17 15:58:49	2025-10-17 15:58:49	\N
720920	Empleado	Se ha creado un nuevo empleado.	App\\Models\\Employee	3062	App\\Models\\User	55	[]	2025-10-17 16:12:03	2025-10-17 16:12:03	\N
720921	Empleado	Se ha creado un nuevo empleado.	App\\Models\\Employee	3063	App\\Models\\User	55	[]	2025-10-17 16:24:14	2025-10-17 16:24:14	\N
720922	Empleado	Se ha creado un nuevo empleado.	App\\Models\\Employee	3064	App\\Models\\User	55	[]	2025-10-17 17:03:54	2025-10-17 17:03:54	\N
720923	Empleado	Se ha creado un nuevo empleado.	App\\Models\\Employee	3065	App\\Models\\User	55	[]	2025-10-17 17:25:49	2025-10-17 17:25:49	\N
720924	Empleado	Se ha creado un nuevo empleado.	App\\Models\\Employee	3066	App\\Models\\User	55	[]	2025-10-17 17:37:50	2025-10-17 17:37:50	\N
720925	Empleado	Se ha creado un nuevo empleado.	App\\Models\\Employee	3067	App\\Models\\User	55	[]	2025-10-17 17:47:45	2025-10-17 17:47:45	\N
720926	Empleado	Se ha creado un nuevo empleado.	App\\Models\\Employee	3068	App\\Models\\User	55	[]	2025-10-17 18:14:06	2025-10-17 18:14:06	\N
720927	Empleado	Se ha creado un nuevo empleado.	App\\Models\\Employee	3069	App\\Models\\User	55	[]	2025-10-17 18:24:02	2025-10-17 18:24:02	\N
720928	Empleado	Se ha creado un nuevo empleado.	App\\Models\\Employee	3070	App\\Models\\User	55	[]	2025-10-17 18:41:26	2025-10-17 18:41:26	\N
720929	Empleado	Se ha creado un nuevo empleado.	App\\Models\\Employee	3071	App\\Models\\User	55	[]	2025-10-17 18:46:17	2025-10-17 18:46:17	\N
720930	Empleado	Se ha creado un nuevo empleado.	App\\Models\\Employee	3072	App\\Models\\User	55	[]	2025-10-17 18:52:40	2025-10-17 18:52:40	\N
720931	Login	El usuario Enrique Fernando Matus Rodriguez ha iniciado en el sistema.	App\\Models\\User	55	App\\Models\\User	55	[]	2025-10-20 09:22:10	2025-10-20 09:22:10	\N
720932	Empleado	Se ha creado un nuevo empleado.	App\\Models\\Employee	3073	App\\Models\\User	55	[]	2025-10-20 09:51:00	2025-10-20 09:51:00	\N
720933	Empleado	Se ha creado un nuevo empleado.	App\\Models\\Employee	3074	App\\Models\\User	55	[]	2025-10-20 10:02:36	2025-10-20 10:02:36	\N
720934	Login	El usuario Enrique Fernando Matus Rodriguez ha iniciado en el sistema.	App\\Models\\User	55	App\\Models\\User	55	[]	2025-10-20 10:42:45	2025-10-20 10:42:45	\N
720935	Empleado	Se ha creado un nuevo empleado.	App\\Models\\Employee	3075	App\\Models\\User	55	[]	2025-10-20 10:57:31	2025-10-20 10:57:31	\N
720936	Empleado	Se ha creado un nuevo empleado.	App\\Models\\Employee	3076	App\\Models\\User	55	[]	2025-10-20 11:04:10	2025-10-20 11:04:10	\N
720937	Empleado	Se ha creado un nuevo empleado.	App\\Models\\Employee	3077	App\\Models\\User	55	[]	2025-10-20 11:09:55	2025-10-20 11:09:55	\N
720938	Empleado	Se ha creado un nuevo empleado.	App\\Models\\Employee	3078	App\\Models\\User	55	[]	2025-10-20 11:19:05	2025-10-20 11:19:05	\N
720939	Empleado	Se ha creado un nuevo empleado.	App\\Models\\Employee	3079	App\\Models\\User	55	[]	2025-10-20 11:29:02	2025-10-20 11:29:02	\N
720940	Empleado	Se ha creado un nuevo empleado.	App\\Models\\Employee	3080	App\\Models\\User	55	[]	2025-10-20 11:37:49	2025-10-20 11:37:49	\N
720941	Empleado	Se ha creado un nuevo empleado.	App\\Models\\Employee	3081	App\\Models\\User	55	[]	2025-10-20 11:46:49	2025-10-20 11:46:49	\N
720942	Empleado	Se ha creado un nuevo empleado.	App\\Models\\Employee	3082	App\\Models\\User	55	[]	2025-10-20 11:51:58	2025-10-20 11:51:58	\N
720943	Empleado	Se ha creado un nuevo empleado.	App\\Models\\Employee	3083	App\\Models\\User	55	[]	2025-10-20 11:57:34	2025-10-20 11:57:34	\N
720944	Empleado	Se ha creado un nuevo empleado.	App\\Models\\Employee	3084	App\\Models\\User	55	[]	2025-10-20 12:05:41	2025-10-20 12:05:41	\N
720945	Empleado	Se ha creado un nuevo empleado.	App\\Models\\Employee	3085	App\\Models\\User	55	[]	2025-10-20 12:10:19	2025-10-20 12:10:19	\N
720946	Empleado	Se ha creado un nuevo empleado.	App\\Models\\Employee	3086	App\\Models\\User	55	[]	2025-10-20 12:14:41	2025-10-20 12:14:41	\N
720947	Empleado	Se ha creado un nuevo empleado.	App\\Models\\Employee	3087	App\\Models\\User	55	[]	2025-10-20 12:18:59	2025-10-20 12:18:59	\N
720948	Login	El usuario Enrique Fernando Matus Rodriguez ha iniciado en el sistema.	App\\Models\\User	55	App\\Models\\User	55	[]	2025-10-22 15:10:28	2025-10-22 15:10:28	\N
720949	Empleado	Se ha editado empleado.	App\\Models\\Employee	3061	App\\Models\\User	55	[]	2025-10-22 15:45:11	2025-10-22 15:45:11	\N
720950	Empleado	Se ha editado empleado.	App\\Models\\Employee	3063	App\\Models\\User	55	[]	2025-10-22 15:48:22	2025-10-22 15:48:22	\N
720951	Empleado	Se ha editado empleado.	App\\Models\\Employee	3055	App\\Models\\User	55	[]	2025-10-22 15:53:09	2025-10-22 15:53:09	\N
720952	Empleado	Se ha editado empleado.	App\\Models\\Employee	3056	App\\Models\\User	55	[]	2025-10-22 15:55:01	2025-10-22 15:55:01	\N
720953	Empleado	Se ha editado empleado.	App\\Models\\Employee	3057	App\\Models\\User	55	[]	2025-10-22 16:00:18	2025-10-22 16:00:18	\N
720954	Empleado	Se ha editado empleado.	App\\Models\\Employee	3059	App\\Models\\User	55	[]	2025-10-22 16:05:52	2025-10-22 16:05:52	\N
720955	Empleado	Se ha editado empleado.	App\\Models\\Employee	3065	App\\Models\\User	55	[]	2025-10-22 16:08:22	2025-10-22 16:08:22	\N
720956	Empleado	Se ha editado empleado.	App\\Models\\Employee	3066	App\\Models\\User	55	[]	2025-10-22 16:10:38	2025-10-22 16:10:38	\N
720957	Empleado	Se ha editado empleado.	App\\Models\\Employee	3067	App\\Models\\User	55	[]	2025-10-22 16:12:11	2025-10-22 16:12:11	\N
720958	Empleado	Se ha editado empleado.	App\\Models\\Employee	3068	App\\Models\\User	55	[]	2025-10-22 16:14:45	2025-10-22 16:14:45	\N
720959	Empleado	Se ha editado empleado.	App\\Models\\Employee	3069	App\\Models\\User	55	[]	2025-10-22 16:16:32	2025-10-22 16:16:32	\N
720960	Empleado	Se ha editado empleado.	App\\Models\\Employee	3070	App\\Models\\User	55	[]	2025-10-22 16:19:00	2025-10-22 16:19:00	\N
720961	Empleado	Se ha editado empleado.	App\\Models\\Employee	3071	App\\Models\\User	55	[]	2025-10-22 16:20:48	2025-10-22 16:20:48	\N
720962	Empleado	Se ha editado empleado.	App\\Models\\Employee	3060	App\\Models\\User	55	[]	2025-10-22 16:25:03	2025-10-22 16:25:03	\N
720963	Empleado	Se ha editado empleado.	App\\Models\\Employee	3073	App\\Models\\User	55	[]	2025-10-22 16:27:18	2025-10-22 16:27:18	\N
720964	Empleado	Se ha editado empleado.	App\\Models\\Employee	3074	App\\Models\\User	55	[]	2025-10-22 16:34:44	2025-10-22 16:34:44	\N
720965	Empleado	Se ha editado empleado.	App\\Models\\Employee	3075	App\\Models\\User	55	[]	2025-10-22 16:37:31	2025-10-22 16:37:31	\N
720966	Empleado	Se ha editado empleado.	App\\Models\\Employee	3076	App\\Models\\User	55	[]	2025-10-22 16:39:07	2025-10-22 16:39:07	\N
720967	Empleado	Se ha editado empleado.	App\\Models\\Employee	3078	App\\Models\\User	55	[]	2025-10-22 16:41:21	2025-10-22 16:41:21	\N
720968	Empleado	Se ha editado empleado.	App\\Models\\Employee	3079	App\\Models\\User	55	[]	2025-10-22 16:43:08	2025-10-22 16:43:08	\N
720969	Empleado	Se ha editado empleado.	App\\Models\\Employee	3080	App\\Models\\User	55	[]	2025-10-22 16:44:33	2025-10-22 16:44:33	\N
720970	Empleado	Se ha editado empleado.	App\\Models\\Employee	3082	App\\Models\\User	55	[]	2025-10-22 16:47:34	2025-10-22 16:47:34	\N
720971	Empleado	Se ha editado empleado.	App\\Models\\Employee	3083	App\\Models\\User	55	[]	2025-10-22 16:50:11	2025-10-22 16:50:11	\N
720972	Empleado	Se ha editado empleado.	App\\Models\\Employee	3084	App\\Models\\User	55	[]	2025-10-22 16:52:51	2025-10-22 16:52:51	\N
720973	Empleado	Se ha editado empleado.	App\\Models\\Employee	3086	App\\Models\\User	55	[]	2025-10-22 16:56:27	2025-10-22 16:56:27	\N
720974	Login	El usuario Enrique Fernando Matus Rodriguez ha iniciado en el sistema.	App\\Models\\User	55	App\\Models\\User	55	[]	2025-10-27 10:51:03	2025-10-27 10:51:03	\N
720975	Login	El usuario Enrique Fernando Matus Rodriguez ha iniciado en el sistema.	App\\Models\\User	55	App\\Models\\User	55	[]	2025-10-28 14:47:40	2025-10-28 14:47:40	\N
720976	Login	El usuario Enrique Fernando Matus Rodriguez ha iniciado en el sistema.	App\\Models\\User	55	App\\Models\\User	55	[]	2025-10-28 17:53:33	2025-10-28 17:53:33	\N
720977	Login	El usuario Enrique Fernando Matus Rodriguez ha iniciado en el sistema.	App\\Models\\User	55	App\\Models\\User	55	[]	2025-10-29 16:44:43	2025-10-29 16:44:43	\N
720978	Login	El usuario Enrique Fernando Matus Rodriguez ha iniciado en el sistema.	App\\Models\\User	55	App\\Models\\User	55	[]	2025-10-30 08:58:03	2025-10-30 08:58:03	\N
720979	Login	El usuario Enrique Fernando Matus Rodriguez ha iniciado en el sistema.	App\\Models\\User	55	App\\Models\\User	55	[]	2025-10-31 17:39:40	2025-10-31 17:39:40	\N
720980	Login	El usuario Enrique Fernando Matus Rodriguez ha iniciado en el sistema.	App\\Models\\User	55	App\\Models\\User	55	[]	2025-11-03 08:49:08	2025-11-03 08:49:08	\N
720981	Login	El usuario Enrique Fernando Matus Rodriguez ha iniciado en el sistema.	App\\Models\\User	55	App\\Models\\User	55	[]	2025-11-07 14:17:22	2025-11-07 14:17:22	\N
720982	Login	El usuario Enrique Fernando Matus Rodriguez ha iniciado en el sistema.	App\\Models\\User	55	App\\Models\\User	55	[]	2025-11-07 15:42:17	2025-11-07 15:42:17	\N
720983	Login	El usuario Enrique Fernando Matus Rodriguez ha iniciado en el sistema.	App\\Models\\User	55	App\\Models\\User	55	[]	2025-11-07 16:48:53	2025-11-07 16:48:53	\N
720984	Login	El usuario Enrique Fernando Matus Rodriguez ha iniciado en el sistema.	App\\Models\\User	55	App\\Models\\User	55	[]	2025-11-10 08:47:21	2025-11-10 08:47:21	\N
720985	Empleado	Se ha creado un nuevo empleado.	App\\Models\\Employee	3088	App\\Models\\User	55	[]	2025-11-10 08:56:11	2025-11-10 08:56:11	\N
720986	Empleado	Se ha editado empleado.	App\\Models\\Employee	3088	App\\Models\\User	55	[]	2025-11-10 08:57:05	2025-11-10 08:57:05	\N
720987	Empleado	Se ha editado empleado.	App\\Models\\Employee	3088	App\\Models\\User	55	[]	2025-11-10 08:58:23	2025-11-10 08:58:23	\N
720988	Empleado	Se ha creado un nuevo empleado.	App\\Models\\Employee	3089	App\\Models\\User	55	[]	2025-11-10 09:17:03	2025-11-10 09:17:03	\N
720989	Empleado	Se ha editado empleado.	App\\Models\\Employee	3089	App\\Models\\User	55	[]	2025-11-10 09:19:05	2025-11-10 09:19:05	\N
720990	Empleado	Se ha creado un nuevo empleado.	App\\Models\\Employee	3090	App\\Models\\User	55	[]	2025-11-10 09:28:17	2025-11-10 09:28:17	\N
720991	Empleado	Se ha editado empleado.	App\\Models\\Employee	3090	App\\Models\\User	55	[]	2025-11-10 09:29:03	2025-11-10 09:29:03	\N
720992	Login	El usuario Enrique Fernando Matus Rodriguez ha iniciado en el sistema.	App\\Models\\User	55	App\\Models\\User	55	[]	2025-11-10 09:55:07	2025-11-10 09:55:07	\N
720993	Login	El usuario Enrique Fernando Matus Rodriguez ha iniciado en el sistema.	App\\Models\\User	55	App\\Models\\User	55	[]	2025-11-11 14:31:21	2025-11-11 14:31:21	\N
720994	Empleado	Se ha eliminado un empleado	App\\Models\\Employee	3063	App\\Models\\User	48	[]	2025-11-12 14:32:24	2025-11-12 14:32:24	\N
720995	Login	El usuario Enrique Fernando Matus Rodriguez ha iniciado en el sistema.	App\\Models\\User	55	App\\Models\\User	55	[]	2025-12-15 12:14:11	2025-12-15 12:14:11	\N
720996	Login	El usuario Enrique Fernando Matus Rodriguez ha iniciado en el sistema.	App\\Models\\User	55	App\\Models\\User	55	[]	2026-01-16 10:02:52	2026-01-16 10:02:52	\N
720997	Login	El usuario Enrique Fernando Matus Rodriguez ha iniciado en el sistema.	App\\Models\\User	55	App\\Models\\User	55	[]	2026-01-16 10:53:56	2026-01-16 10:53:56	\N
720998	Login	El usuario Enrique Fernando Matus Rodriguez ha iniciado en el sistema.	App\\Models\\User	55	App\\Models\\User	55	[]	2026-03-04 10:52:36	2026-03-04 10:52:36	\N
720999	Login	El usuario Enrique Fernando Matus Rodriguez ha iniciado en el sistema.	App\\Models\\User	55	App\\Models\\User	55	[]	2026-03-18 15:10:02	2026-03-18 15:10:02	\N
721000	Login	El usuario Enrique Fernando Matus Rodriguez ha iniciado en el sistema.	App\\Models\\User	55	App\\Models\\User	55	[]	2026-03-18 16:00:33	2026-03-18 16:00:33	\N
721001	Login	El usuario Enrique Fernando Matus Rodriguez ha iniciado en el sistema.	App\\Models\\User	55	App\\Models\\User	55	[]	2026-04-01 13:20:22	2026-04-01 13:20:22	\N
721002	Login	El usuario Enrique Fernando Matus Rodriguez ha iniciado en el sistema.	App\\Models\\User	55	App\\Models\\User	55	[]	2026-04-01 13:23:25	2026-04-01 13:23:25	\N
721003	Login	El usuario Enrique Fernando Matus Rodriguez ha iniciado en el sistema.	App\\Models\\User	55	App\\Models\\User	55	[]	2026-04-07 11:18:15	2026-04-07 11:18:15	\N
721004	Login	El usuario Enrique Fernando Matus Rodriguez ha iniciado en el sistema.	App\\Models\\User	55	App\\Models\\User	55	[]	2026-04-07 11:27:00	2026-04-07 11:27:00	\N
721005	Login	El usuario Enrique Fernando Matus Rodriguez ha iniciado en el sistema.	App\\Models\\User	55	App\\Models\\User	55	[]	2026-04-07 11:27:18	2026-04-07 11:27:18	\N
721006	Login	El usuario Enrique Matus Lopez ha iniciado en el sistema.	App\\Models\\User	180	App\\Models\\User	180	[]	2026-04-07 12:57:31	2026-04-07 12:57:31	\N
721007	Login	El usuario Deivis Ricardo Alvarez Mendoza ha iniciado en el sistema.	App\\Models\\User	77	App\\Models\\User	77	[]	2026-04-13 11:41:19	2026-04-13 11:41:19	\N
721008	Login	El usuario Deivis Ricardo Alvarez Mendoza ha iniciado en el sistema.	App\\Models\\User	77	App\\Models\\User	77	[]	2026-04-13 11:50:37	2026-04-13 11:50:37	\N
721009	Login	El usuario Enrique Matus Lopez ha iniciado en el sistema.	App\\Models\\User	180	App\\Models\\User	180	[]	2026-04-13 12:44:36	2026-04-13 12:44:36	\N
721010	Login	El usuario Enrique Fernando Matus Rodriguez ha iniciado en el sistema.	App\\Models\\User	55	App\\Models\\User	55	[]	2026-04-13 15:42:57	2026-04-13 15:42:57	\N
721011	Login	El usuario Enrique Fernando Matus Rodriguez ha iniciado en el sistema.	App\\Models\\User	55	App\\Models\\User	55	[]	2026-04-14 11:26:20	2026-04-14 11:26:20	\N
721012	Login	El usuario Enrique Fernando Matus Rodriguez ha iniciado en el sistema.	App\\Models\\User	55	App\\Models\\User	55	[]	2026-04-15 13:17:20	2026-04-15 13:17:20	\N
721013	Login	El usuario Enrique Fernando Matus Rodriguez ha iniciado en el sistema.	App\\Models\\User	55	App\\Models\\User	55	[]	2026-04-17 12:21:18	2026-04-17 12:21:18	\N
721014	Login	El usuario Enrique Fernando Matus Rodriguez ha iniciado en el sistema.	App\\Models\\User	55	App\\Models\\User	55	[]	2026-04-17 15:37:46	2026-04-17 15:37:46	\N
721015	Login	El usuario Enrique Fernando Matus Rodriguez ha iniciado en el sistema.	App\\Models\\User	55	App\\Models\\User	55	[]	2026-04-24 14:03:11	2026-04-24 14:03:11	\N
721016	Login	El usuario Enrique Fernando Matus Rodriguez ha iniciado en el sistema.	App\\Models\\User	55	App\\Models\\User	55	[]	2026-05-06 13:00:54	2026-05-06 13:00:54	\N
\.


--
-- Data for Name: activity_type; Type: TABLE DATA; Schema: public; Owner: alfabravo_user
--

COPY public.activity_type (id, name, description, created_at, updated_at, deleted_at) FROM stdin;
\.


--
-- Data for Name: agenda_event; Type: TABLE DATA; Schema: public; Owner: alfabravo_user
--

COPY public.agenda_event (id, name, description, ubication, color, fullday, start, "end", user_id, created_at, updated_at, deleted_at, remote, url) FROM stdin;
\.


--
-- Data for Name: allergy; Type: TABLE DATA; Schema: public; Owner: alfabravo_user
--

COPY public.allergy (id, name, created_at, updated_at, deleted_at, description) FROM stdin;
1	NINGUNA	2022-05-02 11:11:15	2022-05-02 11:11:15	\N	\N
2	PENICILINA	2022-05-02 17:35:29	2022-05-02 17:35:29	\N	\N
3	NINGUNA	2022-05-02 18:36:48	2022-05-02 18:36:48	\N	\N
4	NINGUNA	2022-05-10 11:38:11	2022-05-10 11:38:11	\N	\N
5	NINGUNA	2022-05-12 12:04:43	2022-05-12 12:04:43	\N	\N
6	NINGUNA	2022-05-24 17:55:19	2022-05-24 17:55:19	\N	\N
7	KETOROLACO	2022-05-25 10:19:52	2022-05-25 10:19:52	\N	\N
8	ABEJAS	2022-05-30 16:41:06	2022-05-30 16:41:06	\N	\N
9	NINGUNA	2022-06-05 12:23:10	2022-06-05 12:23:10	\N	\N
10	PASTO	2022-06-10 12:32:12	2022-06-10 12:32:12	\N	\N
11	POLEN	2022-06-10 12:32:12	2022-06-10 12:32:12	\N	\N
12	GRAMA	2022-06-10 12:32:12	2022-06-10 12:32:12	\N	\N
13	POLVO	2022-06-10 12:32:12	2022-06-10 12:32:12	\N	\N
14	HUMEDAD	2022-06-10 12:32:12	2022-06-10 12:32:12	\N	\N
15	AGUACATE	2022-06-10 12:32:12	2022-06-10 12:32:12	\N	\N
16	ZULFAS	2022-06-13 17:22:21	2022-06-13 17:22:21	\N	\N
17	MIEL	2022-07-01 16:12:52	2022-07-01 16:12:52	\N	\N
18	ALABROXOL	2022-07-02 10:14:02	2022-07-02 10:14:02	\N	\N
19	PESCADO	2022-07-13 13:15:08	2022-07-13 13:15:08	\N	\N
20	CLARITOMIXINA	2022-07-13 14:49:59	2022-07-13 14:49:59	\N	\N
21	NUECES	2022-07-22 13:32:09	2022-07-22 13:32:09	\N	\N
22	ABEJAS Y ANALGESICOS	2022-07-30 12:14:13	2022-07-30 12:14:13	\N	\N
23	SULFAS	2022-08-10 12:12:46	2022-08-10 12:12:46	\N	\N
24	AMPICILINA	2022-09-19 14:23:55	2022-09-19 14:23:55	\N	\N
25	POLVO	2022-10-04 15:14:29	2022-10-04 15:14:29	\N	\N
26	PARACETAMOL	2022-11-14 11:47:08	2022-11-14 11:47:08	\N	\N
27	AMOXICILINA	2022-11-22 18:09:55	2022-11-22 18:09:55	\N	\N
28	CAMARONES	2022-11-28 13:26:59	2022-11-28 13:26:59	\N	\N
29	LEVOPLOXINA	2022-12-15 17:28:07	2022-12-15 17:28:07	\N	\N
30	TIAMINA CEFOROXINA PENICILINA	2022-12-29 14:18:28	2022-12-29 14:18:28	\N	\N
31	METAMEZOL	2023-02-13 10:06:29	2023-02-13 10:06:29	\N	\N
32	PESCADO	2023-02-13 11:02:15	2023-02-13 11:02:15	\N	\N
33	NUEZ	2023-02-15 16:15:44	2023-02-15 16:15:44	\N	\N
34	MARISCOS	2023-02-16 10:15:12	2023-02-16 10:15:12	\N	\N
35	GATOS	2023-03-08 10:56:04	2023-03-08 10:56:04	\N	\N
36	SOL	2023-03-22 11:03:32	2023-03-22 11:03:32	\N	\N
37	GATOS	2023-04-05 17:03:22	2023-04-05 17:03:22	\N	\N
38	GATOS	2023-04-20 13:26:01	2023-04-20 13:26:01	\N	\N
39	TRIMETROPRIMA	2023-05-09 16:39:54	2023-05-09 16:39:54	\N	\N
40	ASPIRINA Y POLVO	2023-05-24 11:18:42	2023-05-24 11:18:42	\N	\N
41	DICLOFENACO	2023-06-22 13:07:32	2023-06-22 13:07:32	\N	\N
42	NAPROXENO SODICO	2023-07-13 11:14:06	2023-07-13 11:14:06	\N	\N
43	PRESION ARTERIAL	2023-07-27 10:34:25	2023-07-27 10:34:25	\N	\N
44	CAFEINA	2023-08-10 10:47:09	2023-08-10 10:47:09	\N	\N
45	HIPERTENSION	2023-08-10 12:18:18	2023-08-10 12:18:18	\N	\N
46	DIABETICO	2023-08-10 15:20:15	2023-08-10 15:20:15	\N	\N
47	IBUPROFENO	2023-08-11 13:11:02	2023-08-11 13:11:02	\N	\N
48	MIGRAÑA	2023-08-11 13:58:39	2023-08-11 13:58:39	\N	\N
49	HIPOTIROIDISMO	2023-08-16 10:18:59	2023-08-16 10:18:59	\N	\N
50	DICLOFENACO	2023-08-21 11:04:42	2023-08-21 11:04:42	\N	\N
51	FRESAS	2023-08-23 10:15:03	2023-08-23 10:15:03	\N	\N
52	GASTROCOLITIS	2023-09-06 17:02:45	2023-09-06 17:02:45	\N	\N
53	FRUTAS	2023-09-12 10:47:10	2023-09-12 10:47:10	\N	\N
54	QUETOPROFENO FRESAS	2023-09-15 09:32:12	2023-09-15 09:32:12	\N	\N
55	ARTRITIS	2023-09-18 18:01:27	2023-09-18 18:01:27	\N	\N
56	ESCUCHA POCO	2023-09-25 13:06:10	2023-09-25 13:06:10	\N	\N
57	TRIMETROPRIM	2023-09-27 17:26:23	2023-09-27 17:26:23	\N	\N
58	POLVO	2023-09-29 09:55:51	2023-09-29 09:55:51	\N	\N
59	NO ESCUCHA BIEN DE UN OIDO	2023-10-25 12:38:29	2023-10-25 12:38:29	\N	\N
60	DIABETES	2023-10-27 11:47:59	2023-10-27 11:47:59	\N	\N
61	COCO, DICLOFENACO	2023-10-31 10:16:31	2023-10-31 10:16:31	\N	\N
62	HIPOGLUSEMIA	2023-10-31 10:16:31	2023-10-31 10:16:31	\N	\N
63	NINGUNA	2023-10-31 11:58:10	2023-10-31 11:58:10	\N	\N
64	Y SULFAS	2023-11-10 10:40:48	2023-11-10 10:40:48	\N	\N
65	PENICILINA, TOCINO	2023-11-21 10:18:57	2023-11-21 10:18:57	\N	\N
66	GRASA	2024-01-02 18:49:05	2024-01-02 18:49:05	\N	\N
67	HUEVO	2024-02-02 11:26:46	2024-02-02 11:26:46	\N	\N
68	BUSCAPINA	2024-03-08 10:11:15	2024-03-08 10:11:15	\N	\N
69	ACIDO CLAVULANICO	2024-03-26 15:27:19	2024-03-26 15:27:19	\N	\N
70	JITOMATE, AGUA FRIA,	2024-05-31 17:34:11	2024-05-31 17:34:11	\N	\N
71	ABEJAS	2024-09-30 09:46:02	2024-09-30 09:46:02	\N	\N
72	CLIMA	2024-10-31 17:05:29	2024-10-31 17:05:29	\N	\N
73	NAPROXENO, ACIDO ACETILICO Y PENICILINA	2024-11-14 14:05:45	2024-11-14 14:05:45	\N	\N
74	CEREZA	2025-01-20 10:37:11	2025-01-20 10:37:11	\N	\N
75	SULFAS	2025-01-22 13:08:30	2025-01-22 13:08:30	\N	\N
76	NINGUNA	2025-01-30 12:36:09	2025-01-30 12:36:09	\N	\N
77	AMBIENTE	2025-02-12 14:06:37	2025-02-12 14:06:37	\N	\N
78	NINGUNA	2025-03-03 11:31:04	2025-03-03 11:31:04	\N	\N
79	PENICILINA	2025-03-13 11:49:21	2025-03-13 11:49:21	\N	\N
80	BROMUR	2025-04-11 14:03:56	2025-04-11 14:03:56	\N	\N
81	CIPROPROXACINOO	2025-05-09 14:45:50	2025-05-09 14:45:50	\N	\N
82	NINGUNA	2025-05-19 11:35:49	2025-05-19 11:35:49	\N	\N
83	CANELA	2025-06-17 11:18:46	2025-06-17 11:18:46	\N	\N
84	NINGUNA	2025-06-25 14:38:10	2025-06-25 14:38:10	\N	\N
85	NINGUNA	2025-06-25 15:04:19	2025-06-25 15:04:19	\N	\N
\.


--
-- Data for Name: alm_attributes; Type: TABLE DATA; Schema: public; Owner: alfabravo_user
--

COPY public.alm_attributes (id, name, slug, type, "unique", required, primary_view, can_request, created_at, updated_at) FROM stdin;
108	Color	color	text	f	t	f	f	2025-04-16 11:49:30	2025-04-16 11:49:30
109	Talla	talla	text	f	t	f	f	2025-04-16 11:49:30	2025-04-16 11:49:30
110	Talla	talla	select [3, 4, 5, 6, 7, 8, 9]	f	t	f	f	2025-04-16 11:53:26	2025-04-16 11:53:26
111	Tipo de manga	tipo-de-manga	select [manga corta, manga larga]	f	t	f	f	2025-04-16 12:01:56	2025-04-16 12:01:56
112	Bordado	bordado	select [si, no]	f	t	f	f	2025-04-16 12:01:56	2025-04-16 12:01:56
114	Tala	tala	select [ch, m, l, xl, xxl, xxxl]	f	t	f	f	2025-04-16 12:01:56	2025-04-16 12:01:56
116	Talla	talla	select [ch, m, l, xl, xxl, xxxl]	f	t	f	f	2025-04-16 12:06:29	2025-04-16 12:06:29
117	Color	color	select [blanco, Caqui]	f	t	f	f	2025-04-16 12:06:29	2025-04-16 12:06:29
119	Color	color	select [caqui, negro]	f	t	f	f	2025-04-16 12:12:10	2025-04-16 12:12:10
120	Talla	talla	select [CH, M, L, XL, XXL, XXXL]	f	t	f	f	2025-04-16 12:12:10	2025-04-16 12:12:10
121	BORDADO DE EMPRESA	BORDADO-DE-EMPRESA	select [INFOS, KUKATUS, MAKA, SECURIRENT, ]	f	f	f	f	2025-04-16 12:12:46	2025-04-16 12:13:24
118	BORDADO DE EMPRESA	BORDADO-DE-EMPRESA	select [Infos, Kukatus, Maka, Securirent]	f	f	f	f	2025-04-16 12:09:25	2025-04-16 12:15:04
123	Bordado de empresa	Bordado-de-empresa	select [Infos, Kukatus, Maka, Securirent]	f	f	f	f	2025-04-16 12:18:07	2025-04-16 12:18:07
115	BORDADO DE EMPRESA	BORDADO-DE-EMPRESA	select [MAKA, KUAKTUS, INFOS, SECURIRRET, , ]	f	f	f	f	2025-04-16 12:06:29	2025-04-16 12:18:22
124	Bordado de empresa	bordado-de-empresa	select [maka, kuaktus, infos, securirret, ]	f	t	f	f	2025-04-16 12:18:24	2025-04-16 12:18:24
113	BORDADO DE EMPRESA	BORDADO-DE-EMPRESA	select [MAKA, INFOS, KUAKTUS, SECURIRRENT, ]	f	f	f	f	2025-04-16 12:01:56	2025-04-16 12:18:39
125	Bordado de empresa	bordado-de-empresa	select [maka, infos, kuaktus, securirrent]	f	t	f	f	2025-04-16 12:18:40	2025-04-16 12:18:40
122	BORDADO DE EMPRESA	BORDADO-DE-EMPRESA	select [INFOS, KUKATUS, MAKA, SECURIRENT, ]	f	f	f	f	2025-04-16 12:13:28	2025-04-16 12:23:23
126	Bordado de empresa	bordado-de-empresa	select [Infos, Kukatus, Maka, Securirent]	f	t	f	f	2025-04-16 12:23:24	2025-04-16 12:23:24
127	Color	color	select [negro, azul]	f	t	f	f	2025-04-16 12:49:08	2025-04-16 12:49:08
128	Color	Color	select [negro, azul]	f	t	f	f	2025-04-16 12:49:08	2025-04-16 12:49:08
129	Bordado de empresa	bordado-de-empresa	select [Infos, Kukatus, Maka, Securirent]	f	f	f	f	2025-04-16 12:51:57	2025-04-16 12:51:57
130	Color	color	select [Gris Oscuro, Verde]	f	t	f	f	2025-04-16 12:51:57	2025-04-16 12:51:57
131	Talla	Talla	select [CH, M, L, XL, XXL, XXXL]	f	t	f	f	2025-04-16 12:51:57	2025-04-16 12:51:57
132	Talla	talla	select [unitalla]	f	t	f	f	2025-04-16 12:55:00	2025-04-16 12:55:00
133	Talla	talla	select [Unitalla]	f	t	f	f	2025-04-16 15:23:20	2025-04-16 15:23:20
134	Color	Color	select [negro, caqui, azul, verde, rojo, blanco, gris]	f	t	f	f	2025-04-16 15:33:39	2025-04-16 15:33:39
135	Medida	medida	select [chica, mediana, grande]	f	t	f	f	2025-04-16 15:37:16	2025-04-16 15:37:16
136	Color	color	select [azul, caqui, gris, blanco, negro, rojo, verde]	f	t	f	f	2025-04-16 15:37:16	2025-04-16 15:37:16
137	Tamaño	tama-o	text	f	t	f	f	2025-04-16 15:39:41	2025-04-16 15:39:41
138	Fecha de caducidad	FECHA-DE-CADUCIDAD	date	f	f	f	f	2025-07-05 13:35:06	2025-07-05 13:35:06
139	Capacidad	CAPACIDAD	number	f	t	f	f	2025-07-05 13:35:06	2025-07-05 13:35:06
140	Tipo de gas	TIPO-DE-GAS	select [OXIGENO, ALON, CO2]	f	t	f	f	2025-07-05 13:35:06	2025-07-05 13:35:06
141	Marca	MARCA	text	f	t	f	f	2025-07-05 13:35:06	2025-07-05 13:35:06
\.


--
-- Data for Name: alm_attributes_alm_categories; Type: TABLE DATA; Schema: public; Owner: alfabravo_user
--

COPY public.alm_attributes_alm_categories (id, alm_attributes_id, alm_categories_id, created_at, updated_at, order_item) FROM stdin;
251	108	81	2025-04-16 11:53:26	2025-04-16 11:53:26	0
252	110	81	2025-04-16 11:53:26	2025-04-16 11:53:26	1
273	119	84	2025-04-16 12:13:28	2025-04-16 12:13:28	0
274	120	84	2025-04-16 12:13:28	2025-04-16 12:13:28	1
275	112	84	2025-04-16 12:13:28	2025-04-16 12:13:28	2
276	122	84	2025-04-16 12:13:28	2025-04-16 12:13:28	3
284	112	83	2025-04-16 12:18:07	2025-04-16 12:18:07	0
285	116	83	2025-04-16 12:18:07	2025-04-16 12:18:07	1
286	117	83	2025-04-16 12:18:07	2025-04-16 12:18:07	2
287	123	83	2025-04-16 12:18:07	2025-04-16 12:18:07	3
288	112	82	2025-04-16 12:18:24	2025-04-16 12:18:24	0
289	124	82	2025-04-16 12:18:24	2025-04-16 12:18:24	1
290	116	82	2025-04-16 12:18:24	2025-04-16 12:18:24	2
291	117	82	2025-04-16 12:18:24	2025-04-16 12:18:24	3
299	112	85	2025-04-16 12:23:24	2025-04-16 12:23:24	0
300	126	85	2025-04-16 12:23:24	2025-04-16 12:23:24	1
301	127	86	2025-04-16 12:49:08	2025-04-16 12:49:08	0
302	112	86	2025-04-16 12:49:08	2025-04-16 12:49:08	1
303	123	86	2025-04-16 12:49:08	2025-04-16 12:49:08	2
304	128	86	2025-04-16 12:49:08	2025-04-16 12:49:08	3
305	116	86	2025-04-16 12:49:08	2025-04-16 12:49:08	4
306	112	87	2025-04-16 12:51:57	2025-04-16 12:51:57	0
307	129	87	2025-04-16 12:51:57	2025-04-16 12:51:57	1
308	130	87	2025-04-16 12:51:57	2025-04-16 12:51:57	2
309	131	87	2025-04-16 12:51:57	2025-04-16 12:51:57	3
310	132	77	2025-04-16 12:55:00	2025-04-16 12:55:00	0
311	132	88	2025-04-16 12:55:54	2025-04-16 12:55:54	0
312	108	89	2025-04-16 15:23:20	2025-04-16 15:23:20	0
313	133	89	2025-04-16 15:23:20	2025-04-16 15:23:20	1
314	132	90	2025-04-16 15:24:25	2025-04-16 15:24:25	0
315	108	90	2025-04-16 15:24:25	2025-04-16 15:24:25	1
316	132	94	2025-04-16 15:26:04	2025-04-16 15:26:04	0
317	132	96	2025-04-16 15:28:09	2025-04-16 15:28:09	0
318	112	97	2025-04-16 15:33:39	2025-04-16 15:33:39	0
319	126	97	2025-04-16 15:33:39	2025-04-16 15:33:39	1
320	134	97	2025-04-16 15:33:39	2025-04-16 15:33:39	2
321	132	97	2025-04-16 15:33:39	2025-04-16 15:33:39	3
322	135	99	2025-04-16 15:37:16	2025-04-16 15:37:16	0
323	136	99	2025-04-16 15:37:16	2025-04-16 15:37:16	1
324	112	99	2025-04-16 15:37:16	2025-04-16 15:37:16	2
325	129	99	2025-04-16 15:37:16	2025-04-16 15:37:16	3
326	137	101	2025-04-16 15:39:41	2025-04-16 15:39:41	0
327	138	105	2025-07-05 13:35:06	2025-07-05 13:35:06	0
328	139	105	2025-07-05 13:35:06	2025-07-05 13:35:06	1
329	140	105	2025-07-05 13:35:06	2025-07-05 13:35:06	2
330	141	105	2025-07-05 13:35:06	2025-07-05 13:35:06	3
331	108	76	2025-07-15 12:25:54	2025-07-15 12:25:54	0
332	111	76	2025-07-15 12:25:54	2025-07-15 12:25:54	1
333	112	76	2025-07-15 12:25:54	2025-07-15 12:25:54	2
334	125	76	2025-07-15 12:25:54	2025-07-15 12:25:54	3
335	114	76	2025-07-15 12:25:54	2025-07-15 12:25:54	4
\.


--
-- Data for Name: alm_attributes_alm_products; Type: TABLE DATA; Schema: public; Owner: alfabravo_user
--

COPY public.alm_attributes_alm_products (id, alm_attributes_id, alm_product_id, attr_value, created_at, updated_at) FROM stdin;
2918	108	575	GRIS	\N	\N
2919	111	575	manga corta	\N	\N
2920	112	575	si	\N	\N
2921	125	575	kuaktus	\N	\N
2922	114	575	l	\N	\N
2923	138	577	05-07-2026	\N	\N
2924	139	577	10	\N	\N
2925	140	577	ALON	\N	\N
2926	141	577	GENERICO	\N	\N
2927	138	578	05-07-2026	\N	\N
2928	139	578	10	\N	\N
2929	140	578	ALON	\N	\N
2930	141	578	GENERICO	\N	\N
2931	138	579	05-07-2026	\N	\N
2932	139	579	10	\N	\N
2933	140	579	ALON	\N	\N
2934	141	579	GENERICO	\N	\N
2935	138	580	05-07-2026	\N	\N
2936	139	580	10	\N	\N
2937	140	580	ALON	\N	\N
2938	141	580	GENERICO	\N	\N
2939	138	576	05-07-2026	\N	\N
2940	139	576	10	\N	\N
2941	140	576	ALON	\N	\N
2942	141	576	GENERICO	\N	\N
2943	119	581	caqui	\N	\N
2944	120	581	CH	\N	\N
2945	112	581	no	\N	\N
2946	122	581	-1	\N	\N
2947	108	582	GRIS	\N	\N
2948	111	582	manga corta	\N	\N
2949	112	582	si	\N	\N
2950	114	582	l	\N	\N
2951	125	582	kuaktus	\N	\N
2952	108	583	GRIS	\N	\N
2953	111	583	manga corta	\N	\N
2954	112	583	si	\N	\N
2955	114	583	l	\N	\N
2956	125	583	kuaktus	\N	\N
2957	108	584	GRIS	\N	\N
2958	111	584	manga corta	\N	\N
2959	112	584	si	\N	\N
2960	114	584	l	\N	\N
2961	125	584	kuaktus	\N	\N
2962	108	585	GRIS	\N	\N
2963	111	585	manga corta	\N	\N
2964	112	585	si	\N	\N
2965	114	585	l	\N	\N
2966	125	585	kuaktus	\N	\N
2967	108	586	GRIS	\N	\N
2968	111	586	manga corta	\N	\N
2969	112	586	si	\N	\N
2970	114	586	l	\N	\N
2971	125	586	kuaktus	\N	\N
2972	108	587	GRIS	\N	\N
2973	111	587	manga corta	\N	\N
2974	112	587	si	\N	\N
2975	114	587	l	\N	\N
2976	125	587	kuaktus	\N	\N
2977	108	588	GRIS	\N	\N
2978	111	588	manga corta	\N	\N
2979	112	588	si	\N	\N
2980	114	588	l	\N	\N
2981	125	588	kuaktus	\N	\N
2982	108	589	GRIS	\N	\N
2983	111	589	manga corta	\N	\N
2984	112	589	si	\N	\N
2985	114	589	l	\N	\N
2986	125	589	kuaktus	\N	\N
2987	108	590	GRIS	\N	\N
2988	111	590	manga corta	\N	\N
2989	112	590	si	\N	\N
2990	114	590	l	\N	\N
2991	125	590	kuaktus	\N	\N
2992	108	591	GRIS	\N	\N
2993	111	591	manga corta	\N	\N
2994	112	591	si	\N	\N
2995	114	591	l	\N	\N
2996	125	591	kuaktus	\N	\N
2997	108	592	GRIS	\N	\N
2998	111	592	manga corta	\N	\N
2999	112	592	si	\N	\N
3000	114	592	l	\N	\N
3001	125	592	kuaktus	\N	\N
3002	108	593	GRIS	\N	\N
3003	111	593	manga corta	\N	\N
3004	112	593	si	\N	\N
3005	114	593	l	\N	\N
3006	125	593	kuaktus	\N	\N
3007	108	594	GRIS	\N	\N
3008	111	594	manga corta	\N	\N
3009	112	594	si	\N	\N
3010	114	594	l	\N	\N
3011	125	594	kuaktus	\N	\N
3012	108	595	GRIS	\N	\N
3013	111	595	manga corta	\N	\N
3014	112	595	si	\N	\N
3015	114	595	l	\N	\N
3016	125	595	kuaktus	\N	\N
3017	108	596	GRIS	\N	\N
3018	111	596	manga corta	\N	\N
3019	112	596	si	\N	\N
3020	114	596	l	\N	\N
3021	125	596	kuaktus	\N	\N
3022	108	597	GRIS	\N	\N
3023	111	597	manga corta	\N	\N
3024	112	597	si	\N	\N
3025	114	597	l	\N	\N
3026	125	597	kuaktus	\N	\N
3027	108	598	GRIS	\N	\N
3028	111	598	manga corta	\N	\N
3029	112	598	si	\N	\N
3030	114	598	l	\N	\N
3031	125	598	kuaktus	\N	\N
3032	108	599	GRIS	\N	\N
3033	111	599	manga corta	\N	\N
3034	112	599	si	\N	\N
3035	114	599	l	\N	\N
3036	125	599	kuaktus	\N	\N
3037	108	600	GRIS	\N	\N
3038	111	600	manga corta	\N	\N
3039	112	600	si	\N	\N
3040	114	600	l	\N	\N
3041	125	600	kuaktus	\N	\N
3042	108	601	GRIS	\N	\N
3043	111	601	manga corta	\N	\N
3044	112	601	si	\N	\N
3045	114	601	l	\N	\N
3046	125	601	kuaktus	\N	\N
3047	108	602	GRIS	\N	\N
3048	111	602	manga corta	\N	\N
3049	112	602	si	\N	\N
3050	114	602	l	\N	\N
3051	125	602	kuaktus	\N	\N
3052	108	603	GRIS	\N	\N
3053	111	603	manga corta	\N	\N
3054	112	603	si	\N	\N
3055	114	603	l	\N	\N
3056	125	603	kuaktus	\N	\N
3057	108	604	GRIS	\N	\N
3058	111	604	manga corta	\N	\N
3059	112	604	si	\N	\N
3060	114	604	l	\N	\N
3061	125	604	kuaktus	\N	\N
3062	108	605	GRIS	\N	\N
3063	111	605	manga corta	\N	\N
3064	112	605	si	\N	\N
3065	114	605	l	\N	\N
3066	125	605	kuaktus	\N	\N
3067	108	606	GRIS	\N	\N
3068	111	606	manga corta	\N	\N
3069	112	606	si	\N	\N
3070	114	606	l	\N	\N
3071	125	606	kuaktus	\N	\N
3072	108	607	GRIS	\N	\N
3073	111	607	manga corta	\N	\N
3074	112	607	si	\N	\N
3075	114	607	l	\N	\N
3076	125	607	kuaktus	\N	\N
3077	108	608	GRIS	\N	\N
3078	111	608	manga corta	\N	\N
3079	112	608	si	\N	\N
3080	114	608	l	\N	\N
3081	125	608	kuaktus	\N	\N
3082	108	609	GRIS	\N	\N
3083	111	609	manga corta	\N	\N
3084	112	609	si	\N	\N
3085	114	609	l	\N	\N
3086	125	609	kuaktus	\N	\N
3087	108	610	GRIS	\N	\N
3088	111	610	manga corta	\N	\N
3089	112	610	si	\N	\N
3090	114	610	l	\N	\N
3091	125	610	kuaktus	\N	\N
3092	108	611	GRIS	\N	\N
3093	111	611	manga corta	\N	\N
3094	112	611	si	\N	\N
3095	114	611	l	\N	\N
3096	125	611	kuaktus	\N	\N
3097	108	612	GRIS	\N	\N
3098	111	612	manga corta	\N	\N
3099	112	612	si	\N	\N
3100	114	612	l	\N	\N
3101	125	612	kuaktus	\N	\N
3102	108	613	GRIS	\N	\N
3103	111	613	manga corta	\N	\N
3104	112	613	si	\N	\N
3105	114	613	l	\N	\N
3106	125	613	kuaktus	\N	\N
3107	108	614	GRIS	\N	\N
3108	111	614	manga corta	\N	\N
3109	112	614	si	\N	\N
3110	114	614	l	\N	\N
3111	125	614	kuaktus	\N	\N
3112	108	615	GRIS	\N	\N
3113	111	615	manga corta	\N	\N
3114	112	615	si	\N	\N
3115	114	615	l	\N	\N
3116	125	615	kuaktus	\N	\N
3117	108	616	GRIS	\N	\N
3118	111	616	manga corta	\N	\N
3119	112	616	si	\N	\N
3120	114	616	l	\N	\N
3121	125	616	kuaktus	\N	\N
3122	108	617	GRIS	\N	\N
3123	111	617	manga corta	\N	\N
3124	112	617	si	\N	\N
3125	114	617	l	\N	\N
3126	125	617	kuaktus	\N	\N
3127	108	618	GRIS	\N	\N
3128	111	618	manga corta	\N	\N
3129	112	618	si	\N	\N
3130	114	618	l	\N	\N
3131	125	618	kuaktus	\N	\N
3132	108	619	GRIS	\N	\N
3133	111	619	manga corta	\N	\N
3134	112	619	si	\N	\N
3135	114	619	l	\N	\N
3136	125	619	kuaktus	\N	\N
3137	108	620	GRIS	\N	\N
3138	111	620	manga corta	\N	\N
3139	112	620	si	\N	\N
3140	114	620	l	\N	\N
3141	125	620	kuaktus	\N	\N
3142	108	621	GRIS	\N	\N
3143	111	621	manga corta	\N	\N
3144	112	621	si	\N	\N
3145	114	621	l	\N	\N
3146	125	621	kuaktus	\N	\N
3147	108	622	GRIS	\N	\N
3148	111	622	manga corta	\N	\N
3149	112	622	si	\N	\N
3150	114	622	l	\N	\N
3151	125	622	kuaktus	\N	\N
3152	108	623	GRIS	\N	\N
3153	111	623	manga corta	\N	\N
3154	112	623	si	\N	\N
3155	114	623	l	\N	\N
3156	125	623	kuaktus	\N	\N
3157	108	624	GRIS	\N	\N
3158	111	624	manga corta	\N	\N
3159	112	624	si	\N	\N
3160	114	624	l	\N	\N
3161	125	624	kuaktus	\N	\N
3162	108	625	GRIS	\N	\N
3163	111	625	manga corta	\N	\N
3164	112	625	si	\N	\N
3165	114	625	l	\N	\N
3166	125	625	kuaktus	\N	\N
3167	108	626	GRIS	\N	\N
3168	111	626	manga corta	\N	\N
3169	112	626	si	\N	\N
3170	114	626	l	\N	\N
3171	125	626	kuaktus	\N	\N
3172	108	627	GRIS	\N	\N
3173	111	627	manga corta	\N	\N
3174	112	627	si	\N	\N
3175	114	627	l	\N	\N
3176	125	627	kuaktus	\N	\N
3177	108	628	GRIS	\N	\N
3178	111	628	manga corta	\N	\N
3179	112	628	si	\N	\N
3180	114	628	l	\N	\N
3181	125	628	kuaktus	\N	\N
3182	108	629	GRIS	\N	\N
3183	111	629	manga corta	\N	\N
3184	112	629	si	\N	\N
3185	114	629	l	\N	\N
3186	125	629	kuaktus	\N	\N
3187	108	630	GRIS	\N	\N
3188	111	630	manga corta	\N	\N
3189	112	630	si	\N	\N
3190	114	630	l	\N	\N
3191	125	630	kuaktus	\N	\N
3192	108	631	GRIS	\N	\N
3193	111	631	manga corta	\N	\N
3194	112	631	si	\N	\N
3195	114	631	l	\N	\N
3196	125	631	kuaktus	\N	\N
3197	108	632	GRIS	\N	\N
3198	111	632	manga corta	\N	\N
3199	112	632	si	\N	\N
3200	114	632	l	\N	\N
3201	125	632	kuaktus	\N	\N
3202	108	633	GRIS	\N	\N
3203	111	633	manga corta	\N	\N
3204	112	633	si	\N	\N
3205	114	633	l	\N	\N
3206	125	633	kuaktus	\N	\N
3207	108	634	GRIS	\N	\N
3208	111	634	manga corta	\N	\N
3209	112	634	si	\N	\N
3210	114	634	l	\N	\N
3211	125	634	kuaktus	\N	\N
3212	108	635	GRIS	\N	\N
3213	111	635	manga corta	\N	\N
3214	112	635	si	\N	\N
3215	114	635	l	\N	\N
3216	125	635	kuaktus	\N	\N
3217	108	636	GRIS	\N	\N
3218	111	636	manga corta	\N	\N
3219	112	636	si	\N	\N
3220	114	636	l	\N	\N
3221	125	636	kuaktus	\N	\N
3222	108	637	GRIS	\N	\N
3223	111	637	manga corta	\N	\N
3224	112	637	si	\N	\N
3225	114	637	l	\N	\N
3226	125	637	kuaktus	\N	\N
3227	108	638	GRIS	\N	\N
3228	111	638	manga corta	\N	\N
3229	112	638	si	\N	\N
3230	114	638	l	\N	\N
3231	125	638	kuaktus	\N	\N
3232	108	639	GRIS	\N	\N
3233	111	639	manga corta	\N	\N
3234	112	639	si	\N	\N
3235	114	639	l	\N	\N
3236	125	639	kuaktus	\N	\N
3237	108	640	GRIS	\N	\N
3238	111	640	manga corta	\N	\N
3239	112	640	si	\N	\N
3240	114	640	l	\N	\N
3241	125	640	kuaktus	\N	\N
3242	108	641	GRIS	\N	\N
3243	111	641	manga corta	\N	\N
3244	112	641	si	\N	\N
3245	114	641	l	\N	\N
3246	125	641	kuaktus	\N	\N
3247	108	642	GRIS	\N	\N
3248	111	642	manga corta	\N	\N
3249	112	642	si	\N	\N
3250	114	642	l	\N	\N
3251	125	642	kuaktus	\N	\N
3252	108	643	GRIS	\N	\N
3253	111	643	manga corta	\N	\N
3254	112	643	si	\N	\N
3255	114	643	l	\N	\N
3256	125	643	kuaktus	\N	\N
3257	108	644	GRIS	\N	\N
3258	111	644	manga corta	\N	\N
3259	112	644	si	\N	\N
3260	114	644	l	\N	\N
3261	125	644	kuaktus	\N	\N
3262	108	645	GRIS	\N	\N
3263	111	645	manga corta	\N	\N
3264	112	645	si	\N	\N
3265	114	645	l	\N	\N
3266	125	645	kuaktus	\N	\N
3267	108	646	GRIS	\N	\N
3268	111	646	manga corta	\N	\N
3269	112	646	si	\N	\N
3270	114	646	l	\N	\N
3271	125	646	kuaktus	\N	\N
3272	108	647	GRIS	\N	\N
3273	111	647	manga corta	\N	\N
3274	112	647	si	\N	\N
3275	114	647	l	\N	\N
3276	125	647	kuaktus	\N	\N
3277	108	648	GRIS	\N	\N
3278	111	648	manga corta	\N	\N
3279	112	648	si	\N	\N
3280	114	648	l	\N	\N
3281	125	648	kuaktus	\N	\N
3282	108	649	GRIS	\N	\N
3283	111	649	manga corta	\N	\N
3284	112	649	si	\N	\N
3285	114	649	l	\N	\N
3286	125	649	kuaktus	\N	\N
3287	108	650	GRIS	\N	\N
3288	111	650	manga corta	\N	\N
3289	112	650	si	\N	\N
3290	114	650	l	\N	\N
3291	125	650	kuaktus	\N	\N
3292	108	651	GRIS	\N	\N
3293	111	651	manga corta	\N	\N
3294	112	651	si	\N	\N
3295	114	651	l	\N	\N
3296	125	651	kuaktus	\N	\N
3297	108	652	GRIS	\N	\N
3298	111	652	manga corta	\N	\N
3299	112	652	si	\N	\N
3300	114	652	l	\N	\N
3301	125	652	kuaktus	\N	\N
3302	108	653	GRIS	\N	\N
3303	111	653	manga corta	\N	\N
3304	112	653	si	\N	\N
3305	114	653	l	\N	\N
3306	125	653	kuaktus	\N	\N
3307	108	654	GRIS	\N	\N
3308	111	654	manga corta	\N	\N
3309	112	654	si	\N	\N
3310	114	654	l	\N	\N
3311	125	654	kuaktus	\N	\N
3312	108	655	GRIS	\N	\N
3313	111	655	manga corta	\N	\N
3314	112	655	si	\N	\N
3315	114	655	l	\N	\N
3316	125	655	kuaktus	\N	\N
3317	108	656	GRIS	\N	\N
3318	111	656	manga corta	\N	\N
3319	112	656	si	\N	\N
3320	114	656	l	\N	\N
3321	125	656	kuaktus	\N	\N
3322	108	657	GRIS	\N	\N
3323	111	657	manga corta	\N	\N
3324	112	657	si	\N	\N
3325	114	657	l	\N	\N
3326	125	657	kuaktus	\N	\N
3327	108	658	GRIS	\N	\N
3328	111	658	manga corta	\N	\N
3329	112	658	si	\N	\N
3330	114	658	l	\N	\N
3331	125	658	kuaktus	\N	\N
3332	108	659	GRIS	\N	\N
3333	111	659	manga corta	\N	\N
3334	112	659	si	\N	\N
3335	114	659	l	\N	\N
3336	125	659	kuaktus	\N	\N
3337	108	660	GRIS	\N	\N
3338	111	660	manga corta	\N	\N
3339	112	660	si	\N	\N
3340	114	660	l	\N	\N
3341	125	660	kuaktus	\N	\N
3342	108	661	GRIS	\N	\N
3343	111	661	manga corta	\N	\N
3344	112	661	si	\N	\N
3345	114	661	l	\N	\N
3346	125	661	kuaktus	\N	\N
3347	108	662	GRIS	\N	\N
3348	111	662	manga corta	\N	\N
3349	112	662	si	\N	\N
3350	114	662	l	\N	\N
3351	125	662	kuaktus	\N	\N
3352	108	663	GRIS	\N	\N
3353	111	663	manga corta	\N	\N
3354	112	663	si	\N	\N
3355	114	663	l	\N	\N
3356	125	663	kuaktus	\N	\N
3357	108	664	GRIS	\N	\N
3358	111	664	manga corta	\N	\N
3359	112	664	si	\N	\N
3360	114	664	l	\N	\N
3361	125	664	kuaktus	\N	\N
3362	108	665	GRIS	\N	\N
3363	111	665	manga corta	\N	\N
3364	112	665	si	\N	\N
3365	114	665	l	\N	\N
3366	125	665	kuaktus	\N	\N
3367	108	666	GRIS	\N	\N
3368	111	666	manga corta	\N	\N
3369	112	666	si	\N	\N
3370	114	666	l	\N	\N
3371	125	666	kuaktus	\N	\N
3372	108	667	GRIS	\N	\N
3373	111	667	manga corta	\N	\N
3374	112	667	si	\N	\N
3375	114	667	l	\N	\N
3376	125	667	kuaktus	\N	\N
3377	108	668	GRIS	\N	\N
3378	111	668	manga corta	\N	\N
3379	112	668	si	\N	\N
3380	114	668	l	\N	\N
3381	125	668	kuaktus	\N	\N
3382	108	669	GRIS	\N	\N
3383	111	669	manga corta	\N	\N
3384	112	669	si	\N	\N
3385	114	669	l	\N	\N
3386	125	669	kuaktus	\N	\N
3387	108	670	GRIS	\N	\N
3388	111	670	manga corta	\N	\N
3389	112	670	si	\N	\N
3390	114	670	l	\N	\N
3391	125	670	kuaktus	\N	\N
3392	108	671	GRIS	\N	\N
3393	111	671	manga corta	\N	\N
3394	112	671	si	\N	\N
3395	114	671	l	\N	\N
3396	125	671	kuaktus	\N	\N
3397	108	672	GRIS	\N	\N
3398	111	672	manga corta	\N	\N
3399	112	672	si	\N	\N
3400	114	672	l	\N	\N
3401	125	672	kuaktus	\N	\N
3402	108	673	GRIS	\N	\N
3403	111	673	manga corta	\N	\N
3404	112	673	si	\N	\N
3405	114	673	l	\N	\N
3406	125	673	kuaktus	\N	\N
3407	108	674	GRIS	\N	\N
3408	111	674	manga corta	\N	\N
3409	112	674	si	\N	\N
3410	114	674	l	\N	\N
3411	125	674	kuaktus	\N	\N
3412	108	675	GRIS	\N	\N
3413	111	675	manga corta	\N	\N
3414	112	675	si	\N	\N
3415	114	675	l	\N	\N
3416	125	675	kuaktus	\N	\N
3417	108	676	GRIS	\N	\N
3418	111	676	manga corta	\N	\N
3419	112	676	si	\N	\N
3420	114	676	l	\N	\N
3421	125	676	kuaktus	\N	\N
3422	108	677	GRIS	\N	\N
3423	111	677	manga corta	\N	\N
3424	112	677	si	\N	\N
3425	114	677	l	\N	\N
3426	125	677	kuaktus	\N	\N
3427	108	678	GRIS	\N	\N
3428	111	678	manga corta	\N	\N
3429	112	678	si	\N	\N
3430	114	678	l	\N	\N
3431	125	678	kuaktus	\N	\N
3432	108	679	GRIS	\N	\N
3433	111	679	manga corta	\N	\N
3434	112	679	si	\N	\N
3435	114	679	l	\N	\N
3436	125	679	kuaktus	\N	\N
3437	108	680	GRIS	\N	\N
3438	111	680	manga corta	\N	\N
3439	112	680	si	\N	\N
3440	114	680	l	\N	\N
3441	125	680	kuaktus	\N	\N
3442	108	681	GRIS	\N	\N
3443	111	681	manga corta	\N	\N
3444	112	681	si	\N	\N
3445	114	681	l	\N	\N
3446	125	681	kuaktus	\N	\N
3447	108	682	GRIS	\N	\N
3448	111	682	manga corta	\N	\N
3449	112	682	si	\N	\N
3450	114	682	l	\N	\N
3451	125	682	kuaktus	\N	\N
3452	108	683	GRIS	\N	\N
3453	111	683	manga corta	\N	\N
3454	112	683	si	\N	\N
3455	114	683	l	\N	\N
3456	125	683	kuaktus	\N	\N
3457	108	684	GRIS	\N	\N
3458	111	684	manga corta	\N	\N
3459	112	684	si	\N	\N
3460	114	684	l	\N	\N
3461	125	684	kuaktus	\N	\N
3462	108	685	GRIS	\N	\N
3463	111	685	manga corta	\N	\N
3464	112	685	si	\N	\N
3465	114	685	l	\N	\N
3466	125	685	kuaktus	\N	\N
3467	108	686	GRIS	\N	\N
3468	111	686	manga corta	\N	\N
3469	112	686	si	\N	\N
3470	114	686	l	\N	\N
3471	125	686	kuaktus	\N	\N
3472	108	687	GRIS	\N	\N
3473	111	687	manga corta	\N	\N
3474	112	687	si	\N	\N
3475	114	687	l	\N	\N
3476	125	687	kuaktus	\N	\N
3477	108	688	GRIS	\N	\N
3478	111	688	manga corta	\N	\N
3479	112	688	si	\N	\N
3480	114	688	l	\N	\N
3481	125	688	kuaktus	\N	\N
3482	108	689	GRIS	\N	\N
3483	111	689	manga corta	\N	\N
3484	112	689	si	\N	\N
3485	114	689	l	\N	\N
3486	125	689	kuaktus	\N	\N
3487	108	690	GRIS	\N	\N
3488	111	690	manga corta	\N	\N
3489	112	690	si	\N	\N
3490	114	690	l	\N	\N
3491	125	690	kuaktus	\N	\N
3492	108	691	GRIS	\N	\N
3493	111	691	manga corta	\N	\N
3494	112	691	si	\N	\N
3495	114	691	l	\N	\N
3496	125	691	kuaktus	\N	\N
3497	108	692	GRIS	\N	\N
3498	111	692	manga corta	\N	\N
3499	112	692	si	\N	\N
3500	114	692	l	\N	\N
3501	125	692	kuaktus	\N	\N
3502	108	693	GRIS	\N	\N
3503	111	693	manga corta	\N	\N
3504	112	693	si	\N	\N
3505	114	693	l	\N	\N
3506	125	693	kuaktus	\N	\N
3507	108	694	GRIS	\N	\N
3508	111	694	manga corta	\N	\N
3509	112	694	si	\N	\N
3510	114	694	l	\N	\N
3511	125	694	kuaktus	\N	\N
3512	108	695	GRIS	\N	\N
3513	111	695	manga corta	\N	\N
3514	112	695	si	\N	\N
3515	114	695	l	\N	\N
3516	125	695	kuaktus	\N	\N
3517	108	696	GRIS	\N	\N
3518	111	696	manga corta	\N	\N
3519	112	696	si	\N	\N
3520	114	696	l	\N	\N
3521	125	696	kuaktus	\N	\N
3522	108	697	GRIS	\N	\N
3523	111	697	manga corta	\N	\N
3524	112	697	si	\N	\N
3525	114	697	l	\N	\N
3526	125	697	kuaktus	\N	\N
3527	108	698	GRIS	\N	\N
3528	111	698	manga corta	\N	\N
3529	112	698	si	\N	\N
3530	114	698	l	\N	\N
3531	125	698	kuaktus	\N	\N
3532	108	699	GRIS	\N	\N
3533	111	699	manga corta	\N	\N
3534	112	699	si	\N	\N
3535	114	699	l	\N	\N
3536	125	699	kuaktus	\N	\N
3537	108	700	GRIS	\N	\N
3538	111	700	manga corta	\N	\N
3539	112	700	si	\N	\N
3540	114	700	l	\N	\N
3541	125	700	kuaktus	\N	\N
3542	108	701	GRIS	\N	\N
3543	111	701	manga corta	\N	\N
3544	112	701	si	\N	\N
3545	114	701	l	\N	\N
3546	125	701	kuaktus	\N	\N
3547	108	702	GRIS	\N	\N
3548	111	702	manga corta	\N	\N
3549	112	702	si	\N	\N
3550	114	702	l	\N	\N
3551	125	702	kuaktus	\N	\N
3552	108	703	GRIS	\N	\N
3553	111	703	manga corta	\N	\N
3554	112	703	si	\N	\N
3555	114	703	l	\N	\N
3556	125	703	kuaktus	\N	\N
3557	108	704	GRIS	\N	\N
3558	111	704	manga corta	\N	\N
3559	112	704	si	\N	\N
3560	114	704	l	\N	\N
3561	125	704	kuaktus	\N	\N
3562	108	705	GRIS	\N	\N
3563	111	705	manga corta	\N	\N
3564	112	705	si	\N	\N
3565	114	705	l	\N	\N
3566	125	705	kuaktus	\N	\N
3567	108	706	GRIS	\N	\N
3568	111	706	manga corta	\N	\N
3569	112	706	si	\N	\N
3570	114	706	l	\N	\N
3571	125	706	kuaktus	\N	\N
3572	108	707	GRIS	\N	\N
3573	111	707	manga corta	\N	\N
3574	112	707	si	\N	\N
3575	114	707	l	\N	\N
3576	125	707	kuaktus	\N	\N
3577	108	708	GRIS	\N	\N
3578	111	708	manga corta	\N	\N
3579	112	708	si	\N	\N
3580	114	708	l	\N	\N
3581	125	708	kuaktus	\N	\N
3582	108	709	GRIS	\N	\N
3583	111	709	manga corta	\N	\N
3584	112	709	si	\N	\N
3585	114	709	l	\N	\N
3586	125	709	kuaktus	\N	\N
3587	108	710	GRIS	\N	\N
3588	111	710	manga corta	\N	\N
3589	112	710	si	\N	\N
3590	114	710	l	\N	\N
3591	125	710	kuaktus	\N	\N
3592	108	711	GRIS	\N	\N
3593	111	711	manga corta	\N	\N
3594	112	711	si	\N	\N
3595	114	711	l	\N	\N
3596	125	711	kuaktus	\N	\N
3597	108	712	GRIS	\N	\N
3598	111	712	manga corta	\N	\N
3599	112	712	si	\N	\N
3600	114	712	l	\N	\N
3601	125	712	kuaktus	\N	\N
3602	108	713	GRIS	\N	\N
3603	111	713	manga corta	\N	\N
3604	112	713	si	\N	\N
3605	114	713	l	\N	\N
3606	125	713	kuaktus	\N	\N
3607	108	714	GRIS	\N	\N
3608	111	714	manga corta	\N	\N
3609	112	714	si	\N	\N
3610	114	714	l	\N	\N
3611	125	714	kuaktus	\N	\N
3612	108	715	GRIS	\N	\N
3613	111	715	manga corta	\N	\N
3614	112	715	si	\N	\N
3615	114	715	l	\N	\N
3616	125	715	kuaktus	\N	\N
3617	108	716	GRIS	\N	\N
3618	111	716	manga corta	\N	\N
3619	112	716	si	\N	\N
3620	114	716	l	\N	\N
3621	125	716	kuaktus	\N	\N
3622	108	717	GRIS	\N	\N
3623	111	717	manga corta	\N	\N
3624	112	717	si	\N	\N
3625	114	717	l	\N	\N
3626	125	717	kuaktus	\N	\N
3627	108	718	GRIS	\N	\N
3628	111	718	manga corta	\N	\N
3629	112	718	si	\N	\N
3630	114	718	l	\N	\N
3631	125	718	kuaktus	\N	\N
3632	108	719	GRIS	\N	\N
3633	111	719	manga corta	\N	\N
3634	112	719	si	\N	\N
3635	114	719	l	\N	\N
3636	125	719	kuaktus	\N	\N
3637	108	720	GRIS	\N	\N
3638	111	720	manga corta	\N	\N
3639	112	720	si	\N	\N
3640	114	720	l	\N	\N
3641	125	720	kuaktus	\N	\N
3642	108	721	GRIS	\N	\N
3643	111	721	manga corta	\N	\N
3644	112	721	si	\N	\N
3645	114	721	l	\N	\N
3646	125	721	kuaktus	\N	\N
3647	108	722	GRIS	\N	\N
3648	111	722	manga corta	\N	\N
3649	112	722	si	\N	\N
3650	114	722	l	\N	\N
3651	125	722	kuaktus	\N	\N
3652	108	723	GRIS	\N	\N
3653	111	723	manga corta	\N	\N
3654	112	723	si	\N	\N
3655	114	723	l	\N	\N
3656	125	723	kuaktus	\N	\N
3657	108	724	GRIS	\N	\N
3658	111	724	manga corta	\N	\N
3659	112	724	si	\N	\N
3660	114	724	l	\N	\N
3661	125	724	kuaktus	\N	\N
3662	108	725	GRIS	\N	\N
3663	111	725	manga corta	\N	\N
3664	112	725	si	\N	\N
3665	114	725	l	\N	\N
3666	125	725	kuaktus	\N	\N
3667	108	726	GRIS	\N	\N
3668	111	726	manga corta	\N	\N
3669	112	726	si	\N	\N
3670	114	726	l	\N	\N
3671	125	726	kuaktus	\N	\N
3672	108	727	GRIS	\N	\N
3673	111	727	manga corta	\N	\N
3674	112	727	si	\N	\N
3675	114	727	l	\N	\N
3676	125	727	kuaktus	\N	\N
3677	108	728	GRIS	\N	\N
3678	111	728	manga corta	\N	\N
3679	112	728	si	\N	\N
3680	114	728	l	\N	\N
3681	125	728	kuaktus	\N	\N
3682	108	729	GRIS	\N	\N
3683	111	729	manga corta	\N	\N
3684	112	729	si	\N	\N
3685	114	729	l	\N	\N
3686	125	729	kuaktus	\N	\N
3687	108	730	GRIS	\N	\N
3688	111	730	manga corta	\N	\N
3689	112	730	si	\N	\N
3690	114	730	l	\N	\N
3691	125	730	kuaktus	\N	\N
3692	108	731	GRIS	\N	\N
3693	111	731	manga corta	\N	\N
3694	112	731	si	\N	\N
3695	114	731	l	\N	\N
3696	125	731	kuaktus	\N	\N
3697	108	732	GRIS	\N	\N
3698	111	732	manga corta	\N	\N
3699	112	732	si	\N	\N
3700	114	732	l	\N	\N
3701	125	732	kuaktus	\N	\N
3702	108	733	GRIS	\N	\N
3703	111	733	manga corta	\N	\N
3704	112	733	si	\N	\N
3705	114	733	l	\N	\N
3706	125	733	kuaktus	\N	\N
3707	108	734	GRIS	\N	\N
3708	111	734	manga corta	\N	\N
3709	112	734	si	\N	\N
3710	114	734	l	\N	\N
3711	125	734	kuaktus	\N	\N
3712	108	735	GRIS	\N	\N
3713	111	735	manga corta	\N	\N
3714	112	735	si	\N	\N
3715	114	735	l	\N	\N
3716	125	735	kuaktus	\N	\N
3717	108	736	GRIS	\N	\N
3718	111	736	manga corta	\N	\N
3719	112	736	si	\N	\N
3720	114	736	l	\N	\N
3721	125	736	kuaktus	\N	\N
3722	108	737	GRIS	\N	\N
3723	111	737	manga corta	\N	\N
3724	112	737	si	\N	\N
3725	114	737	l	\N	\N
3726	125	737	kuaktus	\N	\N
3727	108	738	GRIS	\N	\N
3728	111	738	manga corta	\N	\N
3729	112	738	si	\N	\N
3730	114	738	l	\N	\N
3731	125	738	kuaktus	\N	\N
3732	108	739	GRIS	\N	\N
3733	111	739	manga corta	\N	\N
3734	112	739	si	\N	\N
3735	114	739	l	\N	\N
3736	125	739	kuaktus	\N	\N
3737	108	740	GRIS	\N	\N
3738	111	740	manga corta	\N	\N
3739	112	740	si	\N	\N
3740	114	740	l	\N	\N
3741	125	740	kuaktus	\N	\N
3742	108	741	GRIS	\N	\N
3743	111	741	manga corta	\N	\N
3744	112	741	si	\N	\N
3745	114	741	l	\N	\N
3746	125	741	kuaktus	\N	\N
3747	108	742	GRIS	\N	\N
3748	111	742	manga corta	\N	\N
3749	112	742	si	\N	\N
3750	114	742	l	\N	\N
3751	125	742	kuaktus	\N	\N
3752	108	743	GRIS	\N	\N
3753	111	743	manga corta	\N	\N
3754	112	743	si	\N	\N
3755	114	743	l	\N	\N
3756	125	743	kuaktus	\N	\N
3757	108	744	GRIS	\N	\N
3758	111	744	manga corta	\N	\N
3759	112	744	si	\N	\N
3760	114	744	l	\N	\N
3761	125	744	kuaktus	\N	\N
3762	108	745	GRIS	\N	\N
3763	111	745	manga corta	\N	\N
3764	112	745	si	\N	\N
3765	114	745	l	\N	\N
3766	125	745	kuaktus	\N	\N
3767	108	746	GRIS	\N	\N
3768	111	746	manga corta	\N	\N
3769	112	746	si	\N	\N
3770	114	746	l	\N	\N
3771	125	746	kuaktus	\N	\N
3772	108	747	GRIS	\N	\N
3773	111	747	manga corta	\N	\N
3774	112	747	si	\N	\N
3775	114	747	l	\N	\N
3776	125	747	kuaktus	\N	\N
3777	108	748	GRIS	\N	\N
3778	111	748	manga corta	\N	\N
3779	112	748	si	\N	\N
3780	114	748	l	\N	\N
3781	125	748	kuaktus	\N	\N
3782	108	749	GRIS	\N	\N
3783	111	749	manga corta	\N	\N
3784	112	749	si	\N	\N
3785	114	749	l	\N	\N
3786	125	749	kuaktus	\N	\N
3787	108	750	GRIS	\N	\N
3788	111	750	manga corta	\N	\N
3789	112	750	si	\N	\N
3790	114	750	l	\N	\N
3791	125	750	kuaktus	\N	\N
3792	108	751	GRIS	\N	\N
3793	111	751	manga corta	\N	\N
3794	112	751	si	\N	\N
3795	114	751	l	\N	\N
3796	125	751	kuaktus	\N	\N
3797	108	752	GRIS	\N	\N
3798	111	752	manga corta	\N	\N
3799	112	752	si	\N	\N
3800	114	752	l	\N	\N
3801	125	752	kuaktus	\N	\N
3802	108	753	GRIS	\N	\N
3803	111	753	manga corta	\N	\N
3804	112	753	si	\N	\N
3805	114	753	l	\N	\N
3806	125	753	kuaktus	\N	\N
3807	108	754	GRIS	\N	\N
3808	111	754	manga corta	\N	\N
3809	112	754	si	\N	\N
3810	114	754	l	\N	\N
3811	125	754	kuaktus	\N	\N
3812	108	755	GRIS	\N	\N
3813	111	755	manga corta	\N	\N
3814	112	755	si	\N	\N
3815	114	755	l	\N	\N
3816	125	755	kuaktus	\N	\N
3817	108	756	GRIS	\N	\N
3818	111	756	manga corta	\N	\N
3819	112	756	si	\N	\N
3820	114	756	l	\N	\N
3821	125	756	kuaktus	\N	\N
3822	108	757	GRIS	\N	\N
3823	111	757	manga corta	\N	\N
3824	112	757	si	\N	\N
3825	114	757	l	\N	\N
3826	125	757	kuaktus	\N	\N
3827	108	758	GRIS	\N	\N
3828	111	758	manga corta	\N	\N
3829	112	758	si	\N	\N
3830	114	758	l	\N	\N
3831	125	758	kuaktus	\N	\N
3832	108	759	GRIS	\N	\N
3833	111	759	manga corta	\N	\N
3834	112	759	si	\N	\N
3835	114	759	l	\N	\N
3836	125	759	kuaktus	\N	\N
3837	108	760	GRIS	\N	\N
3838	111	760	manga corta	\N	\N
3839	112	760	si	\N	\N
3840	114	760	l	\N	\N
3841	125	760	kuaktus	\N	\N
3842	108	761	GRIS	\N	\N
3843	111	761	manga corta	\N	\N
3844	112	761	si	\N	\N
3845	114	761	l	\N	\N
3846	125	761	kuaktus	\N	\N
3847	108	762	GRIS	\N	\N
3848	111	762	manga corta	\N	\N
3849	112	762	si	\N	\N
3850	114	762	l	\N	\N
3851	125	762	kuaktus	\N	\N
3852	108	763	GRIS	\N	\N
3853	111	763	manga corta	\N	\N
3854	112	763	si	\N	\N
3855	114	763	l	\N	\N
3856	125	763	kuaktus	\N	\N
3857	108	764	GRIS	\N	\N
3858	111	764	manga corta	\N	\N
3859	112	764	si	\N	\N
3860	114	764	l	\N	\N
3861	125	764	kuaktus	\N	\N
3862	108	765	GRIS	\N	\N
3863	111	765	manga corta	\N	\N
3864	112	765	si	\N	\N
3865	114	765	l	\N	\N
3866	125	765	kuaktus	\N	\N
3867	108	766	GRIS	\N	\N
3868	111	766	manga corta	\N	\N
3869	112	766	si	\N	\N
3870	114	766	l	\N	\N
3871	125	766	kuaktus	\N	\N
3872	108	767	GRIS	\N	\N
3873	111	767	manga corta	\N	\N
3874	112	767	si	\N	\N
3875	114	767	l	\N	\N
3876	125	767	kuaktus	\N	\N
3877	108	768	GRIS	\N	\N
3878	111	768	manga corta	\N	\N
3879	112	768	si	\N	\N
3880	114	768	l	\N	\N
3881	125	768	kuaktus	\N	\N
3882	108	769	GRIS	\N	\N
3883	111	769	manga corta	\N	\N
3884	112	769	si	\N	\N
3885	114	769	l	\N	\N
3886	125	769	kuaktus	\N	\N
3887	108	770	GRIS	\N	\N
3888	111	770	manga corta	\N	\N
3889	112	770	si	\N	\N
3890	114	770	l	\N	\N
3891	125	770	kuaktus	\N	\N
3892	108	771	GRIS	\N	\N
3893	111	771	manga corta	\N	\N
3894	112	771	si	\N	\N
3895	114	771	l	\N	\N
3896	125	771	kuaktus	\N	\N
3897	108	772	GRIS	\N	\N
3898	111	772	manga corta	\N	\N
3899	112	772	si	\N	\N
3900	114	772	l	\N	\N
3901	125	772	kuaktus	\N	\N
3902	108	773	GRIS	\N	\N
3903	111	773	manga corta	\N	\N
3904	112	773	si	\N	\N
3905	114	773	l	\N	\N
3906	125	773	kuaktus	\N	\N
3907	108	774	GRIS	\N	\N
3908	111	774	manga corta	\N	\N
3909	112	774	si	\N	\N
3910	114	774	l	\N	\N
3911	125	774	kuaktus	\N	\N
3912	108	775	GRIS	\N	\N
3913	111	775	manga corta	\N	\N
3914	112	775	si	\N	\N
3915	114	775	l	\N	\N
3916	125	775	kuaktus	\N	\N
3917	108	776	GRIS	\N	\N
3918	111	776	manga corta	\N	\N
3919	112	776	si	\N	\N
3920	114	776	l	\N	\N
3921	125	776	kuaktus	\N	\N
3922	108	777	GRIS	\N	\N
3923	111	777	manga corta	\N	\N
3924	112	777	si	\N	\N
3925	114	777	l	\N	\N
3926	125	777	kuaktus	\N	\N
3927	108	778	GRIS	\N	\N
3928	111	778	manga corta	\N	\N
3929	112	778	si	\N	\N
3930	114	778	l	\N	\N
3931	125	778	kuaktus	\N	\N
3932	108	779	GRIS	\N	\N
3933	111	779	manga corta	\N	\N
3934	112	779	si	\N	\N
3935	114	779	l	\N	\N
3936	125	779	kuaktus	\N	\N
3937	108	780	GRIS	\N	\N
3938	111	780	manga corta	\N	\N
3939	112	780	si	\N	\N
3940	114	780	l	\N	\N
3941	125	780	kuaktus	\N	\N
3942	108	781	GRIS	\N	\N
3943	111	781	manga corta	\N	\N
3944	112	781	si	\N	\N
3945	114	781	l	\N	\N
3946	125	781	kuaktus	\N	\N
3947	108	782	GRIS	\N	\N
3948	111	782	manga corta	\N	\N
3949	112	782	si	\N	\N
3950	114	782	l	\N	\N
3951	125	782	kuaktus	\N	\N
3952	108	783	GRIS	\N	\N
3953	111	783	manga corta	\N	\N
3954	112	783	si	\N	\N
3955	114	783	l	\N	\N
3956	125	783	kuaktus	\N	\N
3957	108	784	GRIS	\N	\N
3958	111	784	manga corta	\N	\N
3959	112	784	si	\N	\N
3960	114	784	l	\N	\N
3961	125	784	kuaktus	\N	\N
3962	108	785	GRIS	\N	\N
3963	111	785	manga corta	\N	\N
3964	112	785	si	\N	\N
3965	114	785	l	\N	\N
3966	125	785	kuaktus	\N	\N
3967	108	786	GRIS	\N	\N
3968	111	786	manga corta	\N	\N
3969	112	786	si	\N	\N
3970	114	786	l	\N	\N
3971	125	786	kuaktus	\N	\N
3972	108	787	GRIS	\N	\N
3973	111	787	manga corta	\N	\N
3974	112	787	si	\N	\N
3975	114	787	l	\N	\N
3976	125	787	kuaktus	\N	\N
3977	108	788	GRIS	\N	\N
3978	111	788	manga corta	\N	\N
3979	112	788	si	\N	\N
3980	114	788	l	\N	\N
3981	125	788	kuaktus	\N	\N
3982	108	789	GRIS	\N	\N
3983	111	789	manga corta	\N	\N
3984	112	789	si	\N	\N
3985	114	789	l	\N	\N
3986	125	789	kuaktus	\N	\N
3987	108	790	GRIS	\N	\N
3988	111	790	manga corta	\N	\N
3989	112	790	si	\N	\N
3990	114	790	l	\N	\N
3991	125	790	kuaktus	\N	\N
3992	108	791	GRIS	\N	\N
3993	111	791	manga corta	\N	\N
3994	112	791	si	\N	\N
3995	114	791	l	\N	\N
3996	125	791	kuaktus	\N	\N
3997	108	792	GRIS	\N	\N
3998	111	792	manga corta	\N	\N
3999	112	792	si	\N	\N
4000	114	792	l	\N	\N
4001	125	792	kuaktus	\N	\N
4002	108	793	GRIS	\N	\N
4003	111	793	manga corta	\N	\N
4004	112	793	si	\N	\N
4005	114	793	l	\N	\N
4006	125	793	kuaktus	\N	\N
4007	108	794	GRIS	\N	\N
4008	111	794	manga corta	\N	\N
4009	112	794	si	\N	\N
4010	114	794	l	\N	\N
4011	125	794	kuaktus	\N	\N
4012	108	795	GRIS	\N	\N
4013	111	795	manga corta	\N	\N
4014	112	795	si	\N	\N
4015	114	795	l	\N	\N
4016	125	795	kuaktus	\N	\N
4017	108	796	GRIS	\N	\N
4018	111	796	manga corta	\N	\N
4019	112	796	si	\N	\N
4020	114	796	l	\N	\N
4021	125	796	kuaktus	\N	\N
4022	108	797	GRIS	\N	\N
4023	111	797	manga corta	\N	\N
4024	112	797	si	\N	\N
4025	114	797	l	\N	\N
4026	125	797	kuaktus	\N	\N
4027	108	798	GRIS	\N	\N
4028	111	798	manga corta	\N	\N
4029	112	798	si	\N	\N
4030	114	798	l	\N	\N
4031	125	798	kuaktus	\N	\N
4032	108	799	GRIS	\N	\N
4033	111	799	manga corta	\N	\N
4034	112	799	si	\N	\N
4035	114	799	l	\N	\N
4036	125	799	kuaktus	\N	\N
4037	108	800	GRIS	\N	\N
4038	111	800	manga corta	\N	\N
4039	112	800	si	\N	\N
4040	114	800	l	\N	\N
4041	125	800	kuaktus	\N	\N
4042	108	801	GRIS	\N	\N
4043	111	801	manga corta	\N	\N
4044	112	801	si	\N	\N
4045	114	801	l	\N	\N
4046	125	801	kuaktus	\N	\N
4047	108	802	GRIS	\N	\N
4048	111	802	manga corta	\N	\N
4049	112	802	si	\N	\N
4050	114	802	l	\N	\N
4051	125	802	kuaktus	\N	\N
4052	108	803	GRIS	\N	\N
4053	111	803	manga corta	\N	\N
4054	112	803	si	\N	\N
4055	114	803	l	\N	\N
4056	125	803	kuaktus	\N	\N
4057	108	804	GRIS	\N	\N
4058	111	804	manga corta	\N	\N
4059	112	804	si	\N	\N
4060	114	804	l	\N	\N
4061	125	804	kuaktus	\N	\N
4062	108	805	GRIS	\N	\N
4063	111	805	manga corta	\N	\N
4064	112	805	si	\N	\N
4065	114	805	l	\N	\N
4066	125	805	kuaktus	\N	\N
4067	108	806	GRIS	\N	\N
4068	111	806	manga corta	\N	\N
4069	112	806	si	\N	\N
4070	114	806	l	\N	\N
4071	125	806	kuaktus	\N	\N
4072	108	807	GRIS	\N	\N
4073	111	807	manga corta	\N	\N
4074	112	807	si	\N	\N
4075	114	807	l	\N	\N
4076	125	807	kuaktus	\N	\N
4077	108	808	GRIS	\N	\N
4078	111	808	manga corta	\N	\N
4079	112	808	si	\N	\N
4080	114	808	l	\N	\N
4081	125	808	kuaktus	\N	\N
4082	108	809	GRIS	\N	\N
4083	111	809	manga corta	\N	\N
4084	112	809	si	\N	\N
4085	114	809	l	\N	\N
4086	125	809	kuaktus	\N	\N
4087	108	810	GRIS	\N	\N
4088	111	810	manga corta	\N	\N
4089	112	810	si	\N	\N
4090	114	810	l	\N	\N
4091	125	810	kuaktus	\N	\N
4092	108	811	GRIS	\N	\N
4093	111	811	manga corta	\N	\N
4094	112	811	si	\N	\N
4095	114	811	l	\N	\N
4096	125	811	kuaktus	\N	\N
4097	108	812	GRIS	\N	\N
4098	111	812	manga corta	\N	\N
4099	112	812	si	\N	\N
4100	114	812	l	\N	\N
4101	125	812	kuaktus	\N	\N
4102	108	813	GRIS	\N	\N
4103	111	813	manga corta	\N	\N
4104	112	813	si	\N	\N
4105	114	813	l	\N	\N
4106	125	813	kuaktus	\N	\N
4107	108	814	GRIS	\N	\N
4108	111	814	manga corta	\N	\N
4109	112	814	si	\N	\N
4110	114	814	l	\N	\N
4111	125	814	kuaktus	\N	\N
4112	108	815	GRIS	\N	\N
4113	111	815	manga corta	\N	\N
4114	112	815	si	\N	\N
4115	114	815	l	\N	\N
4116	125	815	kuaktus	\N	\N
4117	108	816	GRIS	\N	\N
4118	111	816	manga corta	\N	\N
4119	112	816	si	\N	\N
4120	114	816	l	\N	\N
4121	125	816	kuaktus	\N	\N
4122	108	817	GRIS	\N	\N
4123	111	817	manga corta	\N	\N
4124	112	817	si	\N	\N
4125	114	817	l	\N	\N
4126	125	817	kuaktus	\N	\N
4127	108	818	GRIS	\N	\N
4128	111	818	manga corta	\N	\N
4129	112	818	si	\N	\N
4130	114	818	l	\N	\N
4131	125	818	kuaktus	\N	\N
4132	108	819	GRIS	\N	\N
4133	111	819	manga corta	\N	\N
4134	112	819	si	\N	\N
4135	114	819	l	\N	\N
4136	125	819	kuaktus	\N	\N
4137	108	820	GRIS	\N	\N
4138	111	820	manga corta	\N	\N
4139	112	820	si	\N	\N
4140	114	820	l	\N	\N
4141	125	820	kuaktus	\N	\N
4142	108	821	GRIS	\N	\N
4143	111	821	manga corta	\N	\N
4144	112	821	si	\N	\N
4145	114	821	l	\N	\N
4146	125	821	kuaktus	\N	\N
4147	108	822	GRIS	\N	\N
4148	111	822	manga corta	\N	\N
4149	112	822	si	\N	\N
4150	114	822	l	\N	\N
4151	125	822	kuaktus	\N	\N
4152	108	823	GRIS	\N	\N
4153	111	823	manga corta	\N	\N
4154	112	823	si	\N	\N
4155	114	823	l	\N	\N
4156	125	823	kuaktus	\N	\N
4157	108	824	GRIS	\N	\N
4158	111	824	manga corta	\N	\N
4159	112	824	si	\N	\N
4160	114	824	l	\N	\N
4161	125	824	kuaktus	\N	\N
4162	108	825	GRIS	\N	\N
4163	111	825	manga corta	\N	\N
4164	112	825	si	\N	\N
4165	114	825	l	\N	\N
4166	125	825	kuaktus	\N	\N
4167	108	826	GRIS	\N	\N
4168	111	826	manga corta	\N	\N
4169	112	826	si	\N	\N
4170	114	826	l	\N	\N
4171	125	826	kuaktus	\N	\N
4172	108	827	GRIS	\N	\N
4173	111	827	manga corta	\N	\N
4174	112	827	si	\N	\N
4175	114	827	l	\N	\N
4176	125	827	kuaktus	\N	\N
4177	108	828	GRIS	\N	\N
4178	111	828	manga corta	\N	\N
4179	112	828	si	\N	\N
4180	114	828	l	\N	\N
4181	125	828	kuaktus	\N	\N
4182	108	829	GRIS	\N	\N
4183	111	829	manga corta	\N	\N
4184	112	829	si	\N	\N
4185	114	829	l	\N	\N
4186	125	829	kuaktus	\N	\N
4187	108	830	GRIS	\N	\N
4188	111	830	manga corta	\N	\N
4189	112	830	si	\N	\N
4190	114	830	l	\N	\N
4191	125	830	kuaktus	\N	\N
4192	112	831	si	\N	\N
4193	124	831	kuaktus	\N	\N
4194	116	831	m	\N	\N
4195	117	831	blanco	\N	\N
\.


--
-- Data for Name: alm_catalogos; Type: TABLE DATA; Schema: public; Owner: alfabravo_user
--

COPY public.alm_catalogos (id, category_id, almacen_id, name, image, code, min, max, counter, date_in, expire_time, created_at, updated_at) FROM stdin;
\.


--
-- Data for Name: alm_categories; Type: TABLE DATA; Schema: public; Owner: alfabravo_user
--

COPY public.alm_categories (id, category_parent, category, image, route, groupable, created_at, updated_at, has_inventory, exp_recursive, category_parent_l1, category_parent_l1_descr) FROM stdin;
79	CONSUMIBLES DE IMPRESION	undefined	\N	undefined	f	2025-04-16 00:36:30	2025-04-16 00:36:30	f	f	\N	\N
80	JARCERÍA	undefined	\N	undefined	f	2025-04-16 00:36:41	2025-04-16 00:36:41	f	f	\N	\N
94	EQUIPAMIENTO PARA GUARDIAS	FUNDA TACTICA PARA LINTERNA	fal fa-table	1652622	t	2025-04-16 15:26:04	2025-04-16 15:26:04	f	f	\N	\N
81	CALZADO	BOTAS DE JARDINERIA	fal fa-table	botas-de-jardineria	t	2025-04-16 11:51:48	2025-04-16 11:55:41	f	f	\N	\N
95	EQUIPAMIENTO PARA GUARDIAS	TONFA DE PVC (PR-24)	fal fa-table	9525977	t	2025-04-16 15:26:28	2025-04-16 15:26:28	f	f	\N	\N
82	UNIFORMES	CAMISOLA MANGA LARGA	fal fa-table	6897327	t	2025-04-16 12:06:29	2025-04-16 12:06:29	f	f	\N	\N
83	UNIFORMES	CAMISOLA MANGA LARGA CON LINEA AZUL	fal fa-table	7793127	t	2025-04-16 12:09:25	2025-04-16 12:09:25	f	f	\N	\N
96	EQUIPAMIENTO PARA GUARDIAS	PORTA TONFA CON DOBLE BROCHE	fal fa-table	9834979	t	2025-04-16 15:28:09	2025-04-16 15:28:09	f	f	\N	\N
84	UNIFORMES	PANTALON COMANDO RISTOP R 65% POLIESTER 35% ALGODÓN COLOR KAKI	fal fa-table	1728623	t	2025-04-16 12:12:10	2025-04-16 12:12:10	f	f	\N	\N
85	UNIFORMES	PANTALÓN DOCKERS COLOR GRIS OSCURO	fal fa-table	2138617	t	2025-04-16 12:22:55	2025-04-16 12:22:55	f	f	\N	\N
86	UNIFORMES	CHAMARRA TIPO MAGNUM	fal fa-table	8507993	t	2025-04-16 12:49:08	2025-04-16 12:49:08	f	f	\N	\N
97	EQUIPAMIENTO PARA GUARDIAS	GORRA TIPO LEGIONARIO	fal fa-table	9719305	t	2025-04-16 15:33:39	2025-04-16 15:33:39	f	f	\N	\N
87	UNIFORMES	PANTALÓN DOCKERS	fal fa-table	5273465	t	2025-04-16 12:51:57	2025-04-16 12:51:57	f	f	\N	\N
98	EQUIPAMIENTO PARA GUARDIAS	SILBATO DE METAL	fal fa-table	9093258	t	2025-04-16 15:34:27	2025-04-16 15:34:27	f	f	\N	\N
88	EQUIPAMIENTO PARA GUARDIAS	CHALECO TACTICO CON REFLEJANTE	fal fa-table	6503895	t	2025-04-16 12:55:54	2025-04-16 12:55:54	f	f	\N	\N
77	EQUIPAMIENTO PARA GUARDIAS	FORNITURAS	fal fa-table	fornituras	t	2025-04-16 00:35:48	2025-04-16 15:20:35	f	f	\N	\N
89	EQUIPAMIENTO PARA GUARDIAS	CINTURON TACTICO	fal fa-table	5571712	t	2025-04-16 15:23:20	2025-04-16 15:23:20	f	f	\N	\N
90	EQUIPAMIENTO PARA GUARDIAS	IMPERMEABLE	fal fa-table	5381825	t	2025-04-16 15:23:40	2025-04-16 15:23:40	f	f	\N	\N
99	EQUIPAMIENTO PARA GUARDIAS	MOCHILA	fal fa-table	4534004	t	2025-04-16 15:37:16	2025-04-16 15:37:16	f	f	\N	\N
91	EQUIPAMIENTO PARA GUARDIAS	LINTERNA TACTICA DE LED RECARGABLE	fal fa-table	6712845	t	2025-04-16 15:24:41	2025-04-16 15:24:41	f	f	\N	\N
92	EQUIPAMIENTO PARA GUARDIAS	LAMPARA RECARGABLE DE LED 200 LUMENES TRUPPER	fal fa-table	8665136	t	2025-04-16 15:24:57	2025-04-16 15:24:57	f	f	\N	\N
93	EQUIPAMIENTO PARA GUARDIAS	LAMPARA LED TIPO MINERO RECARGABLE	fal fa-table	9389543	t	2025-04-16 15:25:11	2025-04-16 15:25:11	f	f	\N	\N
100	EQUIPAMIENTO PARA GUARDIAS	ESPEJO CONCAVO DE INSPECCION VEHICULAR	fal fa-table	2608150	t	2025-04-16 15:37:58	2025-04-16 15:37:58	f	f	\N	\N
101	EQUIPAMIENTO PARA GUARDIAS	GAS PIMIENTA	fal fa-table	8411853	t	2025-04-16 15:39:41	2025-04-16 15:39:41	f	f	\N	\N
102	EQUIPAMIENTO PARA GUARDIAS	BASTON	fal fa-table	6156365	t	2025-04-16 15:40:07	2025-04-16 15:40:07	f	f	\N	\N
103	EQUIPAMIENTO PARA GUARDIAS	ESPOSAS	fal fa-table	8454452	t	2025-04-16 15:41:03	2025-04-16 15:41:03	f	f	\N	\N
104	EQUIPAMIENTO PARA GUARDIAS	DETECTOR DE METALES GARRETT	fal fa-table	5442695	t	2025-04-16 15:41:24	2025-04-16 15:41:24	f	f	\N	\N
105	INSUMOS MEDICOS	TANQUE DE OXIGENO	fal fa-table	tanque-de-oxigeno	f	2025-07-05 13:26:26	2025-07-11 13:25:32	t	f	\N	\N
76	UNIFORMES	PLAYERA TIPO POLO MANGA CORTA	fal fa-table	playera-tipo-polo-manga-corta	f	2025-04-16 00:35:36	2025-07-15 12:37:23	t	f	\N	\N
\.


--
-- Data for Name: alm_categories_alm_request_orders; Type: TABLE DATA; Schema: public; Owner: alfabravo_user
--

COPY public.alm_categories_alm_request_orders (id, alm_categories_id, alm_request_order_id, counter, created_at, updated_at) FROM stdin;
\.


--
-- Data for Name: alm_log_entries; Type: TABLE DATA; Schema: public; Owner: alfabravo_user
--

COPY public.alm_log_entries (id, enterprise_id, sales_order_unit_measure_id, unit_cost, groupable, counter_in, date_in, expire_time, created_at, updated_at, deleted_at, almacen_id) FROM stdin;
411	9	3	2500	1	5	2025-07-05 13:35:20	1 año	2025-07-05 13:36:14	2025-07-05 13:36:14	\N	7
412	1	2	336	5	5	2025-07-15 10:00:31	1 año	2025-07-15 11:47:06	2025-07-15 11:47:06	\N	7
410	1	2	205	1	250	2025-07-05 12:43:54	2 años	2025-07-05 12:48:01	2025-07-15 12:25:53	\N	7
413	1	2	449	10	10	2025-08-04 15:56:32	1 año	2025-08-04 15:57:21	2025-08-04 15:57:21	\N	7
\.


--
-- Data for Name: alm_log_entry_alm_product; Type: TABLE DATA; Schema: public; Owner: alfabravo_user
--

COPY public.alm_log_entry_alm_product (id, alm_log_entry_id, alm_product_id, created_at, updated_at) FROM stdin;
625	410	575	\N	\N
626	411	577	\N	\N
627	411	578	\N	\N
628	411	579	\N	\N
629	411	580	\N	\N
630	411	576	\N	\N
631	412	581	\N	\N
632	410	582	\N	\N
633	410	583	\N	\N
634	410	584	\N	\N
635	410	585	\N	\N
636	410	586	\N	\N
637	410	587	\N	\N
638	410	588	\N	\N
639	410	589	\N	\N
640	410	590	\N	\N
641	410	591	\N	\N
642	410	592	\N	\N
643	410	593	\N	\N
644	410	594	\N	\N
645	410	595	\N	\N
646	410	596	\N	\N
647	410	597	\N	\N
648	410	598	\N	\N
649	410	599	\N	\N
650	410	600	\N	\N
651	410	601	\N	\N
652	410	602	\N	\N
653	410	603	\N	\N
654	410	604	\N	\N
655	410	605	\N	\N
656	410	606	\N	\N
657	410	607	\N	\N
658	410	608	\N	\N
659	410	609	\N	\N
660	410	610	\N	\N
661	410	611	\N	\N
662	410	612	\N	\N
663	410	613	\N	\N
664	410	614	\N	\N
665	410	615	\N	\N
666	410	616	\N	\N
667	410	617	\N	\N
668	410	618	\N	\N
669	410	619	\N	\N
670	410	620	\N	\N
671	410	621	\N	\N
672	410	622	\N	\N
673	410	623	\N	\N
674	410	624	\N	\N
675	410	625	\N	\N
676	410	626	\N	\N
677	410	627	\N	\N
678	410	628	\N	\N
679	410	629	\N	\N
680	410	630	\N	\N
681	410	631	\N	\N
682	410	632	\N	\N
683	410	633	\N	\N
684	410	634	\N	\N
685	410	635	\N	\N
686	410	636	\N	\N
687	410	637	\N	\N
688	410	638	\N	\N
689	410	639	\N	\N
690	410	640	\N	\N
691	410	641	\N	\N
692	410	642	\N	\N
693	410	643	\N	\N
694	410	644	\N	\N
695	410	645	\N	\N
696	410	646	\N	\N
697	410	647	\N	\N
698	410	648	\N	\N
699	410	649	\N	\N
700	410	650	\N	\N
701	410	651	\N	\N
702	410	652	\N	\N
703	410	653	\N	\N
704	410	654	\N	\N
705	410	655	\N	\N
706	410	656	\N	\N
707	410	657	\N	\N
708	410	658	\N	\N
709	410	659	\N	\N
710	410	660	\N	\N
711	410	661	\N	\N
712	410	662	\N	\N
713	410	663	\N	\N
714	410	664	\N	\N
715	410	665	\N	\N
716	410	666	\N	\N
717	410	667	\N	\N
718	410	668	\N	\N
719	410	669	\N	\N
720	410	670	\N	\N
721	410	671	\N	\N
722	410	672	\N	\N
723	410	673	\N	\N
724	410	674	\N	\N
725	410	675	\N	\N
726	410	676	\N	\N
727	410	677	\N	\N
728	410	678	\N	\N
729	410	679	\N	\N
730	410	680	\N	\N
731	410	681	\N	\N
732	410	682	\N	\N
733	410	683	\N	\N
734	410	684	\N	\N
735	410	685	\N	\N
736	410	686	\N	\N
737	410	687	\N	\N
738	410	688	\N	\N
739	410	689	\N	\N
740	410	690	\N	\N
741	410	691	\N	\N
742	410	692	\N	\N
743	410	693	\N	\N
744	410	694	\N	\N
745	410	695	\N	\N
746	410	696	\N	\N
747	410	697	\N	\N
748	410	698	\N	\N
749	410	699	\N	\N
750	410	700	\N	\N
751	410	701	\N	\N
752	410	702	\N	\N
753	410	703	\N	\N
754	410	704	\N	\N
755	410	705	\N	\N
756	410	706	\N	\N
757	410	707	\N	\N
758	410	708	\N	\N
759	410	709	\N	\N
760	410	710	\N	\N
761	410	711	\N	\N
762	410	712	\N	\N
763	410	713	\N	\N
764	410	714	\N	\N
765	410	715	\N	\N
766	410	716	\N	\N
767	410	717	\N	\N
768	410	718	\N	\N
769	410	719	\N	\N
770	410	720	\N	\N
771	410	721	\N	\N
772	410	722	\N	\N
773	410	723	\N	\N
774	410	724	\N	\N
775	410	725	\N	\N
776	410	726	\N	\N
777	410	727	\N	\N
778	410	728	\N	\N
779	410	729	\N	\N
780	410	730	\N	\N
781	410	731	\N	\N
782	410	732	\N	\N
783	410	733	\N	\N
784	410	734	\N	\N
785	410	735	\N	\N
786	410	736	\N	\N
787	410	737	\N	\N
788	410	738	\N	\N
789	410	739	\N	\N
790	410	740	\N	\N
791	410	741	\N	\N
792	410	742	\N	\N
793	410	743	\N	\N
794	410	744	\N	\N
795	410	745	\N	\N
796	410	746	\N	\N
797	410	747	\N	\N
798	410	748	\N	\N
799	410	749	\N	\N
800	410	750	\N	\N
801	410	751	\N	\N
802	410	752	\N	\N
803	410	753	\N	\N
804	410	754	\N	\N
805	410	755	\N	\N
806	410	756	\N	\N
807	410	757	\N	\N
808	410	758	\N	\N
809	410	759	\N	\N
810	410	760	\N	\N
811	410	761	\N	\N
812	410	762	\N	\N
813	410	763	\N	\N
814	410	764	\N	\N
815	410	765	\N	\N
816	410	766	\N	\N
817	410	767	\N	\N
818	410	768	\N	\N
819	410	769	\N	\N
820	410	770	\N	\N
821	410	771	\N	\N
822	410	772	\N	\N
823	410	773	\N	\N
824	410	774	\N	\N
825	410	775	\N	\N
826	410	776	\N	\N
827	410	777	\N	\N
828	410	778	\N	\N
829	410	779	\N	\N
830	410	780	\N	\N
831	410	781	\N	\N
832	410	782	\N	\N
833	410	783	\N	\N
834	410	784	\N	\N
835	410	785	\N	\N
836	410	786	\N	\N
837	410	787	\N	\N
838	410	788	\N	\N
839	410	789	\N	\N
840	410	790	\N	\N
841	410	791	\N	\N
842	410	792	\N	\N
843	410	793	\N	\N
844	410	794	\N	\N
845	410	795	\N	\N
846	410	796	\N	\N
847	410	797	\N	\N
848	410	798	\N	\N
849	410	799	\N	\N
850	410	800	\N	\N
851	410	801	\N	\N
852	410	802	\N	\N
853	410	803	\N	\N
854	410	804	\N	\N
855	410	805	\N	\N
856	410	806	\N	\N
857	410	807	\N	\N
858	410	808	\N	\N
859	410	809	\N	\N
860	410	810	\N	\N
861	410	811	\N	\N
862	410	812	\N	\N
863	410	813	\N	\N
864	410	814	\N	\N
865	410	815	\N	\N
866	410	816	\N	\N
867	410	817	\N	\N
868	410	818	\N	\N
869	410	819	\N	\N
870	410	820	\N	\N
871	410	821	\N	\N
872	410	822	\N	\N
873	410	823	\N	\N
874	410	824	\N	\N
875	410	825	\N	\N
876	410	826	\N	\N
877	410	827	\N	\N
878	410	828	\N	\N
879	410	829	\N	\N
880	410	830	\N	\N
881	413	831	\N	\N
\.


--
-- Data for Name: alm_movement_alm_products; Type: TABLE DATA; Schema: public; Owner: alfabravo_user
--

COPY public.alm_movement_alm_products (id, alm_movement_id, alm_product_id, created_at, updated_at, counter) FROM stdin;
\.


--
-- Data for Name: alm_movements; Type: TABLE DATA; Schema: public; Owner: alfabravo_user
--

COPY public.alm_movements (id, order_serial, details, date, status, alm_movementable_id, alm_movementable_type, created_at, updated_at, alm_originable_id, alm_originable_type, user_id, pedido_id, recibe) FROM stdin;
\.


--
-- Data for Name: alm_orders; Type: TABLE DATA; Schema: public; Owner: alfabravo_user
--

COPY public.alm_orders (id, provider_id, almacen_id, order_date, cost, created_at, updated_at) FROM stdin;
\.


--
-- Data for Name: alm_pedidos; Type: TABLE DATA; Schema: public; Owner: alfabravo_user
--

COPY public.alm_pedidos (id, alm_request_order_id, enterprise_id, details, counter, modificator, status, created_at, updated_at, deleted_at) FROM stdin;
\.


--
-- Data for Name: alm_products; Type: TABLE DATA; Schema: public; Owner: alfabravo_user
--

COPY public.alm_products (id, name, category_id, traceable, groupable, assignedtoable_type, assignedtoable_id, assignedtoable_details, created_at, updated_at, deleted_at, enterprise_prefix, enterprise_inventory) FROM stdin;
831	CAMISOLA MANGA LARGA	82	f	10	App\\Models\\Almacen\\Almacen	7	\N	2025-08-04 15:57:21	2025-08-05 10:01:07	2025-08-05 10:01:07	\N	\N
576	TANQUE DE OXIGENO	105	t	5	App\\Models\\Almacen\\Almacen	7	\N	2025-07-05 13:36:14	2025-08-05 10:01:37	2025-08-05 10:01:37	AB	00001
581	PANTALON COMANDO RISTOP R 65% POLIESTER 35% ALGODÓN COLOR KAKI	84	f	5	App\\Models\\Almacen\\Almacen	7	\N	2025-07-15 11:47:06	2025-07-15 11:47:06	\N	\N	\N
577	TANQUE DE OXIGENO	105	t	5	App\\Models\\Almacen\\Almacen	7	\N	2025-07-05 13:36:14	2025-08-05 10:01:50	2025-08-05 10:01:50	AB	00002
578	TANQUE DE OXIGENO	105	t	5	App\\Models\\Almacen\\Almacen	7	\N	2025-07-05 13:36:14	2025-08-05 10:01:54	2025-08-05 10:01:54	AB	00003
579	TANQUE DE OXIGENO	105	t	5	App\\Models\\Almacen\\Almacen	7	\N	2025-07-05 13:36:14	2025-08-05 10:02:02	2025-08-05 10:02:02	AB	00004
580	TANQUE DE OXIGENO	105	t	5	App\\Models\\Almacen\\Almacen	7	\N	2025-07-05 13:36:14	2025-08-05 10:02:07	2025-08-05 10:02:07	AB	00005
599	PLAYERA TIPO POLO MANGA CORTA	76	f	1	App\\Models\\Almacen\\Almacen	7	\N	2025-07-15 12:25:54	2025-07-15 12:25:54	\N	KS	00019
582	PLAYERA TIPO POLO MANGA CORTA	76	f	1	App\\Models\\Almacen\\Almacen	7	\N	2025-07-15 12:25:53	2025-07-15 12:25:54	\N	KS	00002
583	PLAYERA TIPO POLO MANGA CORTA	76	f	1	App\\Models\\Almacen\\Almacen	7	\N	2025-07-15 12:25:53	2025-07-15 12:25:54	\N	KS	00003
584	PLAYERA TIPO POLO MANGA CORTA	76	f	1	App\\Models\\Almacen\\Almacen	7	\N	2025-07-15 12:25:53	2025-07-15 12:25:54	\N	KS	00004
585	PLAYERA TIPO POLO MANGA CORTA	76	f	1	App\\Models\\Almacen\\Almacen	7	\N	2025-07-15 12:25:53	2025-07-15 12:25:54	\N	KS	00005
586	PLAYERA TIPO POLO MANGA CORTA	76	f	1	App\\Models\\Almacen\\Almacen	7	\N	2025-07-15 12:25:53	2025-07-15 12:25:54	\N	KS	00006
587	PLAYERA TIPO POLO MANGA CORTA	76	f	1	App\\Models\\Almacen\\Almacen	7	\N	2025-07-15 12:25:53	2025-07-15 12:25:54	\N	KS	00007
588	PLAYERA TIPO POLO MANGA CORTA	76	f	1	App\\Models\\Almacen\\Almacen	7	\N	2025-07-15 12:25:53	2025-07-15 12:25:54	\N	KS	00008
589	PLAYERA TIPO POLO MANGA CORTA	76	f	1	App\\Models\\Almacen\\Almacen	7	\N	2025-07-15 12:25:53	2025-07-15 12:25:54	\N	KS	00009
590	PLAYERA TIPO POLO MANGA CORTA	76	f	1	App\\Models\\Almacen\\Almacen	7	\N	2025-07-15 12:25:53	2025-07-15 12:25:54	\N	KS	00010
591	PLAYERA TIPO POLO MANGA CORTA	76	f	1	App\\Models\\Almacen\\Almacen	7	\N	2025-07-15 12:25:53	2025-07-15 12:25:54	\N	KS	00011
592	PLAYERA TIPO POLO MANGA CORTA	76	f	1	App\\Models\\Almacen\\Almacen	7	\N	2025-07-15 12:25:53	2025-07-15 12:25:54	\N	KS	00012
593	PLAYERA TIPO POLO MANGA CORTA	76	f	1	App\\Models\\Almacen\\Almacen	7	\N	2025-07-15 12:25:53	2025-07-15 12:25:54	\N	KS	00013
594	PLAYERA TIPO POLO MANGA CORTA	76	f	1	App\\Models\\Almacen\\Almacen	7	\N	2025-07-15 12:25:53	2025-07-15 12:25:54	\N	KS	00014
595	PLAYERA TIPO POLO MANGA CORTA	76	f	1	App\\Models\\Almacen\\Almacen	7	\N	2025-07-15 12:25:53	2025-07-15 12:25:54	\N	KS	00015
596	PLAYERA TIPO POLO MANGA CORTA	76	f	1	App\\Models\\Almacen\\Almacen	7	\N	2025-07-15 12:25:54	2025-07-15 12:25:54	\N	KS	00016
597	PLAYERA TIPO POLO MANGA CORTA	76	f	1	App\\Models\\Almacen\\Almacen	7	\N	2025-07-15 12:25:54	2025-07-15 12:25:54	\N	KS	00017
598	PLAYERA TIPO POLO MANGA CORTA	76	f	1	App\\Models\\Almacen\\Almacen	7	\N	2025-07-15 12:25:54	2025-07-15 12:25:54	\N	KS	00018
600	PLAYERA TIPO POLO MANGA CORTA	76	f	1	App\\Models\\Almacen\\Almacen	7	\N	2025-07-15 12:25:54	2025-07-15 12:25:54	\N	KS	00020
601	PLAYERA TIPO POLO MANGA CORTA	76	f	1	App\\Models\\Almacen\\Almacen	7	\N	2025-07-15 12:25:54	2025-07-15 12:25:54	\N	KS	00021
602	PLAYERA TIPO POLO MANGA CORTA	76	f	1	App\\Models\\Almacen\\Almacen	7	\N	2025-07-15 12:25:54	2025-07-15 12:25:54	\N	KS	00022
603	PLAYERA TIPO POLO MANGA CORTA	76	f	1	App\\Models\\Almacen\\Almacen	7	\N	2025-07-15 12:25:54	2025-07-15 12:25:54	\N	KS	00023
604	PLAYERA TIPO POLO MANGA CORTA	76	f	1	App\\Models\\Almacen\\Almacen	7	\N	2025-07-15 12:25:54	2025-07-15 12:25:54	\N	KS	00024
605	PLAYERA TIPO POLO MANGA CORTA	76	f	1	App\\Models\\Almacen\\Almacen	7	\N	2025-07-15 12:25:54	2025-07-15 12:25:54	\N	KS	00025
606	PLAYERA TIPO POLO MANGA CORTA	76	f	1	App\\Models\\Almacen\\Almacen	7	\N	2025-07-15 12:25:54	2025-07-15 12:25:54	\N	KS	00026
607	PLAYERA TIPO POLO MANGA CORTA	76	f	1	App\\Models\\Almacen\\Almacen	7	\N	2025-07-15 12:25:54	2025-07-15 12:25:54	\N	KS	00027
608	PLAYERA TIPO POLO MANGA CORTA	76	f	1	App\\Models\\Almacen\\Almacen	7	\N	2025-07-15 12:25:54	2025-07-15 12:25:54	\N	KS	00028
609	PLAYERA TIPO POLO MANGA CORTA	76	f	1	App\\Models\\Almacen\\Almacen	7	\N	2025-07-15 12:25:54	2025-07-15 12:25:54	\N	KS	00029
610	PLAYERA TIPO POLO MANGA CORTA	76	f	1	App\\Models\\Almacen\\Almacen	7	\N	2025-07-15 12:25:54	2025-07-15 12:25:54	\N	KS	00030
611	PLAYERA TIPO POLO MANGA CORTA	76	f	1	App\\Models\\Almacen\\Almacen	7	\N	2025-07-15 12:25:54	2025-07-15 12:25:54	\N	KS	00031
612	PLAYERA TIPO POLO MANGA CORTA	76	f	1	App\\Models\\Almacen\\Almacen	7	\N	2025-07-15 12:25:54	2025-07-15 12:25:54	\N	KS	00032
613	PLAYERA TIPO POLO MANGA CORTA	76	f	1	App\\Models\\Almacen\\Almacen	7	\N	2025-07-15 12:25:54	2025-07-15 12:25:54	\N	KS	00033
614	PLAYERA TIPO POLO MANGA CORTA	76	f	1	App\\Models\\Almacen\\Almacen	7	\N	2025-07-15 12:25:54	2025-07-15 12:25:54	\N	KS	00034
615	PLAYERA TIPO POLO MANGA CORTA	76	f	1	App\\Models\\Almacen\\Almacen	7	\N	2025-07-15 12:25:54	2025-07-15 12:25:54	\N	KS	00035
616	PLAYERA TIPO POLO MANGA CORTA	76	f	1	App\\Models\\Almacen\\Almacen	7	\N	2025-07-15 12:25:54	2025-07-15 12:25:54	\N	KS	00036
617	PLAYERA TIPO POLO MANGA CORTA	76	f	1	App\\Models\\Almacen\\Almacen	7	\N	2025-07-15 12:25:54	2025-07-15 12:25:54	\N	KS	00037
618	PLAYERA TIPO POLO MANGA CORTA	76	f	1	App\\Models\\Almacen\\Almacen	7	\N	2025-07-15 12:25:54	2025-07-15 12:25:54	\N	KS	00038
619	PLAYERA TIPO POLO MANGA CORTA	76	f	1	App\\Models\\Almacen\\Almacen	7	\N	2025-07-15 12:25:54	2025-07-15 12:25:54	\N	KS	00039
620	PLAYERA TIPO POLO MANGA CORTA	76	f	1	App\\Models\\Almacen\\Almacen	7	\N	2025-07-15 12:25:54	2025-07-15 12:25:54	\N	KS	00040
621	PLAYERA TIPO POLO MANGA CORTA	76	f	1	App\\Models\\Almacen\\Almacen	7	\N	2025-07-15 12:25:54	2025-07-15 12:25:54	\N	KS	00041
622	PLAYERA TIPO POLO MANGA CORTA	76	f	1	App\\Models\\Almacen\\Almacen	7	\N	2025-07-15 12:25:54	2025-07-15 12:25:54	\N	KS	00042
623	PLAYERA TIPO POLO MANGA CORTA	76	f	1	App\\Models\\Almacen\\Almacen	7	\N	2025-07-15 12:25:54	2025-07-15 12:25:54	\N	KS	00043
624	PLAYERA TIPO POLO MANGA CORTA	76	f	1	App\\Models\\Almacen\\Almacen	7	\N	2025-07-15 12:25:54	2025-07-15 12:25:54	\N	KS	00044
625	PLAYERA TIPO POLO MANGA CORTA	76	f	1	App\\Models\\Almacen\\Almacen	7	\N	2025-07-15 12:25:54	2025-07-15 12:25:54	\N	KS	00045
626	PLAYERA TIPO POLO MANGA CORTA	76	f	1	App\\Models\\Almacen\\Almacen	7	\N	2025-07-15 12:25:54	2025-07-15 12:25:54	\N	KS	00046
627	PLAYERA TIPO POLO MANGA CORTA	76	f	1	App\\Models\\Almacen\\Almacen	7	\N	2025-07-15 12:25:54	2025-07-15 12:25:54	\N	KS	00047
628	PLAYERA TIPO POLO MANGA CORTA	76	f	1	App\\Models\\Almacen\\Almacen	7	\N	2025-07-15 12:25:54	2025-07-15 12:25:54	\N	KS	00048
629	PLAYERA TIPO POLO MANGA CORTA	76	f	1	App\\Models\\Almacen\\Almacen	7	\N	2025-07-15 12:25:54	2025-07-15 12:25:54	\N	KS	00049
630	PLAYERA TIPO POLO MANGA CORTA	76	f	1	App\\Models\\Almacen\\Almacen	7	\N	2025-07-15 12:25:54	2025-07-15 12:25:54	\N	KS	00050
631	PLAYERA TIPO POLO MANGA CORTA	76	f	1	App\\Models\\Almacen\\Almacen	7	\N	2025-07-15 12:25:54	2025-07-15 12:25:54	\N	KS	00051
632	PLAYERA TIPO POLO MANGA CORTA	76	f	1	App\\Models\\Almacen\\Almacen	7	\N	2025-07-15 12:25:54	2025-07-15 12:25:54	\N	KS	00052
633	PLAYERA TIPO POLO MANGA CORTA	76	f	1	App\\Models\\Almacen\\Almacen	7	\N	2025-07-15 12:25:54	2025-07-15 12:25:54	\N	KS	00053
634	PLAYERA TIPO POLO MANGA CORTA	76	f	1	App\\Models\\Almacen\\Almacen	7	\N	2025-07-15 12:25:54	2025-07-15 12:25:54	\N	KS	00054
635	PLAYERA TIPO POLO MANGA CORTA	76	f	1	App\\Models\\Almacen\\Almacen	7	\N	2025-07-15 12:25:54	2025-07-15 12:25:54	\N	KS	00055
636	PLAYERA TIPO POLO MANGA CORTA	76	f	1	App\\Models\\Almacen\\Almacen	7	\N	2025-07-15 12:25:54	2025-07-15 12:25:54	\N	KS	00056
637	PLAYERA TIPO POLO MANGA CORTA	76	f	1	App\\Models\\Almacen\\Almacen	7	\N	2025-07-15 12:25:54	2025-07-15 12:25:54	\N	KS	00057
638	PLAYERA TIPO POLO MANGA CORTA	76	f	1	App\\Models\\Almacen\\Almacen	7	\N	2025-07-15 12:25:54	2025-07-15 12:25:54	\N	KS	00058
639	PLAYERA TIPO POLO MANGA CORTA	76	f	1	App\\Models\\Almacen\\Almacen	7	\N	2025-07-15 12:25:54	2025-07-15 12:25:54	\N	KS	00059
640	PLAYERA TIPO POLO MANGA CORTA	76	f	1	App\\Models\\Almacen\\Almacen	7	\N	2025-07-15 12:25:54	2025-07-15 12:25:54	\N	KS	00060
641	PLAYERA TIPO POLO MANGA CORTA	76	f	1	App\\Models\\Almacen\\Almacen	7	\N	2025-07-15 12:25:54	2025-07-15 12:25:54	\N	KS	00061
642	PLAYERA TIPO POLO MANGA CORTA	76	f	1	App\\Models\\Almacen\\Almacen	7	\N	2025-07-15 12:25:54	2025-07-15 12:25:54	\N	KS	00062
643	PLAYERA TIPO POLO MANGA CORTA	76	f	1	App\\Models\\Almacen\\Almacen	7	\N	2025-07-15 12:25:54	2025-07-15 12:25:54	\N	KS	00063
644	PLAYERA TIPO POLO MANGA CORTA	76	f	1	App\\Models\\Almacen\\Almacen	7	\N	2025-07-15 12:25:54	2025-07-15 12:25:54	\N	KS	00064
645	PLAYERA TIPO POLO MANGA CORTA	76	f	1	App\\Models\\Almacen\\Almacen	7	\N	2025-07-15 12:25:54	2025-07-15 12:25:54	\N	KS	00065
646	PLAYERA TIPO POLO MANGA CORTA	76	f	1	App\\Models\\Almacen\\Almacen	7	\N	2025-07-15 12:25:54	2025-07-15 12:25:54	\N	KS	00066
647	PLAYERA TIPO POLO MANGA CORTA	76	f	1	App\\Models\\Almacen\\Almacen	7	\N	2025-07-15 12:25:54	2025-07-15 12:25:54	\N	KS	00067
648	PLAYERA TIPO POLO MANGA CORTA	76	f	1	App\\Models\\Almacen\\Almacen	7	\N	2025-07-15 12:25:54	2025-07-15 12:25:54	\N	KS	00068
649	PLAYERA TIPO POLO MANGA CORTA	76	f	1	App\\Models\\Almacen\\Almacen	7	\N	2025-07-15 12:25:54	2025-07-15 12:25:54	\N	KS	00069
650	PLAYERA TIPO POLO MANGA CORTA	76	f	1	App\\Models\\Almacen\\Almacen	7	\N	2025-07-15 12:25:54	2025-07-15 12:25:54	\N	KS	00070
651	PLAYERA TIPO POLO MANGA CORTA	76	f	1	App\\Models\\Almacen\\Almacen	7	\N	2025-07-15 12:25:54	2025-07-15 12:25:54	\N	KS	00071
652	PLAYERA TIPO POLO MANGA CORTA	76	f	1	App\\Models\\Almacen\\Almacen	7	\N	2025-07-15 12:25:54	2025-07-15 12:25:54	\N	KS	00072
653	PLAYERA TIPO POLO MANGA CORTA	76	f	1	App\\Models\\Almacen\\Almacen	7	\N	2025-07-15 12:25:54	2025-07-15 12:25:54	\N	KS	00073
654	PLAYERA TIPO POLO MANGA CORTA	76	f	1	App\\Models\\Almacen\\Almacen	7	\N	2025-07-15 12:25:54	2025-07-15 12:25:54	\N	KS	00074
655	PLAYERA TIPO POLO MANGA CORTA	76	f	1	App\\Models\\Almacen\\Almacen	7	\N	2025-07-15 12:25:54	2025-07-15 12:25:54	\N	KS	00075
656	PLAYERA TIPO POLO MANGA CORTA	76	f	1	App\\Models\\Almacen\\Almacen	7	\N	2025-07-15 12:25:54	2025-07-15 12:25:54	\N	KS	00076
657	PLAYERA TIPO POLO MANGA CORTA	76	f	1	App\\Models\\Almacen\\Almacen	7	\N	2025-07-15 12:25:54	2025-07-15 12:25:54	\N	KS	00077
658	PLAYERA TIPO POLO MANGA CORTA	76	f	1	App\\Models\\Almacen\\Almacen	7	\N	2025-07-15 12:25:54	2025-07-15 12:25:54	\N	KS	00078
659	PLAYERA TIPO POLO MANGA CORTA	76	f	1	App\\Models\\Almacen\\Almacen	7	\N	2025-07-15 12:25:54	2025-07-15 12:25:54	\N	KS	00079
660	PLAYERA TIPO POLO MANGA CORTA	76	f	1	App\\Models\\Almacen\\Almacen	7	\N	2025-07-15 12:25:54	2025-07-15 12:25:54	\N	KS	00080
661	PLAYERA TIPO POLO MANGA CORTA	76	f	1	App\\Models\\Almacen\\Almacen	7	\N	2025-07-15 12:25:54	2025-07-15 12:25:54	\N	KS	00081
662	PLAYERA TIPO POLO MANGA CORTA	76	f	1	App\\Models\\Almacen\\Almacen	7	\N	2025-07-15 12:25:54	2025-07-15 12:25:54	\N	KS	00082
663	PLAYERA TIPO POLO MANGA CORTA	76	f	1	App\\Models\\Almacen\\Almacen	7	\N	2025-07-15 12:25:54	2025-07-15 12:25:54	\N	KS	00083
664	PLAYERA TIPO POLO MANGA CORTA	76	f	1	App\\Models\\Almacen\\Almacen	7	\N	2025-07-15 12:25:54	2025-07-15 12:25:54	\N	KS	00084
665	PLAYERA TIPO POLO MANGA CORTA	76	f	1	App\\Models\\Almacen\\Almacen	7	\N	2025-07-15 12:25:54	2025-07-15 12:25:54	\N	KS	00085
666	PLAYERA TIPO POLO MANGA CORTA	76	f	1	App\\Models\\Almacen\\Almacen	7	\N	2025-07-15 12:25:54	2025-07-15 12:25:54	\N	KS	00086
667	PLAYERA TIPO POLO MANGA CORTA	76	f	1	App\\Models\\Almacen\\Almacen	7	\N	2025-07-15 12:25:54	2025-07-15 12:25:54	\N	KS	00087
668	PLAYERA TIPO POLO MANGA CORTA	76	f	1	App\\Models\\Almacen\\Almacen	7	\N	2025-07-15 12:25:54	2025-07-15 12:25:54	\N	KS	00088
669	PLAYERA TIPO POLO MANGA CORTA	76	f	1	App\\Models\\Almacen\\Almacen	7	\N	2025-07-15 12:25:54	2025-07-15 12:25:54	\N	KS	00089
670	PLAYERA TIPO POLO MANGA CORTA	76	f	1	App\\Models\\Almacen\\Almacen	7	\N	2025-07-15 12:25:54	2025-07-15 12:25:54	\N	KS	00090
671	PLAYERA TIPO POLO MANGA CORTA	76	f	1	App\\Models\\Almacen\\Almacen	7	\N	2025-07-15 12:25:54	2025-07-15 12:25:54	\N	KS	00091
672	PLAYERA TIPO POLO MANGA CORTA	76	f	1	App\\Models\\Almacen\\Almacen	7	\N	2025-07-15 12:25:54	2025-07-15 12:25:54	\N	KS	00092
673	PLAYERA TIPO POLO MANGA CORTA	76	f	1	App\\Models\\Almacen\\Almacen	7	\N	2025-07-15 12:25:54	2025-07-15 12:25:54	\N	KS	00093
674	PLAYERA TIPO POLO MANGA CORTA	76	f	1	App\\Models\\Almacen\\Almacen	7	\N	2025-07-15 12:25:54	2025-07-15 12:25:54	\N	KS	00094
675	PLAYERA TIPO POLO MANGA CORTA	76	f	1	App\\Models\\Almacen\\Almacen	7	\N	2025-07-15 12:25:54	2025-07-15 12:25:54	\N	KS	00095
676	PLAYERA TIPO POLO MANGA CORTA	76	f	1	App\\Models\\Almacen\\Almacen	7	\N	2025-07-15 12:25:54	2025-07-15 12:25:54	\N	KS	00096
677	PLAYERA TIPO POLO MANGA CORTA	76	f	1	App\\Models\\Almacen\\Almacen	7	\N	2025-07-15 12:25:54	2025-07-15 12:25:54	\N	KS	00097
678	PLAYERA TIPO POLO MANGA CORTA	76	f	1	App\\Models\\Almacen\\Almacen	7	\N	2025-07-15 12:25:54	2025-07-15 12:25:54	\N	KS	00098
679	PLAYERA TIPO POLO MANGA CORTA	76	f	1	App\\Models\\Almacen\\Almacen	7	\N	2025-07-15 12:25:54	2025-07-15 12:25:54	\N	KS	00099
680	PLAYERA TIPO POLO MANGA CORTA	76	f	1	App\\Models\\Almacen\\Almacen	7	\N	2025-07-15 12:25:54	2025-07-15 12:25:54	\N	KS	00100
681	PLAYERA TIPO POLO MANGA CORTA	76	f	1	App\\Models\\Almacen\\Almacen	7	\N	2025-07-15 12:25:54	2025-07-15 12:25:54	\N	KS	00101
682	PLAYERA TIPO POLO MANGA CORTA	76	f	1	App\\Models\\Almacen\\Almacen	7	\N	2025-07-15 12:25:54	2025-07-15 12:25:54	\N	KS	00102
683	PLAYERA TIPO POLO MANGA CORTA	76	f	1	App\\Models\\Almacen\\Almacen	7	\N	2025-07-15 12:25:54	2025-07-15 12:25:54	\N	KS	00103
684	PLAYERA TIPO POLO MANGA CORTA	76	f	1	App\\Models\\Almacen\\Almacen	7	\N	2025-07-15 12:25:54	2025-07-15 12:25:54	\N	KS	00104
685	PLAYERA TIPO POLO MANGA CORTA	76	f	1	App\\Models\\Almacen\\Almacen	7	\N	2025-07-15 12:25:54	2025-07-15 12:25:54	\N	KS	00105
686	PLAYERA TIPO POLO MANGA CORTA	76	f	1	App\\Models\\Almacen\\Almacen	7	\N	2025-07-15 12:25:54	2025-07-15 12:25:54	\N	KS	00106
687	PLAYERA TIPO POLO MANGA CORTA	76	f	1	App\\Models\\Almacen\\Almacen	7	\N	2025-07-15 12:25:54	2025-07-15 12:25:54	\N	KS	00107
688	PLAYERA TIPO POLO MANGA CORTA	76	f	1	App\\Models\\Almacen\\Almacen	7	\N	2025-07-15 12:25:54	2025-07-15 12:25:54	\N	KS	00108
689	PLAYERA TIPO POLO MANGA CORTA	76	f	1	App\\Models\\Almacen\\Almacen	7	\N	2025-07-15 12:25:54	2025-07-15 12:25:54	\N	KS	00109
690	PLAYERA TIPO POLO MANGA CORTA	76	f	1	App\\Models\\Almacen\\Almacen	7	\N	2025-07-15 12:25:54	2025-07-15 12:25:54	\N	KS	00110
691	PLAYERA TIPO POLO MANGA CORTA	76	f	1	App\\Models\\Almacen\\Almacen	7	\N	2025-07-15 12:25:54	2025-07-15 12:25:54	\N	KS	00111
692	PLAYERA TIPO POLO MANGA CORTA	76	f	1	App\\Models\\Almacen\\Almacen	7	\N	2025-07-15 12:25:54	2025-07-15 12:25:54	\N	KS	00112
693	PLAYERA TIPO POLO MANGA CORTA	76	f	1	App\\Models\\Almacen\\Almacen	7	\N	2025-07-15 12:25:54	2025-07-15 12:25:54	\N	KS	00113
694	PLAYERA TIPO POLO MANGA CORTA	76	f	1	App\\Models\\Almacen\\Almacen	7	\N	2025-07-15 12:25:54	2025-07-15 12:25:54	\N	KS	00114
695	PLAYERA TIPO POLO MANGA CORTA	76	f	1	App\\Models\\Almacen\\Almacen	7	\N	2025-07-15 12:25:54	2025-07-15 12:25:54	\N	KS	00115
696	PLAYERA TIPO POLO MANGA CORTA	76	f	1	App\\Models\\Almacen\\Almacen	7	\N	2025-07-15 12:25:54	2025-07-15 12:25:54	\N	KS	00116
697	PLAYERA TIPO POLO MANGA CORTA	76	f	1	App\\Models\\Almacen\\Almacen	7	\N	2025-07-15 12:25:54	2025-07-15 12:25:54	\N	KS	00117
698	PLAYERA TIPO POLO MANGA CORTA	76	f	1	App\\Models\\Almacen\\Almacen	7	\N	2025-07-15 12:25:54	2025-07-15 12:25:54	\N	KS	00118
699	PLAYERA TIPO POLO MANGA CORTA	76	f	1	App\\Models\\Almacen\\Almacen	7	\N	2025-07-15 12:25:54	2025-07-15 12:25:54	\N	KS	00119
700	PLAYERA TIPO POLO MANGA CORTA	76	f	1	App\\Models\\Almacen\\Almacen	7	\N	2025-07-15 12:25:54	2025-07-15 12:25:54	\N	KS	00120
701	PLAYERA TIPO POLO MANGA CORTA	76	f	1	App\\Models\\Almacen\\Almacen	7	\N	2025-07-15 12:25:54	2025-07-15 12:25:54	\N	KS	00121
702	PLAYERA TIPO POLO MANGA CORTA	76	f	1	App\\Models\\Almacen\\Almacen	7	\N	2025-07-15 12:25:54	2025-07-15 12:25:54	\N	KS	00122
703	PLAYERA TIPO POLO MANGA CORTA	76	f	1	App\\Models\\Almacen\\Almacen	7	\N	2025-07-15 12:25:54	2025-07-15 12:25:54	\N	KS	00123
704	PLAYERA TIPO POLO MANGA CORTA	76	f	1	App\\Models\\Almacen\\Almacen	7	\N	2025-07-15 12:25:54	2025-07-15 12:25:54	\N	KS	00124
705	PLAYERA TIPO POLO MANGA CORTA	76	f	1	App\\Models\\Almacen\\Almacen	7	\N	2025-07-15 12:25:54	2025-07-15 12:25:54	\N	KS	00125
706	PLAYERA TIPO POLO MANGA CORTA	76	f	1	App\\Models\\Almacen\\Almacen	7	\N	2025-07-15 12:25:54	2025-07-15 12:25:54	\N	KS	00126
707	PLAYERA TIPO POLO MANGA CORTA	76	f	1	App\\Models\\Almacen\\Almacen	7	\N	2025-07-15 12:25:54	2025-07-15 12:25:54	\N	KS	00127
708	PLAYERA TIPO POLO MANGA CORTA	76	f	1	App\\Models\\Almacen\\Almacen	7	\N	2025-07-15 12:25:54	2025-07-15 12:25:54	\N	KS	00128
709	PLAYERA TIPO POLO MANGA CORTA	76	f	1	App\\Models\\Almacen\\Almacen	7	\N	2025-07-15 12:25:54	2025-07-15 12:25:54	\N	KS	00129
710	PLAYERA TIPO POLO MANGA CORTA	76	f	1	App\\Models\\Almacen\\Almacen	7	\N	2025-07-15 12:25:54	2025-07-15 12:25:54	\N	KS	00130
711	PLAYERA TIPO POLO MANGA CORTA	76	f	1	App\\Models\\Almacen\\Almacen	7	\N	2025-07-15 12:25:54	2025-07-15 12:25:54	\N	KS	00131
712	PLAYERA TIPO POLO MANGA CORTA	76	f	1	App\\Models\\Almacen\\Almacen	7	\N	2025-07-15 12:25:54	2025-07-15 12:25:54	\N	KS	00132
713	PLAYERA TIPO POLO MANGA CORTA	76	f	1	App\\Models\\Almacen\\Almacen	7	\N	2025-07-15 12:25:54	2025-07-15 12:25:54	\N	KS	00133
714	PLAYERA TIPO POLO MANGA CORTA	76	f	1	App\\Models\\Almacen\\Almacen	7	\N	2025-07-15 12:25:54	2025-07-15 12:25:54	\N	KS	00134
715	PLAYERA TIPO POLO MANGA CORTA	76	f	1	App\\Models\\Almacen\\Almacen	7	\N	2025-07-15 12:25:54	2025-07-15 12:25:54	\N	KS	00135
716	PLAYERA TIPO POLO MANGA CORTA	76	f	1	App\\Models\\Almacen\\Almacen	7	\N	2025-07-15 12:25:54	2025-07-15 12:25:54	\N	KS	00136
717	PLAYERA TIPO POLO MANGA CORTA	76	f	1	App\\Models\\Almacen\\Almacen	7	\N	2025-07-15 12:25:54	2025-07-15 12:25:54	\N	KS	00137
718	PLAYERA TIPO POLO MANGA CORTA	76	f	1	App\\Models\\Almacen\\Almacen	7	\N	2025-07-15 12:25:54	2025-07-15 12:25:54	\N	KS	00138
719	PLAYERA TIPO POLO MANGA CORTA	76	f	1	App\\Models\\Almacen\\Almacen	7	\N	2025-07-15 12:25:54	2025-07-15 12:25:54	\N	KS	00139
720	PLAYERA TIPO POLO MANGA CORTA	76	f	1	App\\Models\\Almacen\\Almacen	7	\N	2025-07-15 12:25:54	2025-07-15 12:25:54	\N	KS	00140
721	PLAYERA TIPO POLO MANGA CORTA	76	f	1	App\\Models\\Almacen\\Almacen	7	\N	2025-07-15 12:25:54	2025-07-15 12:25:54	\N	KS	00141
722	PLAYERA TIPO POLO MANGA CORTA	76	f	1	App\\Models\\Almacen\\Almacen	7	\N	2025-07-15 12:25:54	2025-07-15 12:25:54	\N	KS	00142
723	PLAYERA TIPO POLO MANGA CORTA	76	f	1	App\\Models\\Almacen\\Almacen	7	\N	2025-07-15 12:25:54	2025-07-15 12:25:54	\N	KS	00143
724	PLAYERA TIPO POLO MANGA CORTA	76	f	1	App\\Models\\Almacen\\Almacen	7	\N	2025-07-15 12:25:54	2025-07-15 12:25:54	\N	KS	00144
725	PLAYERA TIPO POLO MANGA CORTA	76	f	1	App\\Models\\Almacen\\Almacen	7	\N	2025-07-15 12:25:54	2025-07-15 12:25:54	\N	KS	00145
726	PLAYERA TIPO POLO MANGA CORTA	76	f	1	App\\Models\\Almacen\\Almacen	7	\N	2025-07-15 12:25:54	2025-07-15 12:25:54	\N	KS	00146
727	PLAYERA TIPO POLO MANGA CORTA	76	f	1	App\\Models\\Almacen\\Almacen	7	\N	2025-07-15 12:25:54	2025-07-15 12:25:54	\N	KS	00147
728	PLAYERA TIPO POLO MANGA CORTA	76	f	1	App\\Models\\Almacen\\Almacen	7	\N	2025-07-15 12:25:54	2025-07-15 12:25:54	\N	KS	00148
729	PLAYERA TIPO POLO MANGA CORTA	76	f	1	App\\Models\\Almacen\\Almacen	7	\N	2025-07-15 12:25:54	2025-07-15 12:25:54	\N	KS	00149
730	PLAYERA TIPO POLO MANGA CORTA	76	f	1	App\\Models\\Almacen\\Almacen	7	\N	2025-07-15 12:25:54	2025-07-15 12:25:54	\N	KS	00150
731	PLAYERA TIPO POLO MANGA CORTA	76	f	1	App\\Models\\Almacen\\Almacen	7	\N	2025-07-15 12:25:54	2025-07-15 12:25:54	\N	KS	00151
732	PLAYERA TIPO POLO MANGA CORTA	76	f	1	App\\Models\\Almacen\\Almacen	7	\N	2025-07-15 12:25:54	2025-07-15 12:25:54	\N	KS	00152
733	PLAYERA TIPO POLO MANGA CORTA	76	f	1	App\\Models\\Almacen\\Almacen	7	\N	2025-07-15 12:25:54	2025-07-15 12:25:54	\N	KS	00153
734	PLAYERA TIPO POLO MANGA CORTA	76	f	1	App\\Models\\Almacen\\Almacen	7	\N	2025-07-15 12:25:54	2025-07-15 12:25:54	\N	KS	00154
735	PLAYERA TIPO POLO MANGA CORTA	76	f	1	App\\Models\\Almacen\\Almacen	7	\N	2025-07-15 12:25:54	2025-07-15 12:25:54	\N	KS	00155
736	PLAYERA TIPO POLO MANGA CORTA	76	f	1	App\\Models\\Almacen\\Almacen	7	\N	2025-07-15 12:25:54	2025-07-15 12:25:54	\N	KS	00156
737	PLAYERA TIPO POLO MANGA CORTA	76	f	1	App\\Models\\Almacen\\Almacen	7	\N	2025-07-15 12:25:54	2025-07-15 12:25:54	\N	KS	00157
738	PLAYERA TIPO POLO MANGA CORTA	76	f	1	App\\Models\\Almacen\\Almacen	7	\N	2025-07-15 12:25:54	2025-07-15 12:25:54	\N	KS	00158
739	PLAYERA TIPO POLO MANGA CORTA	76	f	1	App\\Models\\Almacen\\Almacen	7	\N	2025-07-15 12:25:54	2025-07-15 12:25:54	\N	KS	00159
740	PLAYERA TIPO POLO MANGA CORTA	76	f	1	App\\Models\\Almacen\\Almacen	7	\N	2025-07-15 12:25:54	2025-07-15 12:25:54	\N	KS	00160
741	PLAYERA TIPO POLO MANGA CORTA	76	f	1	App\\Models\\Almacen\\Almacen	7	\N	2025-07-15 12:25:54	2025-07-15 12:25:54	\N	KS	00161
742	PLAYERA TIPO POLO MANGA CORTA	76	f	1	App\\Models\\Almacen\\Almacen	7	\N	2025-07-15 12:25:54	2025-07-15 12:25:54	\N	KS	00162
743	PLAYERA TIPO POLO MANGA CORTA	76	f	1	App\\Models\\Almacen\\Almacen	7	\N	2025-07-15 12:25:54	2025-07-15 12:25:54	\N	KS	00163
744	PLAYERA TIPO POLO MANGA CORTA	76	f	1	App\\Models\\Almacen\\Almacen	7	\N	2025-07-15 12:25:54	2025-07-15 12:25:54	\N	KS	00164
745	PLAYERA TIPO POLO MANGA CORTA	76	f	1	App\\Models\\Almacen\\Almacen	7	\N	2025-07-15 12:25:54	2025-07-15 12:25:54	\N	KS	00165
746	PLAYERA TIPO POLO MANGA CORTA	76	f	1	App\\Models\\Almacen\\Almacen	7	\N	2025-07-15 12:25:54	2025-07-15 12:25:54	\N	KS	00166
747	PLAYERA TIPO POLO MANGA CORTA	76	f	1	App\\Models\\Almacen\\Almacen	7	\N	2025-07-15 12:25:54	2025-07-15 12:25:54	\N	KS	00167
748	PLAYERA TIPO POLO MANGA CORTA	76	f	1	App\\Models\\Almacen\\Almacen	7	\N	2025-07-15 12:25:54	2025-07-15 12:25:54	\N	KS	00168
749	PLAYERA TIPO POLO MANGA CORTA	76	f	1	App\\Models\\Almacen\\Almacen	7	\N	2025-07-15 12:25:54	2025-07-15 12:25:54	\N	KS	00169
750	PLAYERA TIPO POLO MANGA CORTA	76	f	1	App\\Models\\Almacen\\Almacen	7	\N	2025-07-15 12:25:54	2025-07-15 12:25:54	\N	KS	00170
751	PLAYERA TIPO POLO MANGA CORTA	76	f	1	App\\Models\\Almacen\\Almacen	7	\N	2025-07-15 12:25:54	2025-07-15 12:25:54	\N	KS	00171
752	PLAYERA TIPO POLO MANGA CORTA	76	f	1	App\\Models\\Almacen\\Almacen	7	\N	2025-07-15 12:25:54	2025-07-15 12:25:54	\N	KS	00172
753	PLAYERA TIPO POLO MANGA CORTA	76	f	1	App\\Models\\Almacen\\Almacen	7	\N	2025-07-15 12:25:54	2025-07-15 12:25:54	\N	KS	00173
754	PLAYERA TIPO POLO MANGA CORTA	76	f	1	App\\Models\\Almacen\\Almacen	7	\N	2025-07-15 12:25:54	2025-07-15 12:25:54	\N	KS	00174
755	PLAYERA TIPO POLO MANGA CORTA	76	f	1	App\\Models\\Almacen\\Almacen	7	\N	2025-07-15 12:25:54	2025-07-15 12:25:54	\N	KS	00175
756	PLAYERA TIPO POLO MANGA CORTA	76	f	1	App\\Models\\Almacen\\Almacen	7	\N	2025-07-15 12:25:54	2025-07-15 12:25:54	\N	KS	00176
757	PLAYERA TIPO POLO MANGA CORTA	76	f	1	App\\Models\\Almacen\\Almacen	7	\N	2025-07-15 12:25:54	2025-07-15 12:25:54	\N	KS	00177
758	PLAYERA TIPO POLO MANGA CORTA	76	f	1	App\\Models\\Almacen\\Almacen	7	\N	2025-07-15 12:25:54	2025-07-15 12:25:54	\N	KS	00178
759	PLAYERA TIPO POLO MANGA CORTA	76	f	1	App\\Models\\Almacen\\Almacen	7	\N	2025-07-15 12:25:54	2025-07-15 12:25:54	\N	KS	00179
760	PLAYERA TIPO POLO MANGA CORTA	76	f	1	App\\Models\\Almacen\\Almacen	7	\N	2025-07-15 12:25:54	2025-07-15 12:25:54	\N	KS	00180
761	PLAYERA TIPO POLO MANGA CORTA	76	f	1	App\\Models\\Almacen\\Almacen	7	\N	2025-07-15 12:25:54	2025-07-15 12:25:54	\N	KS	00181
762	PLAYERA TIPO POLO MANGA CORTA	76	f	1	App\\Models\\Almacen\\Almacen	7	\N	2025-07-15 12:25:54	2025-07-15 12:25:54	\N	KS	00182
763	PLAYERA TIPO POLO MANGA CORTA	76	f	1	App\\Models\\Almacen\\Almacen	7	\N	2025-07-15 12:25:54	2025-07-15 12:25:54	\N	KS	00183
764	PLAYERA TIPO POLO MANGA CORTA	76	f	1	App\\Models\\Almacen\\Almacen	7	\N	2025-07-15 12:25:54	2025-07-15 12:25:54	\N	KS	00184
765	PLAYERA TIPO POLO MANGA CORTA	76	f	1	App\\Models\\Almacen\\Almacen	7	\N	2025-07-15 12:25:54	2025-07-15 12:25:54	\N	KS	00185
766	PLAYERA TIPO POLO MANGA CORTA	76	f	1	App\\Models\\Almacen\\Almacen	7	\N	2025-07-15 12:25:54	2025-07-15 12:25:54	\N	KS	00186
767	PLAYERA TIPO POLO MANGA CORTA	76	f	1	App\\Models\\Almacen\\Almacen	7	\N	2025-07-15 12:25:54	2025-07-15 12:25:54	\N	KS	00187
768	PLAYERA TIPO POLO MANGA CORTA	76	f	1	App\\Models\\Almacen\\Almacen	7	\N	2025-07-15 12:25:54	2025-07-15 12:25:54	\N	KS	00188
769	PLAYERA TIPO POLO MANGA CORTA	76	f	1	App\\Models\\Almacen\\Almacen	7	\N	2025-07-15 12:25:54	2025-07-15 12:25:54	\N	KS	00189
770	PLAYERA TIPO POLO MANGA CORTA	76	f	1	App\\Models\\Almacen\\Almacen	7	\N	2025-07-15 12:25:54	2025-07-15 12:25:54	\N	KS	00190
771	PLAYERA TIPO POLO MANGA CORTA	76	f	1	App\\Models\\Almacen\\Almacen	7	\N	2025-07-15 12:25:54	2025-07-15 12:25:54	\N	KS	00191
772	PLAYERA TIPO POLO MANGA CORTA	76	f	1	App\\Models\\Almacen\\Almacen	7	\N	2025-07-15 12:25:54	2025-07-15 12:25:54	\N	KS	00192
773	PLAYERA TIPO POLO MANGA CORTA	76	f	1	App\\Models\\Almacen\\Almacen	7	\N	2025-07-15 12:25:54	2025-07-15 12:25:54	\N	KS	00193
774	PLAYERA TIPO POLO MANGA CORTA	76	f	1	App\\Models\\Almacen\\Almacen	7	\N	2025-07-15 12:25:54	2025-07-15 12:25:54	\N	KS	00194
775	PLAYERA TIPO POLO MANGA CORTA	76	f	1	App\\Models\\Almacen\\Almacen	7	\N	2025-07-15 12:25:54	2025-07-15 12:25:54	\N	KS	00195
776	PLAYERA TIPO POLO MANGA CORTA	76	f	1	App\\Models\\Almacen\\Almacen	7	\N	2025-07-15 12:25:54	2025-07-15 12:25:54	\N	KS	00196
777	PLAYERA TIPO POLO MANGA CORTA	76	f	1	App\\Models\\Almacen\\Almacen	7	\N	2025-07-15 12:25:54	2025-07-15 12:25:54	\N	KS	00197
778	PLAYERA TIPO POLO MANGA CORTA	76	f	1	App\\Models\\Almacen\\Almacen	7	\N	2025-07-15 12:25:54	2025-07-15 12:25:54	\N	KS	00198
779	PLAYERA TIPO POLO MANGA CORTA	76	f	1	App\\Models\\Almacen\\Almacen	7	\N	2025-07-15 12:25:54	2025-07-15 12:25:54	\N	KS	00199
780	PLAYERA TIPO POLO MANGA CORTA	76	f	1	App\\Models\\Almacen\\Almacen	7	\N	2025-07-15 12:25:54	2025-07-15 12:25:54	\N	KS	00200
781	PLAYERA TIPO POLO MANGA CORTA	76	f	1	App\\Models\\Almacen\\Almacen	7	\N	2025-07-15 12:25:54	2025-07-15 12:25:54	\N	KS	00201
782	PLAYERA TIPO POLO MANGA CORTA	76	f	1	App\\Models\\Almacen\\Almacen	7	\N	2025-07-15 12:25:54	2025-07-15 12:25:54	\N	KS	00202
783	PLAYERA TIPO POLO MANGA CORTA	76	f	1	App\\Models\\Almacen\\Almacen	7	\N	2025-07-15 12:25:54	2025-07-15 12:25:54	\N	KS	00203
784	PLAYERA TIPO POLO MANGA CORTA	76	f	1	App\\Models\\Almacen\\Almacen	7	\N	2025-07-15 12:25:54	2025-07-15 12:25:54	\N	KS	00204
785	PLAYERA TIPO POLO MANGA CORTA	76	f	1	App\\Models\\Almacen\\Almacen	7	\N	2025-07-15 12:25:54	2025-07-15 12:25:54	\N	KS	00205
786	PLAYERA TIPO POLO MANGA CORTA	76	f	1	App\\Models\\Almacen\\Almacen	7	\N	2025-07-15 12:25:54	2025-07-15 12:25:54	\N	KS	00206
787	PLAYERA TIPO POLO MANGA CORTA	76	f	1	App\\Models\\Almacen\\Almacen	7	\N	2025-07-15 12:25:54	2025-07-15 12:25:54	\N	KS	00207
788	PLAYERA TIPO POLO MANGA CORTA	76	f	1	App\\Models\\Almacen\\Almacen	7	\N	2025-07-15 12:25:54	2025-07-15 12:25:54	\N	KS	00208
789	PLAYERA TIPO POLO MANGA CORTA	76	f	1	App\\Models\\Almacen\\Almacen	7	\N	2025-07-15 12:25:54	2025-07-15 12:25:54	\N	KS	00209
790	PLAYERA TIPO POLO MANGA CORTA	76	f	1	App\\Models\\Almacen\\Almacen	7	\N	2025-07-15 12:25:54	2025-07-15 12:25:54	\N	KS	00210
791	PLAYERA TIPO POLO MANGA CORTA	76	f	1	App\\Models\\Almacen\\Almacen	7	\N	2025-07-15 12:25:54	2025-07-15 12:25:54	\N	KS	00211
792	PLAYERA TIPO POLO MANGA CORTA	76	f	1	App\\Models\\Almacen\\Almacen	7	\N	2025-07-15 12:25:54	2025-07-15 12:25:54	\N	KS	00212
793	PLAYERA TIPO POLO MANGA CORTA	76	f	1	App\\Models\\Almacen\\Almacen	7	\N	2025-07-15 12:25:54	2025-07-15 12:25:54	\N	KS	00213
794	PLAYERA TIPO POLO MANGA CORTA	76	f	1	App\\Models\\Almacen\\Almacen	7	\N	2025-07-15 12:25:54	2025-07-15 12:25:54	\N	KS	00214
795	PLAYERA TIPO POLO MANGA CORTA	76	f	1	App\\Models\\Almacen\\Almacen	7	\N	2025-07-15 12:25:54	2025-07-15 12:25:54	\N	KS	00215
796	PLAYERA TIPO POLO MANGA CORTA	76	f	1	App\\Models\\Almacen\\Almacen	7	\N	2025-07-15 12:25:54	2025-07-15 12:25:54	\N	KS	00216
797	PLAYERA TIPO POLO MANGA CORTA	76	f	1	App\\Models\\Almacen\\Almacen	7	\N	2025-07-15 12:25:54	2025-07-15 12:25:54	\N	KS	00217
798	PLAYERA TIPO POLO MANGA CORTA	76	f	1	App\\Models\\Almacen\\Almacen	7	\N	2025-07-15 12:25:54	2025-07-15 12:25:54	\N	KS	00218
799	PLAYERA TIPO POLO MANGA CORTA	76	f	1	App\\Models\\Almacen\\Almacen	7	\N	2025-07-15 12:25:54	2025-07-15 12:25:54	\N	KS	00219
800	PLAYERA TIPO POLO MANGA CORTA	76	f	1	App\\Models\\Almacen\\Almacen	7	\N	2025-07-15 12:25:54	2025-07-15 12:25:54	\N	KS	00220
801	PLAYERA TIPO POLO MANGA CORTA	76	f	1	App\\Models\\Almacen\\Almacen	7	\N	2025-07-15 12:25:54	2025-07-15 12:25:54	\N	KS	00221
802	PLAYERA TIPO POLO MANGA CORTA	76	f	1	App\\Models\\Almacen\\Almacen	7	\N	2025-07-15 12:25:54	2025-07-15 12:25:54	\N	KS	00222
803	PLAYERA TIPO POLO MANGA CORTA	76	f	1	App\\Models\\Almacen\\Almacen	7	\N	2025-07-15 12:25:54	2025-07-15 12:25:54	\N	KS	00223
804	PLAYERA TIPO POLO MANGA CORTA	76	f	1	App\\Models\\Almacen\\Almacen	7	\N	2025-07-15 12:25:54	2025-07-15 12:25:54	\N	KS	00224
805	PLAYERA TIPO POLO MANGA CORTA	76	f	1	App\\Models\\Almacen\\Almacen	7	\N	2025-07-15 12:25:54	2025-07-15 12:25:54	\N	KS	00225
806	PLAYERA TIPO POLO MANGA CORTA	76	f	1	App\\Models\\Almacen\\Almacen	7	\N	2025-07-15 12:25:54	2025-07-15 12:25:54	\N	KS	00226
807	PLAYERA TIPO POLO MANGA CORTA	76	f	1	App\\Models\\Almacen\\Almacen	7	\N	2025-07-15 12:25:54	2025-07-15 12:25:54	\N	KS	00227
808	PLAYERA TIPO POLO MANGA CORTA	76	f	1	App\\Models\\Almacen\\Almacen	7	\N	2025-07-15 12:25:54	2025-07-15 12:25:54	\N	KS	00228
809	PLAYERA TIPO POLO MANGA CORTA	76	f	1	App\\Models\\Almacen\\Almacen	7	\N	2025-07-15 12:25:54	2025-07-15 12:25:54	\N	KS	00229
810	PLAYERA TIPO POLO MANGA CORTA	76	f	1	App\\Models\\Almacen\\Almacen	7	\N	2025-07-15 12:25:54	2025-07-15 12:25:54	\N	KS	00230
811	PLAYERA TIPO POLO MANGA CORTA	76	f	1	App\\Models\\Almacen\\Almacen	7	\N	2025-07-15 12:25:54	2025-07-15 12:25:54	\N	KS	00231
812	PLAYERA TIPO POLO MANGA CORTA	76	f	1	App\\Models\\Almacen\\Almacen	7	\N	2025-07-15 12:25:54	2025-07-15 12:25:54	\N	KS	00232
813	PLAYERA TIPO POLO MANGA CORTA	76	f	1	App\\Models\\Almacen\\Almacen	7	\N	2025-07-15 12:25:54	2025-07-15 12:25:54	\N	KS	00233
814	PLAYERA TIPO POLO MANGA CORTA	76	f	1	App\\Models\\Almacen\\Almacen	7	\N	2025-07-15 12:25:54	2025-07-15 12:25:54	\N	KS	00234
815	PLAYERA TIPO POLO MANGA CORTA	76	f	1	App\\Models\\Almacen\\Almacen	7	\N	2025-07-15 12:25:54	2025-07-15 12:25:54	\N	KS	00235
816	PLAYERA TIPO POLO MANGA CORTA	76	f	1	App\\Models\\Almacen\\Almacen	7	\N	2025-07-15 12:25:54	2025-07-15 12:25:54	\N	KS	00236
817	PLAYERA TIPO POLO MANGA CORTA	76	f	1	App\\Models\\Almacen\\Almacen	7	\N	2025-07-15 12:25:54	2025-07-15 12:25:54	\N	KS	00237
818	PLAYERA TIPO POLO MANGA CORTA	76	f	1	App\\Models\\Almacen\\Almacen	7	\N	2025-07-15 12:25:54	2025-07-15 12:25:54	\N	KS	00238
819	PLAYERA TIPO POLO MANGA CORTA	76	f	1	App\\Models\\Almacen\\Almacen	7	\N	2025-07-15 12:25:54	2025-07-15 12:25:54	\N	KS	00239
820	PLAYERA TIPO POLO MANGA CORTA	76	f	1	App\\Models\\Almacen\\Almacen	7	\N	2025-07-15 12:25:54	2025-07-15 12:25:54	\N	KS	00240
821	PLAYERA TIPO POLO MANGA CORTA	76	f	1	App\\Models\\Almacen\\Almacen	7	\N	2025-07-15 12:25:54	2025-07-15 12:25:54	\N	KS	00241
822	PLAYERA TIPO POLO MANGA CORTA	76	f	1	App\\Models\\Almacen\\Almacen	7	\N	2025-07-15 12:25:54	2025-07-15 12:25:54	\N	KS	00242
823	PLAYERA TIPO POLO MANGA CORTA	76	f	1	App\\Models\\Almacen\\Almacen	7	\N	2025-07-15 12:25:54	2025-07-15 12:25:54	\N	KS	00243
824	PLAYERA TIPO POLO MANGA CORTA	76	f	1	App\\Models\\Almacen\\Almacen	7	\N	2025-07-15 12:25:54	2025-07-15 12:25:54	\N	KS	00244
825	PLAYERA TIPO POLO MANGA CORTA	76	f	1	App\\Models\\Almacen\\Almacen	7	\N	2025-07-15 12:25:54	2025-07-15 12:25:54	\N	KS	00245
826	PLAYERA TIPO POLO MANGA CORTA	76	f	1	App\\Models\\Almacen\\Almacen	7	\N	2025-07-15 12:25:54	2025-07-15 12:25:54	\N	KS	00246
827	PLAYERA TIPO POLO MANGA CORTA	76	f	1	App\\Models\\Almacen\\Almacen	7	\N	2025-07-15 12:25:54	2025-07-15 12:25:54	\N	KS	00247
828	PLAYERA TIPO POLO MANGA CORTA	76	f	1	App\\Models\\Almacen\\Almacen	7	\N	2025-07-15 12:25:54	2025-07-15 12:25:54	\N	KS	00248
829	PLAYERA TIPO POLO MANGA CORTA	76	f	1	App\\Models\\Almacen\\Almacen	7	\N	2025-07-15 12:25:54	2025-07-15 12:25:54	\N	KS	00249
830	PLAYERA TIPO POLO MANGA CORTA	76	f	1	App\\Models\\Almacen\\Almacen	7	\N	2025-07-15 12:25:54	2025-07-15 12:25:54	\N	KS	00250
575	PLAYERA TIPO POLO MANGA CORTA	76	f	1	App\\Models\\Almacen\\Almacen	7	\N	2025-07-05 12:48:01	2025-07-15 12:25:54	\N	KS	00001
\.


--
-- Data for Name: alm_request_orders; Type: TABLE DATA; Schema: public; Owner: alfabravo_user
--

COPY public.alm_request_orders (id, employee_id, created_at, updated_at, identificador, user_id, status, date_in, almacen_id) FROM stdin;
\.


--
-- Data for Name: almacens; Type: TABLE DATA; Schema: public; Owner: alfabravo_user
--

COPY public.almacens (id, name, code, location, created_at, updated_at) FROM stdin;
\.


--
-- Data for Name: app_module; Type: TABLE DATA; Schema: public; Owner: alfabravo_user
--

COPY public.app_module (id, title, description, is_enabled, "position", icon, created_at, updated_at, deleted_at, belong_to_core) FROM stdin;
\.


--
-- Data for Name: area; Type: TABLE DATA; Schema: public; Owner: alfabravo_user
--

COPY public.area (id, parent_id, name, description, created_at, updated_at, deleted_at, level) FROM stdin;
13	2	GERENCIA DE LOGÍSTICA	La gerencia de logística es la responsable de planificar, coordinar y monitorear las operaciones logísticas las empresas de grupo INFOS, tales como los procesos de control vehicular, inventario de vehículos, transporte y cadena de suministro para cubrir necesidades del cliente.\r\nSupervisión de estado de los vehículos controlando al personal de apoyo.\r\nAdministrar el inventario vehicular, así como el control de mantenimiento preventivo y correctivo siendo su objetivo primario controlar la flotilla de autos de forma óptima.\r\nDesarrollar nuevas estrategias para optimizar los procesos y reducir los costes\r\nGarantizar la calidad, la cantidad, la satisfacción del cliente y el cumplimiento de los compromisos financieros\r\nRealizar informes de métricas y tareas de análisis de datos para identificar problemas y oportunidades de mejora de procesos\r\nAsociarse y comunicarse con fabricantes, proveedores y clientes\r\nGestionar y desarrollar personal de logística\r\nCrear y gestionar presupuestos	2024-02-29 14:51:33	2024-02-29 14:51:33	\N	3
14	2	GERENCIA DE INTRAMUROS	\N	2024-02-29 14:58:03	2024-02-29 14:58:03	\N	3
16	\N	GERENCIA PATRIMONIAL	\N	2024-03-01 13:01:57	2024-03-01 13:01:57	\N	1
17	\N	CENTRO DE COORDINACION DE OPERACIONES CECO	\N	2024-03-01 13:02:19	2024-03-01 13:02:19	\N	1
18	\N	GERENCIA DE RRHH	\N	2024-03-01 13:04:18	2024-03-01 13:04:18	\N	1
19	\N	GERENCIA COMERCIAL	\N	2024-03-01 13:04:58	2024-03-01 13:04:58	\N	1
20	\N	GERENCIA DE PARQUE VEHICULAR	\N	2024-03-01 13:05:25	2024-03-01 13:05:25	\N	1
21	\N	GERENCIA DE TI	\N	2024-03-01 13:06:36	2024-03-01 13:06:36	\N	1
22	\N	GERENCIA DE ADQUISICIONES	\N	2024-03-01 13:07:11	2024-03-01 13:07:11	\N	1
23	\N	GERENCIA LEGAL	\N	2024-03-01 13:10:20	2024-03-01 13:10:20	\N	1
24	\N	GERENCIA DE CONTABILIDAD	\N	2024-03-01 13:10:39	2024-03-01 13:10:39	\N	1
25	\N	GERENCIA DE ALMACÉN	\N	2024-03-01 13:10:56	2024-03-01 13:10:56	\N	1
26	\N	GERENCIA DE ESCOLTAS	\N	2024-03-01 13:12:21	2024-03-01 13:12:21	\N	1
27	\N	COORDINACIÓN MARCOM	\N	2024-03-01 13:14:12	2024-03-01 13:14:12	\N	1
1	\N	DIRECCIÓN GENERAL	\N	2022-02-14 12:35:44	2024-03-01 13:15:08	\N	1
15	1	COORDINACIÓN DE GESTIÓN DE CALIDAD	\N	2024-03-01 09:46:32	2024-03-01 13:15:52	\N	2
29	\N	COORDINACIÓN DE CAPACITACIÓN	\N	2024-03-01 13:16:28	2024-03-01 13:16:28	\N	1
30	\N	GERENCIA ADMINISTRACIÓN	\N	2024-03-01 13:19:45	2024-03-01 13:19:45	\N	1
31	\N	GERENCIA CUSTODIAS	\N	2024-03-01 13:20:03	2024-03-01 13:20:03	\N	1
28	\N	COORDINACIÓN FINANZAS	\N	2024-03-01 13:15:25	2024-03-01 13:47:06	\N	1
32	\N	DIRECCIÓN GENERAL	\N	2024-03-02 13:43:50	2024-03-02 13:43:50	\N	1
33	\N	DIRECCIÓN OPERACIONES	\N	2024-03-06 12:52:43	2024-03-06 12:52:43	\N	1
2	1	DIRECCION DE OPERACIONES	\N	2022-02-14 12:36:06	2022-02-14 12:37:34	2024-04-08 09:00:00	2
3	1	TESORERIA	\N	2022-02-14 12:38:04	2022-02-14 12:38:04	2024-04-08 09:00:00	2
4	1	INGENIERIA	\N	2022-02-16 21:34:02	2022-02-16 21:34:02	2024-04-08 09:00:00	2
5	4	MONITOREO	\N	2022-02-16 21:34:23	2022-02-16 21:34:23	2024-04-08 09:00:00	3
6	1	DIRECCIÓN RRHH	\N	2022-02-16 21:34:54	2022-02-16 21:34:54	2024-04-08 09:00:00	2
7	6	COORDINADOR RRHH	\N	2022-02-16 21:35:11	2022-02-16 21:35:11	2024-04-08 09:00:00	3
8	7	RECLUTAMIENTO	\N	2022-02-16 21:35:34	2022-02-16 21:35:34	2024-04-08 09:00:00	4
9	6	CAPACITACIÓN	\N	2022-02-16 21:38:16	2022-02-16 21:38:16	2024-04-08 09:00:00	3
10	2	PATRIMONIAL	\N	2023-05-12 09:08:32	2023-05-12 09:08:32	2024-04-08 09:00:00	3
11	2	CUSTODIAS	\N	2023-05-12 09:08:55	2023-05-12 09:08:55	2024-04-08 09:00:00	3
12	2	ESCOLTAS	\N	2023-05-12 09:09:08	2023-05-12 09:09:08	2024-04-08 09:00:00	3
34	\N	CENTRO DE MONITOREO	CENTRO DE MONITOREO DE SERVICIOS	2025-06-02 17:09:16	2025-06-02 17:09:16	\N	1
\.


--
-- Data for Name: bank; Type: TABLE DATA; Schema: public; Owner: alfabravo_user
--

COPY public.bank (id, name, description, created_at, updated_at, deleted_at) FROM stdin;
1	HCBC	\N	2021-01-08 10:09:37	\N	\N
2	BANCOMER	\N	2021-01-08 10:09:50	2021-01-11 14:49:00	\N
6	BANJERCITO	\N	2021-01-11 14:49:28	2021-01-11 14:49:28	\N
7	ABC Capital	\N	2021-01-11 18:56:18	2021-01-11 18:56:18	\N
8	Accendo Banco	\N	2021-01-11 18:56:32	2021-01-11 18:56:32	\N
9	American Express Bank (México)	\N	2021-01-11 18:56:42	2021-01-11 18:56:42	\N
10	Banca Afirme	\N	2021-01-11 18:56:51	2021-01-11 18:56:51	\N
11	Banca Mifel	\N	2021-01-11 18:57:00	2021-01-11 18:57:00	\N
12	Banco Actinver	\N	2021-01-11 18:57:10	2021-01-11 18:57:10	\N
13	Banco Autofin México	\N	2021-01-11 18:57:20	2021-01-11 18:57:20	\N
15	Banco Bancrea	\N	2021-01-11 18:57:42	2021-01-11 18:57:42	\N
16	Banco Base	\N	2021-01-11 18:57:49	2021-01-11 18:57:49	\N
17	Banco Compartamos	\N	2021-01-11 18:57:55	2021-01-11 18:57:55	\N
18	Banco Credit Suisse (México)	\N	2021-01-11 18:58:03	2021-01-11 18:58:03	\N
19	Banco de Inversión Afirme	\N	2021-01-11 18:58:14	2021-01-11 18:58:14	\N
20	Banco del Bajío	\N	2021-01-11 18:58:23	2021-01-11 18:58:23	\N
21	Banco Finterra	\N	2021-01-11 18:58:34	2021-01-11 18:58:34	\N
22	Banco Forjadores	\N	2021-01-11 18:58:42	2021-01-11 18:58:42	\N
23	Banco Inbursa	\N	2021-01-11 18:58:50	2021-01-11 18:58:50	\N
24	Banco Inmobiliario Mexicano	\N	2021-01-11 18:58:59	2021-01-11 18:58:59	\N
25	Banco Invex	\N	2021-01-11 18:59:06	2021-01-11 18:59:06	\N
26	Banco JP Morgan	\N	2021-01-11 18:59:52	2021-01-11 18:59:52	\N
27	Banco KEB Hana México	\N	2021-01-11 19:00:02	2021-01-11 19:00:02	\N
28	Banco Monex	\N	2021-01-11 19:00:12	2021-01-11 19:00:12	\N
29	Banco Multiva	\N	2021-01-11 19:00:19	2021-01-11 19:00:19	\N
30	Banco PagaTodo	\N	2021-01-11 19:00:27	2021-01-11 19:00:27	\N
31	Banco Regional de Monterrey	\N	2021-01-11 19:00:35	2021-01-11 19:00:35	\N
32	Banco S3 Caceis México	\N	2021-01-11 19:00:44	2021-01-11 19:00:44	\N
33	Banco Sabadell	\N	2021-01-11 19:00:53	2021-01-11 19:00:53	\N
35	Banco Shinhan de México	\N	2021-01-11 19:01:13	2021-01-11 19:01:13	\N
36	Banco Ve por Más	\N	2021-01-11 19:01:21	2021-01-11 19:01:21	\N
37	BanCoppel	\N	2021-01-11 19:01:30	2021-01-11 19:01:30	\N
38	Bank of America Mexico	\N	2021-01-11 19:01:38	2021-01-11 19:01:38	\N
39	Bank of China Mexico	\N	2021-01-11 19:01:45	2021-01-11 19:01:45	\N
40	Bankaool	\N	2021-01-11 19:01:54	2021-01-11 19:01:54	\N
41	Banorte	\N	2021-01-11 19:02:02	2021-01-11 19:02:02	\N
42	Bansí	\N	2021-01-11 19:02:10	2021-01-11 19:02:10	\N
43	Barclays Bank México	\N	2021-01-11 19:02:17	2021-01-11 19:02:17	\N
44	BBVA	\N	2021-01-11 19:02:26	2021-01-11 19:02:26	\N
45	Citibanamex	\N	2021-01-11 19:02:32	2021-01-11 19:02:32	\N
46	CIBanco	\N	2021-01-11 19:02:44	2021-01-11 19:02:44	\N
47	Consubanco	\N	2021-01-11 19:02:54	2021-01-11 19:02:54	\N
48	Deutsche Bank México	\N	2021-01-11 19:03:03	2021-01-11 19:03:03	\N
49	Fundación Dondé Banco	\N	2021-01-11 19:03:12	2021-01-11 19:03:12	\N
50	HSBC México	\N	2021-01-11 19:03:20	2021-01-11 19:03:20	\N
51	Industrial and Commercial Bank of China	\N	2021-01-11 19:03:29	2021-01-11 19:03:29	\N
52	Intercam Banco	\N	2021-01-11 19:03:37	2021-01-11 19:03:37	\N
53	Mizuho Bank	\N	2021-01-11 19:03:45	2021-01-11 19:03:45	\N
54	MUFG Bank Mexico	\N	2021-01-11 19:03:53	2021-01-11 19:03:53	\N
55	Scotiabank	\N	2021-01-11 19:04:02	2021-01-11 19:04:02	\N
57	EFECTIVO	\N	2021-01-23 16:11:15	2021-01-23 16:11:15	\N
58		\N	2021-01-23 16:11:15	2021-01-23 16:11:15	\N
60	BANBAJIO	\N	2021-05-13 14:59:26	2021-05-13 14:59:26	\N
61	BANREGIO	\N	2022-11-04 20:14:03	2022-11-04 20:14:03	\N
4	SANTANDER	\N	2021-01-11 14:49:05	2024-01-25 21:25:29	\N
5	BANCO AZTECA	\N	2021-01-11 14:49:13	2024-01-25 21:16:53	\N
14	Banco Azteca	\N	2021-01-11 18:57:29	2024-01-25 21:17:19	\N
34	Banco Santander	\N	2021-01-11 19:01:03	2024-01-25 21:24:36	\N
56	BANAMEX	\N	2021-01-23 16:07:32	2024-01-25 21:16:34	\N
\.


--
-- Data for Name: base; Type: TABLE DATA; Schema: public; Owner: alfabravo_user
--

COPY public.base (id, name, description, created_at, updated_at, address, city_id, cp, telephone, movil, email, deleted_at, responsable, notes) FROM stdin;
2	GUADALAJARA	\N	2021-03-18 13:32:27	2021-03-18 13:32:27		\N		\N	\N		\N	\N	\N
3	SALTILLO	\N	2021-03-18 13:32:33	2021-03-18 13:32:33		\N		\N	\N		\N	\N	\N
4	VERACRUZ	\N	2021-03-18 13:32:39	2021-03-18 13:32:39		\N		\N	\N		\N	\N	\N
6	DIR. OPERATIVA	\N	2021-03-18 13:32:55	2021-03-18 13:32:55		\N		\N	\N		\N	\N	\N
7	DIR. COMERCIAL1	\N	2021-03-18 13:33:01	2021-03-18 13:33:01		\N		\N	\N		\N	\N	\N
10	SERVICIO CDMX	\N	2021-03-23 14:01:34	2021-03-23 14:01:34		\N		\N	\N		\N	\N	\N
12	TIJUANA	\N	2021-11-10 10:03:02	2021-11-10 10:03:02		508		\N	\N		\N	\N	\N
9	BASE MORELIA	\N	2021-03-23 14:00:54	2021-11-10 10:04:06		1121		\N	\N		\N	\N	\N
11	BASE MAIZ	\N	2021-11-02 17:48:40	2021-11-10 10:04:20		\N		\N	\N		\N	\N	\N
1	SAGITARIO 72	\N	2020-12-21 12:20:51	2023-03-09 11:14:24		\N		\N	\N		\N		\N
14	SAGITARIO 69	\N	2023-03-09 11:15:33	2023-03-09 11:15:33	SAGITARIO 69 COL. PRADO CHURUBUSCO	4	04230	\N	\N		\N	RIGOBERTO HERNANDEZ ALBARRAN	\N
15	CHIHUAHUA	\N	2023-04-20 12:05:09	2023-04-20 12:05:09		\N		\N	\N		\N		\N
16	SERVICIOS FIJOS	\N	2023-04-20 15:32:16	2023-04-20 15:32:16		\N		\N	\N		\N		\N
5	DIR. GENERAL	\N	2021-03-18 13:32:48	2024-01-25 21:39:40		\N		\N	\N		\N	\N	\N
13	MONTERREY	\N	2021-12-09 12:31:23	2024-01-25 21:38:48		\N		\N	\N		\N		Servicio True
\.


--
-- Data for Name: bonus; Type: TABLE DATA; Schema: public; Owner: alfabravo_user
--

COPY public.bonus (id, name, description, created_at, updated_at, deleted_at, to_client, percent, invalidator) FROM stdin;
2	Presentación	\N	2021-01-25 14:13:30	2021-03-26 23:06:01	\N	t	f	\N
5	Extraordinario	\N	2021-01-25 14:14:23	2021-04-05 11:36:23	\N	t	t	\N
11	Prima Vacacional	\N	2021-04-13 21:40:38	2021-04-13 21:42:38	\N	f	f	\N
12	Gastos de Ruta	\N	2021-04-13 21:43:10	2021-04-13 21:43:10	\N	f	f	\N
13	Bono Turnos Dobles	\N	2021-04-13 21:57:12	2021-04-13 21:57:12	\N	f	f	\N
14	Turno Extra	\N	2021-04-13 22:03:20	2021-04-13 22:03:20	\N	f	f	\N
15	Reembolso de Gastos	\N	2021-04-13 22:13:29	2021-04-13 22:13:29	\N	f	f	\N
9	Home office	\N	2021-03-26 23:11:50	2021-04-13 22:18:53	\N	f	f	\N
16	Viáticos	\N	2021-04-13 22:20:23	2021-04-13 22:20:23	\N	f	f	\N
17	Reembolso de Transporte	\N	2021-04-13 22:24:31	2021-04-13 22:24:31	\N	f	f	\N
18	Coordinación	\N	2021-04-13 23:36:01	2021-04-13 23:36:16	\N	f	f	\N
1	ASISTENCIA	\N	2021-01-25 11:13:47	2021-04-28 13:51:14	\N	t	t	invalidator_assistances_total
6	COMIDA	\N	2021-01-25 14:22:40	2021-04-28 13:52:06	\N	t	f	invalidator_assistances_day
4	PUNTUALIDAD	\N	2021-01-25 14:13:58	2021-04-28 13:53:01	\N	t	f	invalidator_assistances_total
3	TRANSPORTE	\N	2021-01-25 14:13:42	2021-04-28 13:53:58	\N	t	f	invalidator_assistances_day
20	Apoyo Servicio	\N	2021-04-29 20:34:16	2021-04-29 20:34:16	\N	f	f	\N
21	PRIMA VACACIONAL	\N	2021-05-13 16:06:03	2021-05-13 16:06:03	\N	f	f	\N
22	Reintegro Quincena	Reintegro diferencia Nomina	2021-06-29 14:48:19	2021-06-29 14:48:19	\N	f	f	\N
23	Reintegro Descuento	Reintegro por descuento de improcedente	2021-06-29 14:48:55	2021-06-29 14:48:55	\N	f	f	\N
10	EFICACIA	\N	2021-04-07 21:32:58	2021-07-27 17:59:52	\N	t	f	invalidator_assistances_day
19	ANTIGUEDAD	\N	2021-04-15 12:16:12	2022-03-14 19:15:58	\N	f	f	\N
24	EFICIENCIA	\N	2022-07-09 17:27:08	2022-07-09 17:28:53	\N	f	f	\N
25	BONO JT	BONO SEMANAL DE $125.00 PARA JEFES DE TURNO	2023-01-24 11:20:09	2023-01-24 11:20:09	\N	f	f	invalidator_assistances_total
7	PRODUCCIÓN	El bono de producción forma parte del sueldo y no se asocia a un cliente, es un valor especifico y se afecta en caso de faltas	2021-01-27 18:33:04	2023-03-15 16:53:17	\N	t	f	invalidator_assistances_total
\.


--
-- Data for Name: bonus_client; Type: TABLE DATA; Schema: public; Owner: alfabravo_user
--

COPY public.bonus_client (id, amount, created_at, updated_at, deleted_at, bonus_id, client_id) FROM stdin;
\.


--
-- Data for Name: bonus_employee; Type: TABLE DATA; Schema: public; Owner: alfabravo_user
--

COPY public.bonus_employee (id, amount, created_at, updated_at, deleted_at, employee_id, bonus_id, description) FROM stdin;
\.


--
-- Data for Name: capacitation_responsible; Type: TABLE DATA; Schema: public; Owner: alfabravo_user
--

COPY public.capacitation_responsible (id, name, user_id, created_at, updated_at, deleted_at) FROM stdin;
2	RICARDO GARCÍA PÉREZ	43	2024-08-01 17:54:57	2024-08-01 17:54:57	\N
1	JUAN FRANCISCO CORTES PEÑA	64	2024-08-01 13:05:36	2024-08-01 17:55:34	\N
3	ERIK ROBLES CABRERA	58	2024-08-02 07:33:50	2024-08-02 07:33:50	\N
4	CARLOS ELIAS CUEVAS	58	2024-08-02 07:35:02	2024-08-02 07:35:02	\N
5	JESUS LOPEZ JIMENEZ	64	2024-08-02 13:59:35	2024-08-02 13:59:35	\N
6	FERNANDO TORRES  SALCEDA	64	2024-08-02 13:59:35	2024-08-02 13:59:35	\N
7	CARLOS ELIAS CUEVAS	64	2024-08-02 13:59:35	2024-08-02 13:59:35	\N
8	JUAN FCO CORTES PEÑA	64	2024-08-02 13:59:35	2024-08-02 13:59:35	\N
9	RICARDO GARCIA PEREZ	64	2024-08-02 13:59:35	2024-08-02 13:59:35	\N
10	ERIK ROBLES CABRERA	64	2024-08-02 13:59:35	2024-08-02 13:59:35	\N
11	INES OLIVARES GONZALEZ	64	2024-08-02 13:59:35	2024-08-02 13:59:35	\N
12	JULIO CESAR SANCHEZ HERRERA	64	2024-08-02 13:59:35	2024-08-02 13:59:35	\N
13	OSCAR OCTAVIO ANCHONDO CAMPOS	64	2024-08-02 13:59:35	2024-08-02 13:59:35	\N
14	RUBEN CHINO MARTINEZ	64	2024-08-02 13:59:35	2024-08-02 13:59:35	\N
15	VICTOR HUGO MENDEZ TORRES	64	2024-08-02 13:59:35	2024-08-02 13:59:35	\N
16	CARLOS ALONSO RANGEL IBARRA	64	2024-08-02 13:59:35	2024-08-02 13:59:35	\N
17	MARCO ANTONIO VAZQUEZ HERRERA	64	2024-08-02 13:59:35	2024-08-02 13:59:35	\N
18	MODESTO ESCALONA HERNANDEZ	64	2024-08-02 13:59:35	2024-08-02 13:59:35	\N
19	CARLOS ALONSO RANGEL IBARRA	64	2024-08-02 14:11:31	2024-08-02 14:11:31	\N
20	JOSE ARREAGA	64	2024-08-02 14:29:45	2024-08-02 14:29:45	\N
21	CESAR GUZMAN	64	2024-08-06 18:10:17	2024-08-06 18:10:17	\N
22	ALMA YADIRA ALEJANDRE CARREÑO	64	2024-08-06 18:34:54	2024-08-06 18:34:54	\N
23	CARLOS RUDOLF	64	2024-08-07 09:46:35	2024-08-07 09:46:35	\N
24	PAULINO PERALTA	64	2024-09-20 11:42:02	2024-09-20 11:42:02	\N
25	ADAN MUÑOZ YAÑEZ	64	2024-09-30 11:33:38	2024-09-30 11:33:38	\N
26	GUSTAVO SANTIAGO REYES	64	2025-02-11 15:30:32	2025-02-11 15:30:32	\N
27	JUAN ISAURO BRACHO	64	2025-02-11 18:53:54	2025-02-11 18:53:54	\N
28	LUIS ENRIQUE RIOS	64	2025-02-25 15:12:38	2025-02-25 15:12:38	\N
29	EDGAR NIETO	64	2025-02-26 09:45:10	2025-02-26 09:45:10	\N
30	CRISTHIAN ACERO	64	2025-02-26 10:15:44	2025-02-26 10:15:44	\N
31	OSCAR TENORIO HERNANDEZ	43	2025-06-09 17:10:32	2025-06-09 17:10:32	\N
32	JANET LOPEZ MARTINEZ	43	2025-06-09 17:11:12	2025-06-09 17:11:12	\N
\.


--
-- Data for Name: category; Type: TABLE DATA; Schema: public; Owner: alfabravo_user
--

COPY public.category (id, name, created_at, updated_at, slug, in_home, in_menu, is_active, image, description, deleted_at) FROM stdin;
\.


--
-- Data for Name: chat; Type: TABLE DATA; Schema: public; Owner: alfabravo_user
--

COPY public.chat (id, from_user, to_user, text, is_read, created_at, updated_at, deleted_at, resources, deleted_by) FROM stdin;
\.


--
-- Data for Name: citizenship; Type: TABLE DATA; Schema: public; Owner: alfabravo_user
--

COPY public.citizenship (pais_nac, gentilicio_nac, iso_nac) FROM stdin;
Afganistán	AFGANA	AFG
Albania	ALBANESA	ALB
Alemania	ALEMANA	DEU
Andorra	ANDORRANA	AND
Angola	ANGOLEÑA	AGO
AntiguayBarbuda	ANTIGUANA	ATG
ArabiaSaudita	SAUDÍ	SAU
Argelia	ARGELINA	DZA
Argentina	ARGENTINA	ARG
Armenia	ARMENIA	ARM
Aruba	ARUBEÑA	ABW
Australia	AUSTRALIANA	AUS
Austria	AUSTRIACA	AUT
Azerbaiyán	AZERBAIYANA	AZE
Bahamas	BAHAMEÑA	BHS
Bangladés	BANGLADESÍ	BGD
Barbados	BARBADENSE	BRB
Baréin	BAREINÍ	BHR
Bélgica	BELGA	BEL
Belice	BELICEÑA	BLZ
Benín	BENINÉSA	BEN
Bielorrusia	BIELORRUSA	BLR
Birmania	BIRMANA	MMR
Bolivia	BOLIVIANA	BOL
BosniayHerzegovina	BOSNIA	BIH
Botsuana	BOTSUANA	BWA
Brasil	BRASILEÑA	BRA
Brunéi	BRUNEANA	BRN
Bulgaria	BÚLGARA	BGR
BurkinaFaso	BURKINÉS	BFA
Burundi	BURUNDÉSA	BDI
Bután	BUTANÉSA	BTN
CaboVerde	CABOVERDIANA	CPV
Camboya	CAMBOYANA	KHM
Camerún	CAMERUNESA	CMR
Canadá	CANADIENSE	CAN
Catar	CATARÍ	QAT
Chad	CHADIANA	TCD
Chile	CHILENA	CHL
China	CHINA	CHN
Chipre	CHIPRIOTA	CYP
CiudaddelVaticano	VATICANA	VAT
Colombia	COLOMBIANA	COL
Comoras	COMORENSE	COM
CoreadelNorte	NORCOREANA	PRK
CoreadelSur	SURCOREANA	KOR
CostadeMarfil	MARFILEÑA	CIV
CostaRica	COSTARRICENSE	CRI
Croacia	CROATA	HRV
Cuba	CUBANA	CUB
Dinamarca	DANÉSA	DNK
Dominica	DOMINIQUÉS	DMA
Ecuador	ECUATORIANA	ECU
Egipto	EGIPCIA	EGY
ElSalvador	SALVADOREÑA	SLV
EmiratosÁrabesUnidos	EMIRATÍ	ARE
Eritrea	ERITREA	ERI
Eslovaquia	ESLOVACA	SVK
Eslovenia	ESLOVENA	SVN
España	ESPAÑOLA	ESP
EstadosUnidos	ESTADOUNIDENSE	USA
Estonia	ESTONIA	EST
Etiopía	ETÍOPE	ETH
Filipinas	FILIPINA	PHL
Finlandia	FINLANDÉSA	FIN
Fiyi	FIYIANA	FJI
Francia	FRANCÉSA	FRA
Gabón	GABONÉSA	GAB
Gambia	GAMBIANA	GMB
Georgia	GEORGIANA	GEO
Gibraltar	GIBRALTAREÑA	GIB
Ghana	GHANÉSA	GHA
Granada	GRANADINA	GRD
Grecia	GRIEGA	GRC
Groenlandia	GROENLANDÉSA	GRL
Guatemala	GUATEMALTECA	GTM
Guineaecuatorial	ECUATOGUINEANA	GNQ
Guinea	GUINEANA	GIN
Guinea-Bisáu	GUINEANA	GNB
Guyana	GUYANESA	GUY
Haití	HAITIANA	HTI
Honduras	HONDUREÑA	HND
Hungría	HÚNGARA	HUN
India	HINDÚ	IND
Indonesia	INDONESIA	IDN
Irak	IRAQUÍ	IRQ
Irán	IRANÍ	IRN
Irlanda	IRLANDÉSA	IRL
Islandia	ISLANDÉSA	ISL
IslasCook	COOKIANA	COK
IslasMarshall	MARSHALÉSA	MHL
IslasSalomón	SALOMONENSE	SLB
Israel	ISRAELÍ	ISR
Italia	ITALIANA	ITA
Jamaica	JAMAIQUINA	JAM
Japón	JAPONÉSA	JPN
Jordania	JORDANA	JOR
Kazajistán	KAZAJA	KAZ
Kenia	KENIATA	KEN
Kirguistán	KIRGUISA	KGZ
Kiribati	KIRIBATIANA	KIR
Kuwait	KUWAITÍ	KWT
Laos	LAOSIANA	LAO
Lesoto	LESOTENSE	LSO
Letonia	LETÓNA	LVA
Líbano	LIBANÉSA	LBN
Liberia	LIBERIANA	LBR
Libia	LIBIA	LBY
Liechtenstein	LIECHTENSTEINIANA	LIE
Lituania	LITUANA	LTU
Luxemburgo	LUXEMBURGUÉSA	LUX
Madagascar	MALGACHE	MDG
Malasia	MALASIA	MYS
Malaui	MALAUÍ	MWI
Maldivas	MALDIVA	MDV
Malí	MALIENSE	MLI
Malta	MALTÉSA	MLT
Marruecos	MARROQUÍ	MAR
Martinica	MARTINIQUÉS	MTQ
Mauricio	MAURICIANA	MUS
Mauritania	MAURITANA	MRT
México	MEXICANA	MEX
Micronesia	MICRONESIA	FSM
Moldavia	MOLDAVA	MDA
Mónaco	MONEGASCA	MCO
Mongolia	MONGOLA	MNG
Montenegro	MONTENEGRINA	MNE
Mozambique	MOZAMBIQUEÑA	MOZ
Namibia	NAMIBIA	NAM
Nauru	NAURUANA	NRU
Nepal	NEPALÍ	NPL
Nicaragua	NICARAGÜENSE	NIC
Níger	NIGERINA	NER
Nigeria	NIGERIANA	NGA
Noruega	NORUEGA	NOR
NuevaZelanda	NEOZELANDÉSA	NZL
Omán	OMANÍ	OMN
PaísesBajos	NEERLANDÉSA	NLD
Pakistán	PAKISTANÍ	PAK
Palaos	PALAUANA	PLW
Palestina	PALESTINA	PSE
Panamá	PANAMEÑA	PAN
PapúaNuevaGuinea	PAPÚ	PNG
Paraguay	PARAGUAYA	PRY
Perú	PERUANA	PER
Polonia	POLACA	POL
Portugal	PORTUGUÉSA	PRT
PuertoRico	PUERTORRIQUEÑA	PRI
ReinoUnido	BRITÁNICA	GBR
RepúblicaCentroafricana	CENTROAFRICANA	CAF
RepúblicaCheca	CHECA	CZE
RepúblicadeMacedonia	MACEDONIA	MKD
RepúblicadelCongo	CONGOLEÑA	COG
RepúblicaDemocráticadelCongo	CONGOLEÑA	COD
RepúblicaDominicana	DOMINICANA	DOM
RepúblicaSudafricana	SUDAFRICANA	ZAF
Ruanda	RUANDÉSA	RWA
Rumanía	RUMANA	ROU
Rusia	RUSA	RUS
Samoa	SAMOANA	WSM
SanCristóbalyNieves	CRISTOBALEÑA	KNA
SanMarino	SANMARINENSE	SMR
SanVicenteylasGranadinas	SANVICENTINA	VCT
SantaLucía	SANTALUCENSE	LCA
SantoToméyPríncipe	SANTOTOMENSE	STP
Senegal	SENEGALÉSA	SEN
Serbia	SERBIA	SRB
Seychelles	SEYCHELLENSE	SYC
SierraLeona	SIERRALEONÉSA	SLE
Singapur	SINGAPURENSE	SGP
Siria	SIRIA	SYR
Somalia	SOMALÍ	SOM
SriLanka	CEILANÉSA	LKA
Suazilandia	SUAZI	SWZ
SudándelSur	SURSUDANÉSA	SSD
Sudán	SUDANÉSA	SDN
Suecia	SUECA	SWE
Suiza	SUIZA	CHE
Surinam	SURINAMESA	SUR
Tailandia	TAILANDÉSA	THA
Tanzania	TANZANA	TZA
Tayikistán	TAYIKA	TJK
TimorOriental	TIMORENSE	TLS
Togo	TOGOLÉSA	TGO
Tonga	TONGANA	TON
TrinidadyTobago	TRINITENSE	TTO
Túnez	TUNECINA	TUN
Turkmenistán	TURCOMANA	TKM
Turquía	TURCA	TUR
Tuvalu	TUVALUANA	TUV
Ucrania	UCRANIANA	UKR
Uganda	UGANDÉSA	UGA
Uruguay	URUGUAYA	URY
Uzbekistán	UZBEKA	UZB
Vanuatu	VANUATUENSE	VUT
Venezuela	VENEZOLANA	VEN
Vietnam	VIETNAMITA	VNM
Yemen	YEMENÍ	YEM
Yibuti	YIBUTIANA	DJI
Zambia	ZAMBIANA	ZMB
Zimbabue	ZIMBABUENSE	ZWE
\.


--
-- Data for Name: city; Type: TABLE DATA; Schema: public; Owner: alfabravo_user
--

COPY public.city (id, name, state_id, created_at, updated_at) FROM stdin;
1	Álvaro Obregón	9	\N	\N
2	Azcapotzalco	9	\N	\N
3	Benito Juárez	9	\N	\N
4	Coyoacán	9	\N	\N
5	Cuajimalpa de Morelos	9	\N	\N
6	Cuauhtémoc	9	\N	\N
7	Gustavo A. Madero	9	\N	\N
8	Iztacalco	9	\N	\N
9	Iztapalapa	9	\N	\N
10	La Magdalena Contreras	9	\N	\N
11	Miguel Hidalgo	9	\N	\N
12	Milpa Alta	9	\N	\N
13	Tláhuac	9	\N	\N
14	Tlalpan	9	\N	\N
15	Venustiano Carranza	9	\N	\N
16	Guachochi	8	\N	\N
17	Rosales	8	\N	\N
20	Meoqui	8	\N	\N
21	Delicias	8	\N	\N
22	San Francisco de Borja	8	\N	\N
23	Nonoava	8	\N	\N
26	Dr. Belisario Domínguez	8	\N	\N
27	Satevó	8	\N	\N
36	Ahumada	8	\N	\N
37	Coyame del Sotol	8	\N	\N
38	Ojinaga	8	\N	\N
41	Aldama	8	\N	\N
42	Julimes	8	\N	\N
43	Manuel Benavides	8	\N	\N
45	Juárez	8	\N	\N
48	Guadalupe	8	\N	\N
49	Praxedis G. Guerrero	8	\N	\N
56	Temósachic	8	\N	\N
59	Matachí	8	\N	\N
66	Nuevo Casas Grandes	8	\N	\N
67	Ascensión	8	\N	\N
70	Janos	8	\N	\N
71	Casas Grandes	8	\N	\N
72	Galeana	8	\N	\N
73	Buenaventura	8	\N	\N
74	Gómez Farías	8	\N	\N
75	Ignacio Zaragoza	8	\N	\N
76	Madera	8	\N	\N
77	Namiquipa	8	\N	\N
78	Riva Palacio	8	\N	\N
82	Aquiles Serdán	8	\N	\N
83	Bachíniva	8	\N	\N
84	Guerrero	8	\N	\N
86	Cuauhtémoc	8	\N	\N
90	Chihuahua	8	\N	\N
101	El Porvenir	7	\N	\N
102	Siltepec	7	\N	\N
107	Mazapa de Madero	7	\N	\N
108	Amatenango de la Frontera	7	\N	\N
111	Bejucal de Ocampo	7	\N	\N
112	La Grandeza	7	\N	\N
114	Motozintla	7	\N	\N
117	Suchiate	7	\N	\N
121	Frontera Hidalgo	7	\N	\N
122	Metapa	7	\N	\N
123	Tuxtla Chico	7	\N	\N
124	Unión Juárez	7	\N	\N
125	Cacahoatán	7	\N	\N
127	Tapachula	7	\N	\N
136	Huehuetán	7	\N	\N
137	Tuzantán	7	\N	\N
139	Escuintla	7	\N	\N
140	Villa Comaltitlán	7	\N	\N
143	Huixtla	7	\N	\N
146	Mazatán	7	\N	\N
148	Acapetahua	7	\N	\N
151	Acacoyagua	7	\N	\N
152	Mapastepec	7	\N	\N
157	Tonalá	7	\N	\N
160	Villa Corzo	7	\N	\N
163	Cintalapa	7	\N	\N
166	Pijijiapan	7	\N	\N
168	Jiquipilas	7	\N	\N
169	Arriaga	7	\N	\N
170	Villaflores	7	\N	\N
177	La Concordia	7	\N	\N
178	Angel Albino Corzo	7	\N	\N
181	Montecristo de Guerrero	7	\N	\N
183	Socoltenango	7	\N	\N
185	Las Margaritas	7	\N	\N
186	Altamirano	7	\N	\N
191	Bella Vista	7	\N	\N
193	Venustiano Carranza	7	\N	\N
195	Totolapa	7	\N	\N
196	Nicolás Ruíz	7	\N	\N
197	Las Rosas	7	\N	\N
200	Frontera Comalapa	7	\N	\N
201	La Trinitaria	7	\N	\N
202	La Independencia	7	\N	\N
203	Maravilla Tenejapa	7	\N	\N
205	Palenque	7	\N	\N
206	La Libertad	7	\N	\N
207	Catazajá	7	\N	\N
208	Comitán de Domínguez	7	\N	\N
211	Tzimol	7	\N	\N
212	Chicomuselo	7	\N	\N
213	Ocosingo	7	\N	\N
217	Benemérito de las Américas	7	\N	\N
218	Marqués de Comillas	7	\N	\N
222	Santiago el Pinar	7	\N	\N
223	Chenalhó	7	\N	\N
224	Aldama	7	\N	\N
227	Pantelhó	7	\N	\N
228	Sitalá	7	\N	\N
229	Salto de Agua	7	\N	\N
230	Tila	7	\N	\N
231	Tumbalá	7	\N	\N
232	Yajalón	7	\N	\N
234	Chilón	7	\N	\N
236	Bochil	7	\N	\N
237	Soyaló	7	\N	\N
238	San Juan Cancuc	7	\N	\N
239	Sabanilla	7	\N	\N
240	Simojovel	7	\N	\N
243	San Andrés Duraznal	7	\N	\N
245	Chapultenango	7	\N	\N
246	Amatán	7	\N	\N
247	Huitiupán	7	\N	\N
248	El Bosque	7	\N	\N
251	Chalchihuitán	7	\N	\N
252	Larráinzar	7	\N	\N
255	Ixhuatán	7	\N	\N
256	Tapilula	7	\N	\N
257	Rayón	7	\N	\N
258	Pueblo Nuevo Solistahuacán	7	\N	\N
259	Jitotol	7	\N	\N
261	Ostuacán	7	\N	\N
262	Francisco León	7	\N	\N
263	Ixtacomitán	7	\N	\N
264	Solosuchiapa	7	\N	\N
265	Ixtapangajoya	7	\N	\N
266	Tecpatán	7	\N	\N
269	Copainalá	7	\N	\N
270	Acala	7	\N	\N
271	Ocotepec	7	\N	\N
273	Chicoasén	7	\N	\N
274	Coapilla	7	\N	\N
275	Pantepec	7	\N	\N
276	Tapalapa	7	\N	\N
278	Chiapilla	7	\N	\N
279	San Lucas	7	\N	\N
280	Teopisca	7	\N	\N
281	Amatenango del Valle	7	\N	\N
282	Chanal	7	\N	\N
283	Oxchuc	7	\N	\N
284	Huixtán	7	\N	\N
285	Tenejapa	7	\N	\N
286	Mitontic	7	\N	\N
287	Reforma	7	\N	\N
288	Juárez	7	\N	\N
289	Pichucalco	7	\N	\N
290	Chamula	7	\N	\N
295	Sunuapa	7	\N	\N
298	Ixtapa	7	\N	\N
299	Zinacantán	7	\N	\N
301	San Cristóbal de las Casas	7	\N	\N
305	Ocozocoautla de Espinosa	7	\N	\N
306	Suchiapa	7	\N	\N
307	Chiapa de Corzo	7	\N	\N
310	Osumacinta	7	\N	\N
312	Tuxtla Gutiérrez	7	\N	\N
317	San Fernando	7	\N	\N
318	Berriozábal	7	\N	\N
323	Villa de Álvarez	6	\N	\N
325	Minatitlán	6	\N	\N
326	Manzanillo	6	\N	\N
330	Tecomán	6	\N	\N
335	Armería	6	\N	\N
336	Coquimatlán	6	\N	\N
337	Comala	6	\N	\N
338	Cuauhtémoc	6	\N	\N
339	Colima	6	\N	\N
340	Ixtlahuacán	6	\N	\N
341	Parras	5	\N	\N
351	San Pedro	5	\N	\N
356	Francisco I. Madero	5	\N	\N
359	Ocampo	5	\N	\N
360	Nadadores	5	\N	\N
361	Sierra Mojada	5	\N	\N
365	Cuatro Ciénegas	5	\N	\N
366	Lamadrid	5	\N	\N
367	Sacramento	5	\N	\N
369	Matamoros	5	\N	\N
375	Viesca	5	\N	\N
376	Torreón	5	\N	\N
385	Villa Unión	5	\N	\N
386	Guerrero	5	\N	\N
387	Hidalgo	5	\N	\N
388	Sabinas	5	\N	\N
391	San Juan de Sabinas	5	\N	\N
394	Allende	5	\N	\N
400	Zaragoza	5	\N	\N
401	Morelos	5	\N	\N
405	Piedras Negras	5	\N	\N
408	Nava	5	\N	\N
409	Acuña	5	\N	\N
410	Múzquiz	5	\N	\N
411	Ramos Arizpe	5	\N	\N
412	General Cepeda	5	\N	\N
413	Jiménez	5	\N	\N
419	Monclova	5	\N	\N
422	Frontera	5	\N	\N
424	Castaños	5	\N	\N
428	San Buenaventura	5	\N	\N
429	Abasolo	5	\N	\N
430	Candela	5	\N	\N
435	Saltillo	5	\N	\N
438	Arteaga	5	\N	\N
441	Progreso	5	\N	\N
442	Escobedo	5	\N	\N
445	Juárez	5	\N	\N
448	Calkiní	4	\N	\N
450	Campeche	4	\N	\N
453	Hopelchén	4	\N	\N
454	Calakmul	4	\N	\N
456	Tenabo	4	\N	\N
457	Candelaria	4	\N	\N
458	Escárcega	4	\N	\N
461	Hecelchakán	4	\N	\N
466	Champotón	4	\N	\N
468	Carmen	4	\N	\N
476	Palizada	4	\N	\N
477	Mulegé	3	\N	\N
485	Los Cabos	3	\N	\N
486	Comondú	3	\N	\N
489	Loreto	3	\N	\N
490	La Paz	3	\N	\N
501	Ensenada	2	\N	\N
507	Playas de Rosarito	2	\N	\N
508	Tijuana	2	\N	\N
521	Mexicali	2	\N	\N
526	Tecate	2	\N	\N
532	Calvillo	1	\N	\N
533	Jesús María	1	\N	\N
536	Tepezalá	1	\N	\N
537	Pabellón de Arteaga	1	\N	\N
541	Asientos	1	\N	\N
543	San Francisco de los Romo	1	\N	\N
544	Aguascalientes	1	\N	\N
545	Rincón de Romos	1	\N	\N
548	Cosío	1	\N	\N
549	San José de Gracia	1	\N	\N
557	El Llano	1	\N	\N
563	Venustiano Carranza	9	\N	\N
568	Xochimilco	9	\N	\N
573	Bocoyna	8	\N	\N
574	Cusihuiriachi	8	\N	\N
575	Gran Morelos	8	\N	\N
576	Santa Isabel	8	\N	\N
577	Carichí	8	\N	\N
578	Uruachi	8	\N	\N
579	Ocampo	8	\N	\N
580	Moris	8	\N	\N
581	Chínipas	8	\N	\N
582	Maguarichi	8	\N	\N
583	Guazapares	8	\N	\N
584	Batopilas	8	\N	\N
585	Urique	8	\N	\N
586	Morelos	8	\N	\N
587	Guadalupe y Calvo	8	\N	\N
588	San Francisco del Oro	8	\N	\N
589	Rosario	8	\N	\N
590	Huejotitán	8	\N	\N
591	El Tule	8	\N	\N
592	Balleza	8	\N	\N
593	Santa Bárbara	8	\N	\N
594	Camargo	8	\N	\N
595	Saucillo	8	\N	\N
596	Valle de Zaragoza	8	\N	\N
597	La Cruz	8	\N	\N
598	San Francisco de Conchos	8	\N	\N
600	Hidalgo del Parral	8	\N	\N
601	Allende	8	\N	\N
602	López	8	\N	\N
603	Matamoros	8	\N	\N
604	Jiménez	8	\N	\N
605	Coronado	8	\N	\N
606	Durango	10	\N	\N
607	Canatlán	10	\N	\N
608	Nuevo Ideal	10	\N	\N
610	Coneto de Comonfort	10	\N	\N
611	San Juan del Río	10	\N	\N
612	Canelas	10	\N	\N
613	Topia	10	\N	\N
614	Tamazula	10	\N	\N
615	Santiago Papasquiaro	10	\N	\N
616	Otáez	10	\N	\N
617	San Dimas	10	\N	\N
618	Guadalupe Victoria	10	\N	\N
619	Peñón Blanco	10	\N	\N
620	Pánuco de Coronado	10	\N	\N
621	Poanas	10	\N	\N
622	Nombre de Dios	10	\N	\N
623	Vicente Guerrero	10	\N	\N
624	Súchil	10	\N	\N
625	Pueblo Nuevo	10	\N	\N
626	Mezquital	10	\N	\N
627	Gómez Palacio	10	\N	\N
628	Lerdo	10	\N	\N
629	Mapimí	10	\N	\N
630	Tlahualilo	10	\N	\N
631	Hidalgo	10	\N	\N
632	Ocampo	10	\N	\N
633	Guanaceví	10	\N	\N
634	San Bernardo	10	\N	\N
635	Indé	10	\N	\N
636	San Pedro del Gallo	10	\N	\N
637	Tepehuanes	10	\N	\N
638	El Oro	10	\N	\N
639	Nazas	10	\N	\N
640	San Luis del Cordero	10	\N	\N
641	Rodeo	10	\N	\N
642	Cuencamé	10	\N	\N
643	Santa Clara	10	\N	\N
644	San Juan de Guadalupe	10	\N	\N
645	General Simón Bolívar	10	\N	\N
646	Guanajuato	11	\N	\N
647	Silao de la Victoria	11	\N	\N
648	Romita	11	\N	\N
651	San Francisco del Rincón	11	\N	\N
652	Purísima del Rincón	11	\N	\N
654	Manuel Doblado	11	\N	\N
655	Irapuato	11	\N	\N
656	Salamanca	11	\N	\N
659	Pueblo Nuevo	11	\N	\N
660	Pénjamo	11	\N	\N
661	Cuerámaro	11	\N	\N
662	Abasolo	11	\N	\N
663	Huanímaro	11	\N	\N
664	León	11	\N	\N
665	San Felipe	11	\N	\N
666	Ocampo	11	\N	\N
668	San Miguel de Allende	11	\N	\N
669	Dolores Hidalgo Cuna de la Independencia Nacional	11	\N	\N
670	San Diego de la Unión	11	\N	\N
672	San Luis de la Paz	11	\N	\N
673	Victoria	11	\N	\N
674	Xichú	11	\N	\N
675	Atarjea	11	\N	\N
676	Santa Catarina	11	\N	\N
677	Doctor Mora	11	\N	\N
678	Tierra Blanca	11	\N	\N
679	San José Iturbide	11	\N	\N
680	Celaya	11	\N	\N
681	Apaseo el Grande	11	\N	\N
682	Comonfort	11	\N	\N
683	Santa Cruz de Juventino Rosas	11	\N	\N
684	Villagrán	11	\N	\N
685	Cortazar	11	\N	\N
686	Valle de Santiago	11	\N	\N
687	Jaral del Progreso	11	\N	\N
689	Apaseo el Alto	11	\N	\N
690	Jerécuaro	11	\N	\N
691	Coroneo	11	\N	\N
692	Acámbaro	11	\N	\N
693	Tarimoro	11	\N	\N
695	Tarandacuao	11	\N	\N
696	Moroleón	11	\N	\N
697	Salvatierra	11	\N	\N
698	Yuriria	11	\N	\N
699	Santiago Maravatío	11	\N	\N
700	Uriangato	11	\N	\N
702	Chilpancingo de los Bravo	12	\N	\N
703	General Heliodoro Castillo	12	\N	\N
704	Leonardo Bravo	12	\N	\N
705	Tixtla de Guerrero	12	\N	\N
706	Ayutla de los Libres	12	\N	\N
707	Mochitlán	12	\N	\N
708	Quechultenango	12	\N	\N
709	Tecoanapa	12	\N	\N
710	Acapulco de Juárez	12	\N	\N
711	Juan R. Escudero	12	\N	\N
712	San Marcos	12	\N	\N
713	Iguala de la Independencia	12	\N	\N
714	Huitzuco de los Figueroa	12	\N	\N
715	Tepecoacuilco de Trujano	12	\N	\N
716	Eduardo Neri	12	\N	\N
717	Taxco de Alarcón	12	\N	\N
718	Buenavista de Cuéllar	12	\N	\N
719	Tetipac	12	\N	\N
720	Pilcaya	12	\N	\N
721	Teloloapan	12	\N	\N
722	Ixcateopan de Cuauhtémoc	12	\N	\N
723	Pedro Ascencio Alquisiras	12	\N	\N
724	General Canuto A. Neri	12	\N	\N
725	Arcelia	12	\N	\N
726	Apaxtla	12	\N	\N
727	Cuetzala del Progreso	12	\N	\N
728	Cocula	12	\N	\N
729	Tlapehuala	12	\N	\N
730	Cutzamala de Pinzón	12	\N	\N
731	Pungarabato	12	\N	\N
732	Tlalchapa	12	\N	\N
733	Coyuca de Catalán	12	\N	\N
734	Ajuchitlán del Progreso	12	\N	\N
735	Zirándaro	12	\N	\N
736	San Miguel Totolapan	12	\N	\N
737	La Unión de Isidoro Montes de Oca	12	\N	\N
738	Petatlán	12	\N	\N
739	Coahuayutla de José María Izazaga	12	\N	\N
740	Zihuatanejo de Azueta	12	\N	\N
741	Técpan de Galeana	12	\N	\N
742	Atoyac de Álvarez	12	\N	\N
743	Benito Juárez	12	\N	\N
744	Coyuca de Benítez	12	\N	\N
745	Olinalá	12	\N	\N
746	Atenango del Río	12	\N	\N
747	Copalillo	12	\N	\N
748	Cualác	12	\N	\N
749	Chilapa de Álvarez	12	\N	\N
750	José Joaquín de Herrera	12	\N	\N
751	Ahuacuotzingo	12	\N	\N
752	Zitlala	12	\N	\N
753	Mártir de Cuilapan	12	\N	\N
754	Huamuxtitlán	12	\N	\N
755	Xochihuehuetlán	12	\N	\N
756	Alpoyeca	12	\N	\N
757	Tlapa de Comonfort	12	\N	\N
758	Tlalixtaquilla de Maldonado	12	\N	\N
759	Xalpatláhuac	12	\N	\N
760	Zapotitlán Tablas	12	\N	\N
761	Acatepec	12	\N	\N
762	Atlixtac	12	\N	\N
763	Copanatoyac	12	\N	\N
764	Malinaltepec	12	\N	\N
765	Iliatenco	12	\N	\N
766	Tlacoapa	12	\N	\N
767	Atlamajalcingo del Monte	12	\N	\N
768	San Luis Acatlán	12	\N	\N
769	Metlatónoc	12	\N	\N
770	Cochoapa el Grande	12	\N	\N
771	Alcozauca de Guerrero	12	\N	\N
772	Ometepec	12	\N	\N
773	Tlacoachistlahuaca	12	\N	\N
774	Xochistlahuaca	12	\N	\N
775	Florencio Villarreal	12	\N	\N
776	Cuautepec	12	\N	\N
777	Copala	12	\N	\N
778	Azoyú	12	\N	\N
779	Juchitán	12	\N	\N
780	Marquelia	12	\N	\N
781	Cuajinicuilapa	12	\N	\N
782	Igualapa	12	\N	\N
783	Pachuca de Soto	13	\N	\N
784	Mineral del Chico	13	\N	\N
785	Mineral del Monte	13	\N	\N
786	Ajacuba	13	\N	\N
787	San Agustín Tlaxiaca	13	\N	\N
788	Mineral de la Reforma	13	\N	\N
789	Zapotlán de Juárez	13	\N	\N
790	Jacala de Ledezma	13	\N	\N
791	Pisaflores	13	\N	\N
792	Pacula	13	\N	\N
793	La Misión	13	\N	\N
794	Chapulhuacán	13	\N	\N
795	Ixmiquilpan	13	\N	\N
796	Zimapán	13	\N	\N
797	Nicolás Flores	13	\N	\N
798	Cardonal	13	\N	\N
799	Tasquillo	13	\N	\N
800	Alfajayucan	13	\N	\N
801	Huichapan	13	\N	\N
802	Tecozautla	13	\N	\N
803	Nopala de Villagrán	13	\N	\N
804	Actopan	13	\N	\N
805	Santiago de Anaya	13	\N	\N
806	San Salvador	13	\N	\N
807	Francisco I. Madero	13	\N	\N
808	El Arenal	13	\N	\N
809	Mixquiahuala de Juárez	13	\N	\N
810	Progreso de Obregón	13	\N	\N
811	Chilcuautla	13	\N	\N
812	Tezontepec de Aldama	13	\N	\N
813	Tlahuelilpan	13	\N	\N
814	Tula de Allende	13	\N	\N
815	Tepeji del Río de Ocampo	13	\N	\N
816	Chapantongo	13	\N	\N
817	Tepetitlán	13	\N	\N
818	Tetepango	13	\N	\N
819	Tlaxcoapan	13	\N	\N
820	Atitalaquia	13	\N	\N
821	Atotonilco de Tula	13	\N	\N
822	Huejutla de Reyes	13	\N	\N
823	San Felipe Orizatlán	13	\N	\N
824	Jaltocán	13	\N	\N
825	Huautla	13	\N	\N
826	Atlapexco	13	\N	\N
827	Huazalingo	13	\N	\N
828	Yahualica	13	\N	\N
829	Xochiatipan	13	\N	\N
830	Molango de Escamilla	13	\N	\N
831	Tepehuacán de Guerrero	13	\N	\N
832	Lolotla	13	\N	\N
833	Tlanchinol	13	\N	\N
834	Tlahuiltepa	13	\N	\N
835	Juárez Hidalgo	13	\N	\N
836	Zacualtipán de Ángeles	13	\N	\N
837	Calnali	13	\N	\N
838	Xochicoatlán	13	\N	\N
839	Tianguistengo	13	\N	\N
840	Atotonilco el Grande	13	\N	\N
841	Eloxochitlán	13	\N	\N
842	Metztitlán	13	\N	\N
843	San Agustín Metzquititlán	13	\N	\N
844	Metepec	13	\N	\N
845	Huehuetla	13	\N	\N
846	San Bartolo Tutotepec	13	\N	\N
847	Agua Blanca de Iturbide	13	\N	\N
848	Tenango de Doria	13	\N	\N
849	Huasca de Ocampo	13	\N	\N
850	Acatlán	13	\N	\N
851	Omitlán de Juárez	13	\N	\N
852	Epazoyucan	13	\N	\N
853	Tulancingo de Bravo	13	\N	\N
854	Acaxochitlán	13	\N	\N
855	Cuautepec de Hinojosa	13	\N	\N
856	Santiago Tulantepec de Lugo Guerrero	13	\N	\N
857	Singuilucan	13	\N	\N
858	Tizayuca	13	\N	\N
859	Zempoala	13	\N	\N
860	Tolcayuca	13	\N	\N
861	Villa de Tezontepec	13	\N	\N
862	Apan	13	\N	\N
863	Tlanalapa	13	\N	\N
864	Almoloya	13	\N	\N
865	Emiliano Zapata	13	\N	\N
866	Tepeapulco	13	\N	\N
867	Guadalajara	14	\N	\N
868	Zapopan	14	\N	\N
869	San Cristóbal de la Barranca	14	\N	\N
870	Ixtlahuacán del Río	14	\N	\N
871	Tala	14	\N	\N
872	El Arenal	14	\N	\N
873	Amatitán	14	\N	\N
874	Tonalá	14	\N	\N
875	Zapotlanejo	14	\N	\N
876	Acatic	14	\N	\N
877	Cuquío	14	\N	\N
878	San Pedro Tlaquepaque	14	\N	\N
879	Tlajomulco de Zúñiga	14	\N	\N
880	El Salto	14	\N	\N
881	Acatlán de Juárez	14	\N	\N
882	Villa Corona	14	\N	\N
883	Zacoalco de Torres	14	\N	\N
884	Atemajac de Brizuela	14	\N	\N
885	Jocotepec	14	\N	\N
886	Ixtlahuacán de los Membrillos	14	\N	\N
887	Juanacatlán	14	\N	\N
888	Chapala	14	\N	\N
889	Poncitlán	14	\N	\N
890	Zapotlán del Rey	14	\N	\N
891	Huejuquilla el Alto	14	\N	\N
892	Mezquitic	14	\N	\N
893	Villa Guerrero	14	\N	\N
894	Bolaños	14	\N	\N
895	Totatiche	14	\N	\N
896	Colotlán	14	\N	\N
897	Santa María de los Ángeles	14	\N	\N
898	Huejúcar	14	\N	\N
899	Chimaltitán	14	\N	\N
900	San Martín de Bolaños	14	\N	\N
901	Tequila	14	\N	\N
902	Hostotipaquillo	14	\N	\N
903	Magdalena	14	\N	\N
904	Etzatlán	14	\N	\N
905	San Marcos	14	\N	\N
906	San Juanito de Escobedo	14	\N	\N
907	Ameca	14	\N	\N
908	Ahualulco de Mercado	14	\N	\N
909	Teuchitlán	14	\N	\N
910	San Martín Hidalgo	14	\N	\N
911	Guachinango	14	\N	\N
912	Mixtlán	14	\N	\N
913	Mascota	14	\N	\N
914	San Sebastián del Oeste	14	\N	\N
915	San Juan de los Lagos	14	\N	\N
916	Jalostotitlán	14	\N	\N
917	San Miguel el Alto	14	\N	\N
918	San Julián	14	\N	\N
919	Arandas	14	\N	\N
920	San Ignacio Cerro Gordo	14	\N	\N
922	Teocaltiche	14	\N	\N
923	Villa Hidalgo	14	\N	\N
924	Encarnación de Díaz	14	\N	\N
925	Yahualica de González Gallo	14	\N	\N
926	Mexticacán	14	\N	\N
927	Cañadas de Obregón	14	\N	\N
928	Valle de Guadalupe	14	\N	\N
929	Lagos de Moreno	14	\N	\N
930	Ojuelos de Jalisco	14	\N	\N
931	Unión de San Antonio	14	\N	\N
932	San Diego de Alejandría	14	\N	\N
933	Tepatitlán de Morelos	14	\N	\N
934	Tototlán	14	\N	\N
935	Atotonilco el Alto	14	\N	\N
936	Ocotlán	14	\N	\N
937	Jamay	14	\N	\N
938	La Barca	14	\N	\N
939	Ayotlán	14	\N	\N
940	Jesús María	14	\N	\N
941	Degollado	14	\N	\N
942	Unión de Tula	14	\N	\N
943	Ayutla	14	\N	\N
944	Atenguillo	14	\N	\N
945	Cuautla	14	\N	\N
946	Atengo	14	\N	\N
947	Talpa de Allende	14	\N	\N
948	Puerto Vallarta	14	\N	\N
949	Cabo Corrientes	14	\N	\N
950	Tomatlán	14	\N	\N
951	Cocula	14	\N	\N
952	Tecolotlán	14	\N	\N
953	Tenamaxtlán	14	\N	\N
954	Juchitlán	14	\N	\N
955	Chiquilistlán	14	\N	\N
956	Ejutla	14	\N	\N
957	El Limón	14	\N	\N
958	El Grullo	14	\N	\N
959	Tonaya	14	\N	\N
960	Tuxcacuesco	14	\N	\N
961	Villa Purificación	14	\N	\N
962	La Huerta	14	\N	\N
963	Autlán de Navarro	14	\N	\N
964	Casimiro Castillo	14	\N	\N
965	Cuautitlán de García Barragán	14	\N	\N
966	Cihuatlán	14	\N	\N
967	Zapotlán el Grande	14	\N	\N
968	Gómez Farías	14	\N	\N
969	Concepción de Buenos Aires	14	\N	\N
970	Atoyac	14	\N	\N
971	Techaluta de Montenegro	14	\N	\N
972	Teocuitatlán de Corona	14	\N	\N
973	Sayula	14	\N	\N
974	Tapalpa	14	\N	\N
975	Amacueca	14	\N	\N
976	Tizapán el Alto	14	\N	\N
977	Tuxcueca	14	\N	\N
978	La Manzanilla de la Paz	14	\N	\N
979	Mazamitla	14	\N	\N
980	Valle de Juárez	14	\N	\N
981	Quitupan	14	\N	\N
982	Zapotiltic	14	\N	\N
983	Tamazula de Gordiano	14	\N	\N
984	San Gabriel	14	\N	\N
985	Tolimán	14	\N	\N
986	Zapotitlán de Vadillo	14	\N	\N
987	Tuxpan	14	\N	\N
988	Tonila	14	\N	\N
989	Pihuamo	14	\N	\N
990	Tecalitlán	14	\N	\N
991	Jilotlán de los Dolores	14	\N	\N
992	Santa María del Oro	14	\N	\N
993	Toluca	15	\N	\N
994	Acambay de Ruíz Castañeda	15	\N	\N
995	Aculco	15	\N	\N
996	Temascalcingo	15	\N	\N
997	Atlacomulco	15	\N	\N
998	Timilpan	15	\N	\N
999	Morelos	15	\N	\N
1000	El Oro	15	\N	\N
1001	San Felipe del Progreso	15	\N	\N
1002	San José del Rincón	15	\N	\N
1004	Jocotitlán	15	\N	\N
1005	Ixtlahuaca	15	\N	\N
1006	Jiquipilco	15	\N	\N
1007	Temoaya	15	\N	\N
1008	Almoloya de Juárez	15	\N	\N
1009	Villa Victoria	15	\N	\N
1010	Villa de Allende	15	\N	\N
1011	Donato Guerra	15	\N	\N
1012	Ixtapan del Oro	15	\N	\N
1013	Santo Tomás	15	\N	\N
1014	Otzoloapan	15	\N	\N
1015	Zacazonapan	15	\N	\N
1016	Valle de Bravo	15	\N	\N
1017	Amanalco	15	\N	\N
1018	Temascaltepec	15	\N	\N
1019	Zinacantepec	15	\N	\N
1020	Tejupilco	15	\N	\N
1021	Luvianos	15	\N	\N
1022	San Simón de Guerrero	15	\N	\N
1023	Amatepec	15	\N	\N
1024	Tlatlaya	15	\N	\N
1025	Sultepec	15	\N	\N
1026	Texcaltitlán	15	\N	\N
1027	Coatepec Harinas	15	\N	\N
1028	Villa Guerrero	15	\N	\N
1029	Zacualpan	15	\N	\N
1030	Almoloya de Alquisiras	15	\N	\N
1031	Ixtapan de la Sal	15	\N	\N
1032	Tonatico	15	\N	\N
1033	Zumpahuacán	15	\N	\N
1034	Lerma	15	\N	\N
1035	Xonacatlán	15	\N	\N
1036	Otzolotepec	15	\N	\N
1037	San Mateo Atenco	15	\N	\N
1038	Metepec	15	\N	\N
1039	Mexicaltzingo	15	\N	\N
1040	Calimaya	15	\N	\N
1041	Chapultepec	15	\N	\N
1042	San Antonio la Isla	15	\N	\N
1043	Tenango del Valle	15	\N	\N
1044	Rayón	15	\N	\N
1045	Joquicingo	15	\N	\N
1046	Tenancingo	15	\N	\N
1047	Malinalco	15	\N	\N
1048	Ocuilan	15	\N	\N
1049	Atizapán	15	\N	\N
1050	Almoloya del Río	15	\N	\N
1051	Texcalyacac	15	\N	\N
1052	Tianguistenco	15	\N	\N
1053	Xalatlaco	15	\N	\N
1054	Capulhuac	15	\N	\N
1055	Ocoyoacac	15	\N	\N
1056	Huixquilucan	15	\N	\N
1057	Atizapán de Zaragoza	15	\N	\N
1058	Naucalpan de Juárez	15	\N	\N
1059	Tlalnepantla de Baz	15	\N	\N
1060	Polotitlán	15	\N	\N
1061	Jilotepec	15	\N	\N
1062	Soyaniquilpan de Juárez	15	\N	\N
1063	Villa del Carbón	15	\N	\N
1064	Chapa de Mota	15	\N	\N
1065	Nicolás Romero	15	\N	\N
1066	Isidro Fabela	15	\N	\N
1068	Jilotzingo	15	\N	\N
1069	Tepotzotlán	15	\N	\N
1070	Coyotepec	15	\N	\N
1071	Huehuetoca	15	\N	\N
1072	Cuautitlán Izcalli	15	\N	\N
1073	Teoloyucan	15	\N	\N
1074	Cuautitlán	15	\N	\N
1075	Melchor Ocampo	15	\N	\N
1076	Tultitlán	15	\N	\N
1077	Tultepec	15	\N	\N
1078	Ecatepec de Morelos	15	\N	\N
1079	Zumpango	15	\N	\N
1080	Tequixquiac	15	\N	\N
1081	Apaxco	15	\N	\N
1082	Hueypoxtla	15	\N	\N
1083	Coacalco de Berriozábal	15	\N	\N
1084	Tecámac	15	\N	\N
1085	Jaltenco	15	\N	\N
1086	Tonanitla	15	\N	\N
1087	Nextlalpan	15	\N	\N
1088	Teotihuacán	15	\N	\N
1089	San Martín de las Pirámides	15	\N	\N
1090	Acolman	15	\N	\N
1091	Otumba	15	\N	\N
1092	Axapusco	15	\N	\N
1093	Nopaltepec	15	\N	\N
1094	Temascalapa	15	\N	\N
1095	Tezoyuca	15	\N	\N
1096	Chiautla	15	\N	\N
1097	Papalotla	15	\N	\N
1098	Tepetlaoxtoc	15	\N	\N
1099	Texcoco	15	\N	\N
1100	Chiconcuac	15	\N	\N
1101	Atenco	15	\N	\N
1102	Chimalhuacán	15	\N	\N
1103	Chicoloapan	15	\N	\N
1104	La Paz	15	\N	\N
1105	Ixtapaluca	15	\N	\N
1106	Chalco	15	\N	\N
1107	Valle de Chalco Solidaridad	15	\N	\N
1109	Temamatla	15	\N	\N
1110	Cocotitlán	15	\N	\N
1111	Tlalmanalco	15	\N	\N
1112	Ayapango	15	\N	\N
1113	Tenango del Aire	15	\N	\N
1114	Ozumba	15	\N	\N
1115	Juchitepec	15	\N	\N
1116	Tepetlixpa	15	\N	\N
1117	Amecameca	15	\N	\N
1118	Atlautla	15	\N	\N
1119	Ecatzingo	15	\N	\N
1120	Nezahualcóyotl	15	\N	\N
1121	Morelia	16	\N	\N
1122	Huaniqueo	16	\N	\N
1123	Coeneo	16	\N	\N
1124	Quiroga	16	\N	\N
1125	Tzintzuntzan	16	\N	\N
1126	Lagunillas	16	\N	\N
1127	Acuitzio	16	\N	\N
1128	Madero	16	\N	\N
1129	Puruándiro	16	\N	\N
1130	José Sixto Verduzco	16	\N	\N
1131	Angamacutiro	16	\N	\N
1132	Panindícuaro	16	\N	\N
1133	Zacapu	16	\N	\N
1134	Tlazazalca	16	\N	\N
1135	Purépero	16	\N	\N
1136	Jiménez	16	\N	\N
1137	Morelos	16	\N	\N
1138	Huandacareo	16	\N	\N
1139	Cuitzeo	16	\N	\N
1140	Chucándiro	16	\N	\N
1141	Copándaro	16	\N	\N
1142	Tarímbaro	16	\N	\N
1143	Santa Ana Maya	16	\N	\N
1144	Álvaro Obregón	16	\N	\N
1145	Zinapécuaro	16	\N	\N
1146	Indaparapeo	16	\N	\N
1147	Queréndaro	16	\N	\N
1148	Sahuayo	16	\N	\N
1149	Briseñas	16	\N	\N
1150	Cojumatlán de Régules	16	\N	\N
1151	Venustiano Carranza	16	\N	\N
1152	Pajacuarán	16	\N	\N
1153	Vista Hermosa	16	\N	\N
1154	Tanhuato	16	\N	\N
1155	Yurécuaro	16	\N	\N
1156	Ixtlán	16	\N	\N
1157	La Piedad	16	\N	\N
1158	Numarán	16	\N	\N
1159	Churintzio	16	\N	\N
1160	Zináparo	16	\N	\N
1161	Penjamillo	16	\N	\N
1162	Marcos Castellanos	16	\N	\N
1163	Jiquilpan	16	\N	\N
1164	Villamar	16	\N	\N
1165	Chavinda	16	\N	\N
1166	Zamora	16	\N	\N
1167	Ecuandureo	16	\N	\N
1168	Tangancícuaro	16	\N	\N
1169	Chilchota	16	\N	\N
1170	Jacona	16	\N	\N
1171	Tangamandapio	16	\N	\N
1172	Cotija	16	\N	\N
1173	Tocumbo	16	\N	\N
1174	Tingüindín	16	\N	\N
1175	Uruapan	16	\N	\N
1176	Charapan	16	\N	\N
1177	Paracho	16	\N	\N
1178	Cherán	16	\N	\N
1179	Nahuatzen	16	\N	\N
1180	Tingambato	16	\N	\N
1181	Los Reyes	16	\N	\N
1182	Peribán	16	\N	\N
1183	Tancítaro	16	\N	\N
1184	Nuevo Parangaricutiro	16	\N	\N
1185	Buenavista	16	\N	\N
1186	Tepalcatepec	16	\N	\N
1187	Aguililla	16	\N	\N
1188	Apatzingán	16	\N	\N
1189	Parácuaro	16	\N	\N
1190	Coahuayana	16	\N	\N
1191	Chinicuila	16	\N	\N
1192	Coalcomán de Vázquez Pallares	16	\N	\N
1193	Aquila	16	\N	\N
1194	Tumbiscatío	16	\N	\N
1195	Arteaga	16	\N	\N
1196	Lázaro Cárdenas	16	\N	\N
1197	Epitacio Huerta	16	\N	\N
1198	Contepec	16	\N	\N
1199	Tlalpujahua	16	\N	\N
1200	Hidalgo	16	\N	\N
1201	Maravatío	16	\N	\N
1202	Irimbo	16	\N	\N
1203	Senguio	16	\N	\N
1204	Charo	16	\N	\N
1205	Tzitzio	16	\N	\N
1206	Tiquicheo de Nicolás Romero	16	\N	\N
1207	Aporo	16	\N	\N
1208	Angangueo	16	\N	\N
1209	Tuxpan	16	\N	\N
1210	Ocampo	16	\N	\N
1211	Jungapeo	16	\N	\N
1212	Zitácuaro	16	\N	\N
1213	Tuzantla	16	\N	\N
1214	Juárez	16	\N	\N
1215	Susupuato	16	\N	\N
1216	Pátzcuaro	16	\N	\N
1217	Erongarícuaro	16	\N	\N
1218	Huiramba	16	\N	\N
1219	Tacámbaro	16	\N	\N
1220	Turicato	16	\N	\N
1221	Ziracuaretiro	16	\N	\N
1222	Taretan	16	\N	\N
1223	Gabriel Zamora	16	\N	\N
1224	Nuevo Urecho	16	\N	\N
1225	Múgica	16	\N	\N
1226	Salvador Escalante	16	\N	\N
1227	Ario	16	\N	\N
1228	La Huacana	16	\N	\N
1229	Churumuco	16	\N	\N
1230	Nocupétaro	16	\N	\N
1231	Carácuaro	16	\N	\N
1232	Huetamo	16	\N	\N
1233	San Lucas	16	\N	\N
1234	Cuernavaca	17	\N	\N
1235	Huitzilac	17	\N	\N
1236	Tepoztlán	17	\N	\N
1237	Tlalnepantla	17	\N	\N
1238	Tlayacapan	17	\N	\N
1239	Jiutepec	17	\N	\N
1240	Temixco	17	\N	\N
1241	Miacatlán	17	\N	\N
1242	Coatlán del Río	17	\N	\N
1243	Tetecala	17	\N	\N
1244	Mazatepec	17	\N	\N
1245	Amacuzac	17	\N	\N
1246	Puente de Ixtla	17	\N	\N
1247	Ayala	17	\N	\N
1248	Yautepec	17	\N	\N
1249	Cuautla	17	\N	\N
1250	Emiliano Zapata	17	\N	\N
1251	Tlaltizapán de Zapata	17	\N	\N
1252	Zacatepec	17	\N	\N
1253	Xochitepec	17	\N	\N
1254	Tetela del Volcán	17	\N	\N
1255	Yecapixtla	17	\N	\N
1256	Totolapan	17	\N	\N
1257	Atlatlahucan	17	\N	\N
1258	Ocuituco	17	\N	\N
1259	Temoac	17	\N	\N
1260	Zacualpan	17	\N	\N
1261	Jojutla	17	\N	\N
1262	Tepalcingo	17	\N	\N
1263	Jonacatepec	17	\N	\N
1264	Axochiapan	17	\N	\N
1265	Jantetelco	17	\N	\N
1266	Tlaquiltenango	17	\N	\N
1267	Tepic	18	\N	\N
1268	Tuxpan	18	\N	\N
1269	Santiago Ixcuintla	18	\N	\N
1270	Acaponeta	18	\N	\N
1271	Tecuala	18	\N	\N
1272	Huajicori	18	\N	\N
1274	Del Nayar	18	\N	\N
1276	La Yesca	18	\N	\N
1277	Ruíz	18	\N	\N
1278	Rosamorada	18	\N	\N
1280	Compostela	18	\N	\N
1281	Bahía de Banderas	18	\N	\N
1282	San Blas	18	\N	\N
1283	Xalisco	18	\N	\N
1284	San Pedro Lagunillas	18	\N	\N
1285	Santa María del Oro	18	\N	\N
1286	Jala	18	\N	\N
1287	Ahuacatlán	18	\N	\N
1288	Ixtlán del Río	18	\N	\N
1289	Amatlán de Cañas	18	\N	\N
1290	Monterrey	19	\N	\N
1291	Anáhuac	19	\N	\N
1292	Lampazos de Naranjo	19	\N	\N
1293	Mina	19	\N	\N
1294	Bustamante	19	\N	\N
1295	Sabinas Hidalgo	19	\N	\N
1296	Villaldama	19	\N	\N
1297	Vallecillo	19	\N	\N
1298	Parás	19	\N	\N
1299	Salinas Victoria	19	\N	\N
1300	Ciénega de Flores	19	\N	\N
1301	Hidalgo	19	\N	\N
1302	Abasolo	19	\N	\N
1303	Higueras	19	\N	\N
1304	General Zuazua	19	\N	\N
1305	Agualeguas	19	\N	\N
1306	General Treviño	19	\N	\N
1307	Cerralvo	19	\N	\N
1308	Melchor Ocampo	19	\N	\N
1309	García	19	\N	\N
1310	General Escobedo	19	\N	\N
1311	Santa Catarina	19	\N	\N
1312	San Pedro Garza García	19	\N	\N
1314	San Nicolás de los Garza	19	\N	\N
1315	El Carmen	19	\N	\N
1316	Apodaca	19	\N	\N
1317	Pesquería	19	\N	\N
1318	Marín	19	\N	\N
1319	Doctor González	19	\N	\N
1320	Los Ramones	19	\N	\N
1321	Los Herreras	19	\N	\N
1322	Los Aldamas	19	\N	\N
1323	Doctor Coss	19	\N	\N
1324	General Bravo	19	\N	\N
1325	China	19	\N	\N
1326	Guadalupe	19	\N	\N
1327	Juárez	19	\N	\N
1328	Santiago	19	\N	\N
1329	Allende	19	\N	\N
1330	General Terán	19	\N	\N
1331	Cadereyta Jiménez	19	\N	\N
1332	Montemorelos	19	\N	\N
1333	Rayones	19	\N	\N
1334	Linares	19	\N	\N
1335	Iturbide	19	\N	\N
1336	Galeana	19	\N	\N
1337	Hualahuises	19	\N	\N
1338	Doctor Arroyo	19	\N	\N
1339	Aramberri	19	\N	\N
1340	General Zaragoza	19	\N	\N
1341	Mier y Noriega	19	\N	\N
1342	Oaxaca de Juárez	20	\N	\N
1343	Villa de Etla	20	\N	\N
1344	San Juan Bautista Atatlahuca	20	\N	\N
1345	San Jerónimo Sosola	20	\N	\N
1346	San Juan Bautista Jayacatlán	20	\N	\N
1347	San Francisco Telixtlahuaca	20	\N	\N
1348	Santiago Tenango	20	\N	\N
1349	San Pablo Huitzo	20	\N	\N
1350	San Juan del Estado	20	\N	\N
1351	Magdalena Apasco	20	\N	\N
1352	Santiago Suchilquitongo	20	\N	\N
1353	San Juan Bautista Guelache	20	\N	\N
1354	Reyes Etla	20	\N	\N
1355	Nazareno Etla	20	\N	\N
1356	San Andrés Zautla	20	\N	\N
1357	San Agustín Etla	20	\N	\N
1358	Soledad Etla	20	\N	\N
1359	Santo Tomás Mazaltepec	20	\N	\N
1360	Guadalupe Etla	20	\N	\N
1361	San Pablo Etla	20	\N	\N
1362	San Felipe Tejalápam	20	\N	\N
1363	San Lorenzo Cacaotepec	20	\N	\N
1364	Santa María Peñoles	20	\N	\N
1365	Santiago Tlazoyaltepec	20	\N	\N
1366	Tlalixtac de Cabrera	20	\N	\N
1368	San Jacinto Amilpas	20	\N	\N
1369	San Andrés Huayápam	20	\N	\N
1370	San Agustín Yatareni	20	\N	\N
1371	Santo Domingo Tomaltepec	20	\N	\N
1372	Santa María del Tule	20	\N	\N
1373	San Juan Bautista Tuxtepec	20	\N	\N
1374	Loma Bonita	20	\N	\N
1375	San José Independencia	20	\N	\N
1376	Cosolapa	20	\N	\N
1377	Acatlán de Pérez Figueroa	20	\N	\N
1378	San Miguel Soyaltepec	20	\N	\N
1379	Ayotzintepec	20	\N	\N
1381	San Pedro Ixcatlán	20	\N	\N
1382	San José Chiltepec	20	\N	\N
1383	San Felipe Jalapa de Díaz	20	\N	\N
1384	Santa María Jacatepec	20	\N	\N
1385	San Lucas Ojitlán	20	\N	\N
1386	San Juan Bautista Valle Nacional	20	\N	\N
1387	San Felipe Usila	20	\N	\N
1388	Huautla de Jiménez	20	\N	\N
1389	Santa María Chilchotla	20	\N	\N
1390	Santa Ana Ateixtlahuaca	20	\N	\N
1391	San Lorenzo Cuaunecuiltitla	20	\N	\N
1392	San Francisco Huehuetlán	20	\N	\N
1393	San Pedro Ocopetatillo	20	\N	\N
1394	Santa Cruz Acatepec	20	\N	\N
1395	Eloxochitlán de Flores Magón	20	\N	\N
1396	Santiago Texcalcingo	20	\N	\N
1397	Teotitlán de Flores Magón	20	\N	\N
1398	Santa María Teopoxco	20	\N	\N
1399	San Martín Toxpalan	20	\N	\N
1400	San Jerónimo Tecóatl	20	\N	\N
1401	Santa María la Asunción	20	\N	\N
1402	Huautepec	20	\N	\N
1403	San Juan Coatzóspam	20	\N	\N
1404	San Lucas Zoquiápam	20	\N	\N
1405	San Antonio Nanahuatípam	20	\N	\N
1406	San José Tenango	20	\N	\N
1407	San Mateo Yoloxochitlán	20	\N	\N
1408	San Bartolomé Ayautla	20	\N	\N
1409	Mazatlán Villa de Flores	20	\N	\N
1410	San Juan de los Cués	20	\N	\N
1411	Santa María Tecomavaca	20	\N	\N
1412	Santa María Ixcatlán	20	\N	\N
1413	San Juan Bautista Cuicatlán	20	\N	\N
1414	Cuyamecalco Villa de Zaragoza	20	\N	\N
1415	Santa Ana Cuauhtémoc	20	\N	\N
1416	Chiquihuitlán de Benito Juárez	20	\N	\N
1417	San Pedro Teutila	20	\N	\N
1418	San Miguel Santa Flor	20	\N	\N
1419	Santa María Tlalixtac	20	\N	\N
1420	San Andrés Teotilálpam	20	\N	\N
1421	San Francisco Chapulapa	20	\N	\N
1422	Concepción Pápalo	20	\N	\N
1423	Santos Reyes Pápalo	20	\N	\N
1424	San Juan Bautista Tlacoatzintepec	20	\N	\N
1425	Santa María Pápalo	20	\N	\N
1426	San Juan Tepeuxila	20	\N	\N
1427	San Pedro Sochiápam	20	\N	\N
1428	Valerio Trujano	20	\N	\N
1429	San Pedro Jocotipac	20	\N	\N
1430	Santa María Texcatitlán	20	\N	\N
1431	San Pedro Jaltepetongo	20	\N	\N
1432	Santiago Nacaltepec	20	\N	\N
1433	Natividad	20	\N	\N
1434	San Juan Quiotepec	20	\N	\N
1435	San Pedro Yólox	20	\N	\N
1436	Santiago Comaltepec	20	\N	\N
1437	Abejones	20	\N	\N
1438	San Pablo Macuiltianguis	20	\N	\N
1439	Ixtlán de Juárez	20	\N	\N
1440	San Juan Atepec	20	\N	\N
1441	San Pedro Yaneri	20	\N	\N
1442	San Miguel Aloápam	20	\N	\N
1443	Teococuilco de Marcos Pérez	20	\N	\N
1444	Santa Ana Yareni	20	\N	\N
1445	San Juan Evangelista Analco	20	\N	\N
1446	Santa María Jaltianguis	20	\N	\N
1447	San Miguel del Río	20	\N	\N
1448	San Juan Chicomezúchil	20	\N	\N
1449	Capulálpam de Méndez	20	\N	\N
1450	Nuevo Zoquiápam	20	\N	\N
1451	Santiago Xiacuí	20	\N	\N
1452	Guelatao de Juárez	20	\N	\N
1453	Santa Catarina Ixtepeji	20	\N	\N
1454	San Miguel Yotao	20	\N	\N
1455	Santa Catarina Lachatao	20	\N	\N
1456	San Miguel Amatlán	20	\N	\N
1457	Santa María Yavesía	20	\N	\N
1458	Santiago Laxopa	20	\N	\N
1459	San Ildefonso Villa Alta	20	\N	\N
1460	Santiago Camotlán	20	\N	\N
1461	San Juan Yaeé	20	\N	\N
1462	Santiago Lalopa	20	\N	\N
1463	San Juan Yatzona	20	\N	\N
1464	Villa Talea de Castro	20	\N	\N
1465	Tanetze de Zaragoza	20	\N	\N
1466	San Juan Juquila Vijanos	20	\N	\N
1467	San Cristóbal Lachirioag	20	\N	\N
1468	Santa María Temaxcalapa	20	\N	\N
1469	Santo Domingo Roayaga	20	\N	\N
1470	Santa María Yalina	20	\N	\N
1471	San Andrés Solaga	20	\N	\N
1472	San Juan Tabaá	20	\N	\N
1473	San Melchor Betaza	20	\N	\N
1474	San Andrés Yaá	20	\N	\N
1475	San Bartolomé Zoogocho	20	\N	\N
1476	San Baltazar Yatzachi el Bajo	20	\N	\N
1477	Santiago Zoochila	20	\N	\N
1478	Villa Hidalgo	20	\N	\N
1479	San Francisco Cajonos	20	\N	\N
1480	San Mateo Cajonos	20	\N	\N
1481	San Pedro Cajonos	20	\N	\N
1482	Santo Domingo Xagacía	20	\N	\N
1483	San Pablo Yaganiza	20	\N	\N
1484	Santiago Choápam	20	\N	\N
1485	Santiago Jocotepec	20	\N	\N
1486	San Juan Lalana	20	\N	\N
1487	Santiago Yaveo	20	\N	\N
1488	San Juan Petlapa	20	\N	\N
1489	San Juan Comaltepec	20	\N	\N
1490	Heroica Ciudad de Huajuapan de León	20	\N	\N
1491	Santiago Chazumba	20	\N	\N
1492	Cosoltepec	20	\N	\N
1493	San Pedro y San Pablo Tequixtepec	20	\N	\N
1494	San Juan Bautista Suchitepec	20	\N	\N
1495	Santa Catarina Zapoquila	20	\N	\N
1496	Santiago Miltepec	20	\N	\N
1497	San Jerónimo Silacayoapilla	20	\N	\N
1498	Zapotitlán Palmas	20	\N	\N
1499	San Andrés Dinicuiti	20	\N	\N
1500	Santiago Cacaloxtepec	20	\N	\N
1501	Asunción Cuyotepeji	20	\N	\N
1502	Santa María Camotlán	20	\N	\N
1503	Santiago Huajolotitlán	20	\N	\N
1504	Santiago Tamazola	20	\N	\N
1505	San Juan Cieneguilla	20	\N	\N
1506	Zapotitlán Lagunas	20	\N	\N
1507	San Juan Ihualtepec	20	\N	\N
1508	San Nicolás Hidalgo	20	\N	\N
1509	Guadalupe de Ramírez	20	\N	\N
1510	San Andrés Tepetlapa	20	\N	\N
1511	San Miguel Ahuehuetitlán	20	\N	\N
1512	San Mateo Nejápam	20	\N	\N
1513	San Juan Bautista Tlachichilco	20	\N	\N
1514	Tezoatlán de Segura y Luna	20	\N	\N
1515	Fresnillo de Trujano	20	\N	\N
1516	Santiago Ayuquililla	20	\N	\N
1517	San José Ayuquila	20	\N	\N
1518	San Martín Zacatepec	20	\N	\N
1519	San Miguel Amatitlán	20	\N	\N
1520	Mariscala de Juárez	20	\N	\N
1521	Santa Cruz Tacache de Mina	20	\N	\N
1522	San Simón Zahuatlán	20	\N	\N
1523	San Marcos Arteaga	20	\N	\N
1524	San Jorge Nuchita	20	\N	\N
1525	Santos Reyes Yucuná	20	\N	\N
1526	Santo Domingo Tonalá	20	\N	\N
1527	Santo Domingo Yodohino	20	\N	\N
1528	San Juan Bautista Coixtlahuaca	20	\N	\N
1529	Tepelmeme Villa de Morelos	20	\N	\N
1530	Concepción Buenavista	20	\N	\N
1531	Santiago Ihuitlán Plumas	20	\N	\N
1532	Tlacotepec Plumas	20	\N	\N
1533	San Francisco Teopan	20	\N	\N
1534	Santa Magdalena Jicotlán	20	\N	\N
1535	San Mateo Tlapiltepec	20	\N	\N
1536	San Miguel Tequixtepec	20	\N	\N
1537	San Miguel Tulancingo	20	\N	\N
1538	Santiago Tepetlapa	20	\N	\N
1539	San Cristóbal Suchixtlahuaca	20	\N	\N
1540	Santa María Nativitas	20	\N	\N
1541	Silacayoápam	20	\N	\N
1542	Santiago Yucuyachi	20	\N	\N
1543	San Lorenzo Victoria	20	\N	\N
1544	San Agustín Atenango	20	\N	\N
1545	Calihualá	20	\N	\N
1546	Santa Cruz de Bravo	20	\N	\N
1547	Ixpantepec Nieves	20	\N	\N
1548	San Francisco Tlapancingo	20	\N	\N
1549	Santiago del Río	20	\N	\N
1550	San Pedro y San Pablo Teposcolula	20	\N	\N
1551	La Trinidad Vista Hermosa	20	\N	\N
1552	Villa de Tamazulápam del Progreso	20	\N	\N
1553	San Pedro Nopala	20	\N	\N
1554	Teotongo	20	\N	\N
1555	San Antonio Acutla	20	\N	\N
1556	Villa Tejúpam de la Unión	20	\N	\N
1557	Santo Domingo Tonaltepec	20	\N	\N
1558	Villa de Chilapa de Díaz	20	\N	\N
1559	San Antonino Monte Verde	20	\N	\N
1560	San Andrés Lagunas	20	\N	\N
1561	San Pedro Yucunama	20	\N	\N
1562	San Juan Teposcolula	20	\N	\N
1563	San Bartolo Soyaltepec	20	\N	\N
1564	Santiago Yolomécatl	20	\N	\N
1565	San Sebastián Nicananduta	20	\N	\N
1566	Santo Domingo Tlatayápam	20	\N	\N
1567	Santa María Nduayaco	20	\N	\N
1568	San Vicente Nuñú	20	\N	\N
1569	San Pedro Topiltepec	20	\N	\N
1570	Santiago Nejapilla	20	\N	\N
1571	Asunción Nochixtlán	20	\N	\N
1572	San Miguel Huautla	20	\N	\N
1573	San Miguel Chicahua	20	\N	\N
1574	Santa María Apazco	20	\N	\N
1575	Santiago Apoala	20	\N	\N
1576	Santa María Chachoápam	20	\N	\N
1577	San Pedro Coxcaltepec Cántaros	20	\N	\N
1578	Santiago Huauclilla	20	\N	\N
1579	Santo Domingo Yanhuitlán	20	\N	\N
1580	San Andrés Sinaxtla	20	\N	\N
1581	San Juan Yucuita	20	\N	\N
1582	San Juan Sayultepec	20	\N	\N
1583	Santiago Tillo	20	\N	\N
1584	San Francisco Chindúa	20	\N	\N
1585	San Mateo Etlatongo	20	\N	\N
1586	Santa Inés de Zaragoza	20	\N	\N
1587	Santiago Juxtlahuaca	20	\N	\N
1588	San Miguel Tlacotepec	20	\N	\N
1589	San Sebastián Tecomaxtlahuaca	20	\N	\N
1590	Santos Reyes Tepejillo	20	\N	\N
1591	San Juan Mixtepec -Dto. 08 -	20	\N	\N
1592	San Martín Peras	20	\N	\N
1593	Coicoyán de las Flores	20	\N	\N
1594	Heroica Ciudad de Tlaxiaco	20	\N	\N
1595	San Juan Ñumí	20	\N	\N
1596	San Pedro Mártir Yucuxaco	20	\N	\N
1597	San Martín Huamelúlpam	20	\N	\N
1598	Santa Cruz Tayata	20	\N	\N
1599	Santiago Nundiche	20	\N	\N
1600	Santa María del Rosario	20	\N	\N
1601	San Juan Achiutla	20	\N	\N
1602	Santa Catarina Tayata	20	\N	\N
1603	San Cristóbal Amoltepec	20	\N	\N
1604	San Miguel Achiutla	20	\N	\N
1605	San Martín Itunyoso	20	\N	\N
1606	Magdalena Peñasco	20	\N	\N
1607	San Bartolomé Yucuañe	20	\N	\N
1608	Santa Cruz Nundaco	20	\N	\N
1609	San Agustín Tlacotepec	20	\N	\N
1610	Santo Tomás Ocotepec	20	\N	\N
1611	San Antonio Sinicahua	20	\N	\N
1612	San Mateo Peñasco	20	\N	\N
1613	Santa María Tataltepec	20	\N	\N
1614	San Pedro Molinos	20	\N	\N
1615	Santa María Yosoyúa	20	\N	\N
1616	San Juan Teita	20	\N	\N
1617	Magdalena Jaltepec	20	\N	\N
1618	Magdalena Yodocono de Porfirio Díaz	20	\N	\N
1619	San Miguel Tecomatlán	20	\N	\N
1620	Magdalena Zahuatlán	20	\N	\N
1621	San Francisco Nuxaño	20	\N	\N
1622	San Pedro Tidaá	20	\N	\N
1623	San Francisco Jaltepetongo	20	\N	\N
1624	Santiago Tilantongo	20	\N	\N
1625	San Juan Diuxi	20	\N	\N
1626	San Andrés Nuxiño	20	\N	\N
1627	San Juan Tamazola	20	\N	\N
1628	Santo Domingo Nuxaá	20	\N	\N
1629	Yutanduchi de Guerrero	20	\N	\N
1630	San Pedro Teozacoalco	20	\N	\N
1631	San Miguel Piedras	20	\N	\N
1632	San Mateo Sindihui	20	\N	\N
1633	Heroica Ciudad de Juchitán de Zaragoza	20	\N	\N
1634	Ciudad Ixtepec	20	\N	\N
1635	El Espinal	20	\N	\N
1636	Santo Domingo Ingenio	20	\N	\N
1637	Santa María Xadani	20	\N	\N
1638	Santiago Niltepec	20	\N	\N
1639	San Dionisio del Mar	20	\N	\N
1640	Asunción Ixtaltepec	20	\N	\N
1641	San Francisco del Mar	20	\N	\N
1642	Unión Hidalgo	20	\N	\N
1643	San Miguel Chimalapa	20	\N	\N
1644	Santo Domingo Zanatepec	20	\N	\N
1645	Reforma de Pineda	20	\N	\N
1646	San Francisco Ixhuatán	20	\N	\N
1647	San Pedro Tapanatepec	20	\N	\N
1648	Chahuites	20	\N	\N
1649	Santiago Zacatepec	20	\N	\N
1650	Santo Domingo Tepuxtepec	20	\N	\N
1651	San Juan Cotzocón	20	\N	\N
1652	San Juan Mazatlán	20	\N	\N
1653	Totontepec Villa de Morelos	20	\N	\N
1654	Mixistlán de la Reforma	20	\N	\N
1655	Santa María Tlahuitoltepec	20	\N	\N
1656	Santa María Alotepec	20	\N	\N
1657	Santiago Atitlán	20	\N	\N
1658	Tamazulápam del Espíritu Santo	20	\N	\N
1659	San Pedro y San Pablo Ayutla	20	\N	\N
1660	Santa María Tepantlali	20	\N	\N
1661	San Miguel Quetzaltepec	20	\N	\N
1662	Asunción Cacalotepec	20	\N	\N
1663	San Pedro Ocotepec	20	\N	\N
1664	San Lucas Camotlán	20	\N	\N
1665	Santiago Ixcuintepec	20	\N	\N
1666	Matías Romero Avendaño	20	\N	\N
1667	San Juan Guichicovi	20	\N	\N
1668	Santo Domingo Petapa	20	\N	\N
1669	Santa María Chimalapa	20	\N	\N
1670	Santa María Petapa	20	\N	\N
1671	El Barrio de la Soledad	20	\N	\N
1672	Tlacolula de Matamoros	20	\N	\N
1673	San Sebastián Abasolo	20	\N	\N
1674	Villa Díaz Ordaz	20	\N	\N
1675	Santa María Guelacé	20	\N	\N
1676	Teotitlán del Valle	20	\N	\N
1677	San Francisco Lachigoló	20	\N	\N
1678	San Sebastián Teitipac	20	\N	\N
1679	Santa Ana del Valle	20	\N	\N
1680	San Pablo Villa de Mitla	20	\N	\N
1681	Santiago Matatlán	20	\N	\N
1682	Santo Domingo Albarradas	20	\N	\N
1683	Rojas de Cuauhtémoc	20	\N	\N
1684	San Juan Teitipac	20	\N	\N
1685	Santa Cruz Papalutla	20	\N	\N
1686	Magdalena Teitipac	20	\N	\N
1687	San Jerónimo Tlacochahuaya	20	\N	\N
1688	San Juan Guelavía	20	\N	\N
1689	San Lucas Quiaviní	20	\N	\N
1690	San Juan del Río	20	\N	\N
1691	San Bartolomé Quialana	20	\N	\N
1692	San Lorenzo Albarradas	20	\N	\N
1693	San Pedro Totolápam	20	\N	\N
1694	San Pedro Quiatoni	20	\N	\N
1695	Santa María Zoquitlán	20	\N	\N
1696	San Dionisio Ocotepec	20	\N	\N
1697	San Carlos Yautepec	20	\N	\N
1698	San Juan Juquila Mixes	20	\N	\N
1699	Nejapa de Madero	20	\N	\N
1700	Santa Ana Tavela	20	\N	\N
1701	San Juan Lajarcia	20	\N	\N
1702	San Bartolo Yautepec	20	\N	\N
1703	Santa María Ecatepec	20	\N	\N
1704	Asunción Tlacolulita	20	\N	\N
1705	San Pedro Mártir Quiechapa	20	\N	\N
1706	Santa María Quiegolani	20	\N	\N
1707	Santa Catarina Quioquitani	20	\N	\N
1708	Santa Catalina Quierí	20	\N	\N
1709	Salina Cruz	20	\N	\N
1710	Santiago Lachiguiri	20	\N	\N
1711	Santa María Jalapa del Marqués	20	\N	\N
1712	Santa María Totolapilla	20	\N	\N
1713	Santiago Laollaga	20	\N	\N
1714	Guevea de Humboldt	20	\N	\N
1715	Santo Domingo Chihuitán	20	\N	\N
1716	Santa María Guienagati	20	\N	\N
1717	Magdalena Tequisistlán	20	\N	\N
1718	Magdalena Tlacotepec	20	\N	\N
1719	San Pedro Comitancillo	20	\N	\N
1720	Santa María Mixtequilla	20	\N	\N
1721	Santo Domingo Tehuantepec	20	\N	\N
1722	San Pedro Huamelula	20	\N	\N
1723	San Pedro Huilotepec	20	\N	\N
1724	San Mateo del Mar	20	\N	\N
1725	San Blas Atempa	20	\N	\N
1726	Santiago Astata	20	\N	\N
1727	San Miguel Tenango	20	\N	\N
1728	Miahuatlán de Porfirio Díaz	20	\N	\N
1729	San Nicolás	20	\N	\N
1730	San Simón Almolongas	20	\N	\N
1731	San Luis Amatlán	20	\N	\N
1732	San José Lachiguiri	20	\N	\N
1733	Sitio de Xitlapehua	20	\N	\N
1734	San Francisco Logueche	20	\N	\N
1735	Santa Ana	20	\N	\N
1736	Santa Cruz Xitla	20	\N	\N
1737	Monjas	20	\N	\N
1738	San Ildefonso Amatlán	20	\N	\N
1739	Santa Catarina Cuixtla	20	\N	\N
1740	San José del Peñasco	20	\N	\N
1741	San Cristóbal Amatlán	20	\N	\N
1742	San Juan Mixtepec -Dto. 26 -	20	\N	\N
1743	San Pedro Mixtepec -Dto. 26 -	20	\N	\N
1744	Santa Lucía Miahuatlán	20	\N	\N
1745	San Jerónimo Coatlán	20	\N	\N
1746	San Sebastián Coatlán	20	\N	\N
1747	San Pablo Coatlán	20	\N	\N
1748	San Mateo Río Hondo	20	\N	\N
1749	Santo Tomás Tamazulapan	20	\N	\N
1750	San Andrés Paxtlán	20	\N	\N
1751	Santa María Ozolotepec	20	\N	\N
1752	San Miguel Coatlán	20	\N	\N
1753	San Sebastián Río Hondo	20	\N	\N
1754	San Miguel Suchixtepec	20	\N	\N
1755	Santo Domingo Ozolotepec	20	\N	\N
1756	San Francisco Ozolotepec	20	\N	\N
1757	Santiago Xanica	20	\N	\N
1758	San Marcial Ozolotepec	20	\N	\N
1759	San Juan Ozolotepec	20	\N	\N
1760	San Pedro Pochutla	20	\N	\N
1761	Santo Domingo de Morelos	20	\N	\N
1762	Santa Catarina Loxicha	20	\N	\N
1763	San Agustín Loxicha	20	\N	\N
1764	San Baltazar Loxicha	20	\N	\N
1765	Santa María Colotepec	20	\N	\N
1766	San Bartolomé Loxicha	20	\N	\N
1767	Santa María Tonameca	20	\N	\N
1768	Candelaria Loxicha	20	\N	\N
1769	Pluma Hidalgo	20	\N	\N
1770	San Pedro el Alto	20	\N	\N
1771	San Mateo Piñas	20	\N	\N
1772	Santa María Huatulco	20	\N	\N
1773	San Miguel del Puerto	20	\N	\N
1774	Putla Villa de Guerrero	20	\N	\N
1775	Constancia del Rosario	20	\N	\N
1776	Mesones Hidalgo	20	\N	\N
1777	Santa María Zacatepec	20	\N	\N
1778	San Pedro Amuzgos	20	\N	\N
1779	La Reforma	20	\N	\N
1780	Santa María Ipalapa	20	\N	\N
1781	Chalcatongo de Hidalgo	20	\N	\N
1782	Santa María Yucuhiti	20	\N	\N
1783	San Esteban Atatlahuca	20	\N	\N
1784	Santa Catarina Ticuá	20	\N	\N
1785	Santiago Nuyoó	20	\N	\N
1786	Santa Catarina Yosonotú	20	\N	\N
1787	San Miguel el Grande	20	\N	\N
1788	Santo Domingo Ixcatlán	20	\N	\N
1789	San Pablo Tijaltepec	20	\N	\N
1790	Santa Cruz Tacahua	20	\N	\N
1791	Santa Lucía Monteverde	20	\N	\N
1792	San Andrés Cabecera Nueva	20	\N	\N
1793	Santa María Yolotepec	20	\N	\N
1794	Santiago Yosondúa	20	\N	\N
1795	Santa Cruz Itundujia	20	\N	\N
1796	Zimatlán de Álvarez	20	\N	\N
1797	San Bernardo Mixtepec	20	\N	\N
1798	Santa Cruz Mixtepec	20	\N	\N
1799	San Miguel Mixtepec	20	\N	\N
1800	Santa María Atzompa	20	\N	\N
1801	San Andrés Ixtlahuaca	20	\N	\N
1802	Santa Cruz Amilpas	20	\N	\N
1803	Santa Cruz Xoxocotlán	20	\N	\N
1804	Santa Lucía del Camino	20	\N	\N
1805	San Pedro Ixtlahuaca	20	\N	\N
1806	San Antonio de la Cal	20	\N	\N
1807	San Agustín de las Juntas	20	\N	\N
1808	San Pablo Huixtepec	20	\N	\N
1809	Ánimas Trujano	20	\N	\N
1810	San Jacinto Tlacotepec	20	\N	\N
1811	San Raymundo Jalpan	20	\N	\N
1812	Trinidad Zaachila	20	\N	\N
1813	Santa María Coyotepec	20	\N	\N
1814	San Bartolo Coyotepec	20	\N	\N
1815	Santa Inés Yatzeche	20	\N	\N
1816	Ciénega de Zimatlán	20	\N	\N
1817	San Antonio Huitepec	20	\N	\N
1818	Villa de Zaachila	20	\N	\N
1819	San Sebastián Tutla	20	\N	\N
1820	San Miguel Peras	20	\N	\N
1821	San Pablo Cuatro Venados	20	\N	\N
1822	Santa Inés del Monte	20	\N	\N
1823	Santa Gertrudis	20	\N	\N
1824	San Antonino el Alto	20	\N	\N
1825	Magdalena Mixtepec	20	\N	\N
1826	Santa Catarina Quiané	20	\N	\N
1827	Ayoquezco de Aldama	20	\N	\N
1828	Santa Ana Tlapacoyan	20	\N	\N
1829	Santa Cruz Zenzontepec	20	\N	\N
1830	San Francisco Cahuacuá	20	\N	\N
1831	San Mateo Yucutindoo	20	\N	\N
1832	Santiago Textitlán	20	\N	\N
1833	Santiago Amoltepec	20	\N	\N
1834	Santa María Zaniza	20	\N	\N
1835	Santo Domingo Teojomulco	20	\N	\N
1836	Cuilápam de Guerrero	20	\N	\N
1837	Villa Sola de Vega	20	\N	\N
1838	Santa María Lachixío	20	\N	\N
1839	San Vicente Lachixío	20	\N	\N
1840	San Lorenzo Texmelúcan	20	\N	\N
1841	Santa María Sola	20	\N	\N
1842	San Francisco Sola	20	\N	\N
1843	San Ildefonso Sola	20	\N	\N
1844	Santiago Minas	20	\N	\N
1845	Heroica Ciudad de Ejutla de Crespo	20	\N	\N
1846	San Martín Tilcajete	20	\N	\N
1847	Santo Tomás Jalieza	20	\N	\N
1848	San Juan Chilateca	20	\N	\N
1849	Ocotlán de Morelos	20	\N	\N
1850	Santa Ana Zegache	20	\N	\N
1851	Santiago Apóstol	20	\N	\N
1852	San Antonino Castillo Velasco	20	\N	\N
1853	Asunción Ocotlán	20	\N	\N
1854	San Pedro Mártir	20	\N	\N
1855	San Dionisio Ocotlán	20	\N	\N
1856	Magdalena Ocotlán	20	\N	\N
1857	San Miguel Tilquiápam	20	\N	\N
1858	Santa Catarina Minas	20	\N	\N
1859	San Baltazar Chichicápam	20	\N	\N
1860	San Pedro Apóstol	20	\N	\N
1861	Santa Lucía Ocotlán	20	\N	\N
1862	San Jerónimo Taviche	20	\N	\N
1863	San Andrés Zabache	20	\N	\N
1864	San José del Progreso	20	\N	\N
1865	Yaxe	20	\N	\N
1866	San Pedro Taviche	20	\N	\N
1867	San Martín de los Cansecos	20	\N	\N
1868	San Martín Lachilá	20	\N	\N
1869	La Pe	20	\N	\N
1870	La Compañía	20	\N	\N
1871	Coatecas Altas	20	\N	\N
1872	San Juan Lachigalla	20	\N	\N
1873	San Agustín Amatengo	20	\N	\N
1874	Taniche	20	\N	\N
1875	San Miguel Ejutla	20	\N	\N
1876	Yogana	20	\N	\N
1877	San Vicente Coatlán	20	\N	\N
1878	Santiago Pinotepa Nacional	20	\N	\N
1879	San Juan Cacahuatepec	20	\N	\N
1880	San Juan Bautista Lo de Soto	20	\N	\N
1881	Mártires de Tacubaya	20	\N	\N
1882	San Sebastián Ixcapa	20	\N	\N
1883	San Antonio Tepetlapa	20	\N	\N
1884	Santa María Cortijo	20	\N	\N
1885	Santiago Llano Grande	20	\N	\N
1886	San Miguel Tlacamama	20	\N	\N
1887	Santiago Tapextla	20	\N	\N
1888	San José Estancia Grande	20	\N	\N
1889	Santo Domingo Armenta	20	\N	\N
1890	Santiago Jamiltepec	20	\N	\N
1891	San Pedro Atoyac	20	\N	\N
1892	San Juan Colorado	20	\N	\N
1893	Santiago Ixtayutla	20	\N	\N
1894	San Pedro Jicayán	20	\N	\N
1895	Pinotepa de Don Luis	20	\N	\N
1896	San Lorenzo	20	\N	\N
1897	San Agustín Chayuco	20	\N	\N
1898	San Andrés Huaxpaltepec	20	\N	\N
1899	Santa Catarina Mechoacán	20	\N	\N
1900	Santiago Tetepec	20	\N	\N
1901	Santa María Huazolotitlán	20	\N	\N
1902	Villa de Tututepec de Melchor Ocampo	20	\N	\N
1903	Tataltepec de Valdés	20	\N	\N
1904	San Juan Quiahije	20	\N	\N
1905	San Miguel Panixtlahuaca	20	\N	\N
1906	Santa Catarina Juquila	20	\N	\N
1907	San Pedro Juchatengo	20	\N	\N
1908	Santiago Yaitepec	20	\N	\N
1909	San Juan Lachao	20	\N	\N
1910	Santa María Temaxcaltepec	20	\N	\N
1911	Santos Reyes Nopala	20	\N	\N
1912	San Gabriel Mixtepec	20	\N	\N
1913	San Pedro Mixtepec -Dto. 22 -	20	\N	\N
1914	Puebla	21	\N	\N
1915	Tlaltenango	21	\N	\N
1916	San Miguel Xoxtla	21	\N	\N
1917	Juan C. Bonilla	21	\N	\N
1918	Coronango	21	\N	\N
1919	Cuautlancingo	21	\N	\N
1920	San Pedro Cholula	21	\N	\N
1921	San Andrés Cholula	21	\N	\N
1922	Ocoyucan	21	\N	\N
1924	Amozoc	21	\N	\N
1925	Francisco Z. Mena	21	\N	\N
1926	Pantepec	21	\N	\N
1927	Venustiano Carranza	21	\N	\N
1928	Jalpan	21	\N	\N
1929	Tlaxco	21	\N	\N
1930	Tlacuilotepec	21	\N	\N
1931	Xicotepec	21	\N	\N
1932	Pahuatlán	21	\N	\N
1933	Honey	21	\N	\N
1934	Naupan	21	\N	\N
1935	Huauchinango	21	\N	\N
1936	Ahuazotepec	21	\N	\N
1937	Juan Galindo	21	\N	\N
1938	Tlaola	21	\N	\N
1939	Zihuateutla	21	\N	\N
1940	Jopala	21	\N	\N
1941	Tlapacoya	21	\N	\N
1942	Chignahuapan	21	\N	\N
1943	Zacatlán	21	\N	\N
1944	Chiconcuautla	21	\N	\N
1945	Ahuacatlán	21	\N	\N
1946	Tepetzintla	21	\N	\N
1947	San Felipe Tepatlán	21	\N	\N
1948	Amixtlán	21	\N	\N
1949	Tepango de Rodríguez	21	\N	\N
1950	Zongozotla	21	\N	\N
1951	Hermenegildo Galeana	21	\N	\N
1952	Olintla	21	\N	\N
1953	Coatepec	21	\N	\N
1954	Camocuautla	21	\N	\N
1955	Hueytlalpan	21	\N	\N
1956	Zapotitlán de Méndez	21	\N	\N
1957	Huitzilan de Serdán	21	\N	\N
1958	Xochitlán de Vicente Suárez	21	\N	\N
1959	Huehuetla	21	\N	\N
1960	Ixtepec	21	\N	\N
1961	Atlequizayan	21	\N	\N
1962	Tenampulco	21	\N	\N
1963	Tuzamapan de Galeana	21	\N	\N
1964	Caxhuacan	21	\N	\N
1965	Jonotla	21	\N	\N
1966	Zoquiapan	21	\N	\N
1967	Nauzontla	21	\N	\N
1968	Cuetzalan del Progreso	21	\N	\N
1969	Ayotoxco de Guerrero	21	\N	\N
1970	Hueytamalco	21	\N	\N
1971	Acateno	21	\N	\N
1972	Cuautempan	21	\N	\N
1973	Aquixtla	21	\N	\N
1974	Tetela de Ocampo	21	\N	\N
1975	Xochiapulco	21	\N	\N
1976	Zacapoaxtla	21	\N	\N
1977	Zaragoza	21	\N	\N
1978	Ixtacamaxtitlán	21	\N	\N
1979	Zautla	21	\N	\N
1980	Ocotepec	21	\N	\N
1981	Libres	21	\N	\N
1982	Teziutlán	21	\N	\N
1983	Tlatlauquitepec	21	\N	\N
1984	Yaonáhuac	21	\N	\N
1985	Hueyapan	21	\N	\N
1986	Teteles de Avila Castillo	21	\N	\N
1987	Atempan	21	\N	\N
1988	Chignautla	21	\N	\N
1990	Xiutetelco	21	\N	\N
1991	Cuyoaco	21	\N	\N
1992	Tepeyahualco	21	\N	\N
1993	San Martín Texmelucan	21	\N	\N
1994	Tlahuapan	21	\N	\N
1995	San Matías Tlalancaleca	21	\N	\N
1997	San Salvador el Verde	21	\N	\N
1998	San Felipe Teotlalcingo	21	\N	\N
1999	Chiautzingo	21	\N	\N
2000	Huejotzingo	21	\N	\N
2001	Domingo Arenas	21	\N	\N
2002	Calpan	21	\N	\N
2003	San Nicolás de los Ranchos	21	\N	\N
2004	Atlixco	21	\N	\N
2005	Nealtican	21	\N	\N
2006	San Jerónimo Tecuanipan	21	\N	\N
2007	San Gregorio Atzompa	21	\N	\N
2008	Tochimilco	21	\N	\N
2009	Tianguismanalco	21	\N	\N
2010	Santa Isabel Cholula	21	\N	\N
2012	Huaquechula	21	\N	\N
2013	San Diego la Mesa Tochimiltzingo	21	\N	\N
2014	Tepeojuma	21	\N	\N
2015	Izúcar de Matamoros	21	\N	\N
2016	Atzitzihuacán	21	\N	\N
2017	Acteopan	21	\N	\N
2018	Cohuecan	21	\N	\N
2019	Tepemaxalco	21	\N	\N
2020	Tlapanalá	21	\N	\N
2021	Tepexco	21	\N	\N
2022	Tilapa	21	\N	\N
2024	Chietla	21	\N	\N
2025	Atzala	21	\N	\N
2026	Teopantlán	21	\N	\N
2027	San Martín Totoltepec	21	\N	\N
2028	Xochiltepec	21	\N	\N
2029	Epatlán	21	\N	\N
2030	Ahuatlán	21	\N	\N
2031	Coatzingo	21	\N	\N
2032	Santa Catarina Tlaltempan	21	\N	\N
2033	Chigmecatitlán	21	\N	\N
2034	Zacapala	21	\N	\N
2035	Tepexi de Rodríguez	21	\N	\N
2036	Teotlalco	21	\N	\N
2037	Jolalpan	21	\N	\N
2038	Huehuetlán el Chico	21	\N	\N
2039	Chiautla	21	\N	\N
2040	Cohetzala	21	\N	\N
2041	Xicotlán	21	\N	\N
2042	Chila de la Sal	21	\N	\N
2043	Ixcamilpa de Guerrero	21	\N	\N
2044	Albino Zertuche	21	\N	\N
2045	Tulcingo	21	\N	\N
2046	Tehuitzingo	21	\N	\N
2047	Cuayuca de Andrade	21	\N	\N
2048	Santa Inés Ahuatempan	21	\N	\N
2049	Axutla	21	\N	\N
2050	Chinantla	21	\N	\N
2051	Ahuehuetitla	21	\N	\N
2052	San Pablo Anicano	21	\N	\N
2053	Tecomatlán	21	\N	\N
2054	Piaxtla	21	\N	\N
2055	Guadalupe	21	\N	\N
2056	Ixcaquixtla	21	\N	\N
2057	Coyotepec	21	\N	\N
2058	Xayacatlán de Bravo	21	\N	\N
2059	Totoltepec de Guerrero	21	\N	\N
2060	Acatlán	21	\N	\N
2061	San Jerónimo Xayacatlán	21	\N	\N
2062	San Pedro Yeloixtlahuaca	21	\N	\N
2063	Petlalcingo	21	\N	\N
2064	San Miguel Ixitlán	21	\N	\N
2065	Chila	21	\N	\N
2066	Rafael Lara Grajales	21	\N	\N
2067	San José Chiapa	21	\N	\N
2068	Oriental	21	\N	\N
2069	San Nicolás Buenos Aires	21	\N	\N
2070	Guadalupe Victoria	21	\N	\N
2071	Tlachichuca	21	\N	\N
2072	Lafragua	21	\N	\N
2073	Chilchotla	21	\N	\N
2074	Quimixtlán	21	\N	\N
2075	Chichiquila	21	\N	\N
2076	Tepatlaxco de Hidalgo	21	\N	\N
2077	Acajete	21	\N	\N
2078	Nopalucan	21	\N	\N
2079	Mazapiltepec de Juárez	21	\N	\N
2080	Soltepec	21	\N	\N
2081	Acatzingo	21	\N	\N
2082	San Salvador el Seco	21	\N	\N
2083	General Felipe Ángeles	21	\N	\N
2084	Aljojuca	21	\N	\N
2085	San Juan Atenco	21	\N	\N
2086	Tepeaca	21	\N	\N
2087	Cuautinchán	21	\N	\N
2088	Tecali de Herrera	21	\N	\N
2089	Mixtla	21	\N	\N
2090	Santo Tomás Hueyotlipan	21	\N	\N
2091	Tzicatlacoyan	21	\N	\N
2092	Huehuetlán el Grande	21	\N	\N
2093	La Magdalena Tlatlauquitepec	21	\N	\N
2094	San Juan Atzompa	21	\N	\N
2095	Huatlatlauca	21	\N	\N
2096	Los Reyes de Juárez	21	\N	\N
2097	Cuapiaxtla de Madero	21	\N	\N
2098	San Salvador Huixcolotla	21	\N	\N
2099	Quecholac	21	\N	\N
2100	Tecamachalco	21	\N	\N
2101	Palmar de Bravo	21	\N	\N
2102	Chalchicomula de Sesma	21	\N	\N
2103	Atzitzintla	21	\N	\N
2104	Esperanza	21	\N	\N
2105	Cañada Morelos	21	\N	\N
2106	Tlanepantla	21	\N	\N
2107	Tochtepec	21	\N	\N
2108	Atoyatempan	21	\N	\N
2109	Tepeyahualco de Cuauhtémoc	21	\N	\N
2110	Huitziltepec	21	\N	\N
2111	Molcaxac	21	\N	\N
2112	Xochitlán Todos Santos	21	\N	\N
2113	Yehualtepec	21	\N	\N
2114	Tlacotepec de Benito Juárez	21	\N	\N
2115	Juan N. Méndez	21	\N	\N
2116	Tehuacán	21	\N	\N
2117	Tepanco de López	21	\N	\N
2118	Chapulco	21	\N	\N
2119	Santiago Miahuatlán	21	\N	\N
2120	Nicolás Bravo	21	\N	\N
2121	Atexcal	21	\N	\N
2123	San Antonio Cañada	21	\N	\N
2124	Zapotitlán	21	\N	\N
2125	San Gabriel Chilac	21	\N	\N
2126	Caltepec	21	\N	\N
2127	Vicente Guerrero	21	\N	\N
2128	Ajalpan	21	\N	\N
2129	Eloxochitlán	21	\N	\N
2130	Zoquitlán	21	\N	\N
2131	San Sebastián Tlacotepec	21	\N	\N
2132	Altepexi	21	\N	\N
2133	Zinacatepec	21	\N	\N
2134	San José Miahuatlán	21	\N	\N
2135	Coxcatlán	21	\N	\N
2136	Coyomeapan	21	\N	\N
2137	Querétaro	22	\N	\N
2138	El Marqués	22	\N	\N
2139	Colón	22	\N	\N
2140	Pinal de Amoles	22	\N	\N
2141	Jalpan de Serra	22	\N	\N
2142	Landa de Matamoros	22	\N	\N
2143	Arroyo Seco	22	\N	\N
2144	Peñamiller	22	\N	\N
2145	Cadereyta de Montes	22	\N	\N
2146	San Joaquín	22	\N	\N
2147	Tolimán	22	\N	\N
2148	Ezequiel Montes	22	\N	\N
2149	Pedro Escobedo	22	\N	\N
2150	Tequisquiapan	22	\N	\N
2151	San Juan del Río	22	\N	\N
2152	Amealco de Bonfil	22	\N	\N
2153	Corregidora	22	\N	\N
2154	Huimilpan	22	\N	\N
2155	Othón P. Blanco	23	\N	\N
2156	Felipe Carrillo Puerto	23	\N	\N
2157	Lázaro Cárdenas	23	\N	\N
2158	Isla Mujeres	23	\N	\N
2159	Benito Juárez	23	\N	\N
2160	Cozumel	23	\N	\N
2161	Solidaridad	23	\N	\N
2162	Tulum	23	\N	\N
2163	José María Morelos	23	\N	\N
2164	Bacalar	23	\N	\N
2166	San Luis Potosí	24	\N	\N
2167	Soledad de Graciano Sánchez	24	\N	\N
2168	Cerro de San Pedro	24	\N	\N
2169	Ahualulco	24	\N	\N
2170	Mexquitic de Carmona	24	\N	\N
2171	Villa de Arriaga	24	\N	\N
2172	Vanegas	24	\N	\N
2173	Cedral	24	\N	\N
2174	Catorce	24	\N	\N
2175	Charcas	24	\N	\N
2176	Salinas	24	\N	\N
2177	Santo Domingo	24	\N	\N
2178	Villa de Ramos	24	\N	\N
2179	Matehuala	24	\N	\N
2180	Villa de la Paz	24	\N	\N
2181	Villa de Guadalupe	24	\N	\N
2182	Guadalcázar	24	\N	\N
2183	Moctezuma	24	\N	\N
2184	Venado	24	\N	\N
2185	Villa de Arista	24	\N	\N
2186	Villa Hidalgo	24	\N	\N
2187	Armadillo de los Infante	24	\N	\N
2188	Ciudad Valles	24	\N	\N
2189	Ebano	24	\N	\N
2190	Tamuín	24	\N	\N
2193	El Naranjo	24	\N	\N
2194	Ciudad del Maíz	24	\N	\N
2195	Alaquines	24	\N	\N
2196	Cárdenas	24	\N	\N
2197	Cerritos	24	\N	\N
2198	Villa Juárez	24	\N	\N
2199	San Nicolás Tolentino	24	\N	\N
2200	Villa de Reyes	24	\N	\N
2201	Zaragoza	24	\N	\N
2202	Santa María del Río	24	\N	\N
2203	Tierra Nueva	24	\N	\N
2204	Rioverde	24	\N	\N
2205	Ciudad Fernández	24	\N	\N
2206	San Ciro de Acosta	24	\N	\N
2207	Tamasopo	24	\N	\N
2208	Rayón	24	\N	\N
2209	Aquismón	24	\N	\N
2210	Lagunillas	24	\N	\N
2211	Santa Catarina	24	\N	\N
2212	Tancanhuitz	24	\N	\N
2213	Tanlajás	24	\N	\N
2214	San Vicente Tancuayalab	24	\N	\N
2215	San Antonio	24	\N	\N
2216	Tanquián de Escobedo	24	\N	\N
2217	Tampamolón Corona	24	\N	\N
2218	Coxcatlán	24	\N	\N
2219	Huehuetlán	24	\N	\N
2220	Xilitla	24	\N	\N
2221	Axtla de Terrazas	24	\N	\N
2222	Tampacán	24	\N	\N
2223	San Martín Chalchicuautla	24	\N	\N
2224	Tamazunchale	24	\N	\N
2225	Matlapa	24	\N	\N
2227	Culiacán	25	\N	\N
2228	Navolato	25	\N	\N
2230	Badiraguato	25	\N	\N
2231	Cosalá	25	\N	\N
2232	Mocorito	25	\N	\N
2233	Guasave	25	\N	\N
2234	Ahome	25	\N	\N
2235	Salvador Alvarado	25	\N	\N
2236	Angostura	25	\N	\N
2237	Choix	25	\N	\N
2238	El Fuerte	25	\N	\N
2239	Sinaloa	25	\N	\N
2240	Mazatlán	25	\N	\N
2241	Escuinapa	25	\N	\N
2242	Concordia	25	\N	\N
2243	Elota	25	\N	\N
2244	Rosario	25	\N	\N
2245	San Ignacio	25	\N	\N
2246	Hermosillo	26	\N	\N
2247	San Miguel de Horcasitas	26	\N	\N
2248	Carbó	26	\N	\N
2249	San Luis Río Colorado	26	\N	\N
2250	Puerto Peñasco	26	\N	\N
2251	General Plutarco Elías Calles	26	\N	\N
2252	Caborca	26	\N	\N
2253	Altar	26	\N	\N
2254	Tubutama	26	\N	\N
2255	Atil	26	\N	\N
2256	Oquitoa	26	\N	\N
2257	Sáric	26	\N	\N
2258	Benjamín Hill	26	\N	\N
2259	Trincheras	26	\N	\N
2260	Pitiquito	26	\N	\N
2261	Nogales	26	\N	\N
2262	Imuris	26	\N	\N
2263	Santa Cruz	26	\N	\N
2264	Magdalena	26	\N	\N
2265	Naco	26	\N	\N
2266	Agua Prieta	26	\N	\N
2267	Fronteras	26	\N	\N
2268	Nacozari de García	26	\N	\N
2269	Bavispe	26	\N	\N
2270	Bacerac	26	\N	\N
2271	Huachinera	26	\N	\N
2272	Nácori Chico	26	\N	\N
2273	Granados	26	\N	\N
2274	Bacadéhuachi	26	\N	\N
2275	Cumpas	26	\N	\N
2276	Huásabas	26	\N	\N
2277	Moctezuma	26	\N	\N
2278	Villa Hidalgo	26	\N	\N
2279	Santa Ana	26	\N	\N
2280	Cananea	26	\N	\N
2281	Arizpe	26	\N	\N
2282	Cucurpe	26	\N	\N
2283	Bacoachi	26	\N	\N
2284	San Pedro de la Cueva	26	\N	\N
2285	Divisaderos	26	\N	\N
2286	Tepache	26	\N	\N
2287	Villa Pesqueira	26	\N	\N
2288	Opodepe	26	\N	\N
2289	Huépac	26	\N	\N
2290	Banámichi	26	\N	\N
2291	Ures	26	\N	\N
2292	Aconchi	26	\N	\N
2293	Baviácora	26	\N	\N
2294	San Felipe de Jesús	26	\N	\N
2295	Rayón	26	\N	\N
2296	Cajeme	26	\N	\N
2297	Navojoa	26	\N	\N
2298	Huatabampo	26	\N	\N
2299	Bácum	26	\N	\N
2300	Etchojoa	26	\N	\N
2301	Benito Juárez	26	\N	\N
2302	Empalme	26	\N	\N
2303	Guaymas	26	\N	\N
2304	San Ignacio Río Muerto	26	\N	\N
2306	La Colorada	26	\N	\N
2307	Mazatán	26	\N	\N
2308	Suaqui Grande	26	\N	\N
2309	Sahuaripa	26	\N	\N
2310	San Javier	26	\N	\N
2311	Soyopa	26	\N	\N
2312	Bacanora	26	\N	\N
2313	Arivechi	26	\N	\N
2314	Rosario	26	\N	\N
2315	Quiriego	26	\N	\N
2316	Onavas	26	\N	\N
2317	Alamos	26	\N	\N
2318	Yécora	26	\N	\N
2321	Centro	27	\N	\N
2322	Jalpa de Méndez	27	\N	\N
2323	Nacajuca	27	\N	\N
2325	Comalcalco	27	\N	\N
2326	Huimanguillo	27	\N	\N
2327	Cárdenas	27	\N	\N
2328	Paraíso	27	\N	\N
2330	Cunduacán	27	\N	\N
2331	Macuspana	27	\N	\N
2332	Centla	27	\N	\N
2333	Jonuta	27	\N	\N
2334	Teapa	27	\N	\N
2335	Jalapa	27	\N	\N
2336	Tacotalpa	27	\N	\N
2337	Tenosique	27	\N	\N
2338	Balancán	27	\N	\N
2339	Emiliano Zapata	27	\N	\N
2340	Victoria	28	\N	\N
2341	Llera	28	\N	\N
2342	Güémez	28	\N	\N
2343	Casas	28	\N	\N
2345	Matamoros	28	\N	\N
2346	Valle Hermoso	28	\N	\N
2348	San Fernando	28	\N	\N
2349	Cruillas	28	\N	\N
2350	San Nicolás	28	\N	\N
2351	Soto la Marina	28	\N	\N
2352	Jiménez	28	\N	\N
2353	San Carlos	28	\N	\N
2354	Abasolo	28	\N	\N
2355	Padilla	28	\N	\N
2356	Hidalgo	28	\N	\N
2357	Mainero	28	\N	\N
2358	Villagrán	28	\N	\N
2359	Tula	28	\N	\N
2360	Jaumave	28	\N	\N
2361	Miquihuana	28	\N	\N
2362	Bustamante	28	\N	\N
2363	Palmillas	28	\N	\N
2364	Ocampo	28	\N	\N
2365	Nuevo Laredo	28	\N	\N
2366	Miguel Alemán	28	\N	\N
2368	Guerrero	28	\N	\N
2369	Mier	28	\N	\N
2370	Gustavo Díaz Ordaz	28	\N	\N
2371	Camargo	28	\N	\N
2372	Reynosa	28	\N	\N
2373	Río Bravo	28	\N	\N
2375	Méndez	28	\N	\N
2376	Burgos	28	\N	\N
2378	Tampico	28	\N	\N
2379	Ciudad Madero	28	\N	\N
2380	Altamira	28	\N	\N
2381	Aldama	28	\N	\N
2382	González	28	\N	\N
2383	Xicoténcatl	28	\N	\N
2384	Gómez Farías	28	\N	\N
2385	El Mante	28	\N	\N
2386	Antiguo Morelos	28	\N	\N
2387	Nuevo Morelos	28	\N	\N
2388	Tlaxcala	29	\N	\N
2389	Ixtacuixtla de Mariano Matamoros	29	\N	\N
2390	Santa Ana Nopalucan	29	\N	\N
2391	Panotla	29	\N	\N
2392	Totolac	29	\N	\N
2393	Tepeyanco	29	\N	\N
2394	Santa Isabel Xiloxoxtla	29	\N	\N
2395	San Juan Huactzinco	29	\N	\N
2396	Calpulalpan	29	\N	\N
2397	Sanctórum de Lázaro Cárdenas	29	\N	\N
2398	Benito Juárez	29	\N	\N
2399	Hueyotlipan	29	\N	\N
2400	Tlaxco	29	\N	\N
2401	Nanacamilpa de Mariano Arista	29	\N	\N
2402	Españita	29	\N	\N
2403	Apizaco	29	\N	\N
2404	Atlangatepec	29	\N	\N
2405	Muñoz de Domingo Arenas	29	\N	\N
2406	Tetla de la Solidaridad	29	\N	\N
2407	Xaltocan	29	\N	\N
2408	San Lucas Tecopilco	29	\N	\N
2409	Yauhquemehcan	29	\N	\N
2410	Xaloztoc	29	\N	\N
2411	Tocatlán	29	\N	\N
2412	Tzompantepec	29	\N	\N
2413	San José Teacalco	29	\N	\N
2414	Huamantla	29	\N	\N
2415	Terrenate	29	\N	\N
2416	Lázaro Cárdenas	29	\N	\N
2417	Emiliano Zapata	29	\N	\N
2418	Atltzayanca	29	\N	\N
2419	Cuapiaxtla	29	\N	\N
2420	El Carmen Tequexquitla	29	\N	\N
2421	Ixtenco	29	\N	\N
2422	Ziltlaltépec de Trinidad Sánchez Santos	29	\N	\N
2423	Apetatitlán de Antonio Carvajal	29	\N	\N
2424	Amaxac de Guerrero	29	\N	\N
2425	Santa Cruz Tlaxcala	29	\N	\N
2426	Cuaxomulco	29	\N	\N
2427	Contla de Juan Cuamatzi	29	\N	\N
2428	Tepetitla de Lardizábal	29	\N	\N
2429	Natívitas	29	\N	\N
2430	Santa Apolonia Teacalco	29	\N	\N
2431	Tetlatlahuca	29	\N	\N
2432	San Damián Texóloc	29	\N	\N
2433	San Jerónimo Zacualpan	29	\N	\N
2434	Zacatelco	29	\N	\N
2435	San Lorenzo Axocomanitla	29	\N	\N
2436	Santa Catarina Ayometla	29	\N	\N
2437	Xicohtzinco	29	\N	\N
2438	Papalotla de Xicohténcatl	29	\N	\N
2439	Chiautempan	29	\N	\N
2440	La Magdalena Tlaltelulco	29	\N	\N
2441	San Francisco Tetlanohcan	29	\N	\N
2442	Teolocholco	29	\N	\N
2443	Acuamanala de Miguel Hidalgo	29	\N	\N
2444	Santa Cruz Quilehtla	29	\N	\N
2445	Mazatecochco de José María Morelos	29	\N	\N
2446	Tenancingo	29	\N	\N
2447	San Pablo del Monte	29	\N	\N
2448	Xalapa	30	\N	\N
2449	Tlalnelhuayocan	30	\N	\N
2450	Xico	30	\N	\N
2451	Ixhuacán de los Reyes	30	\N	\N
2452	Ayahualulco	30	\N	\N
2453	Perote	30	\N	\N
2454	Banderilla	30	\N	\N
2455	Rafael Lucio	30	\N	\N
2456	Acajete	30	\N	\N
2457	Las Vigas de Ramírez	30	\N	\N
2458	Villa Aldama	30	\N	\N
2459	Tlacolulan	30	\N	\N
2460	Tonayán	30	\N	\N
2461	Coacoatzintla	30	\N	\N
2462	Jilotepec	30	\N	\N
2463	Naolinco	30	\N	\N
2464	Miahuatlán	30	\N	\N
2465	Acatlán	30	\N	\N
2466	Tepetlán	30	\N	\N
2467	Juchique de Ferrer	30	\N	\N
2468	Alto Lucero de Gutiérrez Barrios	30	\N	\N
2469	Actopan	30	\N	\N
2470	Coatepec	30	\N	\N
2471	Teocelo	30	\N	\N
2472	Cosautlán de Carvajal	30	\N	\N
2473	Emiliano Zapata	30	\N	\N
2474	Apazapan	30	\N	\N
2475	Puente Nacional	30	\N	\N
2476	Ursulo Galván	30	\N	\N
2477	Paso de Ovejas	30	\N	\N
2478	La Antigua	30	\N	\N
2479	Veracruz	30	\N	\N
2480	Pánuco	30	\N	\N
2481	Pueblo Viejo	30	\N	\N
2482	Tampico Alto	30	\N	\N
2483	Tempoal	30	\N	\N
2484	Ozuluama de Mascareñas	30	\N	\N
2485	Tantoyuca	30	\N	\N
2486	Platón Sánchez	30	\N	\N
2487	Chiconamel	30	\N	\N
2488	Chalma	30	\N	\N
2489	Chontla	30	\N	\N
2490	Citlaltépetl	30	\N	\N
2491	Ixcatepec	30	\N	\N
2492	Naranjos Amatlán	30	\N	\N
2493	El Higo	30	\N	\N
2495	Chinampa de Gorostiza	30	\N	\N
2496	Tantima	30	\N	\N
2497	Tamalín	30	\N	\N
2498	Cerro Azul	30	\N	\N
2499	Tepetzintla	30	\N	\N
2500	Tancoco	30	\N	\N
2501	Tamiahua	30	\N	\N
2502	Huayacocotla	30	\N	\N
2503	Ilamatlán	30	\N	\N
2504	Zontecomatlán de López y Fuentes	30	\N	\N
2505	Texcatepec	30	\N	\N
2506	Zacualpan	30	\N	\N
2507	Benito Juárez	30	\N	\N
2508	Tlachichilco	30	\N	\N
2509	Ixhuatlán de Madero	30	\N	\N
2510	Chicontepec	30	\N	\N
2511	Álamo Temapache	30	\N	\N
2512	Tuxpan	30	\N	\N
2513	Tihuatlán	30	\N	\N
2514	Castillo de Teayo	30	\N	\N
2515	Cazones de Herrera	30	\N	\N
2516	Zozocolco de Hidalgo	30	\N	\N
2517	Chumatlán	30	\N	\N
2518	Coxquihui	30	\N	\N
2519	Mecatlán	30	\N	\N
2520	Filomeno Mata	30	\N	\N
2521	Coahuitlán	30	\N	\N
2522	Coyutla	30	\N	\N
2523	Coatzintla	30	\N	\N
2524	Espinal	30	\N	\N
2525	Poza Rica de Hidalgo	30	\N	\N
2526	Papantla	30	\N	\N
2527	Gutiérrez Zamora	30	\N	\N
2528	Tecolutla	30	\N	\N
2529	Martínez de la Torre	30	\N	\N
2530	San Rafael	30	\N	\N
2532	Tlapacoyan	30	\N	\N
2533	Jalacingo	30	\N	\N
2534	Atzalan	30	\N	\N
2535	Altotonga	30	\N	\N
2536	Las Minas	30	\N	\N
2537	Tatatila	30	\N	\N
2538	Tenochtitlán	30	\N	\N
2539	Nautla	30	\N	\N
2540	Misantla	30	\N	\N
2541	Landero y Coss	30	\N	\N
2542	Chiconquiaco	30	\N	\N
2543	Yecuatla	30	\N	\N
2544	Colipa	30	\N	\N
2545	Vega de Alatorre	30	\N	\N
2547	Jalcomulco	30	\N	\N
2548	Tlaltetela	30	\N	\N
2549	Tenampa	30	\N	\N
2550	Totutla	30	\N	\N
2551	Sochiapa	30	\N	\N
2552	Tlacotepec de Mejía	30	\N	\N
2553	Huatusco	30	\N	\N
2554	Calcahualco	30	\N	\N
2555	Alpatláhuac	30	\N	\N
2556	Coscomatepec	30	\N	\N
2557	La Perla	30	\N	\N
2558	Chocamán	30	\N	\N
2559	Tomatlán	30	\N	\N
2560	Ixhuatlán del Café	30	\N	\N
2561	Tepatlaxco	30	\N	\N
2562	Comapa	30	\N	\N
2563	Zentla	30	\N	\N
2564	Camarón de Tejeda	30	\N	\N
2565	Soledad de Doblado	30	\N	\N
2566	Manlio Fabio Altamirano	30	\N	\N
2567	Jamapa	30	\N	\N
2568	Medellín	30	\N	\N
2569	Boca del Río	30	\N	\N
2570	Orizaba	30	\N	\N
2571	Rafael Delgado	30	\N	\N
2572	Mariano Escobedo	30	\N	\N
2573	Ixhuatlancillo	30	\N	\N
2574	Atzacan	30	\N	\N
2575	Ixtaczoquitlán	30	\N	\N
2576	Fortín	30	\N	\N
2577	Córdoba	30	\N	\N
2578	Maltrata	30	\N	\N
2579	Nogales	30	\N	\N
2580	Río Blanco	30	\N	\N
2581	Camerino Z. Mendoza	30	\N	\N
2582	Aquila	30	\N	\N
2583	Acultzingo	30	\N	\N
2584	Soledad Atzompa	30	\N	\N
2585	Huiloapan de Cuauhtémoc	30	\N	\N
2586	Tlaquilpa	30	\N	\N
2587	Astacinga	30	\N	\N
2588	Xoxocotla	30	\N	\N
2589	Atlahuilco	30	\N	\N
2590	Tequila	30	\N	\N
2591	San Andrés Tenejapan	30	\N	\N
2592	Tlilapan	30	\N	\N
2593	Magdalena	30	\N	\N
2594	Naranjal	30	\N	\N
2595	Coetzala	30	\N	\N
2596	Omealca	30	\N	\N
2597	Cuitláhuac	30	\N	\N
2598	Cuichapa	30	\N	\N
2599	Yanga	30	\N	\N
2600	Amatlán de los Reyes	30	\N	\N
2601	Atoyac	30	\N	\N
2602	Paso del Macho	30	\N	\N
2603	Carrillo Puerto	30	\N	\N
2604	Cotaxtla	30	\N	\N
2605	Zongolica	30	\N	\N
2606	Tehuipango	30	\N	\N
2607	Mixtla de Altamirano	30	\N	\N
2608	Los Reyes	30	\N	\N
2609	Texhuacán	30	\N	\N
2610	Tezonapa	30	\N	\N
2611	Tierra Blanca	30	\N	\N
2612	Tlalixcoyan	30	\N	\N
2613	Ignacio de la Llave	30	\N	\N
2614	Alvarado	30	\N	\N
2615	Lerdo de Tejada	30	\N	\N
2616	Tres Valles	30	\N	\N
2617	Carlos A. Carrillo	30	\N	\N
2619	Cosamaloapan de Carpio	30	\N	\N
2620	Ixmatlahuacan	30	\N	\N
2621	Acula	30	\N	\N
2622	Amatitlán	30	\N	\N
2623	Tlacotalpan	30	\N	\N
2624	Saltabarranca	30	\N	\N
2625	Otatitlán	30	\N	\N
2626	Tlacojalpan	30	\N	\N
2627	Tuxtilla	30	\N	\N
2628	Chacaltianguis	30	\N	\N
2629	José Azueta	30	\N	\N
2630	Playa Vicente	30	\N	\N
2631	Santiago Sochiapan	30	\N	\N
2632	Isla	30	\N	\N
2633	Juan Rodríguez Clara	30	\N	\N
2634	San Andrés Tuxtla	30	\N	\N
2635	Santiago Tuxtla	30	\N	\N
2636	Angel R. Cabada	30	\N	\N
2637	Hueyapan de Ocampo	30	\N	\N
2638	Catemaco	30	\N	\N
2639	Soteapan	30	\N	\N
2640	Mecayapan	30	\N	\N
2641	Tatahuicapan de Juárez	30	\N	\N
2642	Pajapan	30	\N	\N
2643	Chinameca	30	\N	\N
2644	Acayucan	30	\N	\N
2645	San Juan Evangelista	30	\N	\N
2646	Sayula de Alemán	30	\N	\N
2647	Oluta	30	\N	\N
2648	Soconusco	30	\N	\N
2649	Texistepec	30	\N	\N
2650	Jáltipan	30	\N	\N
2651	Zaragoza	30	\N	\N
2652	Oteapan	30	\N	\N
2653	Cosoleacaque	30	\N	\N
2654	Nanchital de Lázaro Cárdenas del Río	30	\N	\N
2655	Ixhuatlán del Sureste	30	\N	\N
2656	Moloacán	30	\N	\N
2657	Coatzacoalcos	30	\N	\N
2658	Agua Dulce	30	\N	\N
2661	Minatitlán	30	\N	\N
2662	Hidalgotitlán	30	\N	\N
2663	Jesús Carranza	30	\N	\N
2664	Las Choapas	30	\N	\N
2665	Uxpanapa	30	\N	\N
2666	Mérida	31	\N	\N
2667	Progreso	31	\N	\N
2668	Chicxulub Pueblo	31	\N	\N
2669	Ixil	31	\N	\N
2670	Conkal	31	\N	\N
2671	Yaxkukul	31	\N	\N
2672	Hunucmá	31	\N	\N
2673	Ucú	31	\N	\N
2674	Kinchil	31	\N	\N
2675	Tetiz	31	\N	\N
2676	Celestún	31	\N	\N
2677	Kanasín	31	\N	\N
2678	Timucuy	31	\N	\N
2679	Acanceh	31	\N	\N
2680	Tixpéhual	31	\N	\N
2681	Umán	31	\N	\N
2682	Telchac Pueblo	31	\N	\N
2683	Dzemul	31	\N	\N
2684	Telchac Puerto	31	\N	\N
2685	Cansahcab	31	\N	\N
2686	Sinanché	31	\N	\N
2687	Yobaín	31	\N	\N
2688	Motul	31	\N	\N
2689	Baca	31	\N	\N
2690	Mocochá	31	\N	\N
2691	Muxupip	31	\N	\N
2692	Cacalchén	31	\N	\N
2693	Bokobá	31	\N	\N
2694	Tixkokob	31	\N	\N
2695	Hoctún	31	\N	\N
2696	Tahmek	31	\N	\N
2697	Dzidzantún	31	\N	\N
2698	Temax	31	\N	\N
2699	Tekantó	31	\N	\N
2700	Teya	31	\N	\N
2701	Suma	31	\N	\N
2702	Tepakán	31	\N	\N
2703	Tekal de Venegas	31	\N	\N
2704	Izamal	31	\N	\N
2705	Hocabá	31	\N	\N
2706	Xocchel	31	\N	\N
2707	Seyé	31	\N	\N
2708	Cuzamá	31	\N	\N
2709	Homún	31	\N	\N
2710	Sanahcat	31	\N	\N
2711	Huhí	31	\N	\N
2712	Dzilam González	31	\N	\N
2713	Dzilam de Bravo	31	\N	\N
2714	Panabá	31	\N	\N
2715	San Felipe	31	\N	\N
2716	Buctzotz	31	\N	\N
2717	Sucilá	31	\N	\N
2718	Cenotillo	31	\N	\N
2719	Dzoncauich	31	\N	\N
2720	Tunkás	31	\N	\N
2721	Quintana Roo	31	\N	\N
2722	Dzitás	31	\N	\N
2723	Kantunil	31	\N	\N
2724	Sudzal	31	\N	\N
2725	Tekit	31	\N	\N
2726	Sotuta	31	\N	\N
2727	Tizimín	31	\N	\N
2728	Río Lagartos	31	\N	\N
2729	Espita	31	\N	\N
2730	Temozón	31	\N	\N
2731	Calotmul	31	\N	\N
2732	Tinum	31	\N	\N
2733	Chankom	31	\N	\N
2734	Chichimilá	31	\N	\N
2735	Tixcacalcupul	31	\N	\N
2736	Kaua	31	\N	\N
2737	Cuncunul	31	\N	\N
2738	Tekom	31	\N	\N
2739	Chemax	31	\N	\N
2740	Valladolid	31	\N	\N
2741	Uayma	31	\N	\N
2742	Maxcanú	31	\N	\N
2743	Samahil	31	\N	\N
2744	Opichén	31	\N	\N
2745	Chocholá	31	\N	\N
2746	Kopomá	31	\N	\N
2747	Tecoh	31	\N	\N
2748	Abalá	31	\N	\N
2749	Halachó	31	\N	\N
2750	Muna	31	\N	\N
2751	Sacalum	31	\N	\N
2752	Maní	31	\N	\N
2753	Dzán	31	\N	\N
2754	Chapab	31	\N	\N
2755	Ticul	31	\N	\N
2756	Oxkutzcab	31	\N	\N
2757	Santa Elena	31	\N	\N
2758	Mama	31	\N	\N
2759	Chumayel	31	\N	\N
2760	Mayapán	31	\N	\N
2761	Teabo	31	\N	\N
2762	Cantamayec	31	\N	\N
2763	Yaxcabá	31	\N	\N
2764	Peto	31	\N	\N
2765	Chikindzonot	31	\N	\N
2766	Tahdziú	31	\N	\N
2767	Tixmehuac	31	\N	\N
2768	Chacsinkín	31	\N	\N
2769	Tzucacab	31	\N	\N
2770	Tekax	31	\N	\N
2771	Akil	31	\N	\N
2772	Zacatecas	32	\N	\N
2773	Morelos	32	\N	\N
2774	Vetagrande	32	\N	\N
2776	Concepción del Oro	32	\N	\N
2777	Melchor Ocampo	32	\N	\N
2778	Mazapil	32	\N	\N
2779	El Salvador	32	\N	\N
2780	Juan Aldama	32	\N	\N
2781	Miguel Auza	32	\N	\N
2782	General Francisco R. Murguía	32	\N	\N
2783	Río Grande	32	\N	\N
2784	Villa de Cos	32	\N	\N
2785	Cañitas de Felipe Pescador	32	\N	\N
2786	Calera	32	\N	\N
2787	Pánuco	32	\N	\N
2788	General Enrique Estrada	32	\N	\N
2789	Guadalupe	32	\N	\N
2790	Trancoso	32	\N	\N
2792	Genaro Codina	32	\N	\N
2793	Cuauhtémoc	32	\N	\N
2794	Ojocaliente	32	\N	\N
2795	General Pánfilo Natera	32	\N	\N
2796	Luis Moya	32	\N	\N
2797	Loreto	32	\N	\N
2798	Villa González Ortega	32	\N	\N
2799	Noria de Ángeles	32	\N	\N
2800	Villa García	32	\N	\N
2801	Pinos	32	\N	\N
2802	Villa Hidalgo	32	\N	\N
2803	Fresnillo	32	\N	\N
2804	Sombrerete	32	\N	\N
2805	Sain Alto	32	\N	\N
2807	Valparaíso	32	\N	\N
2808	Chalchihuites	32	\N	\N
2809	Jiménez del Teul	32	\N	\N
2810	Jerez	32	\N	\N
2811	Monte Escobedo	32	\N	\N
2813	Susticacán	32	\N	\N
2814	Villanueva	32	\N	\N
2815	Tepetongo	32	\N	\N
2816	El Plateado de Joaquín Amaro	32	\N	\N
2817	Jalpa	32	\N	\N
2818	Tabasco	32	\N	\N
2819	Huanusco	32	\N	\N
2820	Tlaltenango de Sánchez Román	32	\N	\N
2821	Momax	32	\N	\N
2822	Atolinga	32	\N	\N
2823	Tepechitlán	32	\N	\N
2824	Benito Juárez	32	\N	\N
2825	Teúl de González Ortega	32	\N	\N
2826	Santa María de la Paz	32	\N	\N
2827	Trinidad García de la Cadena	32	\N	\N
2828	Mezquital del Oro	32	\N	\N
2829	Nochistlán de Mejía	32	\N	\N
2830	Apulco	32	\N	\N
2831	Apozol	32	\N	\N
2832	Juchipila	32	\N	\N
2833	Moyahua de Estrada	32	\N	\N
\.


--
-- Data for Name: client; Type: TABLE DATA; Schema: public; Owner: alfabravo_user
--

COPY public.client (id, name, email, address, is_fisical, is_active, created_at, updated_at, postal_code, deleted_at, rfc, client_group_id, invoice_days, contacts, description, full_name, giro, type, type_specific, origen, employees_name, country_id, state_id, city_id, services, patterns_records, sat_access_key, enterprise_id, desactivated, user_upload) FROM stdin;
287	GRUPO DE INMUEBLES "EDIFICIOS" DE GO MANAGEMENT	\N		f	t	2025-10-16 19:01:10	2025-10-16 19:01:10		\N		29	["1"]	\N	\N	GRUPO DE INMUEBLES "EDIFICIOS" DE GO MANAGEMENT	\N	1	-1	1	\N	1	-1	-1	a:1:{i:0;s:1:"2";}	\N	\N	\N	\N	\N
286	PLANEACION INMOBILIARIA DE CHIHUAHUA	\N	VIA TRENTINO 5710	f	t	2025-09-23 17:42:43	2025-09-23 17:44:15	31110	\N	PIC820921BE3	29	\N	\N	\N	PLANEACION INMOBILIARIA DE CHIHUAHUA	\N	1	-1	1	\N	1	8	90	N;	\N	\N	\N	\N	\N
288	SAN MIGUEL DE ALLENDE	\N		f	t	2025-10-16 19:04:03	2025-10-16 19:04:26		\N		\N	\N	\N	\N	SAN MIGUEL DE ALLENDE	\N	1	-1	1	\N	1	-1	-1	a:1:{i:0;s:1:"2";}	\N	\N	\N	\N	\N
285	SERVICIOS INTEGRALES DE ADMINISTRACION DE INMUEBLES D1	gerenciageneral@gomanagement.com.mx	VÍA TRENTINO NO 5710 COLONIA SAUCITO	f	t	2025-09-23 15:43:31	2025-09-23 17:49:00	31110	\N	SIA190213QT8	29	\N	[{"contact":"ENRIQUE ESQUIVEL","email":"enrique.esquivel@gomanagement.com.mx","phone":"5545933577","country_code":"52","position":"JEFE DE SEGURIDAD","description":"SEGURIDAD@GOMANAGEMENT.COM.MX"}]	<p>FACTURA 1:<span style="font-size: 0.8125rem; letter-spacing: 0.1px;">2 ELEMENTOS DE SEGURIDAD EN PRISMA</span></p><p><span style="font-size: 0.8125rem; letter-spacing: 0.1px;">FACTURA2: 1 ELEMENTO DE SEGURIDAD EDIFICIO 11</span></p><p><span style="font-size: 0.8125rem; letter-spacing: 0.1px;">FACTURA3: 1 ELEMENTO DE SEGURIDAD QUORUM</span></p><p><span style="font-size: 0.8125rem; letter-spacing: 0.1px;">FACTURA 4: 2 ELEMENTOS DE SEGURIDAD QUORUM OFICINA</span></p><p><span style="font-size: 0.8125rem; letter-spacing: 0.1px;">FACTURA 5: 2 LEMENTOS DE SEGURIDAD METROLOFTS</span></p><p><span style="font-size: 0.8125rem; letter-spacing: 0.1px;">FACTURA 6: 1 ELEMENTO DE SEGURIDAD EDIFICIO E RECEPCIÓN</span></p><p><span style="font-size: 0.8125rem; letter-spacing: 0.1px;">FACTURA 7: 4 ELEMENTOS DE SEGURIDAD EDIFICIO E</span></p><p><span style="font-size: 0.8125rem; letter-spacing: 0.1px;">FACTURA 8: 2 ELEMENTOS DE SEGURIDAD ALL LOFT</span></p><p><br></p>	SERVICIOS INTEGRALES DE ADMINISTRACION DE INMUEBLES D1	\N	1	-1	1	\N	1	8	90	N;	\N	\N	9	\N	\N
\.


--
-- Data for Name: client_agenda; Type: TABLE DATA; Schema: public; Owner: alfabravo_user
--

COPY public.client_agenda (id, name, client_id, color, created_at, update_at, deleted_at) FROM stdin;
\.


--
-- Data for Name: client_agenda_event; Type: TABLE DATA; Schema: public; Owner: alfabravo_user
--

COPY public.client_agenda_event (id, name, description, ubication, color, fullday, start, "end", client_agenda_id, user_id, created_at, updated_at, deleted_at, remote, url, client_id) FROM stdin;
1	cita con ventura	\N	\N	\N	f	2022-11-10 16:51:00	2022-11-10 17:21:00	\N	44	2022-11-09 22:52:56	2022-11-09 22:52:56	\N	\N	\N	111
8	Prueba calendario	\N	\N	\N	f	2023-01-13 19:46:00	2023-01-13 20:16:00	\N	77	2023-01-13 00:46:03	2023-01-13 00:46:03	\N	\N	\N	15
39	PROSPECTO			\N	f	2023-07-15 18:00:00	2023-07-14 18:30:00	\N	44	2023-07-13 19:18:46	2023-07-13 19:18:46	\N	\N	\N	155
41	HOMAR SANCHEZ P6P	PRTESENTACION DE SISTEMA	HOLBIN	\N	f	2023-10-10 16:00:00	2023-09-30 16:30:00	\N	44	2023-09-29 00:33:39	2023-09-29 00:33:39	\N	\N	\N	179
\.


--
-- Data for Name: client_conditions; Type: TABLE DATA; Schema: public; Owner: alfabravo_user
--

COPY public.client_conditions (id, created_at, updated_at, months, weeks, days, specificday, infos_service_id, details) FROM stdin;
\.


--
-- Data for Name: client_cotization; Type: TABLE DATA; Schema: public; Owner: alfabravo_user
--

COPY public.client_cotization (id, service, vigency_date, amount, summary, created_at, updated_at, deleted_at, client_id) FROM stdin;
1	2	2023-08-01 00:45:26	148000	\N	2023-08-18 00:45:26	2023-08-18 00:45:26	\N	164
2	8	2023-08-22 21:22:24	100000	El concepto de la facturación será Servicios de seguridad personal	2023-08-22 21:22:24	2023-08-22 21:22:24	\N	148
3	8	2024-08-14 18:41:03	3800	Son $3,800.00 US DLLS MENSUALES ($2,700 DLLS DEL SERVICIO MENSUAL (1 ELEMENTO) Y $1,100 DLLS DE VIÁTICOS X MES	2024-08-14 18:41:03	2024-08-14 18:41:03	\N	211
4	2	2024-10-02 18:56:30	\N	\N	2024-10-02 18:56:30	2024-10-02 18:56:30	\N	125
\.


--
-- Data for Name: client_expense; Type: TABLE DATA; Schema: public; Owner: alfabravo_user
--

COPY public.client_expense (id, client_id, expenses_id, resource_type_id, amount, created_at, updated_at, notes, register_date, expense_photo, expense_id) FROM stdin;
\.


--
-- Data for Name: client_files; Type: TABLE DATA; Schema: public; Owner: alfabravo_user
--

COPY public.client_files (client_files_id, filename, client_id, created_at, updated_at, file_type_id, expiration_date, document_name, user_upload) FROM stdin;
\.


--
-- Data for Name: client_group; Type: TABLE DATA; Schema: public; Owner: alfabravo_user
--

COPY public.client_group (id, name, created_at, updated_at, deleted_at, description, parent) FROM stdin;
29	GO MANAGEMENT	2025-09-23 11:38:57	2025-09-23 11:38:57	\N	\N	\N
30	SERVICIOS INTEGRALES DE ADMINISTRACIÓN DE INMUEBLES D1	2025-09-23 11:40:14	2025-09-23 11:43:55	2025-09-23 11:43:55	\N	29
31	NOROESTE	2025-09-23 11:46:41	2025-09-23 11:48:45	2025-09-23 11:48:45	\N	29
\.


--
-- Data for Name: client_prospect_type; Type: TABLE DATA; Schema: public; Owner: alfabravo_user
--

COPY public.client_prospect_type (id, name, description, created_at, updated_at, deleted_at) FROM stdin;
1	MICROEMPRESA	Son de todos los sectores y no deben tener más de 10 empleados. El monto máximo de venta es de 4 millones de pesos y el tope máximo es de 4.6.	2023-05-10 11:35:07	2023-05-10 11:35:07	\N
2	Pequeñas	En el sector de industria y servicios pueden tener desde 11 hasta 50 empleados y facturar hasta 100 millones de pesos con un tope máximo de 95. En el caso de las empresas pequeñas del sector comercio el número máximo de empleados es hasta 30, pueden facturar hasta 100 millones de pesos y tienen un tope de 93.	2023-05-10 11:35:31	2023-05-10 11:35:31	\N
3	Medianas	El sector de comercio tiene entre 31 hasta 100 trabajadores mientras que el de servicios de 51 hasta 100 trabajadores, en ambos casos facturan entre 100 y 250 millones de pesos anuales y tienen un tope máximo de 235. En el sector de industria el rango de trabajadores es desde 51 hasta 250, facturan entre 100 y 250 millones y tienen un tope máximo de 250.	2023-05-10 11:35:55	2023-05-10 11:35:55	\N
4	Grandes	Se consideran grandes empresas a aquellos negocios dedicados a los servicios y que tienen desde 101 trabajadores en adelante y tienen ventas superiores a los 250 millones de pesos.\r\n\r\nRepresentan solamente 0.3 por ciento de unidades económicas del país y el 16.8 por ciento de ocupación laboral; además generan un 35.4 por ciento del Producto Interno Bruto.	2023-05-10 11:36:17	2023-05-10 11:36:17	\N
\.


--
-- Data for Name: client_reason; Type: TABLE DATA; Schema: public; Owner: alfabravo_user
--

COPY public.client_reason (id, name, description, client_reason_id, created_at, updated_at, deleted_at) FROM stdin;
3	Turismo	\N	1	2023-05-02 08:14:04	2023-05-02 08:14:04	\N
4	Industrial	\N	\N	2023-05-02 08:15:04	2023-05-02 08:15:04	\N
5	Construcción	\N	\N	2023-05-02 08:16:14	2023-05-02 08:16:14	\N
1	RESTAURANTE	\N	1	2023-05-02 08:13:06	2023-05-10 11:37:28	\N
6	SERVICIOS	\N	\N	2023-05-10 11:41:09	2023-05-10 11:41:09	\N
7	Gobierno	\N	\N	2023-05-10 11:42:35	2023-05-10 11:42:35	\N
8	Turismo	\N	6	2023-05-10 11:43:12	2023-05-10 11:43:12	\N
9	Entretenimiento	\N	6	2023-05-10 11:43:31	2023-05-10 11:43:31	\N
10	Transporte	\N	6	2023-05-10 11:43:46	2023-05-10 11:43:46	\N
11	Distribución	\N	6	2023-05-10 11:43:58	2023-05-10 11:43:58	\N
12	Finanzas	\N	6	2023-05-10 11:44:13	2023-05-10 11:44:13	\N
13	Elaboración de metal y fundición	\N	4	2023-05-10 11:44:35	2023-05-10 11:44:35	\N
14	Producción de automóviles	\N	4	2023-05-10 11:44:45	2023-05-10 11:44:45	\N
15	Producción textil	\N	4	2023-05-10 11:44:56	2023-05-10 11:44:56	\N
16	Industria química	\N	4	2023-05-10 11:45:05	2023-05-10 11:45:05	\N
17	Fabricación	\N	4	2023-05-10 11:45:17	2023-05-10 11:45:17	\N
18	Energía	\N	4	2023-05-10 11:45:28	2023-05-10 11:45:28	\N
19	Ganadería	\N	2	2023-05-10 11:46:11	2023-05-10 11:46:11	\N
20	Pesca	\N	2	2023-05-10 11:46:23	2023-05-10 11:46:23	\N
21	Explotación de los recursos forestales	\N	2	2023-05-10 11:46:35	2023-05-10 11:46:35	\N
22	Minería	\N	2	2023-05-10 11:46:46	2023-05-10 11:46:46	\N
2	Agropecuario	\N	\N	2023-05-02 08:13:28	2023-05-10 11:47:09	\N
23	Agricultura	\N	2	2023-05-10 11:47:27	2023-05-10 11:47:27	\N
24	Administrador de Propuesdades	\N	\N	2024-04-30 13:08:43	2024-04-30 13:08:43	\N
\.


--
-- Data for Name: client_user; Type: TABLE DATA; Schema: public; Owner: alfabravo_user
--

COPY public.client_user (client_id, user_id, created_at, updated_at) FROM stdin;
\.


--
-- Data for Name: cloud; Type: TABLE DATA; Schema: public; Owner: alfabravo_user
--

COPY public.cloud (id, name, realname, path, size, filetime, public_file, created_at, updated_at, deleted_at, user_id, type, metadata, access, public_shared, cloud_type_document_id) FROM stdin;
2437	28dd2c7955ce926456240b2ff0100bde	28dd2c7955ce926456240b2ff0100bde	/home/alfabravo/public_html/infos/config/../../../__files/uploads/cloud	46	2025-09-05 09:33:12	f	2025-09-05 09:33:12	2025-09-05 09:33:12	\N	77	folder	\N	\N	\N	\N
2438	642e92efb79421734881b53e1e1b18b6	642e92efb79421734881b53e1e1b18b6	/home/alfabravo/public_html/infos/config/../../../__files/uploads/cloud	86	2025-10-09 15:55:18	f	2025-10-09 15:55:18	2025-10-09 15:55:18	\N	48	folder	\N	\N	\N	\N
\.


--
-- Data for Name: cloud_group; Type: TABLE DATA; Schema: public; Owner: alfabravo_user
--

COPY public.cloud_group (id, name, slug, user_id, created_at, updated_at, deleted_at, color) FROM stdin;
1	PRUEBA 2023	PRUEBA-2023	43	2023-04-20 15:57:26	2023-04-20 15:57:26	\N	#3277D2
\.


--
-- Data for Name: cloud_group_member; Type: TABLE DATA; Schema: public; Owner: alfabravo_user
--

COPY public.cloud_group_member (id, user_id, created_at, updated_at, deleted_at, cloud_group_id) FROM stdin;
1	43	2023-04-20 15:57:26	2023-04-20 15:57:26	\N	1
\.


--
-- Data for Name: cloud_iso_9000; Type: TABLE DATA; Schema: public; Owner: alfabravo_user
--

COPY public.cloud_iso_9000 (id, name, realname, path, size, filetime, public_file, created_at, updated_at, deleted_at, user_id, type, metadata, access, public_shared, cloud_type_document_id) FROM stdin;
\.


--
-- Data for Name: cloud_item_permissions; Type: TABLE DATA; Schema: public; Owner: alfabravo_user
--

COPY public.cloud_item_permissions (id, item_id, model_id, author_id, created_at, updated_at, deleted_at, permissions, share_type, inherit) FROM stdin;
413	312	48	43	2024-04-23 14:02:33	2024-04-23 14:02:33	\N	3	1	\N
414	312	79	43	2024-04-23 14:02:33	2024-04-23 14:02:33	\N	1	1	\N
3	190	53	43	2024-02-13 08:41:13	2024-02-13 08:41:13	\N	3	1	\N
415	312	64	43	2024-04-23 14:02:33	2024-04-23 14:02:33	\N	3	1	\N
78	254	117	64	2024-02-19 13:44:18	2024-02-19 13:44:18	\N	3	1	\N
79	254	48	64	2024-02-19 13:44:18	2024-02-19 13:44:18	\N	3	1	\N
11	193	139	64	2024-02-13 15:00:40	2024-02-13 15:00:40	\N	3	1	\N
85	257	87	64	2024-02-19 13:49:01	2024-02-19 13:49:01	\N	3	1	\N
86	257	48	64	2024-02-19 13:49:01	2024-02-19 13:49:01	\N	3	1	\N
20	198	87	43	2024-02-14 08:56:29	2024-02-14 08:56:29	\N	3	1	\N
339	496	103	48	2024-04-18 19:24:42	2024-04-18 19:24:42	\N	1	1	\N
340	496	52	48	2024-04-18 19:24:42	2024-04-18 19:24:42	\N	1	1	\N
341	496	126	48	2024-04-18 19:24:42	2024-04-18 19:24:42	\N	1	1	\N
25	201	44	43	2024-02-14 09:07:10	2024-02-14 09:07:10	\N	3	1	\N
26	201	43	43	2024-02-14 09:07:10	2024-02-14 09:07:10	\N	3	1	\N
342	496	141	48	2024-04-18 19:24:42	2024-04-18 19:24:42	\N	1	1	\N
178	326	97	64	2024-04-17 15:47:40	2024-04-17 15:47:40	\N	3	1	\N
179	326	44	64	2024-04-17 15:47:40	2024-04-17 15:47:40	\N	3	1	\N
180	326	43	64	2024-04-17 15:47:40	2024-04-17 15:47:40	\N	3	1	\N
101	255	52	64	2024-02-19 13:52:54	2024-02-19 13:52:54	\N	3	1	\N
102	255	48	64	2024-02-19 13:52:54	2024-02-19 13:52:54	\N	3	1	\N
343	313	117	64	2024-04-23 13:19:04	2024-04-23 13:19:04	\N	3	1	\N
106	256	44	64	2024-02-19 13:53:12	2024-02-19 13:53:12	\N	3	1	\N
107	256	43	64	2024-02-19 13:53:12	2024-02-19 13:53:12	\N	3	1	\N
39	215	64	64	2024-02-19 13:32:00	2024-02-19 13:32:00	\N	3	1	\N
40	215	48	64	2024-02-19 13:32:00	2024-02-19 13:32:00	\N	3	1	\N
41	246	48	64	2024-02-19 13:37:20	2024-02-19 13:37:20	\N	3	1	\N
42	246	53	64	2024-02-19 13:37:20	2024-02-19 13:37:20	\N	3	1	\N
108	256	48	64	2024-02-19 13:53:12	2024-02-19 13:53:12	\N	3	1	\N
44	247	48	64	2024-02-19 13:37:55	2024-02-19 13:37:55	\N	3	1	\N
344	313	48	64	2024-04-23 13:19:04	2024-04-23 13:19:04	\N	3	1	\N
110	245	48	64	2024-02-19 13:55:29	2024-02-19 13:55:29	\N	3	1	\N
48	248	48	64	2024-02-19 13:38:29	2024-02-19 13:38:29	\N	3	1	\N
49	248	139	64	2024-02-19 13:38:29	2024-02-19 13:38:29	\N	3	1	\N
112	258	48	64	2024-02-19 13:55:49	2024-02-19 13:55:49	\N	3	1	\N
54	249	48	64	2024-02-19 13:39:40	2024-02-19 13:39:40	\N	3	1	\N
55	249	91	64	2024-02-19 13:39:40	2024-02-19 13:39:40	\N	3	1	\N
117	278	43	44	2024-02-19 13:58:10	2024-02-19 13:58:10	\N	3	1	\N
192	321	120	64	2024-04-17 15:52:07	2024-04-17 15:52:07	\N	3	1	\N
193	321	48	64	2024-04-17 15:52:07	2024-04-17 15:52:07	\N	3	1	\N
63	250	93	64	2024-02-19 13:41:54	2024-02-19 13:41:54	\N	3	1	\N
64	250	48	64	2024-02-19 13:41:54	2024-02-19 13:41:54	\N	3	1	\N
196	318	48	64	2024-04-17 15:52:36	2024-04-17 15:52:36	\N	3	1	\N
66	251	48	64	2024-02-19 13:42:37	2024-02-19 13:42:37	\N	3	1	\N
69	252	48	64	2024-02-19 13:43:13	2024-02-19 13:43:13	\N	-1	1	\N
439	508	53	43	2024-04-23 14:50:30	2024-04-23 14:50:30	\N	3	1	\N
73	253	87	64	2024-02-19 13:43:51	2024-02-19 13:43:51	\N	3	1	\N
74	253	48	64	2024-02-19 13:43:51	2024-02-19 13:43:51	\N	3	1	\N
202	319	48	64	2024-04-17 15:53:59	2024-04-17 15:53:59	\N	3	1	\N
203	319	53	64	2024-04-17 15:53:59	2024-04-17 15:53:59	\N	3	1	\N
135	417	48	146	2024-04-12 14:20:02	2024-04-12 14:20:02	\N	3	1	\N
209	314	115	64	2024-04-17 15:54:55	2024-04-17 15:54:55	\N	\N	1	\N
452	276	87	44	2024-07-10 14:14:47	2024-07-10 14:14:47	\N	1	1	\N
215	315	115	64	2024-04-17 15:56:05	2024-04-17 15:56:05	\N	3	1	\N
216	315	48	64	2024-04-17 15:56:05	2024-04-17 15:56:05	\N	3	1	\N
453	276	52	44	2024-07-10 14:14:47	2024-07-10 14:14:47	\N	1	1	\N
454	276	48	44	2024-07-10 14:14:47	2024-07-10 14:14:47	\N	1	1	\N
455	276	44	44	2024-07-10 14:14:47	2024-07-10 14:14:47	\N	3	1	\N
456	276	43	44	2024-07-10 14:14:47	2024-07-10 14:14:47	\N	1	1	\N
457	276	117	44	2024-07-10 14:14:47	2024-07-10 14:14:47	\N	3	1	\N
458	276	126	44	2024-07-10 14:14:47	2024-07-10 14:14:47	\N	3	1	\N
459	276	136	44	2024-07-10 14:14:47	2024-07-10 14:14:47	\N	3	1	\N
460	276	91	44	2024-07-10 14:14:47	2024-07-10 14:14:47	\N	1	1	\N
461	276	146	44	2024-07-10 14:14:47	2024-07-10 14:14:47	\N	1	1	\N
462	276	64	44	2024-07-10 14:14:47	2024-07-10 14:14:47	\N	1	1	\N
463	276	53	44	2024-07-10 14:14:47	2024-07-10 14:14:47	\N	-1	1	\N
308	324	52	64	2024-04-18 13:42:10	2024-04-18 13:42:10	\N	3	1	\N
309	324	126	64	2024-04-18 13:42:10	2024-04-18 13:42:10	\N	3	1	\N
310	324	44	64	2024-04-18 13:42:10	2024-04-18 13:42:10	\N	3	1	\N
311	324	48	64	2024-04-18 13:42:10	2024-04-18 13:42:10	\N	3	1	\N
312	324	136	64	2024-04-18 13:42:10	2024-04-18 13:42:10	\N	3	1	\N
319	320	52	64	2024-04-18 13:42:50	2024-04-18 13:42:50	\N	3	1	\N
320	320	126	64	2024-04-18 13:42:50	2024-04-18 13:42:50	\N	3	1	\N
321	320	44	64	2024-04-18 13:42:50	2024-04-18 13:42:50	\N	3	1	\N
322	320	48	64	2024-04-18 13:42:50	2024-04-18 13:42:50	\N	3	1	\N
323	320	136	64	2024-04-18 13:42:50	2024-04-18 13:42:50	\N	3	1	\N
324	320	64	64	2024-04-18 13:42:50	2024-04-18 13:42:50	\N	3	1	\N
\.


--
-- Data for Name: cloud_item_shared; Type: TABLE DATA; Schema: public; Owner: alfabravo_user
--

COPY public.cloud_item_shared (id, item_id, share_type, model_id, author_id, created_at, updated_at, deleted_at, permissions, start_share_date, end_share_date) FROM stdin;
3	233	1	87	94	2023-04-05 15:56:02	2023-04-05 15:56:02	\N	2	\N	\N
4	233	1	48	94	2023-04-05 15:56:02	2023-04-05 15:56:02	\N	2	\N	\N
7	232	1	87	94	2023-04-05 15:56:33	2023-04-05 15:56:33	\N	2	\N	\N
8	232	1	48	94	2023-04-05 15:56:33	2023-04-05 15:56:33	\N	2	\N	\N
11	231	1	87	94	2023-04-05 15:57:09	2023-04-05 15:57:09	\N	2	\N	\N
12	231	1	48	94	2023-04-05 15:57:09	2023-04-05 15:57:09	\N	2	\N	\N
16	241	0	1	43	2023-04-26 09:17:05	2023-04-26 09:17:05	\N	2	\N	\N
17	272	1	58	44	2023-07-11 13:44:39	2023-07-11 13:44:39	\N	\N	\N	\N
18	272	1	44	44	2023-07-11 13:44:39	2023-07-11 13:44:39	\N	\N	\N	\N
20	277	1	48	44	2023-07-25 11:39:25	2023-07-25 11:39:25	\N	2	\N	\N
21	308	1	77	44	2023-08-03 07:20:15	2023-08-03 07:20:15	\N	\N	\N	\N
28	326	1	53	44	2023-08-24 22:25:42	2023-08-24 22:25:42	\N	\N	\N	\N
29	326	1	64	44	2023-08-24 22:25:42	2023-08-24 22:25:42	\N	\N	\N	\N
30	326	1	58	44	2023-08-24 22:25:42	2023-08-24 22:25:42	\N	\N	\N	\N
31	326	1	87	44	2023-08-24 22:25:42	2023-08-24 22:25:42	\N	\N	\N	\N
32	326	1	52	44	2023-08-24 22:25:42	2023-08-24 22:25:42	\N	\N	\N	\N
33	326	1	48	44	2023-08-24 22:25:42	2023-08-24 22:25:42	\N	\N	\N	\N
34	288	1	53	44	2023-08-24 22:27:51	2023-08-24 22:27:51	\N	\N	\N	\N
35	288	1	64	44	2023-08-24 22:27:51	2023-08-24 22:27:51	\N	\N	\N	\N
36	288	1	58	44	2023-08-24 22:27:51	2023-08-24 22:27:51	\N	\N	\N	\N
37	288	1	87	44	2023-08-24 22:27:51	2023-08-24 22:27:51	\N	\N	\N	\N
38	288	1	52	44	2023-08-24 22:27:51	2023-08-24 22:27:51	\N	\N	\N	\N
39	288	1	48	44	2023-08-24 22:27:51	2023-08-24 22:27:51	\N	\N	\N	\N
40	352	1	64	48	2023-08-30 14:56:39	2023-08-30 14:56:39	\N	\N	\N	\N
50	429	1	53	44	2023-09-29 17:43:56	2023-09-29 17:43:56	\N	\N	\N	\N
51	429	1	58	44	2023-09-29 17:43:56	2023-09-29 17:43:56	\N	\N	\N	\N
52	429	1	64	44	2023-09-29 17:43:56	2023-09-29 17:43:56	\N	\N	\N	\N
53	429	1	52	44	2023-09-29 17:43:56	2023-09-29 17:43:56	\N	\N	\N	\N
54	429	1	116	44	2023-09-29 17:43:56	2023-09-29 17:43:56	\N	\N	\N	\N
55	429	1	48	44	2023-09-29 17:43:56	2023-09-29 17:43:56	\N	\N	\N	\N
56	429	1	115	44	2023-09-29 17:43:56	2023-09-29 17:43:56	\N	\N	\N	\N
57	429	1	117	44	2023-09-29 17:43:56	2023-09-29 17:43:56	\N	\N	\N	\N
58	429	1	72	44	2023-09-29 17:43:56	2023-09-29 17:43:56	\N	\N	\N	\N
63	797	1	43	44	2023-10-25 10:37:50	2023-10-25 10:37:50	\N	-1	\N	\N
64	797	1	48	44	2023-10-25 10:37:50	2023-10-25 10:37:50	\N	1	\N	\N
65	796	1	43	44	2023-10-25 10:38:16	2023-10-25 10:38:16	\N	-1	\N	\N
66	796	1	48	44	2023-10-25 10:38:16	2023-10-25 10:38:16	\N	1	\N	\N
74	812	1	79	64	2023-10-25 16:45:52	2023-10-25 16:45:52	\N	\N	\N	\N
76	801	1	48	44	2023-11-09 11:45:18	2023-11-09 11:45:18	\N	\N	\N	\N
77	800	1	48	44	2023-11-09 11:46:32	2023-11-09 11:46:32	\N	\N	\N	\N
81	237	1	77	43	2024-01-12 08:10:00	2024-01-12 08:10:00	\N	\N	\N	\N
83	873	1	48	44	2024-01-19 16:52:15	2024-01-19 16:52:15	\N	3	\N	\N
86	872	1	131	44	2024-01-19 17:02:58	2024-01-19 17:02:58	\N	3	\N	\N
87	872	1	48	44	2024-01-19 17:02:58	2024-01-19 17:02:58	\N	2	\N	\N
97	892	1	48	131	2024-01-22 10:51:35	2024-01-22 10:51:35	\N	3	\N	\N
98	396	1	48	64	2024-02-13 10:55:19	2024-02-13 10:55:19	\N	3	\N	\N
99	396	1	79	64	2024-02-13 10:55:19	2024-02-13 10:55:19	\N	3	\N	\N
101	406	1	91	64	2024-02-13 10:57:56	2024-02-13 10:57:56	\N	-1	2024-02-13 00:00:00	2024-12-31 23:59:59
103	397	1	53	64	2024-02-13 10:58:44	2024-02-13 10:58:44	\N	-1	2024-02-13 00:00:00	2024-12-31 23:59:59
105	407	1	117	64	2024-02-13 10:59:41	2024-02-13 10:59:41	\N	-1	2024-02-13 00:00:00	2024-12-31 23:59:59
107	394	1	52	64	2024-02-13 11:01:50	2024-02-13 11:01:50	\N	-1	2024-02-13 00:00:00	2024-12-31 23:59:59
109	404	1	115	64	2024-02-13 11:03:03	2024-02-13 11:03:03	\N	-1	2024-02-13 00:00:00	2024-12-31 23:59:59
111	393	1	52	64	2024-02-13 11:03:55	2024-02-13 11:03:55	\N	-1	2024-02-13 00:00:00	2024-12-31 23:59:59
113	409	1	97	64	2024-02-13 11:04:35	2024-02-13 11:04:35	\N	-1	2024-02-13 00:00:00	2024-12-31 23:59:59
115	399	1	72	64	2024-02-13 11:06:33	2024-02-13 11:06:33	\N	-1	2024-02-13 00:00:00	2024-12-31 23:59:59
117	400	1	93	64	2024-02-13 11:07:15	2024-02-13 11:07:15	\N	-1	2024-02-13 00:00:00	2024-12-31 23:59:59
119	398	1	87	64	2024-02-13 11:08:18	2024-02-13 11:08:18	\N	-1	2024-02-13 00:00:00	2024-12-31 23:59:59
121	402	1	115	64	2024-02-13 11:11:57	2024-02-13 11:11:57	\N	-1	2024-02-13 00:00:00	2024-12-31 23:59:59
123	405	1	115	64	2024-02-13 11:12:48	2024-02-13 11:12:48	\N	-1	2024-02-13 00:00:00	2024-12-31 23:59:59
125	401	1	139	64	2024-02-13 11:32:45	2024-02-13 11:32:45	\N	-1	2024-02-13 00:00:00	2024-12-31 23:59:59
127	191	1	79	64	2024-02-13 11:46:03	2024-02-13 11:46:03	\N	2	\N	\N
131	192	1	64	64	2024-02-13 11:47:09	2024-02-13 11:47:09	\N	3	\N	\N
133	193	1	139	64	2024-02-13 11:47:51	2024-02-13 11:47:51	\N	2	\N	\N
135	194	1	91	64	2024-02-13 11:48:55	2024-02-13 11:48:55	\N	2	\N	\N
140	199	1	117	64	2024-02-13 11:51:58	2024-02-13 11:51:58	\N	3	\N	\N
142	202	1	87	64	2024-02-13 11:52:31	2024-02-13 11:52:31	\N	-1	\N	\N
144	200	1	52	64	2024-02-13 11:53:19	2024-02-13 11:53:19	\N	3	\N	\N
145	201	1	44	64	2024-02-13 11:53:48	2024-02-13 11:53:48	\N	3	\N	\N
155	1218	1	48	44	2024-04-12 13:18:32	2024-04-12 13:18:32	\N	3	\N	\N
156	1218	1	43	44	2024-04-12 13:18:32	2024-04-12 13:18:32	\N	3	\N	\N
157	1218	1	145	44	2024-04-12 13:18:32	2024-04-12 13:18:32	\N	3	\N	\N
161	1220	1	97	77	2024-04-12 13:40:30	2024-04-12 13:40:30	\N	-1	\N	\N
162	1220	1	58	77	2024-04-12 13:40:30	2024-04-12 13:40:30	\N	-1	\N	\N
166	1225	1	92	44	2024-06-14 14:08:20	2024-06-14 14:08:20	\N	3	2024-06-14 00:00:00	2025-06-01 23:59:59
167	1225	1	43	44	2024-06-14 14:08:20	2024-06-14 14:08:20	\N	3	2024-06-14 00:00:00	2025-06-01 23:59:59
168	1225	1	48	44	2024-06-14 14:08:20	2024-06-14 14:08:20	\N	3	2024-06-14 00:00:00	2025-06-01 23:59:59
176	690	1	43	44	2024-11-07 10:33:51	2024-11-07 10:33:51	\N	3	\N	\N
178	240	1	87	43	2024-11-07 13:08:52	2024-11-07 13:08:52	\N	1	\N	\N
189	1819	1	117	44	2025-01-23 14:27:16	2025-01-23 14:27:16	\N	3	\N	\N
190	1819	1	137	44	2025-01-23 14:27:16	2025-01-23 14:27:16	\N	3	\N	\N
191	1819	1	48	44	2025-01-23 14:27:16	2025-01-23 14:27:16	\N	3	\N	\N
192	1819	1	64	44	2025-01-23 14:27:16	2025-01-23 14:27:16	\N	3	\N	\N
195	1258	1	48	93	2025-05-14 10:51:19	2025-05-14 10:51:19	\N	-1	\N	\N
196	1258	1	157	93	2025-05-14 10:51:19	2025-05-14 10:51:19	\N	1	\N	\N
200	1259	1	157	93	2025-05-14 15:13:30	2025-05-14 15:13:30	\N	-1	\N	\N
201	1259	1	48	93	2025-05-14 15:13:30	2025-05-14 15:13:30	\N	-1	\N	\N
202	1269	1	98	93	2025-05-14 15:14:45	2025-05-14 15:14:45	\N	\N	\N	\N
776	2295	1	172	93	2025-07-24 14:26:59	2025-07-24 14:26:59	\N	-1	\N	\N
777	2295	1	173	93	2025-07-24 14:26:59	2025-07-24 14:26:59	\N	-1	\N	\N
787	2266	1	173	93	2025-07-24 14:33:32	2025-07-24 14:33:32	\N	-1	\N	\N
788	2266	1	175	93	2025-07-24 14:33:32	2025-07-24 14:33:32	\N	-1	\N	\N
789	2266	1	159	93	2025-07-24 14:33:32	2025-07-24 14:33:32	\N	-1	\N	\N
790	2266	1	98	93	2025-07-24 14:33:32	2025-07-24 14:33:32	\N	-1	\N	\N
791	2266	1	172	93	2025-07-24 14:33:32	2025-07-24 14:33:32	\N	-1	\N	\N
792	2266	1	176	93	2025-07-24 14:33:32	2025-07-24 14:33:32	\N	-1	\N	\N
793	2266	1	170	93	2025-07-24 14:33:32	2025-07-24 14:33:32	\N	-1	\N	\N
410	2328	1	124	93	2025-06-23 14:53:11	2025-06-23 14:53:11	\N	1	\N	\N
411	2328	1	106	93	2025-06-23 14:53:11	2025-06-23 14:53:11	\N	1	\N	\N
412	2328	1	98	93	2025-06-23 14:53:11	2025-06-23 14:53:11	\N	1	\N	\N
413	2328	1	170	93	2025-06-23 14:53:11	2025-06-23 14:53:11	\N	1	\N	\N
414	2328	1	169	93	2025-06-23 14:53:11	2025-06-23 14:53:11	\N	1	\N	\N
415	2328	1	168	93	2025-06-23 14:53:11	2025-06-23 14:53:11	\N	1	\N	\N
416	2328	1	127	93	2025-06-23 14:53:11	2025-06-23 14:53:11	\N	1	\N	\N
418	2349	1	164	93	2025-07-09 12:49:25	2025-07-09 12:49:25	\N	1	\N	\N
420	2350	1	165	93	2025-07-09 12:50:41	2025-07-09 12:50:41	\N	1	\N	\N
422	2351	1	166	93	2025-07-09 12:51:15	2025-07-09 12:51:15	\N	1	\N	\N
843	2400	1	173	93	2025-08-12 11:43:43	2025-08-12 11:43:43	\N	-1	\N	\N
844	2400	1	178	93	2025-08-12 11:43:43	2025-08-12 11:43:43	\N	-1	\N	\N
845	2400	1	172	93	2025-08-12 11:43:43	2025-08-12 11:43:43	\N	-1	\N	\N
569	2221	1	172	93	2025-07-22 15:48:08	2025-07-22 15:48:08	\N	\N	\N	\N
570	2221	1	124	93	2025-07-22 15:48:08	2025-07-22 15:48:08	\N	\N	\N	\N
571	2221	1	173	93	2025-07-22 15:48:08	2025-07-22 15:48:08	\N	\N	\N	\N
572	2221	1	166	93	2025-07-22 15:48:08	2025-07-22 15:48:08	\N	\N	\N	\N
573	2221	1	175	93	2025-07-22 15:48:08	2025-07-22 15:48:08	\N	\N	\N	\N
574	2221	1	162	93	2025-07-22 15:48:08	2025-07-22 15:48:08	\N	\N	\N	\N
575	2221	1	159	93	2025-07-22 15:48:08	2025-07-22 15:48:08	\N	\N	\N	\N
576	2221	1	106	93	2025-07-22 15:48:08	2025-07-22 15:48:08	\N	\N	\N	\N
577	2221	1	174	93	2025-07-22 15:48:08	2025-07-22 15:48:08	\N	\N	\N	\N
578	2221	1	98	93	2025-07-22 15:48:08	2025-07-22 15:48:08	\N	\N	\N	\N
579	2221	1	164	93	2025-07-22 15:48:08	2025-07-22 15:48:08	\N	\N	\N	\N
580	2221	1	176	93	2025-07-22 15:48:08	2025-07-22 15:48:08	\N	\N	\N	\N
581	2221	1	169	93	2025-07-22 15:48:08	2025-07-22 15:48:08	\N	\N	\N	\N
582	2221	1	127	93	2025-07-22 15:48:08	2025-07-22 15:48:08	\N	\N	\N	\N
583	2221	1	170	93	2025-07-22 15:48:08	2025-07-22 15:48:08	\N	\N	\N	\N
778	2296	1	173	93	2025-07-24 14:27:31	2025-07-24 14:27:31	\N	-1	\N	\N
779	2296	1	172	93	2025-07-24 14:27:31	2025-07-24 14:27:31	\N	-1	\N	\N
794	2379	1	173	93	2025-07-24 14:34:02	2025-07-24 14:34:02	\N	\N	\N	\N
795	2379	1	175	93	2025-07-24 14:34:02	2025-07-24 14:34:02	\N	\N	\N	\N
796	2379	1	159	93	2025-07-24 14:34:02	2025-07-24 14:34:02	\N	\N	\N	\N
461	360	1	58	64	2025-07-15 13:39:07	2025-07-15 13:39:07	\N	-1	2024-02-20 00:00:00	2024-12-21 23:59:59
462	360	1	48	64	2025-07-15 13:39:07	2025-07-15 13:39:07	\N	1	2024-02-20 00:00:00	2024-12-21 23:59:59
797	2379	1	98	93	2025-07-24 14:34:02	2025-07-24 14:34:02	\N	\N	\N	\N
798	2379	1	172	93	2025-07-24 14:34:02	2025-07-24 14:34:02	\N	\N	\N	\N
799	2379	1	176	93	2025-07-24 14:34:02	2025-07-24 14:34:02	\N	\N	\N	\N
800	2379	1	170	93	2025-07-24 14:34:02	2025-07-24 14:34:02	\N	\N	\N	\N
275	2214	1	124	93	2025-05-22 15:42:01	2025-05-22 15:42:01	\N	\N	\N	\N
276	2214	1	106	93	2025-05-22 15:42:01	2025-05-22 15:42:01	\N	\N	\N	\N
277	2214	1	127	93	2025-05-22 15:42:01	2025-05-22 15:42:01	\N	\N	\N	\N
278	2214	1	162	93	2025-05-22 15:42:01	2025-05-22 15:42:01	\N	\N	\N	\N
279	2214	1	98	93	2025-05-22 15:42:01	2025-05-22 15:42:01	\N	\N	\N	\N
280	2214	1	169	93	2025-05-22 15:42:01	2025-05-22 15:42:01	\N	\N	\N	\N
281	2214	1	168	93	2025-05-22 15:42:01	2025-05-22 15:42:01	\N	\N	\N	\N
289	2213	1	124	93	2025-05-22 15:43:29	2025-05-22 15:43:29	\N	\N	\N	\N
290	2213	1	106	93	2025-05-22 15:43:29	2025-05-22 15:43:29	\N	\N	\N	\N
291	2213	1	127	93	2025-05-22 15:43:29	2025-05-22 15:43:29	\N	\N	\N	\N
292	2213	1	162	93	2025-05-22 15:43:29	2025-05-22 15:43:29	\N	\N	\N	\N
293	2213	1	98	93	2025-05-22 15:43:29	2025-05-22 15:43:29	\N	\N	\N	\N
294	2213	1	169	93	2025-05-22 15:43:29	2025-05-22 15:43:29	\N	\N	\N	\N
295	2213	1	168	93	2025-05-22 15:43:29	2025-05-22 15:43:29	\N	\N	\N	\N
463	360	1	44	64	2025-07-15 13:39:07	2025-07-15 13:39:07	\N	1	2024-02-20 00:00:00	2024-12-21 23:59:59
486	2329	1	124	93	2025-07-16 14:06:54	2025-07-16 14:06:54	\N	1	\N	\N
487	2329	1	106	93	2025-07-16 14:06:54	2025-07-16 14:06:54	\N	1	\N	\N
488	2329	1	98	93	2025-07-16 14:06:54	2025-07-16 14:06:54	\N	1	\N	\N
489	2329	1	176	93	2025-07-16 14:06:54	2025-07-16 14:06:54	\N	1	\N	\N
490	2329	1	169	93	2025-07-16 14:06:54	2025-07-16 14:06:54	\N	1	\N	\N
491	2329	1	170	93	2025-07-16 14:06:54	2025-07-16 14:06:54	\N	1	\N	\N
326	2246	1	171	64	2025-06-13 12:13:01	2025-06-13 12:13:01	\N	1	\N	\N
327	691	1	43	44	2025-06-13 12:23:02	2025-06-13 12:23:02	\N	\N	\N	\N
492	2329	1	168	93	2025-07-16 14:06:54	2025-07-16 14:06:54	\N	1	\N	\N
493	2329	1	127	93	2025-07-16 14:06:54	2025-07-16 14:06:54	\N	1	\N	\N
330	711	1	77	44	2025-06-13 18:52:25	2025-06-13 18:52:25	\N	2	\N	\N
331	711	1	43	44	2025-06-13 18:52:25	2025-06-13 18:52:25	\N	2	\N	\N
333	1219	1	44	77	2025-06-13 18:57:54	2025-06-13 18:57:54	\N	2	\N	\N
524	2220	1	127	93	2025-07-22 15:43:21	2025-07-22 15:43:21	\N	\N	\N	\N
525	2220	1	170	93	2025-07-22 15:43:21	2025-07-22 15:43:21	\N	\N	\N	\N
526	2220	1	168	93	2025-07-22 15:43:21	2025-07-22 15:43:21	\N	\N	\N	\N
527	2220	1	165	93	2025-07-22 15:43:21	2025-07-22 15:43:21	\N	\N	\N	\N
552	2219	1	172	93	2025-07-22 15:46:27	2025-07-22 15:46:27	\N	\N	\N	\N
553	2219	1	124	93	2025-07-22 15:46:27	2025-07-22 15:46:27	\N	\N	\N	\N
554	2219	1	173	93	2025-07-22 15:46:27	2025-07-22 15:46:27	\N	\N	\N	\N
555	2219	1	166	93	2025-07-22 15:46:27	2025-07-22 15:46:27	\N	\N	\N	\N
556	2219	1	175	93	2025-07-22 15:46:27	2025-07-22 15:46:27	\N	\N	\N	\N
557	2219	1	162	93	2025-07-22 15:46:27	2025-07-22 15:46:27	\N	\N	\N	\N
558	2219	1	159	93	2025-07-22 15:46:27	2025-07-22 15:46:27	\N	\N	\N	\N
559	2219	1	106	93	2025-07-22 15:46:27	2025-07-22 15:46:27	\N	\N	\N	\N
364	2284	1	106	93	2025-06-23 14:38:22	2025-06-23 14:38:22	\N	1	\N	\N
365	2284	1	162	93	2025-06-23 14:38:22	2025-06-23 14:38:22	\N	1	\N	\N
366	2284	1	98	93	2025-06-23 14:38:22	2025-06-23 14:38:22	\N	1	\N	\N
367	2284	1	127	93	2025-06-23 14:38:22	2025-06-23 14:38:22	\N	1	\N	\N
560	2219	1	174	93	2025-07-22 15:46:27	2025-07-22 15:46:27	\N	\N	\N	\N
561	2219	1	98	93	2025-07-22 15:46:27	2025-07-22 15:46:27	\N	\N	\N	\N
562	2219	1	164	93	2025-07-22 15:46:27	2025-07-22 15:46:27	\N	\N	\N	\N
563	2219	1	176	93	2025-07-22 15:46:27	2025-07-22 15:46:27	\N	\N	\N	\N
564	2219	1	169	93	2025-07-22 15:46:27	2025-07-22 15:46:27	\N	\N	\N	\N
565	2219	1	127	93	2025-07-22 15:46:27	2025-07-22 15:46:27	\N	\N	\N	\N
566	2219	1	170	93	2025-07-22 15:46:27	2025-07-22 15:46:27	\N	\N	\N	\N
567	2219	1	168	93	2025-07-22 15:46:27	2025-07-22 15:46:27	\N	\N	\N	\N
568	2219	1	165	93	2025-07-22 15:46:27	2025-07-22 15:46:27	\N	\N	\N	\N
584	2221	1	168	93	2025-07-22 15:48:08	2025-07-22 15:48:08	\N	\N	\N	\N
585	2221	1	165	93	2025-07-22 15:48:08	2025-07-22 15:48:08	\N	\N	\N	\N
586	2218	1	172	93	2025-07-22 15:50:17	2025-07-22 15:50:17	\N	\N	\N	\N
587	2218	1	124	93	2025-07-22 15:50:17	2025-07-22 15:50:17	\N	\N	\N	\N
588	2218	1	173	93	2025-07-22 15:50:17	2025-07-22 15:50:17	\N	\N	\N	\N
589	2218	1	166	93	2025-07-22 15:50:17	2025-07-22 15:50:17	\N	\N	\N	\N
801	2398	1	124	93	2025-07-24 14:39:20	2025-07-24 14:39:20	\N	\N	\N	\N
590	2218	1	175	93	2025-07-22 15:50:17	2025-07-22 15:50:17	\N	\N	\N	\N
591	2218	1	162	93	2025-07-22 15:50:17	2025-07-22 15:50:17	\N	\N	\N	\N
592	2218	1	159	93	2025-07-22 15:50:17	2025-07-22 15:50:17	\N	\N	\N	\N
593	2218	1	106	93	2025-07-22 15:50:17	2025-07-22 15:50:17	\N	\N	\N	\N
594	2218	1	174	93	2025-07-22 15:50:17	2025-07-22 15:50:17	\N	\N	\N	\N
595	2218	1	98	93	2025-07-22 15:50:17	2025-07-22 15:50:17	\N	\N	\N	\N
802	2398	1	173	93	2025-07-24 14:39:20	2025-07-24 14:39:20	\N	\N	\N	\N
803	2398	1	175	93	2025-07-24 14:39:20	2025-07-24 14:39:20	\N	\N	\N	\N
804	2398	1	106	93	2025-07-24 14:39:20	2025-07-24 14:39:20	\N	\N	\N	\N
805	2398	1	159	93	2025-07-24 14:39:20	2025-07-24 14:39:20	\N	\N	\N	\N
806	2398	1	162	93	2025-07-24 14:39:20	2025-07-24 14:39:20	\N	\N	\N	\N
596	2218	1	164	93	2025-07-22 15:50:17	2025-07-22 15:50:17	\N	\N	\N	\N
597	2218	1	176	93	2025-07-22 15:50:17	2025-07-22 15:50:17	\N	\N	\N	\N
598	2218	1	169	93	2025-07-22 15:50:17	2025-07-22 15:50:17	\N	\N	\N	\N
599	2218	1	127	93	2025-07-22 15:50:17	2025-07-22 15:50:17	\N	\N	\N	\N
600	2218	1	170	93	2025-07-22 15:50:17	2025-07-22 15:50:17	\N	\N	\N	\N
601	2218	1	168	93	2025-07-22 15:50:17	2025-07-22 15:50:17	\N	\N	\N	\N
602	2218	1	165	93	2025-07-22 15:50:17	2025-07-22 15:50:17	\N	\N	\N	\N
603	2370	1	172	93	2025-07-22 15:55:08	2025-07-22 15:55:08	\N	\N	\N	\N
604	2370	1	124	93	2025-07-22 15:55:08	2025-07-22 15:55:08	\N	\N	\N	\N
605	2370	1	173	93	2025-07-22 15:55:08	2025-07-22 15:55:08	\N	\N	\N	\N
807	2398	1	172	93	2025-07-24 14:39:20	2025-07-24 14:39:20	\N	\N	\N	\N
606	2370	1	166	93	2025-07-22 15:55:08	2025-07-22 15:55:08	\N	\N	\N	\N
607	2370	1	175	93	2025-07-22 15:55:08	2025-07-22 15:55:08	\N	\N	\N	\N
481	2290	1	162	93	2025-07-16 14:04:45	2025-07-16 14:04:45	\N	1	\N	\N
482	2290	1	106	93	2025-07-16 14:04:45	2025-07-16 14:04:45	\N	1	\N	\N
483	2290	1	98	93	2025-07-16 14:04:45	2025-07-16 14:04:45	\N	1	\N	\N
484	2290	1	176	93	2025-07-16 14:04:45	2025-07-16 14:04:45	\N	1	\N	\N
485	2290	1	127	93	2025-07-16 14:04:45	2025-07-16 14:04:45	\N	1	\N	\N
808	2398	1	176	93	2025-07-24 14:39:20	2025-07-24 14:39:20	\N	\N	\N	\N
809	2398	1	169	93	2025-07-24 14:39:20	2025-07-24 14:39:20	\N	\N	\N	\N
810	2398	1	127	93	2025-07-24 14:39:20	2025-07-24 14:39:20	\N	\N	\N	\N
811	2398	1	168	93	2025-07-24 14:39:20	2025-07-24 14:39:20	\N	\N	\N	\N
814	2273	1	98	93	2025-07-24 19:17:34	2025-07-24 19:17:34	\N	-1	\N	\N
817	2413	1	124	93	2025-07-24 20:19:57	2025-07-24 20:19:57	\N	\N	\N	\N
818	2413	1	173	93	2025-07-24 20:19:57	2025-07-24 20:19:57	\N	\N	\N	\N
819	2413	1	175	93	2025-07-24 20:19:57	2025-07-24 20:19:57	\N	\N	\N	\N
820	2413	1	159	93	2025-07-24 20:19:57	2025-07-24 20:19:57	\N	\N	\N	\N
821	2413	1	106	93	2025-07-24 20:19:57	2025-07-24 20:19:57	\N	\N	\N	\N
822	2413	1	162	93	2025-07-24 20:19:57	2025-07-24 20:19:57	\N	\N	\N	\N
511	2220	1	172	93	2025-07-22 15:43:21	2025-07-22 15:43:21	\N	\N	\N	\N
512	2220	1	124	93	2025-07-22 15:43:21	2025-07-22 15:43:21	\N	\N	\N	\N
513	2220	1	173	93	2025-07-22 15:43:21	2025-07-22 15:43:21	\N	\N	\N	\N
514	2220	1	166	93	2025-07-22 15:43:21	2025-07-22 15:43:21	\N	\N	\N	\N
515	2220	1	175	93	2025-07-22 15:43:21	2025-07-22 15:43:21	\N	\N	\N	\N
516	2220	1	162	93	2025-07-22 15:43:21	2025-07-22 15:43:21	\N	\N	\N	\N
517	2220	1	159	93	2025-07-22 15:43:21	2025-07-22 15:43:21	\N	\N	\N	\N
518	2220	1	106	93	2025-07-22 15:43:21	2025-07-22 15:43:21	\N	\N	\N	\N
519	2220	1	174	93	2025-07-22 15:43:21	2025-07-22 15:43:21	\N	\N	\N	\N
520	2220	1	98	93	2025-07-22 15:43:21	2025-07-22 15:43:21	\N	\N	\N	\N
521	2220	1	164	93	2025-07-22 15:43:21	2025-07-22 15:43:21	\N	\N	\N	\N
522	2220	1	176	93	2025-07-22 15:43:21	2025-07-22 15:43:21	\N	\N	\N	\N
523	2220	1	169	93	2025-07-22 15:43:21	2025-07-22 15:43:21	\N	\N	\N	\N
608	2370	1	162	93	2025-07-22 15:55:08	2025-07-22 15:55:08	\N	\N	\N	\N
609	2370	1	159	93	2025-07-22 15:55:08	2025-07-22 15:55:08	\N	\N	\N	\N
610	2370	1	106	93	2025-07-22 15:55:08	2025-07-22 15:55:08	\N	\N	\N	\N
611	2370	1	174	93	2025-07-22 15:55:08	2025-07-22 15:55:08	\N	\N	\N	\N
612	2370	1	98	93	2025-07-22 15:55:08	2025-07-22 15:55:08	\N	\N	\N	\N
613	2370	1	164	93	2025-07-22 15:55:08	2025-07-22 15:55:08	\N	\N	\N	\N
614	2370	1	176	93	2025-07-22 15:55:08	2025-07-22 15:55:08	\N	\N	\N	\N
615	2370	1	169	93	2025-07-22 15:55:08	2025-07-22 15:55:08	\N	\N	\N	\N
616	2370	1	127	93	2025-07-22 15:55:08	2025-07-22 15:55:08	\N	\N	\N	\N
617	2370	1	170	93	2025-07-22 15:55:08	2025-07-22 15:55:08	\N	\N	\N	\N
823	2413	1	176	93	2025-07-24 20:19:57	2025-07-24 20:19:57	\N	\N	\N	\N
824	2413	1	172	93	2025-07-24 20:19:57	2025-07-24 20:19:57	\N	\N	\N	\N
825	2413	1	169	93	2025-07-24 20:19:57	2025-07-24 20:19:57	\N	\N	\N	\N
826	2413	1	127	93	2025-07-24 20:19:57	2025-07-24 20:19:57	\N	\N	\N	\N
827	2413	1	168	93	2025-07-24 20:19:57	2025-07-24 20:19:57	\N	\N	\N	\N
618	2370	1	168	93	2025-07-22 15:55:08	2025-07-22 15:55:08	\N	\N	\N	\N
619	2370	1	165	93	2025-07-22 15:55:08	2025-07-22 15:55:08	\N	\N	\N	\N
620	2396	1	172	93	2025-07-23 11:08:13	2025-07-23 11:08:13	\N	\N	\N	\N
621	2396	1	124	93	2025-07-23 11:08:13	2025-07-23 11:08:13	\N	\N	\N	\N
622	2396	1	173	93	2025-07-23 11:08:13	2025-07-23 11:08:13	\N	\N	\N	\N
623	2396	1	166	93	2025-07-23 11:08:13	2025-07-23 11:08:13	\N	\N	\N	\N
624	2396	1	175	93	2025-07-23 11:08:13	2025-07-23 11:08:13	\N	\N	\N	\N
625	2396	1	106	93	2025-07-23 11:08:13	2025-07-23 11:08:13	\N	\N	\N	\N
626	2396	1	159	93	2025-07-23 11:08:13	2025-07-23 11:08:13	\N	\N	\N	\N
627	2396	1	174	93	2025-07-23 11:08:13	2025-07-23 11:08:13	\N	\N	\N	\N
628	2396	1	98	93	2025-07-23 11:08:13	2025-07-23 11:08:13	\N	\N	\N	\N
629	2396	1	164	93	2025-07-23 11:08:13	2025-07-23 11:08:13	\N	\N	\N	\N
630	2396	1	162	93	2025-07-23 11:08:13	2025-07-23 11:08:13	\N	\N	\N	\N
631	2396	1	176	93	2025-07-23 11:08:13	2025-07-23 11:08:13	\N	\N	\N	\N
632	2396	1	169	93	2025-07-23 11:08:13	2025-07-23 11:08:13	\N	\N	\N	\N
633	2396	1	127	93	2025-07-23 11:08:13	2025-07-23 11:08:13	\N	\N	\N	\N
634	2396	1	170	93	2025-07-23 11:08:13	2025-07-23 11:08:13	\N	\N	\N	\N
635	2396	1	168	93	2025-07-23 11:08:13	2025-07-23 11:08:13	\N	\N	\N	\N
636	2396	1	165	93	2025-07-23 11:08:13	2025-07-23 11:08:13	\N	\N	\N	\N
840	2427	1	173	93	2025-08-12 11:43:06	2025-08-12 11:43:06	\N	-1	\N	\N
841	2427	1	178	93	2025-08-12 11:43:06	2025-08-12 11:43:06	\N	-1	\N	\N
842	2427	1	172	93	2025-08-12 11:43:06	2025-08-12 11:43:06	\N	-1	\N	\N
815	2279	1	98	93	2025-07-24 19:17:46	2025-07-24 19:17:46	\N	-1	\N	\N
816	2279	1	176	93	2025-07-24 19:17:46	2025-07-24 19:17:46	\N	-1	\N	\N
654	1643	1	172	93	2025-07-23 11:38:53	2025-07-23 11:38:53	\N	\N	\N	\N
655	1643	1	124	93	2025-07-23 11:38:53	2025-07-23 11:38:53	\N	\N	\N	\N
656	1643	1	173	93	2025-07-23 11:38:53	2025-07-23 11:38:53	\N	\N	\N	\N
657	1643	1	166	93	2025-07-23 11:38:53	2025-07-23 11:38:53	\N	\N	\N	\N
658	1643	1	175	93	2025-07-23 11:38:53	2025-07-23 11:38:53	\N	\N	\N	\N
659	1643	1	106	93	2025-07-23 11:38:53	2025-07-23 11:38:53	\N	\N	\N	\N
660	1643	1	159	93	2025-07-23 11:38:53	2025-07-23 11:38:53	\N	\N	\N	\N
661	1643	1	174	93	2025-07-23 11:38:53	2025-07-23 11:38:53	\N	\N	\N	\N
662	1643	1	98	93	2025-07-23 11:38:53	2025-07-23 11:38:53	\N	\N	\N	\N
663	1643	1	164	93	2025-07-23 11:38:53	2025-07-23 11:38:53	\N	\N	\N	\N
664	1643	1	162	93	2025-07-23 11:38:53	2025-07-23 11:38:53	\N	\N	\N	\N
665	1643	1	176	93	2025-07-23 11:38:53	2025-07-23 11:38:53	\N	\N	\N	\N
666	1643	1	169	93	2025-07-23 11:38:53	2025-07-23 11:38:53	\N	\N	\N	\N
667	1643	1	127	93	2025-07-23 11:38:53	2025-07-23 11:38:53	\N	\N	\N	\N
668	1643	1	170	93	2025-07-23 11:38:53	2025-07-23 11:38:53	\N	\N	\N	\N
669	1643	1	168	93	2025-07-23 11:38:53	2025-07-23 11:38:53	\N	\N	\N	\N
670	1643	1	165	93	2025-07-23 11:38:53	2025-07-23 11:38:53	\N	\N	\N	\N
671	2397	1	172	93	2025-07-23 11:43:37	2025-07-23 11:43:37	\N	\N	\N	\N
672	2397	1	124	93	2025-07-23 11:43:37	2025-07-23 11:43:37	\N	\N	\N	\N
673	2397	1	173	93	2025-07-23 11:43:37	2025-07-23 11:43:37	\N	\N	\N	\N
674	2397	1	166	93	2025-07-23 11:43:37	2025-07-23 11:43:37	\N	\N	\N	\N
675	2397	1	175	93	2025-07-23 11:43:37	2025-07-23 11:43:37	\N	\N	\N	\N
676	2397	1	159	93	2025-07-23 11:43:37	2025-07-23 11:43:37	\N	\N	\N	\N
677	2397	1	106	93	2025-07-23 11:43:37	2025-07-23 11:43:37	\N	\N	\N	\N
678	2397	1	164	93	2025-07-23 11:43:37	2025-07-23 11:43:37	\N	\N	\N	\N
679	2397	1	162	93	2025-07-23 11:43:37	2025-07-23 11:43:37	\N	\N	\N	\N
680	2397	1	176	93	2025-07-23 11:43:37	2025-07-23 11:43:37	\N	\N	\N	\N
681	2397	1	169	93	2025-07-23 11:43:37	2025-07-23 11:43:37	\N	\N	\N	\N
682	2397	1	127	93	2025-07-23 11:43:37	2025-07-23 11:43:37	\N	\N	\N	\N
683	2397	1	168	93	2025-07-23 11:43:37	2025-07-23 11:43:37	\N	\N	\N	\N
684	2397	1	165	93	2025-07-23 11:43:37	2025-07-23 11:43:37	\N	\N	\N	\N
\.


--
